[INFO] fetching crate aluvm 0.4.0...
[INFO] testing aluvm-0.4.0 against beta-2021-08-01 for beta-1.55-1
[INFO] extracting crate aluvm 0.4.0 into /workspace/builds/worker-6/source
[INFO] validating manifest of crates.io crate aluvm 0.4.0 on toolchain beta-2021-08-01
[INFO] running `Command { std: "/workspace/cargo-home/bin/cargo" "+beta-2021-08-01" "metadata" "--manifest-path" "Cargo.toml" "--no-deps", kill_on_drop: false }`
[INFO] started tweaking crates.io crate aluvm 0.4.0
[INFO] finished tweaking crates.io crate aluvm 0.4.0
[INFO] tweaked toml for crates.io crate aluvm 0.4.0 written to /workspace/builds/worker-6/source/Cargo.toml
[INFO] crate crates.io crate aluvm 0.4.0 already has a lockfile, it will not be regenerated
[INFO] running `Command { std: "/workspace/cargo-home/bin/cargo" "+beta-2021-08-01" "fetch" "--manifest-path" "Cargo.toml", kill_on_drop: false }`
[INFO] [stderr]  Downloading crates ...
[INFO] [stderr]   Downloaded amplify v3.7.1
[INFO] [stderr]   Downloaded bitcoin_hashes v0.9.7
[INFO] [stderr]   Downloaded rustc_apfloat v0.1.3
[INFO] running `Command { std: "docker" "create" "-v" "/var/lib/crater-agent-workspace/builds/worker-6/target:/opt/rustwide/target:rw,Z" "-v" "/var/lib/crater-agent-workspace/builds/worker-6/source:/opt/rustwide/workdir:ro,Z" "-v" "/var/lib/crater-agent-workspace/cargo-home:/opt/rustwide/cargo-home:ro,Z" "-v" "/var/lib/crater-agent-workspace/rustup-home:/opt/rustwide/rustup-home:ro,Z" "-e" "SOURCE_DIR=/opt/rustwide/workdir" "-e" "CARGO_TARGET_DIR=/opt/rustwide/target" "-e" "CARGO_HOME=/opt/rustwide/cargo-home" "-e" "RUSTUP_HOME=/opt/rustwide/rustup-home" "-w" "/opt/rustwide/workdir" "-m" "1610612736" "--user" "0:0" "--network" "none" "ghcr.io/rust-lang/crates-build-env/linux@sha256:34b6a614d2c27851fe6cbf88fbd1137609cefab8b10d0615aaeb6fd47975d74e" "/opt/rustwide/cargo-home/bin/cargo" "+beta-2021-08-01" "metadata" "--no-deps" "--format-version=1", kill_on_drop: false }`
[INFO] [stderr] WARNING: Your kernel does not support swap limit capabilities or the cgroup is not mounted. Memory limited without swap.
[INFO] [stdout] 3f37f249d06809f1d6068698328a552d18a306d2a7ed355c9ac4070fa587de7c
[INFO] running `Command { std: "docker" "start" "-a" "3f37f249d06809f1d6068698328a552d18a306d2a7ed355c9ac4070fa587de7c", kill_on_drop: false }`
[INFO] running `Command { std: "docker" "inspect" "3f37f249d06809f1d6068698328a552d18a306d2a7ed355c9ac4070fa587de7c", kill_on_drop: false }`
[INFO] running `Command { std: "docker" "rm" "-f" "3f37f249d06809f1d6068698328a552d18a306d2a7ed355c9ac4070fa587de7c", kill_on_drop: false }`
[INFO] [stdout] 3f37f249d06809f1d6068698328a552d18a306d2a7ed355c9ac4070fa587de7c
[INFO] running `Command { std: "docker" "create" "-v" "/var/lib/crater-agent-workspace/builds/worker-6/target:/opt/rustwide/target:rw,Z" "-v" "/var/lib/crater-agent-workspace/builds/worker-6/source:/opt/rustwide/workdir:ro,Z" "-v" "/var/lib/crater-agent-workspace/cargo-home:/opt/rustwide/cargo-home:ro,Z" "-v" "/var/lib/crater-agent-workspace/rustup-home:/opt/rustwide/rustup-home:ro,Z" "-e" "SOURCE_DIR=/opt/rustwide/workdir" "-e" "CARGO_TARGET_DIR=/opt/rustwide/target" "-e" "CARGO_INCREMENTAL=0" "-e" "RUST_BACKTRACE=full" "-e" "RUSTFLAGS=--cap-lints=warn" "-e" "CARGO_HOME=/opt/rustwide/cargo-home" "-e" "RUSTUP_HOME=/opt/rustwide/rustup-home" "-w" "/opt/rustwide/workdir" "-m" "1610612736" "--user" "0:0" "--network" "none" "ghcr.io/rust-lang/crates-build-env/linux@sha256:34b6a614d2c27851fe6cbf88fbd1137609cefab8b10d0615aaeb6fd47975d74e" "/opt/rustwide/cargo-home/bin/cargo" "+beta-2021-08-01" "build" "--frozen" "--message-format=json", kill_on_drop: false }`
[INFO] [stderr] WARNING: Your kernel does not support swap limit capabilities or the cgroup is not mounted. Memory limited without swap.
[INFO] [stdout] 4506d01d0953334ffd245b6a4a5fce98217538458f179d5d98ff0656048dd29b
[INFO] running `Command { std: "docker" "start" "-a" "4506d01d0953334ffd245b6a4a5fce98217538458f179d5d98ff0656048dd29b", kill_on_drop: false }`
[INFO] [stderr]    Compiling amplify_num v0.1.2
[INFO] [stderr]    Compiling bitcoin_hashes v0.9.7
[INFO] [stderr]    Compiling bech32 v0.8.1
[INFO] [stderr]    Compiling paste v1.0.5
[INFO] [stderr]    Compiling half v1.7.1
[INFO] [stderr]    Compiling rustc_apfloat v0.1.3
[INFO] [stderr]    Compiling amplify_derive v2.8.0
[INFO] [stderr]    Compiling amplify v3.7.1
[INFO] [stderr]    Compiling aluvm v0.4.0 (/opt/rustwide/workdir)
[INFO] [stderr]     Finished dev [unoptimized + debuginfo] target(s) in 24.28s
[INFO] running `Command { std: "docker" "inspect" "4506d01d0953334ffd245b6a4a5fce98217538458f179d5d98ff0656048dd29b", kill_on_drop: false }`
[INFO] running `Command { std: "docker" "rm" "-f" "4506d01d0953334ffd245b6a4a5fce98217538458f179d5d98ff0656048dd29b", kill_on_drop: false }`
[INFO] [stdout] 4506d01d0953334ffd245b6a4a5fce98217538458f179d5d98ff0656048dd29b
[INFO] running `Command { std: "docker" "create" "-v" "/var/lib/crater-agent-workspace/builds/worker-6/target:/opt/rustwide/target:rw,Z" "-v" "/var/lib/crater-agent-workspace/builds/worker-6/source:/opt/rustwide/workdir:ro,Z" "-v" "/var/lib/crater-agent-workspace/cargo-home:/opt/rustwide/cargo-home:ro,Z" "-v" "/var/lib/crater-agent-workspace/rustup-home:/opt/rustwide/rustup-home:ro,Z" "-e" "SOURCE_DIR=/opt/rustwide/workdir" "-e" "CARGO_TARGET_DIR=/opt/rustwide/target" "-e" "CARGO_INCREMENTAL=0" "-e" "RUST_BACKTRACE=full" "-e" "RUSTFLAGS=--cap-lints=warn" "-e" "CARGO_HOME=/opt/rustwide/cargo-home" "-e" "RUSTUP_HOME=/opt/rustwide/rustup-home" "-w" "/opt/rustwide/workdir" "-m" "1610612736" "--user" "0:0" "--network" "none" "ghcr.io/rust-lang/crates-build-env/linux@sha256:34b6a614d2c27851fe6cbf88fbd1137609cefab8b10d0615aaeb6fd47975d74e" "/opt/rustwide/cargo-home/bin/cargo" "+beta-2021-08-01" "test" "--frozen" "--no-run" "--message-format=json", kill_on_drop: false }`
[INFO] [stderr] WARNING: Your kernel does not support swap limit capabilities or the cgroup is not mounted. Memory limited without swap.
[INFO] [stdout] 7ab3d6a44c9f99bf7970ea511b0accc33be94f5096341e5e71b7055acfd69f4d
[INFO] running `Command { std: "docker" "start" "-a" "7ab3d6a44c9f99bf7970ea511b0accc33be94f5096341e5e71b7055acfd69f4d", kill_on_drop: false }`
[INFO] [stderr]    Compiling aluvm v0.4.0 (/opt/rustwide/workdir)
[INFO] [stdout] error[E0599]: no variant or associated item named `Secp256k1` found for enum `Instr` in the current scope
[INFO] [stdout]   --> examples/asm.rs:25:16
[INFO] [stdout]    |
[INFO] [stdout] 25 |       let code = aluasm! {
[INFO] [stdout]    |  ________________^
[INFO] [stdout] 26 | |         clr     r1024[5]                        ;
[INFO] [stdout] 27 | |         put     5,a16[8]                        ;
[INFO] [stdout] 28 | |         putif   0xaf67937b5498dc,r256[1]        ;
[INFO] [stdout] ...  |
[INFO] [stdout] 92 | |         ret                                     ;
[INFO] [stdout] 93 | |     };
[INFO] [stdout]    | |_____^ variant or associated item not found in `Instr<_>`
[INFO] [stdout]    |
[INFO] [stdout]    = note: this error originates in the macro `instr` (in Nightly builds, run with -Z macro-backtrace for more info)
[INFO] [stdout] 
[INFO] [stdout] 
[INFO] [stdout] error[E0599]: no variant or associated item named `Secp256k1` found for enum `Instr` in the current scope
[INFO] [stdout]   --> examples/asm.rs:25:16
[INFO] [stdout]    |
[INFO] [stdout] 25 |       let code = aluasm! {
[INFO] [stdout]    |  ________________^
[INFO] [stdout] 26 | |         clr     r1024[5]                        ;
[INFO] [stdout] 27 | |         put     5,a16[8]                        ;
[INFO] [stdout] 28 | |         putif   0xaf67937b5498dc,r256[1]        ;
[INFO] [stdout] ...  |
[INFO] [stdout] 92 | |         ret                                     ;
[INFO] [stdout] 93 | |     };
[INFO] [stdout]    | |_____^ variant or associated item not found in `Instr<_>`
[INFO] [stdout]    |
[INFO] [stdout]    = note: this error originates in the macro `instr` (in Nightly builds, run with -Z macro-backtrace for more info)
[INFO] [stdout] 
[INFO] [stdout] 
[INFO] [stdout] error[E0599]: no variant or associated item named `Secp256k1` found for enum `Instr` in the current scope
[INFO] [stdout]   --> examples/asm.rs:25:16
[INFO] [stdout]    |
[INFO] [stdout] 25 |       let code = aluasm! {
[INFO] [stdout]    |  ________________^
[INFO] [stdout] 26 | |         clr     r1024[5]                        ;
[INFO] [stdout] 27 | |         put     5,a16[8]                        ;
[INFO] [stdout] 28 | |         putif   0xaf67937b5498dc,r256[1]        ;
[INFO] [stdout] ...  |
[INFO] [stdout] 92 | |         ret                                     ;
[INFO] [stdout] 93 | |     };
[INFO] [stdout]    | |_____^ variant or associated item not found in `Instr<_>`
[INFO] [stdout]    |
[INFO] [stdout]    = note: this error originates in the macro `instr` (in Nightly builds, run with -Z macro-backtrace for more info)
[INFO] [stdout] 
[INFO] [stdout] 
[INFO] [stdout] error[E0599]: no variant or associated item named `Secp256k1` found for enum `Instr` in the current scope
[INFO] [stdout]   --> examples/asm.rs:25:16
[INFO] [stdout]    |
[INFO] [stdout] 25 |       let code = aluasm! {
[INFO] [stdout]    |  ________________^
[INFO] [stdout] 26 | |         clr     r1024[5]                        ;
[INFO] [stdout] 27 | |         put     5,a16[8]                        ;
[INFO] [stdout] 28 | |         putif   0xaf67937b5498dc,r256[1]        ;
[INFO] [stdout] ...  |
[INFO] [stdout] 92 | |         ret                                     ;
[INFO] [stdout] 93 | |     };
[INFO] [stdout]    | |_____^ variant or associated item not found in `Instr<_>`
[INFO] [stdout]    |
[INFO] [stdout]    = note: this error originates in the macro `instr` (in Nightly builds, run with -Z macro-backtrace for more info)
[INFO] [stdout] 
[INFO] [stdout] 
[INFO] [stdout] error: aborting due to 4 previous errors
[INFO] [stdout] 
[INFO] [stdout] 
[INFO] [stdout] For more information about this error, try `rustc --explain E0599`.
[INFO] [stdout] 
[INFO] [stderr] error: could not compile `aluvm` due to 5 previous errors
[INFO] [stderr] warning: build failed, waiting for other jobs to finish...
[INFO] [stderr] error: build failed
[INFO] running `Command { std: "docker" "inspect" "7ab3d6a44c9f99bf7970ea511b0accc33be94f5096341e5e71b7055acfd69f4d", kill_on_drop: false }`
[INFO] running `Command { std: "docker" "rm" "-f" "7ab3d6a44c9f99bf7970ea511b0accc33be94f5096341e5e71b7055acfd69f4d", kill_on_drop: false }`
[INFO] [stdout] 7ab3d6a44c9f99bf7970ea511b0accc33be94f5096341e5e71b7055acfd69f4d
