[INFO] fetching crate allsorts_no_std 0.5.2...
[INFO] testing allsorts_no_std-0.5.2 against beta-2021-08-01 for beta-1.55-1
[INFO] extracting crate allsorts_no_std 0.5.2 into /workspace/builds/worker-11/source
[INFO] validating manifest of crates.io crate allsorts_no_std 0.5.2 on toolchain beta-2021-08-01
[INFO] running `Command { std: "/workspace/cargo-home/bin/cargo" "+beta-2021-08-01" "metadata" "--manifest-path" "Cargo.toml" "--no-deps", kill_on_drop: false }`
[INFO] started tweaking crates.io crate allsorts_no_std 0.5.2
[INFO] finished tweaking crates.io crate allsorts_no_std 0.5.2
[INFO] tweaked toml for crates.io crate allsorts_no_std 0.5.2 written to /workspace/builds/worker-11/source/Cargo.toml
[INFO] running `Command { std: "/workspace/cargo-home/bin/cargo" "+beta-2021-08-01" "generate-lockfile" "--manifest-path" "Cargo.toml" "-Zno-index-update", kill_on_drop: false }`
[INFO] running `Command { std: "/workspace/cargo-home/bin/cargo" "+beta-2021-08-01" "fetch" "--manifest-path" "Cargo.toml", kill_on_drop: false }`
[INFO] [stderr]     Blocking waiting for file lock on package cache
[INFO] [stderr]  Downloading crates ...
[INFO] [stderr]   Downloaded unicode-general-category v0.3.0
[INFO] [stderr]   Downloaded glyph-names v0.1.0
[INFO] [stderr]   Downloaded allsorts-rental v0.5.6
[INFO] [stderr]   Downloaded unicode-joining-type v0.5.0
[INFO] running `Command { std: "docker" "create" "-v" "/var/lib/crater-agent-workspace/builds/worker-11/target:/opt/rustwide/target:rw,Z" "-v" "/var/lib/crater-agent-workspace/builds/worker-11/source:/opt/rustwide/workdir:ro,Z" "-v" "/var/lib/crater-agent-workspace/cargo-home:/opt/rustwide/cargo-home:ro,Z" "-v" "/var/lib/crater-agent-workspace/rustup-home:/opt/rustwide/rustup-home:ro,Z" "-e" "SOURCE_DIR=/opt/rustwide/workdir" "-e" "CARGO_TARGET_DIR=/opt/rustwide/target" "-e" "CARGO_HOME=/opt/rustwide/cargo-home" "-e" "RUSTUP_HOME=/opt/rustwide/rustup-home" "-w" "/opt/rustwide/workdir" "-m" "1610612736" "--user" "0:0" "--network" "none" "ghcr.io/rust-lang/crates-build-env/linux@sha256:34b6a614d2c27851fe6cbf88fbd1137609cefab8b10d0615aaeb6fd47975d74e" "/opt/rustwide/cargo-home/bin/cargo" "+beta-2021-08-01" "metadata" "--no-deps" "--format-version=1", kill_on_drop: false }`
[INFO] [stdout] 6c527221c00fafee756e9d0dfd6b75fc4820a0adce35eb23a4db554a39b622ed
[INFO] [stderr] WARNING: Your kernel does not support swap limit capabilities or the cgroup is not mounted. Memory limited without swap.
[INFO] running `Command { std: "docker" "start" "-a" "6c527221c00fafee756e9d0dfd6b75fc4820a0adce35eb23a4db554a39b622ed", kill_on_drop: false }`
[INFO] running `Command { std: "docker" "inspect" "6c527221c00fafee756e9d0dfd6b75fc4820a0adce35eb23a4db554a39b622ed", kill_on_drop: false }`
[INFO] running `Command { std: "docker" "rm" "-f" "6c527221c00fafee756e9d0dfd6b75fc4820a0adce35eb23a4db554a39b622ed", kill_on_drop: false }`
[INFO] [stdout] 6c527221c00fafee756e9d0dfd6b75fc4820a0adce35eb23a4db554a39b622ed
[INFO] running `Command { std: "docker" "create" "-v" "/var/lib/crater-agent-workspace/builds/worker-11/target:/opt/rustwide/target:rw,Z" "-v" "/var/lib/crater-agent-workspace/builds/worker-11/source:/opt/rustwide/workdir:ro,Z" "-v" "/var/lib/crater-agent-workspace/cargo-home:/opt/rustwide/cargo-home:ro,Z" "-v" "/var/lib/crater-agent-workspace/rustup-home:/opt/rustwide/rustup-home:ro,Z" "-e" "SOURCE_DIR=/opt/rustwide/workdir" "-e" "CARGO_TARGET_DIR=/opt/rustwide/target" "-e" "CARGO_INCREMENTAL=0" "-e" "RUST_BACKTRACE=full" "-e" "RUSTFLAGS=--cap-lints=warn" "-e" "CARGO_HOME=/opt/rustwide/cargo-home" "-e" "RUSTUP_HOME=/opt/rustwide/rustup-home" "-w" "/opt/rustwide/workdir" "-m" "1610612736" "--user" "0:0" "--network" "none" "ghcr.io/rust-lang/crates-build-env/linux@sha256:34b6a614d2c27851fe6cbf88fbd1137609cefab8b10d0615aaeb6fd47975d74e" "/opt/rustwide/cargo-home/bin/cargo" "+beta-2021-08-01" "build" "--frozen" "--message-format=json", kill_on_drop: false }`
[INFO] [stdout] 582c562e7846731d091b011a5b66008f76bb4567cca9a13a3d72caaaceca4099
[INFO] [stderr] WARNING: Your kernel does not support swap limit capabilities or the cgroup is not mounted. Memory limited without swap.
[INFO] running `Command { std: "docker" "start" "-a" "582c562e7846731d091b011a5b66008f76bb4567cca9a13a3d72caaaceca4099", kill_on_drop: false }`
[INFO] [stderr]    Compiling syn v1.0.74
[INFO] [stderr]    Compiling unicode-joining-type v0.5.0
[INFO] [stderr]    Compiling unicode-general-category v0.3.0
[INFO] [stderr]    Compiling alloc-no-stdlib v2.0.3
[INFO] [stderr]    Compiling glyph-names v0.1.0
[INFO] [stderr]    Compiling rustc-hash v1.1.0
[INFO] [stderr]    Compiling ucd-trie v0.1.3
[INFO] [stderr]    Compiling itertools v0.8.2
[INFO] [stderr]    Compiling bitreader v0.3.4
[INFO] [stderr]    Compiling tinyvec v1.3.1
[INFO] [stderr]    Compiling brotli-decompressor v2.3.2
[INFO] [stderr]    Compiling rental-impl v0.5.5
[INFO] [stderr]    Compiling allsorts-rental v0.5.6
[INFO] [stderr]    Compiling allsorts_no_std v0.5.2 (/opt/rustwide/workdir)
[INFO] [stdout] warning: using `procedural-masquerade` crate
[INFO] [stdout]    --> src/font.rs:96:1
[INFO] [stdout]     |
[INFO] [stdout] 96  | / rental! {
[INFO] [stdout] 97  | |     mod tables {
[INFO] [stdout] 98  | |         use super::*;
[INFO] [stdout] 99  | |
[INFO] [stdout] ...   |
[INFO] [stdout] 123 | |     }
[INFO] [stdout] 124 | | }
[INFO] [stdout]     | |_^
[INFO] [stdout]     |
[INFO] [stdout]     = note: `#[warn(proc_macro_back_compat)]` on by default
[INFO] [stdout]     = warning: this was previously accepted by the compiler but is being phased out; it will become a hard error in a future release!
[INFO] [stdout]     = note: for more information, see issue #83125 <https://github.com/rust-lang/rust/issues/83125>
[INFO] [stdout]     = note: The `procedural-masquerade` crate has been unnecessary since Rust 1.30.0. Versions of this crate below 0.1.7 will eventually stop compiling.
[INFO] [stdout]     = note: this warning originates in the macro `rental` (in Nightly builds, run with -Z macro-backtrace for more info)
[INFO] [stdout] 
[INFO] [stdout] 
[INFO] [stdout] warning: using `procedural-masquerade` crate
[INFO] [stdout]   --> src/glyph_info.rs:43:1
[INFO] [stdout]    |
[INFO] [stdout] 43 | / rental! {
[INFO] [stdout] 44 | |     mod rentable {
[INFO] [stdout] 45 | |         use super::*;
[INFO] [stdout] 46 | |         use alloc::boxed::Box;
[INFO] [stdout] ...  |
[INFO] [stdout] 53 | |     }
[INFO] [stdout] 54 | | }
[INFO] [stdout]    | |_^
[INFO] [stdout]    |
[INFO] [stdout]    = warning: this was previously accepted by the compiler but is being phased out; it will become a hard error in a future release!
[INFO] [stdout]    = note: for more information, see issue #83125 <https://github.com/rust-lang/rust/issues/83125>
[INFO] [stdout]    = note: The `procedural-masquerade` crate has been unnecessary since Rust 1.30.0. Versions of this crate below 0.1.7 will eventually stop compiling.
[INFO] [stdout]    = note: this warning originates in the macro `rental` (in Nightly builds, run with -Z macro-backtrace for more info)
[INFO] [stdout] 
[INFO] [stdout] 
[INFO] [stdout] warning: 2 warnings emitted
[INFO] [stdout] 
[INFO] [stdout] 
[INFO] [stderr]     Finished dev [unoptimized + debuginfo] target(s) in 1m 03s
[INFO] running `Command { std: "docker" "inspect" "582c562e7846731d091b011a5b66008f76bb4567cca9a13a3d72caaaceca4099", kill_on_drop: false }`
[INFO] running `Command { std: "docker" "rm" "-f" "582c562e7846731d091b011a5b66008f76bb4567cca9a13a3d72caaaceca4099", kill_on_drop: false }`
[INFO] [stdout] 582c562e7846731d091b011a5b66008f76bb4567cca9a13a3d72caaaceca4099
[INFO] running `Command { std: "docker" "create" "-v" "/var/lib/crater-agent-workspace/builds/worker-11/target:/opt/rustwide/target:rw,Z" "-v" "/var/lib/crater-agent-workspace/builds/worker-11/source:/opt/rustwide/workdir:ro,Z" "-v" "/var/lib/crater-agent-workspace/cargo-home:/opt/rustwide/cargo-home:ro,Z" "-v" "/var/lib/crater-agent-workspace/rustup-home:/opt/rustwide/rustup-home:ro,Z" "-e" "SOURCE_DIR=/opt/rustwide/workdir" "-e" "CARGO_TARGET_DIR=/opt/rustwide/target" "-e" "CARGO_INCREMENTAL=0" "-e" "RUST_BACKTRACE=full" "-e" "RUSTFLAGS=--cap-lints=warn" "-e" "CARGO_HOME=/opt/rustwide/cargo-home" "-e" "RUSTUP_HOME=/opt/rustwide/rustup-home" "-w" "/opt/rustwide/workdir" "-m" "1610612736" "--user" "0:0" "--network" "none" "ghcr.io/rust-lang/crates-build-env/linux@sha256:34b6a614d2c27851fe6cbf88fbd1137609cefab8b10d0615aaeb6fd47975d74e" "/opt/rustwide/cargo-home/bin/cargo" "+beta-2021-08-01" "test" "--frozen" "--no-run" "--message-format=json", kill_on_drop: false }`
[INFO] [stderr] WARNING: Your kernel does not support swap limit capabilities or the cgroup is not mounted. Memory limited without swap.
[INFO] [stdout] cafff6864770e353c51a5d3f11d6b4a57d06b864ff88ead07d6b689687a9ad55
[INFO] running `Command { std: "docker" "start" "-a" "cafff6864770e353c51a5d3f11d6b4a57d06b864ff88ead07d6b689687a9ad55", kill_on_drop: false }`
[INFO] [stderr]    Compiling memchr v2.4.0
[INFO] [stderr]    Compiling regex-automata v0.1.10
[INFO] [stderr]    Compiling plotters-backend v0.3.2
[INFO] [stderr]    Compiling half v1.7.1
[INFO] [stderr]    Compiling regex-syntax v0.6.25
[INFO] [stderr]    Compiling oorandom v11.1.3
[INFO] [stderr]    Compiling itertools v0.10.1
[INFO] [stderr]    Compiling serde_json v1.0.66
[INFO] [stderr]    Compiling cast v0.2.7
[INFO] [stderr]    Compiling serde_derive v1.0.127
[INFO] [stderr]    Compiling rayon v1.5.1
[INFO] [stdout] warning: using `procedural-masquerade` crate
[INFO] [stdout]    --> src/font.rs:96:1
[INFO] [stdout]     |
[INFO] [stdout] 96  | / rental! {
[INFO] [stdout] 97  | |     mod tables {
[INFO] [stdout] 98  | |         use super::*;
[INFO] [stdout] 99  | |
[INFO] [stdout] ...   |
[INFO] [stdout] 123 | |     }
[INFO] [stdout] 124 | | }
[INFO] [stdout]     | |_^
[INFO] [stdout]     |
[INFO] [stdout]     = note: `#[warn(proc_macro_back_compat)]` on by default
[INFO] [stdout]     = warning: this was previously accepted by the compiler but is being phased out; it will become a hard error in a future release!
[INFO] [stdout]     = note: for more information, see issue #83125 <https://github.com/rust-lang/rust/issues/83125>
[INFO] [stdout]     = note: The `procedural-masquerade` crate has been unnecessary since Rust 1.30.0. Versions of this crate below 0.1.7 will eventually stop compiling.
[INFO] [stdout]     = note: this warning originates in the macro `rental` (in Nightly builds, run with -Z macro-backtrace for more info)
[INFO] [stdout] 
[INFO] [stdout] 
[INFO] [stdout] warning: using `procedural-masquerade` crate
[INFO] [stdout]   --> src/glyph_info.rs:43:1
[INFO] [stdout]    |
[INFO] [stdout] 43 | / rental! {
[INFO] [stdout] 44 | |     mod rentable {
[INFO] [stdout] 45 | |         use super::*;
[INFO] [stdout] 46 | |         use alloc::boxed::Box;
[INFO] [stdout] ...  |
[INFO] [stdout] 53 | |     }
[INFO] [stdout] 54 | | }
[INFO] [stdout]    | |_^
[INFO] [stdout]    |
[INFO] [stdout]    = warning: this was previously accepted by the compiler but is being phased out; it will become a hard error in a future release!
[INFO] [stdout]    = note: for more information, see issue #83125 <https://github.com/rust-lang/rust/issues/83125>
[INFO] [stdout]    = note: The `procedural-masquerade` crate has been unnecessary since Rust 1.30.0. Versions of this crate below 0.1.7 will eventually stop compiling.
[INFO] [stdout]    = note: this warning originates in the macro `rental` (in Nightly builds, run with -Z macro-backtrace for more info)
[INFO] [stdout] 
[INFO] [stdout] 
[INFO] [stdout] warning: 2 warnings emitted
[INFO] [stdout] 
[INFO] [stdout] 
[INFO] [stderr]    Compiling serde_cbor v0.11.1
[INFO] [stderr]    Compiling plotters-svg v0.3.1
[INFO] [stderr]    Compiling plotters v0.3.1
[INFO] [stderr]    Compiling criterion-plot v0.4.4
[INFO] [stderr]    Compiling csv-core v0.1.10
[INFO] [stderr]    Compiling bstr v0.2.16
[INFO] [stderr]    Compiling tinytemplate v1.2.1
[INFO] [stderr]    Compiling regex v1.5.4
[INFO] [stderr]    Compiling csv v1.1.6
[INFO] [stderr]    Compiling criterion v0.3.5
[INFO] [stderr]    Compiling allsorts_no_std v0.5.2 (/opt/rustwide/workdir)
[INFO] [stdout] error: couldn't read src/bitmap/../../tests/fonts/opentype/CBLC.bin: No such file or directory (os error 2)
[INFO] [stdout]     --> src/bitmap/cbdt.rs:1489:25
[INFO] [stdout]      |
[INFO] [stdout] 1489 |         let cblc_data = include_bytes!("../../tests/fonts/opentype/CBLC.bin");
[INFO] [stdout]      |                         ^^^^^^^^^^^^^^^^^^^^^^^^^^^^^^^^^^^^^^^^^^^^^^^^^^^^^
[INFO] [stdout]      |
[INFO] [stdout]      = note: this error originates in the macro `include_bytes` (in Nightly builds, run with -Z macro-backtrace for more info)
[INFO] [stdout] 
[INFO] [stdout] 
[INFO] [stdout] error: couldn't read src/bitmap/../../tests/fonts/opentype/TerminusTTF-4.47.0.ttf: No such file or directory (os error 2)
[INFO] [stdout]     --> src/bitmap/cbdt.rs:1505:22
[INFO] [stdout]      |
[INFO] [stdout] 1505 |         let buffer = include_bytes!("../../tests/fonts/opentype/TerminusTTF-4.47.0.ttf");
[INFO] [stdout]      |                      ^^^^^^^^^^^^^^^^^^^^^^^^^^^^^^^^^^^^^^^^^^^^^^^^^^^^^^^^^^^^^^^^^^^
[INFO] [stdout]      |
[INFO] [stdout]      = note: this error originates in the macro `include_bytes` (in Nightly builds, run with -Z macro-backtrace for more info)
[INFO] [stdout] 
[INFO] [stdout] 
[INFO] [stdout] error: couldn't read src/bitmap/../../tests/fonts/opentype/TerminusTTF-4.47.0.ttf: No such file or directory (os error 2)
[INFO] [stdout]     --> src/bitmap/cbdt.rs:1526:22
[INFO] [stdout]      |
[INFO] [stdout] 1526 |         let buffer = include_bytes!("../../tests/fonts/opentype/TerminusTTF-4.47.0.ttf");
[INFO] [stdout]      |                      ^^^^^^^^^^^^^^^^^^^^^^^^^^^^^^^^^^^^^^^^^^^^^^^^^^^^^^^^^^^^^^^^^^^
[INFO] [stdout]      |
[INFO] [stdout]      = note: this error originates in the macro `include_bytes` (in Nightly builds, run with -Z macro-backtrace for more info)
[INFO] [stdout] 
[INFO] [stdout] 
[INFO] [stdout] error: couldn't read src/bitmap/../../tests/fonts/opentype/CBLC.bin: No such file or directory (os error 2)
[INFO] [stdout]     --> src/bitmap/cbdt.rs:1562:25
[INFO] [stdout]      |
[INFO] [stdout] 1562 |         let cblc_data = include_bytes!("../../tests/fonts/opentype/CBLC.bin");
[INFO] [stdout]      |                         ^^^^^^^^^^^^^^^^^^^^^^^^^^^^^^^^^^^^^^^^^^^^^^^^^^^^^
[INFO] [stdout]      |
[INFO] [stdout]      = note: this error originates in the macro `include_bytes` (in Nightly builds, run with -Z macro-backtrace for more info)
[INFO] [stdout] 
[INFO] [stdout] 
[INFO] [stdout] error: couldn't read src/bitmap/../../tests/fonts/opentype/CBDT.bin: No such file or directory (os error 2)
[INFO] [stdout]     --> src/bitmap/cbdt.rs:1564:25
[INFO] [stdout]      |
[INFO] [stdout] 1564 |         let cbdt_data = include_bytes!("../../tests/fonts/opentype/CBDT.bin");
[INFO] [stdout]      |                         ^^^^^^^^^^^^^^^^^^^^^^^^^^^^^^^^^^^^^^^^^^^^^^^^^^^^^
[INFO] [stdout]      |
[INFO] [stdout]      = note: this error originates in the macro `include_bytes` (in Nightly builds, run with -Z macro-backtrace for more info)
[INFO] [stdout] 
[INFO] [stdout] 
[INFO] [stdout] error: couldn't read src/../tests/fonts/opentype/head.bin: No such file or directory (os error 2)
[INFO] [stdout]    --> src/tables.rs:921:25
[INFO] [stdout]     |
[INFO] [stdout] 921 |         let head_data = include_bytes!("../tests/fonts/opentype/head.bin");
[INFO] [stdout]     |                         ^^^^^^^^^^^^^^^^^^^^^^^^^^^^^^^^^^^^^^^^^^^^^^^^^^
[INFO] [stdout]     |
[INFO] [stdout]     = note: this error originates in the macro `include_bytes` (in Nightly builds, run with -Z macro-backtrace for more info)
[INFO] [stdout] 
[INFO] [stdout] 
[INFO] [stdout] error: couldn't read src/../tests/fonts/opentype/hmtx.bin: No such file or directory (os error 2)
[INFO] [stdout]    --> src/tables.rs:936:25
[INFO] [stdout]     |
[INFO] [stdout] 936 |         let hmtx_data = include_bytes!("../tests/fonts/opentype/hmtx.bin");
[INFO] [stdout]     |                         ^^^^^^^^^^^^^^^^^^^^^^^^^^^^^^^^^^^^^^^^^^^^^^^^^^
[INFO] [stdout]     |
[INFO] [stdout]     = note: this error originates in the macro `include_bytes` (in Nightly builds, run with -Z macro-backtrace for more info)
[INFO] [stdout] 
[INFO] [stdout] 
[INFO] [stdout] error: couldn't read src/../tests/fonts/opentype/name.bin: No such file or directory (os error 2)
[INFO] [stdout]    --> src/tables.rs:952:25
[INFO] [stdout]     |
[INFO] [stdout] 952 |         let name_data = include_bytes!("../tests/fonts/opentype/name.bin");
[INFO] [stdout]     |                         ^^^^^^^^^^^^^^^^^^^^^^^^^^^^^^^^^^^^^^^^^^^^^^^^^^
[INFO] [stdout]     |
[INFO] [stdout]     = note: this error originates in the macro `include_bytes` (in Nightly builds, run with -Z macro-backtrace for more info)
[INFO] [stdout] 
[INFO] [stdout] 
[INFO] [stdout] error[E0432]: unresolved import `crate::tests`
[INFO] [stdout]    --> src/bitmap/sbix.rs:261:16
[INFO] [stdout]     |
[INFO] [stdout] 261 |     use crate::tests::read_fixture;
[INFO] [stdout]     |                ^^^^^
[INFO] [stdout]     |                |
[INFO] [stdout]     |                unresolved import
[INFO] [stdout]     |                help: a similar path exists: `crate::bitmap::tests`
[INFO] [stdout] 
[INFO] [stdout] 
[INFO] [stdout] error[E0432]: unresolved import `crate::tests`
[INFO] [stdout]    --> src/font.rs:937:16
[INFO] [stdout]     |
[INFO] [stdout] 937 |     use crate::tests::read_fixture;
[INFO] [stdout]     |                ^^^^^
[INFO] [stdout]     |                |
[INFO] [stdout]     |                unresolved import
[INFO] [stdout]     |                help: a similar path exists: `crate::font::tests`
[INFO] [stdout] 
[INFO] [stdout] 
[INFO] [stdout] error[E0432]: unresolved import `crate::tests`
[INFO] [stdout]    --> src/subset.rs:539:16
[INFO] [stdout]     |
[INFO] [stdout] 539 |     use crate::tests::read_fixture;
[INFO] [stdout]     |                ^^^^^
[INFO] [stdout]     |                |
[INFO] [stdout]     |                unresolved import
[INFO] [stdout]     |                help: a similar path exists: `crate::subset::tests`
[INFO] [stdout] 
[INFO] [stdout] 
[INFO] [stdout] error[E0432]: unresolved import `crate::tests`
[INFO] [stdout]     --> src/tables/cmap.rs:1075:16
[INFO] [stdout]      |
[INFO] [stdout] 1075 |     use crate::tests::read_fixture;
[INFO] [stdout]      |                ^^^^^
[INFO] [stdout]      |                |
[INFO] [stdout]      |                unresolved import
[INFO] [stdout]      |                help: a similar path exists: `crate::tables::tests`
[INFO] [stdout] 
[INFO] [stdout] 
[INFO] [stdout] error[E0432]: unresolved import `crate::tests`
[INFO] [stdout]    --> src/tables/os2.rs:212:16
[INFO] [stdout]     |
[INFO] [stdout] 212 |     use crate::tests::read_fixture;
[INFO] [stdout]     |                ^^^^^
[INFO] [stdout]     |                |
[INFO] [stdout]     |                unresolved import
[INFO] [stdout]     |                help: a similar path exists: `crate::tables::tests`
[INFO] [stdout] 
[INFO] [stdout] 
[INFO] [stdout] error[E0432]: unresolved import `crate::tests`
[INFO] [stdout]    --> src/tables/svg.rs:156:16
[INFO] [stdout]     |
[INFO] [stdout] 156 |     use crate::tests::read_fixture;
[INFO] [stdout]     |                ^^^^^
[INFO] [stdout]     |                |
[INFO] [stdout]     |                unresolved import
[INFO] [stdout]     |                help: a similar path exists: `crate::tables::tests`
[INFO] [stdout] 
[INFO] [stdout] 
[INFO] [stdout] warning: using `procedural-masquerade` crate
[INFO] [stdout]    --> src/font.rs:96:1
[INFO] [stdout]     |
[INFO] [stdout] 96  | / rental! {
[INFO] [stdout] 97  | |     mod tables {
[INFO] [stdout] 98  | |         use super::*;
[INFO] [stdout] 99  | |
[INFO] [stdout] ...   |
[INFO] [stdout] 123 | |     }
[INFO] [stdout] 124 | | }
[INFO] [stdout]     | |_^
[INFO] [stdout]     |
[INFO] [stdout]     = note: `#[warn(proc_macro_back_compat)]` on by default
[INFO] [stdout]     = warning: this was previously accepted by the compiler but is being phased out; it will become a hard error in a future release!
[INFO] [stdout]     = note: for more information, see issue #83125 <https://github.com/rust-lang/rust/issues/83125>
[INFO] [stdout]     = note: The `procedural-masquerade` crate has been unnecessary since Rust 1.30.0. Versions of this crate below 0.1.7 will eventually stop compiling.
[INFO] [stdout]     = note: this warning originates in the macro `rental` (in Nightly builds, run with -Z macro-backtrace for more info)
[INFO] [stdout] 
[INFO] [stdout] 
[INFO] [stdout] warning: using `procedural-masquerade` crate
[INFO] [stdout]   --> src/glyph_info.rs:43:1
[INFO] [stdout]    |
[INFO] [stdout] 43 | / rental! {
[INFO] [stdout] 44 | |     mod rentable {
[INFO] [stdout] 45 | |         use super::*;
[INFO] [stdout] 46 | |         use alloc::boxed::Box;
[INFO] [stdout] ...  |
[INFO] [stdout] 53 | |     }
[INFO] [stdout] 54 | | }
[INFO] [stdout]    | |_^
[INFO] [stdout]    |
[INFO] [stdout]    = warning: this was previously accepted by the compiler but is being phased out; it will become a hard error in a future release!
[INFO] [stdout]    = note: for more information, see issue #83125 <https://github.com/rust-lang/rust/issues/83125>
[INFO] [stdout]    = note: The `procedural-masquerade` crate has been unnecessary since Rust 1.30.0. Versions of this crate below 0.1.7 will eventually stop compiling.
[INFO] [stdout]    = note: this warning originates in the macro `rental` (in Nightly builds, run with -Z macro-backtrace for more info)
[INFO] [stdout] 
[INFO] [stdout] 
[INFO] [stdout] warning: unused import: `itertools::Itertools`
[INFO] [stdout]     --> src/bitmap/cbdt.rs:1479:9
[INFO] [stdout]      |
[INFO] [stdout] 1479 |     use itertools::Itertools;
[INFO] [stdout]      |         ^^^^^^^^^^^^^^^^^^^^
[INFO] [stdout]      |
[INFO] [stdout]      = note: `#[warn(unused_imports)]` on by default
[INFO] [stdout] 
[INFO] [stdout] 
[INFO] [stdout] warning: unused import: `super::*`
[INFO] [stdout]    --> src/tables/os2.rs:208:9
[INFO] [stdout]     |
[INFO] [stdout] 208 |     use super::*;
[INFO] [stdout]     |         ^^^^^^^^
[INFO] [stdout] 
[INFO] [stdout] 
[INFO] [stdout] warning: unused import: `crate::binary::read::ReadScope`
[INFO] [stdout]    --> src/tables/os2.rs:209:9
[INFO] [stdout]     |
[INFO] [stdout] 209 |     use crate::binary::read::ReadScope;
[INFO] [stdout]     |         ^^^^^^^^^^^^^^^^^^^^^^^^^^^^^^
[INFO] [stdout] 
[INFO] [stdout] 
[INFO] [stdout] warning: unused imports: `FontTableProvider`, `OpenTypeFont`
[INFO] [stdout]    --> src/tables/os2.rs:210:25
[INFO] [stdout]     |
[INFO] [stdout] 210 |     use crate::tables::{FontTableProvider, OpenTypeFont};
[INFO] [stdout]     |                         ^^^^^^^^^^^^^^^^^  ^^^^^^^^^^^^
[INFO] [stdout] 
[INFO] [stdout] 
[INFO] [stdout] warning: unused import: `crate::tag`
[INFO] [stdout]    --> src/tables/os2.rs:211:9
[INFO] [stdout]     |
[INFO] [stdout] 211 |     use crate::tag;
[INFO] [stdout]     |         ^^^^^^^^^^
[INFO] [stdout] 
[INFO] [stdout] 
[INFO] [stdout] error[E0282]: type annotations needed
[INFO] [stdout]     --> src/tables/glyf.rs:1129:19
[INFO] [stdout]      |
[INFO] [stdout] 1129 |             }) => assert_eq!(instructions, &[]),
[INFO] [stdout]      |                   ^^^^^^^^^^^^^^^^^^^^^^^^^^^^^ cannot infer type
[INFO] [stdout]      |
[INFO] [stdout]      = note: this error originates in the macro `assert_eq` (in Nightly builds, run with -Z macro-backtrace for more info)
[INFO] [stdout] 
[INFO] [stdout] 
[INFO] [stdout] error: aborting due to 15 previous errors; 7 warnings emitted
[INFO] [stdout] 
[INFO] [stdout] 
[INFO] [stdout] Some errors have detailed explanations: E0282, E0432.
[INFO] [stdout] 
[INFO] [stdout] For more information about an error, try `rustc --explain E0282`.
[INFO] [stdout] 
[INFO] [stderr] error: could not compile `allsorts_no_std` due to 16 previous errors; 7 warnings emitted
[INFO] running `Command { std: "docker" "inspect" "cafff6864770e353c51a5d3f11d6b4a57d06b864ff88ead07d6b689687a9ad55", kill_on_drop: false }`
[INFO] running `Command { std: "docker" "rm" "-f" "cafff6864770e353c51a5d3f11d6b4a57d06b864ff88ead07d6b689687a9ad55", kill_on_drop: false }`
[INFO] [stdout] cafff6864770e353c51a5d3f11d6b4a57d06b864ff88ead07d6b689687a9ad55
