[INFO] fetching crate alchemy-cocoa 0.1.0...
[INFO] testing alchemy-cocoa-0.1.0 against beta-2021-08-01 for beta-1.55-1
[INFO] extracting crate alchemy-cocoa 0.1.0 into /workspace/builds/worker-11/source
[INFO] validating manifest of crates.io crate alchemy-cocoa 0.1.0 on toolchain beta-2021-08-01
[INFO] running `Command { std: "/workspace/cargo-home/bin/cargo" "+beta-2021-08-01" "metadata" "--manifest-path" "Cargo.toml" "--no-deps", kill_on_drop: false }`
[INFO] started tweaking crates.io crate alchemy-cocoa 0.1.0
[INFO] finished tweaking crates.io crate alchemy-cocoa 0.1.0
[INFO] tweaked toml for crates.io crate alchemy-cocoa 0.1.0 written to /workspace/builds/worker-11/source/Cargo.toml
[INFO] running `Command { std: "/workspace/cargo-home/bin/cargo" "+beta-2021-08-01" "generate-lockfile" "--manifest-path" "Cargo.toml" "-Zno-index-update", kill_on_drop: false }`
[INFO] [stderr]     Blocking waiting for file lock on package cache
[INFO] running `Command { std: "/workspace/cargo-home/bin/cargo" "+beta-2021-08-01" "fetch" "--manifest-path" "Cargo.toml", kill_on_drop: false }`
[INFO] [stderr]  Downloading crates ...
[INFO] [stderr]   Downloaded alchemy-lifecycle v0.1.0
[INFO] running `Command { std: "docker" "create" "-v" "/var/lib/crater-agent-workspace/builds/worker-11/target:/opt/rustwide/target:rw,Z" "-v" "/var/lib/crater-agent-workspace/builds/worker-11/source:/opt/rustwide/workdir:ro,Z" "-v" "/var/lib/crater-agent-workspace/cargo-home:/opt/rustwide/cargo-home:ro,Z" "-v" "/var/lib/crater-agent-workspace/rustup-home:/opt/rustwide/rustup-home:ro,Z" "-e" "SOURCE_DIR=/opt/rustwide/workdir" "-e" "CARGO_TARGET_DIR=/opt/rustwide/target" "-e" "CARGO_HOME=/opt/rustwide/cargo-home" "-e" "RUSTUP_HOME=/opt/rustwide/rustup-home" "-w" "/opt/rustwide/workdir" "-m" "1610612736" "--user" "0:0" "--network" "none" "ghcr.io/rust-lang/crates-build-env/linux@sha256:34b6a614d2c27851fe6cbf88fbd1137609cefab8b10d0615aaeb6fd47975d74e" "/opt/rustwide/cargo-home/bin/cargo" "+beta-2021-08-01" "metadata" "--no-deps" "--format-version=1", kill_on_drop: false }`
[INFO] [stdout] d08833cb549de70662735b2d401bae22839fa32fee3214fa7853338930115467
[INFO] [stderr] WARNING: Your kernel does not support swap limit capabilities or the cgroup is not mounted. Memory limited without swap.
[INFO] running `Command { std: "docker" "start" "-a" "d08833cb549de70662735b2d401bae22839fa32fee3214fa7853338930115467", kill_on_drop: false }`
[INFO] running `Command { std: "docker" "inspect" "d08833cb549de70662735b2d401bae22839fa32fee3214fa7853338930115467", kill_on_drop: false }`
[INFO] running `Command { std: "docker" "rm" "-f" "d08833cb549de70662735b2d401bae22839fa32fee3214fa7853338930115467", kill_on_drop: false }`
[INFO] [stdout] d08833cb549de70662735b2d401bae22839fa32fee3214fa7853338930115467
[INFO] running `Command { std: "docker" "create" "-v" "/var/lib/crater-agent-workspace/builds/worker-11/target:/opt/rustwide/target:rw,Z" "-v" "/var/lib/crater-agent-workspace/builds/worker-11/source:/opt/rustwide/workdir:ro,Z" "-v" "/var/lib/crater-agent-workspace/cargo-home:/opt/rustwide/cargo-home:ro,Z" "-v" "/var/lib/crater-agent-workspace/rustup-home:/opt/rustwide/rustup-home:ro,Z" "-e" "SOURCE_DIR=/opt/rustwide/workdir" "-e" "CARGO_TARGET_DIR=/opt/rustwide/target" "-e" "CARGO_INCREMENTAL=0" "-e" "RUST_BACKTRACE=full" "-e" "RUSTFLAGS=--cap-lints=warn" "-e" "CARGO_HOME=/opt/rustwide/cargo-home" "-e" "RUSTUP_HOME=/opt/rustwide/rustup-home" "-w" "/opt/rustwide/workdir" "-m" "1610612736" "--user" "0:0" "--network" "none" "ghcr.io/rust-lang/crates-build-env/linux@sha256:34b6a614d2c27851fe6cbf88fbd1137609cefab8b10d0615aaeb6fd47975d74e" "/opt/rustwide/cargo-home/bin/cargo" "+beta-2021-08-01" "build" "--frozen" "--message-format=json", kill_on_drop: false }`
[INFO] [stderr] WARNING: Your kernel does not support swap limit capabilities or the cgroup is not mounted. Memory limited without swap.
[INFO] [stdout] 7acf47aa6f74e9afc2d6cb2ee39b688cc0f589e4e4386a23093caeba6bd4b0a2
[INFO] running `Command { std: "docker" "start" "-a" "7acf47aa6f74e9afc2d6cb2ee39b688cc0f589e4e4386a23093caeba6bd4b0a2", kill_on_drop: false }`
[INFO] [stderr]     Blocking waiting for file lock on package cache
[INFO] [stderr]     Blocking waiting for file lock on package cache
[INFO] [stderr]    Compiling core-foundation-sys v0.6.2
[INFO] [stderr]    Compiling block v0.1.6
[INFO] [stderr]    Compiling dispatch v0.1.4
[INFO] [stderr]    Compiling malloc_buf v0.0.6
[INFO] [stderr]    Compiling alchemy-styles v0.1.0
[INFO] [stderr]    Compiling objc v0.2.7
[INFO] [stderr]    Compiling objc_id v0.1.1
[INFO] [stderr]    Compiling core-foundation v0.6.4
[INFO] [stderr]    Compiling core-graphics v0.17.3
[INFO] [stderr]    Compiling alchemy-lifecycle v0.1.0
[INFO] [stdout] error[E0455]: native frameworks are only available on macOS targets
[INFO] [stdout]   --> /opt/rustwide/cargo-home/registry/src/github.com-1ecc6299db9ec823/core-graphics-0.17.3/src/color.rs:31:1
[INFO] [stdout]    |
[INFO] [stdout] 31 | #[link(name = "CoreGraphics", kind = "framework")]
[INFO] [stdout]    | ^^^^^^^^^^^^^^^^^^^^^^^^^^^^^^^^^^^^^^^^^^^^^^^^^^
[INFO] [stdout] 
[INFO] [stdout] 
[INFO] [stdout] error[E0455]: native frameworks are only available on macOS targets
[INFO] [stdout]   --> /opt/rustwide/cargo-home/registry/src/github.com-1ecc6299db9ec823/core-graphics-0.17.3/src/color_space.rs:54:1
[INFO] [stdout]    |
[INFO] [stdout] 54 | #[link(name = "CoreGraphics", kind = "framework")]
[INFO] [stdout]    | ^^^^^^^^^^^^^^^^^^^^^^^^^^^^^^^^^^^^^^^^^^^^^^^^^^
[INFO] [stdout] 
[INFO] [stdout] 
[INFO] [stdout] error[E0455]: native frameworks are only available on macOS targets
[INFO] [stdout]    --> /opt/rustwide/cargo-home/registry/src/github.com-1ecc6299db9ec823/core-graphics-0.17.3/src/context.rs:343:1
[INFO] [stdout]     |
[INFO] [stdout] 343 | #[link(name = "CoreGraphics", kind = "framework")]
[INFO] [stdout]     | ^^^^^^^^^^^^^^^^^^^^^^^^^^^^^^^^^^^^^^^^^^^^^^^^^^
[INFO] [stdout] 
[INFO] [stdout] 
[INFO] [stdout] error[E0455]: native frameworks are only available on macOS targets
[INFO] [stdout]    --> /opt/rustwide/cargo-home/registry/src/github.com-1ecc6299db9ec823/core-graphics-0.17.3/src/data_provider.rs:109:1
[INFO] [stdout]     |
[INFO] [stdout] 109 | #[link(name = "CoreGraphics", kind = "framework")]
[INFO] [stdout]     | ^^^^^^^^^^^^^^^^^^^^^^^^^^^^^^^^^^^^^^^^^^^^^^^^^^
[INFO] [stdout] 
[INFO] [stdout] 
[INFO] [stdout] error[E0455]: native frameworks are only available on macOS targets
[INFO] [stdout]    --> /opt/rustwide/cargo-home/registry/src/github.com-1ecc6299db9ec823/core-graphics-0.17.3/src/font.rs:128:1
[INFO] [stdout]     |
[INFO] [stdout] 128 | #[link(name = "CoreGraphics", kind = "framework")]
[INFO] [stdout]     | ^^^^^^^^^^^^^^^^^^^^^^^^^^^^^^^^^^^^^^^^^^^^^^^^^^
[INFO] [stdout] 
[INFO] [stdout] 
[INFO] [stdout] error[E0455]: native frameworks are only available on macOS targets
[INFO] [stdout]    --> /opt/rustwide/cargo-home/registry/src/github.com-1ecc6299db9ec823/core-graphics-0.17.3/src/geometry.rs:189:5
[INFO] [stdout]     |
[INFO] [stdout] 189 |     #[link(name = "CoreGraphics", kind = "framework")]
[INFO] [stdout]     |     ^^^^^^^^^^^^^^^^^^^^^^^^^^^^^^^^^^^^^^^^^^^^^^^^^^
[INFO] [stdout] 
[INFO] [stdout] 
[INFO] [stdout] error[E0455]: native frameworks are only available on macOS targets
[INFO] [stdout]    --> /opt/rustwide/cargo-home/registry/src/github.com-1ecc6299db9ec823/core-graphics-0.17.3/src/image.rs:138:1
[INFO] [stdout]     |
[INFO] [stdout] 138 | #[link(name = "CoreGraphics", kind = "framework")]
[INFO] [stdout]     | ^^^^^^^^^^^^^^^^^^^^^^^^^^^^^^^^^^^^^^^^^^^^^^^^^^
[INFO] [stdout] 
[INFO] [stdout] 
[INFO] [stdout] error[E0455]: native frameworks are only available on macOS targets
[INFO] [stdout]    --> /opt/rustwide/cargo-home/registry/src/github.com-1ecc6299db9ec823/core-graphics-0.17.3/src/path.rs:124:1
[INFO] [stdout]     |
[INFO] [stdout] 124 | #[link(name = "CoreGraphics", kind = "framework")]
[INFO] [stdout]     | ^^^^^^^^^^^^^^^^^^^^^^^^^^^^^^^^^^^^^^^^^^^^^^^^^^
[INFO] [stdout] 
[INFO] [stdout] 
[INFO] [stdout] error: aborting due to 8 previous errors
[INFO] [stdout] 
[INFO] [stdout] 
[INFO] [stdout] For more information about this error, try `rustc --explain E0455`.
[INFO] [stdout] 
[INFO] [stderr] error: could not compile `core-graphics` due to 9 previous errors
[INFO] [stderr] warning: build failed, waiting for other jobs to finish...
[INFO] [stderr] error: build failed
[INFO] running `Command { std: "docker" "inspect" "7acf47aa6f74e9afc2d6cb2ee39b688cc0f589e4e4386a23093caeba6bd4b0a2", kill_on_drop: false }`
[INFO] running `Command { std: "docker" "rm" "-f" "7acf47aa6f74e9afc2d6cb2ee39b688cc0f589e4e4386a23093caeba6bd4b0a2", kill_on_drop: false }`
[INFO] [stdout] 7acf47aa6f74e9afc2d6cb2ee39b688cc0f589e4e4386a23093caeba6bd4b0a2
