[INFO] fetching crate af_unix 0.1.0...
[INFO] testing af_unix-0.1.0 against 1.54.0 for beta-1.55-1
[INFO] extracting crate af_unix 0.1.0 into /workspace/builds/worker-38/source
[INFO] validating manifest of crates.io crate af_unix 0.1.0 on toolchain 1.54.0
[INFO] running `Command { std: "/workspace/cargo-home/bin/cargo" "+1.54.0" "metadata" "--manifest-path" "Cargo.toml" "--no-deps", kill_on_drop: false }`
[INFO] started tweaking crates.io crate af_unix 0.1.0
[INFO] finished tweaking crates.io crate af_unix 0.1.0
[INFO] tweaked toml for crates.io crate af_unix 0.1.0 written to /workspace/builds/worker-38/source/Cargo.toml
[INFO] running `Command { std: "/workspace/cargo-home/bin/cargo" "+1.54.0" "generate-lockfile" "--manifest-path" "Cargo.toml" "-Zno-index-update", kill_on_drop: false }`
[INFO] [stderr]     Blocking waiting for file lock on package cache
[INFO] running `Command { std: "/workspace/cargo-home/bin/cargo" "+1.54.0" "fetch" "--manifest-path" "Cargo.toml", kill_on_drop: false }`
[INFO] [stderr]     Blocking waiting for file lock on package cache
[INFO] running `Command { std: "docker" "create" "-v" "/var/lib/crater-agent-workspace/builds/worker-38/target:/opt/rustwide/target:rw,Z" "-v" "/var/lib/crater-agent-workspace/builds/worker-38/source:/opt/rustwide/workdir:ro,Z" "-v" "/var/lib/crater-agent-workspace/cargo-home:/opt/rustwide/cargo-home:ro,Z" "-v" "/var/lib/crater-agent-workspace/rustup-home:/opt/rustwide/rustup-home:ro,Z" "-e" "SOURCE_DIR=/opt/rustwide/workdir" "-e" "CARGO_TARGET_DIR=/opt/rustwide/target" "-e" "CARGO_HOME=/opt/rustwide/cargo-home" "-e" "RUSTUP_HOME=/opt/rustwide/rustup-home" "-w" "/opt/rustwide/workdir" "-m" "1610612736" "--user" "0:0" "--network" "none" "ghcr.io/rust-lang/crates-build-env/linux@sha256:34b6a614d2c27851fe6cbf88fbd1137609cefab8b10d0615aaeb6fd47975d74e" "/opt/rustwide/cargo-home/bin/cargo" "+1.54.0" "metadata" "--no-deps" "--format-version=1", kill_on_drop: false }`
[INFO] [stdout] a3d1e7d7b5991873cda9e2df2340b38a4a0c7b8334a2db564247fd507a5a6a37
[INFO] running `Command { std: "docker" "start" "-a" "a3d1e7d7b5991873cda9e2df2340b38a4a0c7b8334a2db564247fd507a5a6a37", kill_on_drop: false }`
[INFO] running `Command { std: "docker" "inspect" "a3d1e7d7b5991873cda9e2df2340b38a4a0c7b8334a2db564247fd507a5a6a37", kill_on_drop: false }`
[INFO] running `Command { std: "docker" "rm" "-f" "a3d1e7d7b5991873cda9e2df2340b38a4a0c7b8334a2db564247fd507a5a6a37", kill_on_drop: false }`
[INFO] [stdout] a3d1e7d7b5991873cda9e2df2340b38a4a0c7b8334a2db564247fd507a5a6a37
[INFO] running `Command { std: "docker" "create" "-v" "/var/lib/crater-agent-workspace/builds/worker-38/target:/opt/rustwide/target:rw,Z" "-v" "/var/lib/crater-agent-workspace/builds/worker-38/source:/opt/rustwide/workdir:ro,Z" "-v" "/var/lib/crater-agent-workspace/cargo-home:/opt/rustwide/cargo-home:ro,Z" "-v" "/var/lib/crater-agent-workspace/rustup-home:/opt/rustwide/rustup-home:ro,Z" "-e" "SOURCE_DIR=/opt/rustwide/workdir" "-e" "CARGO_TARGET_DIR=/opt/rustwide/target" "-e" "CARGO_INCREMENTAL=0" "-e" "RUST_BACKTRACE=full" "-e" "RUSTFLAGS=--cap-lints=warn" "-e" "CARGO_HOME=/opt/rustwide/cargo-home" "-e" "RUSTUP_HOME=/opt/rustwide/rustup-home" "-w" "/opt/rustwide/workdir" "-m" "1610612736" "--user" "0:0" "--network" "none" "ghcr.io/rust-lang/crates-build-env/linux@sha256:34b6a614d2c27851fe6cbf88fbd1137609cefab8b10d0615aaeb6fd47975d74e" "/opt/rustwide/cargo-home/bin/cargo" "+1.54.0" "build" "--frozen" "--message-format=json", kill_on_drop: false }`
[INFO] [stdout] 6c12d72c75317de7b61e52dc1ff01d87a8d0a1b910e4d3a8a1f4b4190ae0a121
[INFO] running `Command { std: "docker" "start" "-a" "6c12d72c75317de7b61e52dc1ff01d87a8d0a1b910e4d3a8a1f4b4190ae0a121", kill_on_drop: false }`
[INFO] [stderr]     Blocking waiting for file lock on package cache
[INFO] [stderr]    Compiling libc v0.2.98
[INFO] [stderr]    Compiling errno v0.2.7
[INFO] [stderr]    Compiling af_unix v0.1.0 (/opt/rustwide/workdir)
[INFO] [stdout] error[E0425]: cannot find function `init` in module `intrinsics`
[INFO] [stdout]   --> src/lib.rs:63:68
[INFO] [stdout]    |
[INFO] [stdout] 63 |     let mut storage: libc::sockaddr_storage = unsafe { intrinsics::init() };
[INFO] [stdout]    |                                                                    ^^^^ not found in `intrinsics`
[INFO] [stdout] 
[INFO] [stdout] 
[INFO] [stdout] error[E0425]: cannot find function `init` in module `intrinsics`
[INFO] [stdout]    --> src/lib.rs:176:72
[INFO] [stdout]     |
[INFO] [stdout] 176 |         let mut storage: libc::sockaddr_storage = unsafe { intrinsics::init() };
[INFO] [stdout]     |                                                                        ^^^^ not found in `intrinsics`
[INFO] [stdout] 
[INFO] [stdout] 
[INFO] [stdout] error[E0554]: `#![feature]` may not be used on the stable release channel
[INFO] [stdout]   --> src/lib.rs:25:1
[INFO] [stdout]    |
[INFO] [stdout] 25 | #![feature(core)]
[INFO] [stdout]    | ^^^^^^^^^^^^^^^^^
[INFO] [stdout] 
[INFO] [stdout] 
[INFO] [stdout] warning: use of deprecated macro `try`: use the `?` operator instead
[INFO] [stdout]   --> src/lib.rs:89:23
[INFO] [stdout]    |
[INFO] [stdout] 89 |     let (addr, len) = try!(addr_to_sockaddr_un(addr));
[INFO] [stdout]    |                       ^^^
[INFO] [stdout]    |
[INFO] [stdout]    = note: `#[warn(deprecated)]` on by default
[INFO] [stdout] 
[INFO] [stdout] 
[INFO] [stdout] warning: use of deprecated macro `try`: use the `?` operator instead
[INFO] [stdout]   --> src/lib.rs:90:14
[INFO] [stdout]    |
[INFO] [stdout] 90 |     let fd = try!(unix_socket(ty));
[INFO] [stdout]    |              ^^^
[INFO] [stdout] 
[INFO] [stdout] 
[INFO] [stdout] warning: use of deprecated macro `try`: use the `?` operator instead
[INFO] [stdout]    --> src/lib.rs:102:23
[INFO] [stdout]     |
[INFO] [stdout] 102 |     let (addr, len) = try!(addr_to_sockaddr_un(addr));
[INFO] [stdout]     |                       ^^^
[INFO] [stdout] 
[INFO] [stdout] 
[INFO] [stdout] warning: use of deprecated macro `try`: use the `?` operator instead
[INFO] [stdout]    --> src/lib.rs:103:14
[INFO] [stdout]     |
[INFO] [stdout] 103 |     let fd = try!(unix_socket(ty));
[INFO] [stdout]     |              ^^^
[INFO] [stdout] 
[INFO] [stdout] 
[INFO] [stdout] warning: use of deprecated macro `try`: use the `?` operator instead
[INFO] [stdout]    --> src/lib.rs:131:22
[INFO] [stdout]     |
[INFO] [stdout] 131 |         let c_addr = try!(CString::new(addr));
[INFO] [stdout]     |                      ^^^
[INFO] [stdout] 
[INFO] [stdout] 
[INFO] [stdout] warning: use of deprecated macro `try`: use the `?` operator instead
[INFO] [stdout]    --> src/lib.rs:132:18
[INFO] [stdout]     |
[INFO] [stdout] 132 |         let fd = try!(connect(&c_addr, c_ty));
[INFO] [stdout]     |                  ^^^
[INFO] [stdout] 
[INFO] [stdout] 
[INFO] [stdout] warning: use of deprecated macro `try`: use the `?` operator instead
[INFO] [stdout]    --> src/lib.rs:146:22
[INFO] [stdout]     |
[INFO] [stdout] 146 |         let c_addr = try!(CString::new(addr));
[INFO] [stdout]     |                      ^^^
[INFO] [stdout] 
[INFO] [stdout] 
[INFO] [stdout] warning: use of deprecated macro `try`: use the `?` operator instead
[INFO] [stdout]    --> src/lib.rs:218:21
[INFO] [stdout]     |
[INFO] [stdout] 218 |         let c_dst = try!(CString::new(dst));
[INFO] [stdout]     |                     ^^^
[INFO] [stdout] 
[INFO] [stdout] 
[INFO] [stdout] warning: use of deprecated macro `try`: use the `?` operator instead
[INFO] [stdout]    --> src/lib.rs:219:26
[INFO] [stdout]     |
[INFO] [stdout] 219 |         let (dst, len) = try!(addr_to_sockaddr_un(&c_dst));
[INFO] [stdout]     |                          ^^^
[INFO] [stdout] 
[INFO] [stdout] 
[INFO] [stdout] error[E0658]: use of unstable library feature 'core_intrinsics': intrinsics are unlikely to ever be stabilized, instead they should be used through stabilized interfaces in the rest of the standard library
[INFO] [stdout]   --> src/lib.rs:30:5
[INFO] [stdout]    |
[INFO] [stdout] 30 | use std::intrinsics;
[INFO] [stdout]    |     ^^^^^^^^^^^^^^^
[INFO] [stdout] 
[INFO] [stdout] 
[INFO] [stdout] error: aborting due to 4 previous errors; 9 warnings emitted
[INFO] [stdout] 
[INFO] [stdout] 
[INFO] [stdout] Some errors have detailed explanations: E0425, E0554, E0658.
[INFO] [stdout] 
[INFO] [stdout] For more information about an error, try `rustc --explain E0425`.
[INFO] [stdout] 
[INFO] [stderr] error: could not compile `af_unix`
[INFO] [stderr] 
[INFO] [stderr] To learn more, run the command again with --verbose.
[INFO] running `Command { std: "docker" "inspect" "6c12d72c75317de7b61e52dc1ff01d87a8d0a1b910e4d3a8a1f4b4190ae0a121", kill_on_drop: false }`
[INFO] running `Command { std: "docker" "rm" "-f" "6c12d72c75317de7b61e52dc1ff01d87a8d0a1b910e4d3a8a1f4b4190ae0a121", kill_on_drop: false }`
[INFO] [stdout] 6c12d72c75317de7b61e52dc1ff01d87a8d0a1b910e4d3a8a1f4b4190ae0a121
