[INFO] fetching crate af-opencl-interop 3.7.1...
[INFO] testing af-opencl-interop-3.7.1 against 1.54.0 for beta-1.55-1
[INFO] extracting crate af-opencl-interop 3.7.1 into /workspace/builds/worker-84/source
[INFO] validating manifest of crates.io crate af-opencl-interop 3.7.1 on toolchain 1.54.0
[INFO] running `Command { std: "/workspace/cargo-home/bin/cargo" "+1.54.0" "metadata" "--manifest-path" "Cargo.toml" "--no-deps", kill_on_drop: false }`
[INFO] started tweaking crates.io crate af-opencl-interop 3.7.1
[INFO] removed 0 missing examples
[INFO] finished tweaking crates.io crate af-opencl-interop 3.7.1
[INFO] tweaked toml for crates.io crate af-opencl-interop 3.7.1 written to /workspace/builds/worker-84/source/Cargo.toml
[INFO] crate crates.io crate af-opencl-interop 3.7.1 already has a lockfile, it will not be regenerated
[INFO] running `Command { std: "/workspace/cargo-home/bin/cargo" "+1.54.0" "fetch" "--manifest-path" "Cargo.toml", kill_on_drop: false }`
[INFO] [stderr]     Blocking waiting for file lock on package cache
[INFO] [stderr]     Blocking waiting for file lock on package cache
[INFO] running `Command { std: "docker" "create" "-v" "/var/lib/crater-agent-workspace/builds/worker-84/target:/opt/rustwide/target:rw,Z" "-v" "/var/lib/crater-agent-workspace/builds/worker-84/source:/opt/rustwide/workdir:ro,Z" "-v" "/var/lib/crater-agent-workspace/cargo-home:/opt/rustwide/cargo-home:ro,Z" "-v" "/var/lib/crater-agent-workspace/rustup-home:/opt/rustwide/rustup-home:ro,Z" "-e" "SOURCE_DIR=/opt/rustwide/workdir" "-e" "CARGO_TARGET_DIR=/opt/rustwide/target" "-e" "CARGO_HOME=/opt/rustwide/cargo-home" "-e" "RUSTUP_HOME=/opt/rustwide/rustup-home" "-w" "/opt/rustwide/workdir" "-m" "1610612736" "--user" "0:0" "--network" "none" "ghcr.io/rust-lang/crates-build-env/linux@sha256:34b6a614d2c27851fe6cbf88fbd1137609cefab8b10d0615aaeb6fd47975d74e" "/opt/rustwide/cargo-home/bin/cargo" "+1.54.0" "metadata" "--no-deps" "--format-version=1", kill_on_drop: false }`
[INFO] [stdout] c418d8f8f8be654dce98d0550f0105b93ddbf819270ba677e7530db4d7ec2cf2
[INFO] running `Command { std: "docker" "start" "-a" "c418d8f8f8be654dce98d0550f0105b93ddbf819270ba677e7530db4d7ec2cf2", kill_on_drop: false }`
[INFO] running `Command { std: "docker" "inspect" "c418d8f8f8be654dce98d0550f0105b93ddbf819270ba677e7530db4d7ec2cf2", kill_on_drop: false }`
[INFO] running `Command { std: "docker" "rm" "-f" "c418d8f8f8be654dce98d0550f0105b93ddbf819270ba677e7530db4d7ec2cf2", kill_on_drop: false }`
[INFO] [stdout] c418d8f8f8be654dce98d0550f0105b93ddbf819270ba677e7530db4d7ec2cf2
[INFO] running `Command { std: "docker" "create" "-v" "/var/lib/crater-agent-workspace/builds/worker-84/target:/opt/rustwide/target:rw,Z" "-v" "/var/lib/crater-agent-workspace/builds/worker-84/source:/opt/rustwide/workdir:ro,Z" "-v" "/var/lib/crater-agent-workspace/cargo-home:/opt/rustwide/cargo-home:ro,Z" "-v" "/var/lib/crater-agent-workspace/rustup-home:/opt/rustwide/rustup-home:ro,Z" "-e" "SOURCE_DIR=/opt/rustwide/workdir" "-e" "CARGO_TARGET_DIR=/opt/rustwide/target" "-e" "CARGO_INCREMENTAL=0" "-e" "RUST_BACKTRACE=full" "-e" "RUSTFLAGS=--cap-lints=warn" "-e" "CARGO_HOME=/opt/rustwide/cargo-home" "-e" "RUSTUP_HOME=/opt/rustwide/rustup-home" "-w" "/opt/rustwide/workdir" "-m" "1610612736" "--user" "0:0" "--network" "none" "ghcr.io/rust-lang/crates-build-env/linux@sha256:34b6a614d2c27851fe6cbf88fbd1137609cefab8b10d0615aaeb6fd47975d74e" "/opt/rustwide/cargo-home/bin/cargo" "+1.54.0" "build" "--frozen" "--message-format=json", kill_on_drop: false }`
[INFO] [stdout] f467d2873c06edb8826f3c4688202170adee485bc1be7e118f6c32f94ff0a688
[INFO] running `Command { std: "docker" "start" "-a" "f467d2873c06edb8826f3c4688202170adee485bc1be7e118f6c32f94ff0a688", kill_on_drop: false }`
[INFO] [stderr]     Blocking waiting for file lock on package cache
[INFO] [stderr]     Blocking waiting for file lock on package cache
[INFO] [stderr]    Compiling autocfg v1.0.1
[INFO] [stderr]    Compiling proc-macro2 v1.0.20
[INFO] [stderr]    Compiling unicode-xid v0.2.1
[INFO] [stderr]    Compiling syn v1.0.40
[INFO] [stderr]    Compiling serde v1.0.115
[INFO] [stderr]    Compiling ryu v1.0.5
[INFO] [stderr]    Compiling serde_derive v1.0.115
[INFO] [stderr]    Compiling semver-parser v0.7.0
[INFO] [stderr]    Compiling serde_json v1.0.57
[INFO] [stderr]    Compiling itoa v0.4.6
[INFO] [stderr]    Compiling libc v0.2.76
[INFO] [stderr]    Compiling cl-sys v0.4.2
[INFO] [stderr]    Compiling half v1.6.0
[INFO] [stderr]    Compiling lazy_static v1.4.0
[INFO] [stderr]    Compiling semver v0.9.0
[INFO] [stderr]    Compiling num-traits v0.2.12
[INFO] [stderr]    Compiling num-integer v0.1.43
[INFO] [stderr]    Compiling num-bigint v0.2.6
[INFO] [stderr]    Compiling num-complex v0.2.4
[INFO] [stderr]    Compiling num-iter v0.1.41
[INFO] [stderr]    Compiling num-rational v0.2.4
[INFO] [stderr]    Compiling rustc_version v0.2.3
[INFO] [stderr]    Compiling quote v1.0.7
[INFO] [stderr]    Compiling num v0.2.1
[INFO] [stderr]    Compiling arrayfire v3.7.1
[INFO] [stderr]    Compiling af-opencl-interop v3.7.1 (/opt/rustwide/workdir)
[INFO] [stderr]     Finished dev [unoptimized + debuginfo] target(s) in 19.02s
[INFO] running `Command { std: "docker" "inspect" "f467d2873c06edb8826f3c4688202170adee485bc1be7e118f6c32f94ff0a688", kill_on_drop: false }`
[INFO] running `Command { std: "docker" "rm" "-f" "f467d2873c06edb8826f3c4688202170adee485bc1be7e118f6c32f94ff0a688", kill_on_drop: false }`
[INFO] [stdout] f467d2873c06edb8826f3c4688202170adee485bc1be7e118f6c32f94ff0a688
[INFO] running `Command { std: "docker" "create" "-v" "/var/lib/crater-agent-workspace/builds/worker-84/target:/opt/rustwide/target:rw,Z" "-v" "/var/lib/crater-agent-workspace/builds/worker-84/source:/opt/rustwide/workdir:ro,Z" "-v" "/var/lib/crater-agent-workspace/cargo-home:/opt/rustwide/cargo-home:ro,Z" "-v" "/var/lib/crater-agent-workspace/rustup-home:/opt/rustwide/rustup-home:ro,Z" "-e" "SOURCE_DIR=/opt/rustwide/workdir" "-e" "CARGO_TARGET_DIR=/opt/rustwide/target" "-e" "CARGO_INCREMENTAL=0" "-e" "RUST_BACKTRACE=full" "-e" "RUSTFLAGS=--cap-lints=warn" "-e" "CARGO_HOME=/opt/rustwide/cargo-home" "-e" "RUSTUP_HOME=/opt/rustwide/rustup-home" "-w" "/opt/rustwide/workdir" "-m" "1610612736" "--user" "0:0" "--network" "none" "ghcr.io/rust-lang/crates-build-env/linux@sha256:34b6a614d2c27851fe6cbf88fbd1137609cefab8b10d0615aaeb6fd47975d74e" "/opt/rustwide/cargo-home/bin/cargo" "+1.54.0" "test" "--frozen" "--no-run" "--message-format=json", kill_on_drop: false }`
[INFO] [stdout] 1418806999e4955f885cf75266c5922a75acd0f3ce351b35b60191e33a659169
[INFO] running `Command { std: "docker" "start" "-a" "1418806999e4955f885cf75266c5922a75acd0f3ce351b35b60191e33a659169", kill_on_drop: false }`
[INFO] [stderr]     Blocking waiting for file lock on package cache
[INFO] [stderr]    Compiling rustc-serialize v0.3.24
[INFO] [stderr]    Compiling adler v0.2.3
[INFO] [stderr]    Compiling semver v0.1.20
[INFO] [stderr]    Compiling failure_derive v0.1.8
[INFO] [stderr]    Compiling gimli v0.22.0
[INFO] [stderr]    Compiling rustc-demangle v0.1.16
[INFO] [stderr]    Compiling object v0.20.0
[INFO] [stderr]    Compiling bitflags v1.2.1
[INFO] [stderr]    Compiling cfg-if v0.1.10
[INFO] [stderr]    Compiling rand v0.4.6
[INFO] [stderr]    Compiling num-traits v0.1.43
[INFO] [stderr]    Compiling synstructure v0.12.4
[INFO] [stderr]    Compiling enum_primitive v0.1.1
[INFO] [stderr]    Compiling miniz_oxide v0.4.1
[INFO] [stderr]    Compiling rustc_version v0.1.7
[INFO] [stderr]    Compiling ocl-core v0.11.2
[INFO] [stderr]    Compiling num-bigint v0.1.44
[INFO] [stderr]    Compiling num-complex v0.1.43
[INFO] [stderr]    Compiling addr2line v0.13.0
[INFO] [stderr]    Compiling num-rational v0.1.42
[INFO] [stderr]    Compiling backtrace v0.3.50
[INFO] [stderr]    Compiling num v0.1.42
[INFO] [stderr]    Compiling ocl-core-vector v0.1.0
[INFO] [stderr]    Compiling failure v0.1.8
[INFO] [stderr]    Compiling af-opencl-interop v3.7.1 (/opt/rustwide/workdir)
[INFO] [stdout] warning: unused variable: `devid`
[INFO] [stdout]   --> examples/custom_kernel.rs:25:9
[INFO] [stdout]    |
[INFO] [stdout] 25 |     let devid = unsafe { ocl_core::DeviceId::from_raw(af_did) };
[INFO] [stdout]    |         ^^^^^ help: if this is intentional, prefix it with an underscore: `_devid`
[INFO] [stdout]    |
[INFO] [stdout]    = note: `#[warn(unused_variables)]` on by default
[INFO] [stdout] 
[INFO] [stdout] 
[INFO] [stdout] error: linking with `cc` failed: exit status: 1
[INFO] [stdout]   |
[INFO] [stdout]   = note: "cc" "-m64" "/opt/rustwide/target/debug/deps/af_opencl_interop-8fee6b045410acac.af_opencl_interop.7nwv7t9m-cgu.0.rcgu.o" "/opt/rustwide/target/debug/deps/af_opencl_interop-8fee6b045410acac.af_opencl_interop.7nwv7t9m-cgu.1.rcgu.o" "/opt/rustwide/target/debug/deps/af_opencl_interop-8fee6b045410acac.af_opencl_interop.7nwv7t9m-cgu.2.rcgu.o" "/opt/rustwide/target/debug/deps/af_opencl_interop-8fee6b045410acac.af_opencl_interop.7nwv7t9m-cgu.3.rcgu.o" "/opt/rustwide/target/debug/deps/af_opencl_interop-8fee6b045410acac.af_opencl_interop.7nwv7t9m-cgu.4.rcgu.o" "/opt/rustwide/target/debug/deps/af_opencl_interop-8fee6b045410acac.af_opencl_interop.7nwv7t9m-cgu.5.rcgu.o" "/opt/rustwide/target/debug/deps/af_opencl_interop-8fee6b045410acac.1hm4ilccivqf2c4a.rcgu.o" "-Wl,--as-needed" "-L" "/opt/rustwide/target/debug/deps" "-L" "/opt/arrayfire/lib" "-L" "/opt/arrayfire/lib64" "-L" "/usr/local/lib" "-L" "/usr/lib" "-L" "/opt/rustwide/rustup-home/toolchains/1.54.0-x86_64-unknown-linux-gnu/lib/rustlib/x86_64-unknown-linux-gnu/lib" "-Wl,-Bstatic" "/opt/rustwide/rustup-home/toolchains/1.54.0-x86_64-unknown-linux-gnu/lib/rustlib/x86_64-unknown-linux-gnu/lib/libtest-3599c5491d44663f.rlib" "/opt/rustwide/rustup-home/toolchains/1.54.0-x86_64-unknown-linux-gnu/lib/rustlib/x86_64-unknown-linux-gnu/lib/libterm-1d56ea45a67842c8.rlib" "/opt/rustwide/rustup-home/toolchains/1.54.0-x86_64-unknown-linux-gnu/lib/rustlib/x86_64-unknown-linux-gnu/lib/libgetopts-9749f7c936ebf9a7.rlib" "/opt/rustwide/rustup-home/toolchains/1.54.0-x86_64-unknown-linux-gnu/lib/rustlib/x86_64-unknown-linux-gnu/lib/libunicode_width-627a220173eefff1.rlib" "/opt/rustwide/rustup-home/toolchains/1.54.0-x86_64-unknown-linux-gnu/lib/rustlib/x86_64-unknown-linux-gnu/lib/librustc_std_workspace_std-16ed15e5bfe21b9b.rlib" "/opt/rustwide/target/debug/deps/libcl_sys-9e9dc1af08d4d536.rlib" "/opt/rustwide/target/debug/deps/libarrayfire-52f9de57a7bcfe27.rlib" "/opt/rustwide/target/debug/deps/libhalf-f2094c65313f1dcb.rlib" "/opt/rustwide/target/debug/deps/liblibc-e4461f962dbe23c2.rlib" "/opt/rustwide/target/debug/deps/libnum-0d2cbf3d5eb7bf04.rlib" "/opt/rustwide/target/debug/deps/libnum_rational-5e517308901fa380.rlib" "/opt/rustwide/target/debug/deps/libnum_iter-5a21369b5edb47f5.rlib" "/opt/rustwide/target/debug/deps/libnum_complex-463dcff08d7683a4.rlib" "/opt/rustwide/target/debug/deps/libnum_bigint-c780e62b38706cbc.rlib" "/opt/rustwide/target/debug/deps/libnum_integer-dc7961f51b011382.rlib" "/opt/rustwide/target/debug/deps/libnum_traits-ae5ffc8ff8101071.rlib" "/opt/rustwide/target/debug/deps/liblazy_static-5c53d641eb010a81.rlib" "-Wl,--start-group" "/opt/rustwide/rustup-home/toolchains/1.54.0-x86_64-unknown-linux-gnu/lib/rustlib/x86_64-unknown-linux-gnu/lib/libstd-2420485b9e5ef5e1.rlib" "/opt/rustwide/rustup-home/toolchains/1.54.0-x86_64-unknown-linux-gnu/lib/rustlib/x86_64-unknown-linux-gnu/lib/libpanic_unwind-785e3cb61c4b1960.rlib" "/opt/rustwide/rustup-home/toolchains/1.54.0-x86_64-unknown-linux-gnu/lib/rustlib/x86_64-unknown-linux-gnu/lib/libminiz_oxide-087191a88bdaa22d.rlib" "/opt/rustwide/rustup-home/toolchains/1.54.0-x86_64-unknown-linux-gnu/lib/rustlib/x86_64-unknown-linux-gnu/lib/libadler-9981842c02975178.rlib" "/opt/rustwide/rustup-home/toolchains/1.54.0-x86_64-unknown-linux-gnu/lib/rustlib/x86_64-unknown-linux-gnu/lib/libobject-6fb405869b015fde.rlib" "/opt/rustwide/rustup-home/toolchains/1.54.0-x86_64-unknown-linux-gnu/lib/rustlib/x86_64-unknown-linux-gnu/lib/libaddr2line-d05c5c3c56004b7b.rlib" "/opt/rustwide/rustup-home/toolchains/1.54.0-x86_64-unknown-linux-gnu/lib/rustlib/x86_64-unknown-linux-gnu/lib/libgimli-42d74d2097528b38.rlib" "/opt/rustwide/rustup-home/toolchains/1.54.0-x86_64-unknown-linux-gnu/lib/rustlib/x86_64-unknown-linux-gnu/lib/libstd_detect-fb36534c113d2209.rlib" "/opt/rustwide/rustup-home/toolchains/1.54.0-x86_64-unknown-linux-gnu/lib/rustlib/x86_64-unknown-linux-gnu/lib/librustc_demangle-b56b9042c12b6535.rlib" "/opt/rustwide/rustup-home/toolchains/1.54.0-x86_64-unknown-linux-gnu/lib/rustlib/x86_64-unknown-linux-gnu/lib/libhashbrown-491902d6cb3e76df.rlib" "/opt/rustwide/rustup-home/toolchains/1.54.0-x86_64-unknown-linux-gnu/lib/rustlib/x86_64-unknown-linux-gnu/lib/librustc_std_workspace_alloc-61834e0981b8c367.rlib" "/opt/rustwide/rustup-home/toolchains/1.54.0-x86_64-unknown-linux-gnu/lib/rustlib/x86_64-unknown-linux-gnu/lib/libunwind-f78aa99d613a55bc.rlib" "/opt/rustwide/rustup-home/toolchains/1.54.0-x86_64-unknown-linux-gnu/lib/rustlib/x86_64-unknown-linux-gnu/lib/libcfg_if-53ee54cd7fed2c57.rlib" "/opt/rustwide/rustup-home/toolchains/1.54.0-x86_64-unknown-linux-gnu/lib/rustlib/x86_64-unknown-linux-gnu/lib/liblibc-544ecdbd6cda3c58.rlib" "/opt/rustwide/rustup-home/toolchains/1.54.0-x86_64-unknown-linux-gnu/lib/rustlib/x86_64-unknown-linux-gnu/lib/liballoc-379cc252b6943a79.rlib" "/opt/rustwide/rustup-home/toolchains/1.54.0-x86_64-unknown-linux-gnu/lib/rustlib/x86_64-unknown-linux-gnu/lib/librustc_std_workspace_core-8063eea38dcc5e62.rlib" "/opt/rustwide/rustup-home/toolchains/1.54.0-x86_64-unknown-linux-gnu/lib/rustlib/x86_64-unknown-linux-gnu/lib/libcore-5b228734afae15ee.rlib" "-Wl,--end-group" "/opt/rustwide/rustup-home/toolchains/1.54.0-x86_64-unknown-linux-gnu/lib/rustlib/x86_64-unknown-linux-gnu/lib/libcompiler_builtins-d6c7a399d95d173f.rlib" "-Wl,-Bdynamic" "-lOpenCL" "-lutil" "-ldl" "-lutil" "-lgcc_s" "-lutil" "-lrt" "-lpthread" "-lm" "-ldl" "-lc" "-Wl,--eh-frame-hdr" "-Wl,-znoexecstack" "-L" "/opt/rustwide/rustup-home/toolchains/1.54.0-x86_64-unknown-linux-gnu/lib/rustlib/x86_64-unknown-linux-gnu/lib" "-o" "/opt/rustwide/target/debug/deps/af_opencl_interop-8fee6b045410acac" "-Wl,--gc-sections" "-pie" "-Wl,-zrelro" "-Wl,-znow" "-nodefaultlibs"
[INFO] [stdout]   = note: /usr/bin/ld: cannot find -lOpenCL
[INFO] [stdout]           collect2: error: ld returned 1 exit status
[INFO] [stdout]           
[INFO] [stdout] 
[INFO] [stdout] 
[INFO] [stdout] error: aborting due to previous error
[INFO] [stdout] 
[INFO] [stdout] 
[INFO] [stderr] error: could not compile `af-opencl-interop`
[INFO] [stderr] 
[INFO] [stderr] To learn more, run the command again with --verbose.
[INFO] [stderr] warning: build failed, waiting for other jobs to finish...
[INFO] [stdout] error: linking with `cc` failed: exit status: 1
[INFO] [stdout]   |
[INFO] [stdout]   = note: "cc" "-m64" "/opt/rustwide/target/debug/examples/ocl_af_app-0738603a29a69ea7.ocl_af_app.6povxnsc-cgu.0.rcgu.o" "/opt/rustwide/target/debug/examples/ocl_af_app-0738603a29a69ea7.ocl_af_app.6povxnsc-cgu.1.rcgu.o" "/opt/rustwide/target/debug/examples/ocl_af_app-0738603a29a69ea7.ocl_af_app.6povxnsc-cgu.10.rcgu.o" "/opt/rustwide/target/debug/examples/ocl_af_app-0738603a29a69ea7.ocl_af_app.6povxnsc-cgu.11.rcgu.o" "/opt/rustwide/target/debug/examples/ocl_af_app-0738603a29a69ea7.ocl_af_app.6povxnsc-cgu.12.rcgu.o" "/opt/rustwide/target/debug/examples/ocl_af_app-0738603a29a69ea7.ocl_af_app.6povxnsc-cgu.13.rcgu.o" "/opt/rustwide/target/debug/examples/ocl_af_app-0738603a29a69ea7.ocl_af_app.6povxnsc-cgu.14.rcgu.o" "/opt/rustwide/target/debug/examples/ocl_af_app-0738603a29a69ea7.ocl_af_app.6povxnsc-cgu.15.rcgu.o" "/opt/rustwide/target/debug/examples/ocl_af_app-0738603a29a69ea7.ocl_af_app.6povxnsc-cgu.2.rcgu.o" "/opt/rustwide/target/debug/examples/ocl_af_app-0738603a29a69ea7.ocl_af_app.6povxnsc-cgu.3.rcgu.o" "/opt/rustwide/target/debug/examples/ocl_af_app-0738603a29a69ea7.ocl_af_app.6povxnsc-cgu.4.rcgu.o" "/opt/rustwide/target/debug/examples/ocl_af_app-0738603a29a69ea7.ocl_af_app.6povxnsc-cgu.5.rcgu.o" "/opt/rustwide/target/debug/examples/ocl_af_app-0738603a29a69ea7.ocl_af_app.6povxnsc-cgu.6.rcgu.o" "/opt/rustwide/target/debug/examples/ocl_af_app-0738603a29a69ea7.ocl_af_app.6povxnsc-cgu.7.rcgu.o" "/opt/rustwide/target/debug/examples/ocl_af_app-0738603a29a69ea7.ocl_af_app.6povxnsc-cgu.8.rcgu.o" "/opt/rustwide/target/debug/examples/ocl_af_app-0738603a29a69ea7.ocl_af_app.6povxnsc-cgu.9.rcgu.o" "/opt/rustwide/target/debug/examples/ocl_af_app-0738603a29a69ea7.102ytwkvddppanwm.rcgu.o" "-Wl,--as-needed" "-L" "/opt/rustwide/target/debug/deps" "-L" "/opt/arrayfire/lib" "-L" "/opt/arrayfire/lib64" "-L" "/usr/local/lib" "-L" "/usr/lib" "-L" "/opt/rustwide/rustup-home/toolchains/1.54.0-x86_64-unknown-linux-gnu/lib/rustlib/x86_64-unknown-linux-gnu/lib" "-Wl,-Bstatic" "/opt/rustwide/target/debug/deps/libocl_core-288f2e4ecfc258e9.rlib" "/opt/rustwide/target/debug/deps/libfailure-9bfdffbc96f162e7.rlib" "/opt/rustwide/target/debug/deps/libbacktrace-dce0cb8ac43c4820.rlib" "/opt/rustwide/target/debug/deps/libminiz_oxide-aa57181f2ac4a709.rlib" "/opt/rustwide/target/debug/deps/libadler-bd67535c449a3717.rlib" "/opt/rustwide/target/debug/deps/libobject-a3ed55bacdebc95c.rlib" "/opt/rustwide/target/debug/deps/libaddr2line-8988b48ccfdceb2a.rlib" "/opt/rustwide/target/debug/deps/libgimli-fd00db9ebee5a702.rlib" "/opt/rustwide/target/debug/deps/libcfg_if-e7a28af79b261e75.rlib" "/opt/rustwide/target/debug/deps/librustc_demangle-42fe64f6e8239dbf.rlib" "/opt/rustwide/target/debug/deps/libocl_core_vector-e94adce74ad95c42.rlib" "/opt/rustwide/target/debug/deps/libnum-a30957b13c7a6eef.rlib" "/opt/rustwide/target/debug/deps/libnum_rational-2ee53ddfc363278d.rlib" "/opt/rustwide/target/debug/deps/libnum_bigint-69ea46d9fec5f447.rlib" "/opt/rustwide/target/debug/deps/librand-06b6af1fa75d448a.rlib" "/opt/rustwide/target/debug/deps/libnum_complex-133aa52b36bc6969.rlib" "/opt/rustwide/target/debug/deps/librustc_serialize-1348073dc5ce83ba.rlib" "/opt/rustwide/target/debug/deps/libenum_primitive-3263cc4a7d5fde40.rlib" "/opt/rustwide/target/debug/deps/libnum_traits-2f0ef9f47d11e175.rlib" "/opt/rustwide/target/debug/deps/libbitflags-f89ae4b715176e2d.rlib" "/opt/rustwide/target/debug/deps/libaf_opencl_interop-40be28842791bda7.rlib" "/opt/rustwide/target/debug/deps/libcl_sys-9e9dc1af08d4d536.rlib" "/opt/rustwide/target/debug/deps/libarrayfire-52f9de57a7bcfe27.rlib" "/opt/rustwide/target/debug/deps/libhalf-f2094c65313f1dcb.rlib" "/opt/rustwide/target/debug/deps/liblibc-e4461f962dbe23c2.rlib" "/opt/rustwide/target/debug/deps/libnum-0d2cbf3d5eb7bf04.rlib" "/opt/rustwide/target/debug/deps/libnum_rational-5e517308901fa380.rlib" "/opt/rustwide/target/debug/deps/libnum_iter-5a21369b5edb47f5.rlib" "/opt/rustwide/target/debug/deps/libnum_complex-463dcff08d7683a4.rlib" "/opt/rustwide/target/debug/deps/libnum_bigint-c780e62b38706cbc.rlib" "/opt/rustwide/target/debug/deps/libnum_integer-dc7961f51b011382.rlib" "/opt/rustwide/target/debug/deps/libnum_traits-ae5ffc8ff8101071.rlib" "/opt/rustwide/target/debug/deps/liblazy_static-5c53d641eb010a81.rlib" "-Wl,--start-group" "/opt/rustwide/rustup-home/toolchains/1.54.0-x86_64-unknown-linux-gnu/lib/rustlib/x86_64-unknown-linux-gnu/lib/libstd-2420485b9e5ef5e1.rlib" "/opt/rustwide/rustup-home/toolchains/1.54.0-x86_64-unknown-linux-gnu/lib/rustlib/x86_64-unknown-linux-gnu/lib/libpanic_unwind-785e3cb61c4b1960.rlib" "/opt/rustwide/rustup-home/toolchains/1.54.0-x86_64-unknown-linux-gnu/lib/rustlib/x86_64-unknown-linux-gnu/lib/libminiz_oxide-087191a88bdaa22d.rlib" "/opt/rustwide/rustup-home/toolchains/1.54.0-x86_64-unknown-linux-gnu/lib/rustlib/x86_64-unknown-linux-gnu/lib/libadler-9981842c02975178.rlib" "/opt/rustwide/rustup-home/toolchains/1.54.0-x86_64-unknown-linux-gnu/lib/rustlib/x86_64-unknown-linux-gnu/lib/libobject-6fb405869b015fde.rlib" "/opt/rustwide/rustup-home/toolchains/1.54.0-x86_64-unknown-linux-gnu/lib/rustlib/x86_64-unknown-linux-gnu/lib/libaddr2line-d05c5c3c56004b7b.rlib" "/opt/rustwide/rustup-home/toolchains/1.54.0-x86_64-unknown-linux-gnu/lib/rustlib/x86_64-unknown-linux-gnu/lib/libgimli-42d74d2097528b38.rlib" "/opt/rustwide/rustup-home/toolchains/1.54.0-x86_64-unknown-linux-gnu/lib/rustlib/x86_64-unknown-linux-gnu/lib/libstd_detect-fb36534c113d2209.rlib" "/opt/rustwide/rustup-home/toolchains/1.54.0-x86_64-unknown-linux-gnu/lib/rustlib/x86_64-unknown-linux-gnu/lib/librustc_demangle-b56b9042c12b6535.rlib" "/opt/rustwide/rustup-home/toolchains/1.54.0-x86_64-unknown-linux-gnu/lib/rustlib/x86_64-unknown-linux-gnu/lib/libhashbrown-491902d6cb3e76df.rlib" "/opt/rustwide/rustup-home/toolchains/1.54.0-x86_64-unknown-linux-gnu/lib/rustlib/x86_64-unknown-linux-gnu/lib/librustc_std_workspace_alloc-61834e0981b8c367.rlib" "/opt/rustwide/rustup-home/toolchains/1.54.0-x86_64-unknown-linux-gnu/lib/rustlib/x86_64-unknown-linux-gnu/lib/libunwind-f78aa99d613a55bc.rlib" "/opt/rustwide/rustup-home/toolchains/1.54.0-x86_64-unknown-linux-gnu/lib/rustlib/x86_64-unknown-linux-gnu/lib/libcfg_if-53ee54cd7fed2c57.rlib" "/opt/rustwide/rustup-home/toolchains/1.54.0-x86_64-unknown-linux-gnu/lib/rustlib/x86_64-unknown-linux-gnu/lib/liblibc-544ecdbd6cda3c58.rlib" "/opt/rustwide/rustup-home/toolchains/1.54.0-x86_64-unknown-linux-gnu/lib/rustlib/x86_64-unknown-linux-gnu/lib/liballoc-379cc252b6943a79.rlib" "/opt/rustwide/rustup-home/toolchains/1.54.0-x86_64-unknown-linux-gnu/lib/rustlib/x86_64-unknown-linux-gnu/lib/librustc_std_workspace_core-8063eea38dcc5e62.rlib" "/opt/rustwide/rustup-home/toolchains/1.54.0-x86_64-unknown-linux-gnu/lib/rustlib/x86_64-unknown-linux-gnu/lib/libcore-5b228734afae15ee.rlib" "-Wl,--end-group" "/opt/rustwide/rustup-home/toolchains/1.54.0-x86_64-unknown-linux-gnu/lib/rustlib/x86_64-unknown-linux-gnu/lib/libcompiler_builtins-d6c7a399d95d173f.rlib" "-Wl,-Bdynamic" "-lOpenCL" "-lutil" "-ldl" "-lutil" "-lgcc_s" "-lutil" "-lrt" "-lpthread" "-lm" "-ldl" "-lc" "-Wl,--eh-frame-hdr" "-Wl,-znoexecstack" "-L" "/opt/rustwide/rustup-home/toolchains/1.54.0-x86_64-unknown-linux-gnu/lib/rustlib/x86_64-unknown-linux-gnu/lib" "-o" "/opt/rustwide/target/debug/examples/ocl_af_app-0738603a29a69ea7" "-Wl,--gc-sections" "-pie" "-Wl,-zrelro" "-Wl,-znow" "-nodefaultlibs"
[INFO] [stdout]   = note: /usr/bin/ld: cannot find -lOpenCL
[INFO] [stdout]           collect2: error: ld returned 1 exit status
[INFO] [stdout]           
[INFO] [stdout] 
[INFO] [stdout] 
[INFO] [stdout] error: aborting due to previous error
[INFO] [stdout] 
[INFO] [stdout] 
[INFO] [stdout] error: linking with `cc` failed: exit status: 1
[INFO] [stdout]   |
[INFO] [stdout]   = note: "cc" "-m64" "/opt/rustwide/target/debug/examples/custom_kernel-62ff306ebbaa31c7.custom_kernel.eatgei6n-cgu.0.rcgu.o" "/opt/rustwide/target/debug/examples/custom_kernel-62ff306ebbaa31c7.custom_kernel.eatgei6n-cgu.1.rcgu.o" "/opt/rustwide/target/debug/examples/custom_kernel-62ff306ebbaa31c7.custom_kernel.eatgei6n-cgu.10.rcgu.o" "/opt/rustwide/target/debug/examples/custom_kernel-62ff306ebbaa31c7.custom_kernel.eatgei6n-cgu.11.rcgu.o" "/opt/rustwide/target/debug/examples/custom_kernel-62ff306ebbaa31c7.custom_kernel.eatgei6n-cgu.12.rcgu.o" "/opt/rustwide/target/debug/examples/custom_kernel-62ff306ebbaa31c7.custom_kernel.eatgei6n-cgu.13.rcgu.o" "/opt/rustwide/target/debug/examples/custom_kernel-62ff306ebbaa31c7.custom_kernel.eatgei6n-cgu.14.rcgu.o" "/opt/rustwide/target/debug/examples/custom_kernel-62ff306ebbaa31c7.custom_kernel.eatgei6n-cgu.15.rcgu.o" "/opt/rustwide/target/debug/examples/custom_kernel-62ff306ebbaa31c7.custom_kernel.eatgei6n-cgu.2.rcgu.o" "/opt/rustwide/target/debug/examples/custom_kernel-62ff306ebbaa31c7.custom_kernel.eatgei6n-cgu.3.rcgu.o" "/opt/rustwide/target/debug/examples/custom_kernel-62ff306ebbaa31c7.custom_kernel.eatgei6n-cgu.4.rcgu.o" "/opt/rustwide/target/debug/examples/custom_kernel-62ff306ebbaa31c7.custom_kernel.eatgei6n-cgu.5.rcgu.o" "/opt/rustwide/target/debug/examples/custom_kernel-62ff306ebbaa31c7.custom_kernel.eatgei6n-cgu.6.rcgu.o" "/opt/rustwide/target/debug/examples/custom_kernel-62ff306ebbaa31c7.custom_kernel.eatgei6n-cgu.7.rcgu.o" "/opt/rustwide/target/debug/examples/custom_kernel-62ff306ebbaa31c7.custom_kernel.eatgei6n-cgu.8.rcgu.o" "/opt/rustwide/target/debug/examples/custom_kernel-62ff306ebbaa31c7.custom_kernel.eatgei6n-cgu.9.rcgu.o" "/opt/rustwide/target/debug/examples/custom_kernel-62ff306ebbaa31c7.3fhh75j3vi9c1o51.rcgu.o" "-Wl,--as-needed" "-L" "/opt/rustwide/target/debug/deps" "-L" "/opt/arrayfire/lib" "-L" "/opt/arrayfire/lib64" "-L" "/usr/local/lib" "-L" "/usr/lib" "-L" "/opt/rustwide/rustup-home/toolchains/1.54.0-x86_64-unknown-linux-gnu/lib/rustlib/x86_64-unknown-linux-gnu/lib" "-Wl,-Bstatic" "/opt/rustwide/target/debug/deps/libocl_core-288f2e4ecfc258e9.rlib" "/opt/rustwide/target/debug/deps/libfailure-9bfdffbc96f162e7.rlib" "/opt/rustwide/target/debug/deps/libbacktrace-dce0cb8ac43c4820.rlib" "/opt/rustwide/target/debug/deps/libminiz_oxide-aa57181f2ac4a709.rlib" "/opt/rustwide/target/debug/deps/libadler-bd67535c449a3717.rlib" "/opt/rustwide/target/debug/deps/libobject-a3ed55bacdebc95c.rlib" "/opt/rustwide/target/debug/deps/libaddr2line-8988b48ccfdceb2a.rlib" "/opt/rustwide/target/debug/deps/libgimli-fd00db9ebee5a702.rlib" "/opt/rustwide/target/debug/deps/libcfg_if-e7a28af79b261e75.rlib" "/opt/rustwide/target/debug/deps/librustc_demangle-42fe64f6e8239dbf.rlib" "/opt/rustwide/target/debug/deps/libocl_core_vector-e94adce74ad95c42.rlib" "/opt/rustwide/target/debug/deps/libnum-a30957b13c7a6eef.rlib" "/opt/rustwide/target/debug/deps/libnum_rational-2ee53ddfc363278d.rlib" "/opt/rustwide/target/debug/deps/libnum_bigint-69ea46d9fec5f447.rlib" "/opt/rustwide/target/debug/deps/librand-06b6af1fa75d448a.rlib" "/opt/rustwide/target/debug/deps/libnum_complex-133aa52b36bc6969.rlib" "/opt/rustwide/target/debug/deps/librustc_serialize-1348073dc5ce83ba.rlib" "/opt/rustwide/target/debug/deps/libenum_primitive-3263cc4a7d5fde40.rlib" "/opt/rustwide/target/debug/deps/libnum_traits-2f0ef9f47d11e175.rlib" "/opt/rustwide/target/debug/deps/libbitflags-f89ae4b715176e2d.rlib" "/opt/rustwide/target/debug/deps/libaf_opencl_interop-40be28842791bda7.rlib" "/opt/rustwide/target/debug/deps/libcl_sys-9e9dc1af08d4d536.rlib" "/opt/rustwide/target/debug/deps/libarrayfire-52f9de57a7bcfe27.rlib" "/opt/rustwide/target/debug/deps/libhalf-f2094c65313f1dcb.rlib" "/opt/rustwide/target/debug/deps/liblibc-e4461f962dbe23c2.rlib" "/opt/rustwide/target/debug/deps/libnum-0d2cbf3d5eb7bf04.rlib" "/opt/rustwide/target/debug/deps/libnum_rational-5e517308901fa380.rlib" "/opt/rustwide/target/debug/deps/libnum_iter-5a21369b5edb47f5.rlib" "/opt/rustwide/target/debug/deps/libnum_complex-463dcff08d7683a4.rlib" "/opt/rustwide/target/debug/deps/libnum_bigint-c780e62b38706cbc.rlib" "/opt/rustwide/target/debug/deps/libnum_integer-dc7961f51b011382.rlib" "/opt/rustwide/target/debug/deps/libnum_traits-ae5ffc8ff8101071.rlib" "/opt/rustwide/target/debug/deps/liblazy_static-5c53d641eb010a81.rlib" "-Wl,--start-group" "/opt/rustwide/rustup-home/toolchains/1.54.0-x86_64-unknown-linux-gnu/lib/rustlib/x86_64-unknown-linux-gnu/lib/libstd-2420485b9e5ef5e1.rlib" "/opt/rustwide/rustup-home/toolchains/1.54.0-x86_64-unknown-linux-gnu/lib/rustlib/x86_64-unknown-linux-gnu/lib/libpanic_unwind-785e3cb61c4b1960.rlib" "/opt/rustwide/rustup-home/toolchains/1.54.0-x86_64-unknown-linux-gnu/lib/rustlib/x86_64-unknown-linux-gnu/lib/libminiz_oxide-087191a88bdaa22d.rlib" "/opt/rustwide/rustup-home/toolchains/1.54.0-x86_64-unknown-linux-gnu/lib/rustlib/x86_64-unknown-linux-gnu/lib/libadler-9981842c02975178.rlib" "/opt/rustwide/rustup-home/toolchains/1.54.0-x86_64-unknown-linux-gnu/lib/rustlib/x86_64-unknown-linux-gnu/lib/libobject-6fb405869b015fde.rlib" "/opt/rustwide/rustup-home/toolchains/1.54.0-x86_64-unknown-linux-gnu/lib/rustlib/x86_64-unknown-linux-gnu/lib/libaddr2line-d05c5c3c56004b7b.rlib" "/opt/rustwide/rustup-home/toolchains/1.54.0-x86_64-unknown-linux-gnu/lib/rustlib/x86_64-unknown-linux-gnu/lib/libgimli-42d74d2097528b38.rlib" "/opt/rustwide/rustup-home/toolchains/1.54.0-x86_64-unknown-linux-gnu/lib/rustlib/x86_64-unknown-linux-gnu/lib/libstd_detect-fb36534c113d2209.rlib" "/opt/rustwide/rustup-home/toolchains/1.54.0-x86_64-unknown-linux-gnu/lib/rustlib/x86_64-unknown-linux-gnu/lib/librustc_demangle-b56b9042c12b6535.rlib" "/opt/rustwide/rustup-home/toolchains/1.54.0-x86_64-unknown-linux-gnu/lib/rustlib/x86_64-unknown-linux-gnu/lib/libhashbrown-491902d6cb3e76df.rlib" "/opt/rustwide/rustup-home/toolchains/1.54.0-x86_64-unknown-linux-gnu/lib/rustlib/x86_64-unknown-linux-gnu/lib/librustc_std_workspace_alloc-61834e0981b8c367.rlib" "/opt/rustwide/rustup-home/toolchains/1.54.0-x86_64-unknown-linux-gnu/lib/rustlib/x86_64-unknown-linux-gnu/lib/libunwind-f78aa99d613a55bc.rlib" "/opt/rustwide/rustup-home/toolchains/1.54.0-x86_64-unknown-linux-gnu/lib/rustlib/x86_64-unknown-linux-gnu/lib/libcfg_if-53ee54cd7fed2c57.rlib" "/opt/rustwide/rustup-home/toolchains/1.54.0-x86_64-unknown-linux-gnu/lib/rustlib/x86_64-unknown-linux-gnu/lib/liblibc-544ecdbd6cda3c58.rlib" "/opt/rustwide/rustup-home/toolchains/1.54.0-x86_64-unknown-linux-gnu/lib/rustlib/x86_64-unknown-linux-gnu/lib/liballoc-379cc252b6943a79.rlib" "/opt/rustwide/rustup-home/toolchains/1.54.0-x86_64-unknown-linux-gnu/lib/rustlib/x86_64-unknown-linux-gnu/lib/librustc_std_workspace_core-8063eea38dcc5e62.rlib" "/opt/rustwide/rustup-home/toolchains/1.54.0-x86_64-unknown-linux-gnu/lib/rustlib/x86_64-unknown-linux-gnu/lib/libcore-5b228734afae15ee.rlib" "-Wl,--end-group" "/opt/rustwide/rustup-home/toolchains/1.54.0-x86_64-unknown-linux-gnu/lib/rustlib/x86_64-unknown-linux-gnu/lib/libcompiler_builtins-d6c7a399d95d173f.rlib" "-Wl,-Bdynamic" "-lOpenCL" "-lutil" "-ldl" "-lutil" "-lgcc_s" "-lutil" "-lrt" "-lpthread" "-lm" "-ldl" "-lc" "-Wl,--eh-frame-hdr" "-Wl,-znoexecstack" "-L" "/opt/rustwide/rustup-home/toolchains/1.54.0-x86_64-unknown-linux-gnu/lib/rustlib/x86_64-unknown-linux-gnu/lib" "-o" "/opt/rustwide/target/debug/examples/custom_kernel-62ff306ebbaa31c7" "-Wl,--gc-sections" "-pie" "-Wl,-zrelro" "-Wl,-znow" "-nodefaultlibs"
[INFO] [stdout]   = note: /usr/bin/ld: cannot find -lOpenCL
[INFO] [stdout]           collect2: error: ld returned 1 exit status
[INFO] [stdout]           
[INFO] [stdout] 
[INFO] [stdout] 
[INFO] [stdout] error: aborting due to previous error; 1 warning emitted
[INFO] [stdout] 
[INFO] [stdout] 
[INFO] [stdout] error: linking with `cc` failed: exit status: 1
[INFO] [stdout]   |
[INFO] [stdout]   = note: "cc" "-m64" "/opt/rustwide/target/debug/examples/trivial-048ea964a7b1087b.trivial.e2lr6o7p-cgu.0.rcgu.o" "/opt/rustwide/target/debug/examples/trivial-048ea964a7b1087b.trivial.e2lr6o7p-cgu.1.rcgu.o" "/opt/rustwide/target/debug/examples/trivial-048ea964a7b1087b.trivial.e2lr6o7p-cgu.10.rcgu.o" "/opt/rustwide/target/debug/examples/trivial-048ea964a7b1087b.trivial.e2lr6o7p-cgu.11.rcgu.o" "/opt/rustwide/target/debug/examples/trivial-048ea964a7b1087b.trivial.e2lr6o7p-cgu.12.rcgu.o" "/opt/rustwide/target/debug/examples/trivial-048ea964a7b1087b.trivial.e2lr6o7p-cgu.13.rcgu.o" "/opt/rustwide/target/debug/examples/trivial-048ea964a7b1087b.trivial.e2lr6o7p-cgu.14.rcgu.o" "/opt/rustwide/target/debug/examples/trivial-048ea964a7b1087b.trivial.e2lr6o7p-cgu.15.rcgu.o" "/opt/rustwide/target/debug/examples/trivial-048ea964a7b1087b.trivial.e2lr6o7p-cgu.2.rcgu.o" "/opt/rustwide/target/debug/examples/trivial-048ea964a7b1087b.trivial.e2lr6o7p-cgu.3.rcgu.o" "/opt/rustwide/target/debug/examples/trivial-048ea964a7b1087b.trivial.e2lr6o7p-cgu.4.rcgu.o" "/opt/rustwide/target/debug/examples/trivial-048ea964a7b1087b.trivial.e2lr6o7p-cgu.5.rcgu.o" "/opt/rustwide/target/debug/examples/trivial-048ea964a7b1087b.trivial.e2lr6o7p-cgu.6.rcgu.o" "/opt/rustwide/target/debug/examples/trivial-048ea964a7b1087b.trivial.e2lr6o7p-cgu.7.rcgu.o" "/opt/rustwide/target/debug/examples/trivial-048ea964a7b1087b.trivial.e2lr6o7p-cgu.8.rcgu.o" "/opt/rustwide/target/debug/examples/trivial-048ea964a7b1087b.trivial.e2lr6o7p-cgu.9.rcgu.o" "/opt/rustwide/target/debug/examples/trivial-048ea964a7b1087b.3unqtk4nva9z8xfo.rcgu.o" "-Wl,--as-needed" "-L" "/opt/rustwide/target/debug/deps" "-L" "/opt/arrayfire/lib" "-L" "/opt/arrayfire/lib64" "-L" "/usr/local/lib" "-L" "/usr/lib" "-L" "/opt/rustwide/rustup-home/toolchains/1.54.0-x86_64-unknown-linux-gnu/lib/rustlib/x86_64-unknown-linux-gnu/lib" "-Wl,-Bstatic" "/opt/rustwide/target/debug/deps/libocl_core-288f2e4ecfc258e9.rlib" "/opt/rustwide/target/debug/deps/libcl_sys-9e9dc1af08d4d536.rlib" "/opt/rustwide/target/debug/deps/libfailure-9bfdffbc96f162e7.rlib" "/opt/rustwide/target/debug/deps/libbacktrace-dce0cb8ac43c4820.rlib" "/opt/rustwide/target/debug/deps/libminiz_oxide-aa57181f2ac4a709.rlib" "/opt/rustwide/target/debug/deps/libadler-bd67535c449a3717.rlib" "/opt/rustwide/target/debug/deps/libobject-a3ed55bacdebc95c.rlib" "/opt/rustwide/target/debug/deps/libaddr2line-8988b48ccfdceb2a.rlib" "/opt/rustwide/target/debug/deps/libgimli-fd00db9ebee5a702.rlib" "/opt/rustwide/target/debug/deps/libcfg_if-e7a28af79b261e75.rlib" "/opt/rustwide/target/debug/deps/librustc_demangle-42fe64f6e8239dbf.rlib" "/opt/rustwide/target/debug/deps/libocl_core_vector-e94adce74ad95c42.rlib" "/opt/rustwide/target/debug/deps/libnum-a30957b13c7a6eef.rlib" "/opt/rustwide/target/debug/deps/libnum_rational-2ee53ddfc363278d.rlib" "/opt/rustwide/target/debug/deps/libnum_bigint-69ea46d9fec5f447.rlib" "/opt/rustwide/target/debug/deps/librand-06b6af1fa75d448a.rlib" "/opt/rustwide/target/debug/deps/liblibc-e4461f962dbe23c2.rlib" "/opt/rustwide/target/debug/deps/libnum_iter-5a21369b5edb47f5.rlib" "/opt/rustwide/target/debug/deps/libnum_integer-dc7961f51b011382.rlib" "/opt/rustwide/target/debug/deps/libnum_complex-133aa52b36bc6969.rlib" "/opt/rustwide/target/debug/deps/librustc_serialize-1348073dc5ce83ba.rlib" "/opt/rustwide/target/debug/deps/libenum_primitive-3263cc4a7d5fde40.rlib" "/opt/rustwide/target/debug/deps/libnum_traits-2f0ef9f47d11e175.rlib" "/opt/rustwide/target/debug/deps/libnum_traits-ae5ffc8ff8101071.rlib" "/opt/rustwide/target/debug/deps/libbitflags-f89ae4b715176e2d.rlib" "-Wl,--start-group" "/opt/rustwide/rustup-home/toolchains/1.54.0-x86_64-unknown-linux-gnu/lib/rustlib/x86_64-unknown-linux-gnu/lib/libstd-2420485b9e5ef5e1.rlib" "/opt/rustwide/rustup-home/toolchains/1.54.0-x86_64-unknown-linux-gnu/lib/rustlib/x86_64-unknown-linux-gnu/lib/libpanic_unwind-785e3cb61c4b1960.rlib" "/opt/rustwide/rustup-home/toolchains/1.54.0-x86_64-unknown-linux-gnu/lib/rustlib/x86_64-unknown-linux-gnu/lib/libminiz_oxide-087191a88bdaa22d.rlib" "/opt/rustwide/rustup-home/toolchains/1.54.0-x86_64-unknown-linux-gnu/lib/rustlib/x86_64-unknown-linux-gnu/lib/libadler-9981842c02975178.rlib" "/opt/rustwide/rustup-home/toolchains/1.54.0-x86_64-unknown-linux-gnu/lib/rustlib/x86_64-unknown-linux-gnu/lib/libobject-6fb405869b015fde.rlib" "/opt/rustwide/rustup-home/toolchains/1.54.0-x86_64-unknown-linux-gnu/lib/rustlib/x86_64-unknown-linux-gnu/lib/libaddr2line-d05c5c3c56004b7b.rlib" "/opt/rustwide/rustup-home/toolchains/1.54.0-x86_64-unknown-linux-gnu/lib/rustlib/x86_64-unknown-linux-gnu/lib/libgimli-42d74d2097528b38.rlib" "/opt/rustwide/rustup-home/toolchains/1.54.0-x86_64-unknown-linux-gnu/lib/rustlib/x86_64-unknown-linux-gnu/lib/libstd_detect-fb36534c113d2209.rlib" "/opt/rustwide/rustup-home/toolchains/1.54.0-x86_64-unknown-linux-gnu/lib/rustlib/x86_64-unknown-linux-gnu/lib/librustc_demangle-b56b9042c12b6535.rlib" "/opt/rustwide/rustup-home/toolchains/1.54.0-x86_64-unknown-linux-gnu/lib/rustlib/x86_64-unknown-linux-gnu/lib/libhashbrown-491902d6cb3e76df.rlib" "/opt/rustwide/rustup-home/toolchains/1.54.0-x86_64-unknown-linux-gnu/lib/rustlib/x86_64-unknown-linux-gnu/lib/librustc_std_workspace_alloc-61834e0981b8c367.rlib" "/opt/rustwide/rustup-home/toolchains/1.54.0-x86_64-unknown-linux-gnu/lib/rustlib/x86_64-unknown-linux-gnu/lib/libunwind-f78aa99d613a55bc.rlib" "/opt/rustwide/rustup-home/toolchains/1.54.0-x86_64-unknown-linux-gnu/lib/rustlib/x86_64-unknown-linux-gnu/lib/libcfg_if-53ee54cd7fed2c57.rlib" "/opt/rustwide/rustup-home/toolchains/1.54.0-x86_64-unknown-linux-gnu/lib/rustlib/x86_64-unknown-linux-gnu/lib/liblibc-544ecdbd6cda3c58.rlib" "/opt/rustwide/rustup-home/toolchains/1.54.0-x86_64-unknown-linux-gnu/lib/rustlib/x86_64-unknown-linux-gnu/lib/liballoc-379cc252b6943a79.rlib" "/opt/rustwide/rustup-home/toolchains/1.54.0-x86_64-unknown-linux-gnu/lib/rustlib/x86_64-unknown-linux-gnu/lib/librustc_std_workspace_core-8063eea38dcc5e62.rlib" "/opt/rustwide/rustup-home/toolchains/1.54.0-x86_64-unknown-linux-gnu/lib/rustlib/x86_64-unknown-linux-gnu/lib/libcore-5b228734afae15ee.rlib" "-Wl,--end-group" "/opt/rustwide/rustup-home/toolchains/1.54.0-x86_64-unknown-linux-gnu/lib/rustlib/x86_64-unknown-linux-gnu/lib/libcompiler_builtins-d6c7a399d95d173f.rlib" "-Wl,-Bdynamic" "-lOpenCL" "-lutil" "-ldl" "-lutil" "-lgcc_s" "-lutil" "-lrt" "-lpthread" "-lm" "-ldl" "-lc" "-Wl,--eh-frame-hdr" "-Wl,-znoexecstack" "-L" "/opt/rustwide/rustup-home/toolchains/1.54.0-x86_64-unknown-linux-gnu/lib/rustlib/x86_64-unknown-linux-gnu/lib" "-o" "/opt/rustwide/target/debug/examples/trivial-048ea964a7b1087b" "-Wl,--gc-sections" "-pie" "-Wl,-zrelro" "-Wl,-znow" "-nodefaultlibs"
[INFO] [stdout]   = note: /usr/bin/ld: cannot find -lOpenCL
[INFO] [stdout]           collect2: error: ld returned 1 exit status
[INFO] [stdout]           
[INFO] [stdout] 
[INFO] [stdout] 
[INFO] [stdout] error: aborting due to previous error
[INFO] [stdout] 
[INFO] [stdout] 
[INFO] [stderr] error: build failed
[INFO] running `Command { std: "docker" "inspect" "1418806999e4955f885cf75266c5922a75acd0f3ce351b35b60191e33a659169", kill_on_drop: false }`
[INFO] running `Command { std: "docker" "rm" "-f" "1418806999e4955f885cf75266c5922a75acd0f3ce351b35b60191e33a659169", kill_on_drop: false }`
[INFO] [stdout] 1418806999e4955f885cf75266c5922a75acd0f3ce351b35b60191e33a659169
