[INFO] fetching crate adblock 0.3.15...
[INFO] testing adblock-0.3.15 against 1.54.0 for beta-1.55-1
[INFO] extracting crate adblock 0.3.15 into /workspace/builds/worker-76/source
[INFO] validating manifest of crates.io crate adblock 0.3.15 on toolchain 1.54.0
[INFO] running `Command { std: "/workspace/cargo-home/bin/cargo" "+1.54.0" "metadata" "--manifest-path" "Cargo.toml" "--no-deps", kill_on_drop: false }`
[INFO] started tweaking crates.io crate adblock 0.3.15
[INFO] finished tweaking crates.io crate adblock 0.3.15
[INFO] tweaked toml for crates.io crate adblock 0.3.15 written to /workspace/builds/worker-76/source/Cargo.toml
[INFO] crate crates.io crate adblock 0.3.15 already has a lockfile, it will not be regenerated
[INFO] running `Command { std: "/workspace/cargo-home/bin/cargo" "+1.54.0" "fetch" "--manifest-path" "Cargo.toml", kill_on_drop: false }`
[INFO] [stderr]     Blocking waiting for file lock on package cache
[INFO] [stderr]     Blocking waiting for file lock on package cache
[INFO] running `Command { std: "docker" "create" "-v" "/var/lib/crater-agent-workspace/builds/worker-76/target:/opt/rustwide/target:rw,Z" "-v" "/var/lib/crater-agent-workspace/builds/worker-76/source:/opt/rustwide/workdir:ro,Z" "-v" "/var/lib/crater-agent-workspace/cargo-home:/opt/rustwide/cargo-home:ro,Z" "-v" "/var/lib/crater-agent-workspace/rustup-home:/opt/rustwide/rustup-home:ro,Z" "-e" "SOURCE_DIR=/opt/rustwide/workdir" "-e" "CARGO_TARGET_DIR=/opt/rustwide/target" "-e" "CARGO_HOME=/opt/rustwide/cargo-home" "-e" "RUSTUP_HOME=/opt/rustwide/rustup-home" "-w" "/opt/rustwide/workdir" "-m" "1610612736" "--user" "0:0" "--network" "none" "ghcr.io/rust-lang/crates-build-env/linux@sha256:34b6a614d2c27851fe6cbf88fbd1137609cefab8b10d0615aaeb6fd47975d74e" "/opt/rustwide/cargo-home/bin/cargo" "+1.54.0" "metadata" "--no-deps" "--format-version=1", kill_on_drop: false }`
[INFO] [stdout] 5472bce06d95fa06b27d275c526deeb3637a77a7e25b46b234f8a870d56e2562
[INFO] running `Command { std: "docker" "start" "-a" "5472bce06d95fa06b27d275c526deeb3637a77a7e25b46b234f8a870d56e2562", kill_on_drop: false }`
[INFO] running `Command { std: "docker" "inspect" "5472bce06d95fa06b27d275c526deeb3637a77a7e25b46b234f8a870d56e2562", kill_on_drop: false }`
[INFO] running `Command { std: "docker" "rm" "-f" "5472bce06d95fa06b27d275c526deeb3637a77a7e25b46b234f8a870d56e2562", kill_on_drop: false }`
[INFO] [stdout] 5472bce06d95fa06b27d275c526deeb3637a77a7e25b46b234f8a870d56e2562
[INFO] running `Command { std: "docker" "create" "-v" "/var/lib/crater-agent-workspace/builds/worker-76/target:/opt/rustwide/target:rw,Z" "-v" "/var/lib/crater-agent-workspace/builds/worker-76/source:/opt/rustwide/workdir:ro,Z" "-v" "/var/lib/crater-agent-workspace/cargo-home:/opt/rustwide/cargo-home:ro,Z" "-v" "/var/lib/crater-agent-workspace/rustup-home:/opt/rustwide/rustup-home:ro,Z" "-e" "SOURCE_DIR=/opt/rustwide/workdir" "-e" "CARGO_TARGET_DIR=/opt/rustwide/target" "-e" "CARGO_INCREMENTAL=0" "-e" "RUST_BACKTRACE=full" "-e" "RUSTFLAGS=--cap-lints=warn" "-e" "CARGO_HOME=/opt/rustwide/cargo-home" "-e" "RUSTUP_HOME=/opt/rustwide/rustup-home" "-w" "/opt/rustwide/workdir" "-m" "1610612736" "--user" "0:0" "--network" "none" "ghcr.io/rust-lang/crates-build-env/linux@sha256:34b6a614d2c27851fe6cbf88fbd1137609cefab8b10d0615aaeb6fd47975d74e" "/opt/rustwide/cargo-home/bin/cargo" "+1.54.0" "build" "--frozen" "--message-format=json", kill_on_drop: false }`
[INFO] [stdout] 1973f419075d098ce0c52d4b990df4f4ed9b5fb617015e591fd49935fb982c84
[INFO] running `Command { std: "docker" "start" "-a" "1973f419075d098ce0c52d4b990df4f4ed9b5fb617015e591fd49935fb982c84", kill_on_drop: false }`
[INFO] [stderr]     Blocking waiting for file lock on package cache
[INFO] [stderr]     Blocking waiting for file lock on package cache
[INFO] [stderr]    Compiling proc-macro2 v1.0.26
[INFO] [stderr]    Compiling syn v1.0.72
[INFO] [stderr]    Compiling memchr v2.4.0
[INFO] [stderr]    Compiling serde_derive v1.0.126
[INFO] [stderr]    Compiling serde v1.0.126
[INFO] [stderr]    Compiling tinyvec_macros v0.1.0
[INFO] [stderr]    Compiling matches v0.1.8
[INFO] [stderr]    Compiling libc v0.2.97
[INFO] [stderr]    Compiling crc32fast v1.2.1
[INFO] [stderr]    Compiling percent-encoding v2.1.0
[INFO] [stderr]    Compiling psl-types v2.0.7
[INFO] [stderr]    Compiling bitflags v1.2.1
[INFO] [stderr]    Compiling adler v1.0.2
[INFO] [stderr]    Compiling regex-syntax v0.6.25
[INFO] [stderr]    Compiling either v1.6.1
[INFO] [stderr]    Compiling unchecked-index v0.2.2
[INFO] [stderr]    Compiling lifeguard v0.6.1
[INFO] [stderr]    Compiling seahash v3.0.7
[INFO] [stderr]    Compiling base64 v0.13.0
[INFO] [stderr]    Compiling num-traits v0.2.14
[INFO] [stderr]    Compiling miniz_oxide v0.4.4
[INFO] [stderr]    Compiling unicode-bidi v0.3.5
[INFO] [stderr]    Compiling form_urlencoded v1.0.1
[INFO] [stderr]    Compiling psl v2.0.27
[INFO] [stderr]    Compiling tinyvec v1.2.0
[INFO] [stderr]    Compiling itertools v0.10.1
[INFO] [stderr]    Compiling aho-corasick v0.7.18
[INFO] [stderr]    Compiling twoway v0.2.2
[INFO] [stderr]    Compiling quote v1.0.9
[INFO] [stderr]    Compiling flate2 v1.0.20
[INFO] [stderr]    Compiling unicode-normalization v0.1.17
[INFO] [stderr]    Compiling rmp v0.8.10
[INFO] [stderr]    Compiling regex v1.5.4
[INFO] [stderr]    Compiling idna v0.2.3
[INFO] [stderr]    Compiling url v2.2.2
[INFO] [stderr]    Compiling addr v0.14.0
[INFO] [stderr]    Compiling rmp-serde v0.15.5
[INFO] [stderr]    Compiling rmp-serde v0.13.7
[INFO] [stderr]    Compiling adblock v0.3.15 (/opt/rustwide/workdir)
[INFO] [stderr]     Finished dev [unoptimized + debuginfo] target(s) in 40.20s
[INFO] running `Command { std: "docker" "inspect" "1973f419075d098ce0c52d4b990df4f4ed9b5fb617015e591fd49935fb982c84", kill_on_drop: false }`
[INFO] running `Command { std: "docker" "rm" "-f" "1973f419075d098ce0c52d4b990df4f4ed9b5fb617015e591fd49935fb982c84", kill_on_drop: false }`
[INFO] [stdout] 1973f419075d098ce0c52d4b990df4f4ed9b5fb617015e591fd49935fb982c84
[INFO] running `Command { std: "docker" "create" "-v" "/var/lib/crater-agent-workspace/builds/worker-76/target:/opt/rustwide/target:rw,Z" "-v" "/var/lib/crater-agent-workspace/builds/worker-76/source:/opt/rustwide/workdir:ro,Z" "-v" "/var/lib/crater-agent-workspace/cargo-home:/opt/rustwide/cargo-home:ro,Z" "-v" "/var/lib/crater-agent-workspace/rustup-home:/opt/rustwide/rustup-home:ro,Z" "-e" "SOURCE_DIR=/opt/rustwide/workdir" "-e" "CARGO_TARGET_DIR=/opt/rustwide/target" "-e" "CARGO_INCREMENTAL=0" "-e" "RUST_BACKTRACE=full" "-e" "RUSTFLAGS=--cap-lints=warn" "-e" "CARGO_HOME=/opt/rustwide/cargo-home" "-e" "RUSTUP_HOME=/opt/rustwide/rustup-home" "-w" "/opt/rustwide/workdir" "-m" "1610612736" "--user" "0:0" "--network" "none" "ghcr.io/rust-lang/crates-build-env/linux@sha256:34b6a614d2c27851fe6cbf88fbd1137609cefab8b10d0615aaeb6fd47975d74e" "/opt/rustwide/cargo-home/bin/cargo" "+1.54.0" "test" "--frozen" "--no-run" "--message-format=json", kill_on_drop: false }`
[INFO] [stdout] 0e5f0b742a274a97fee82e57d0fbed1fda87982cc1649842266a45f43ed5e252
[INFO] running `Command { std: "docker" "start" "-a" "0e5f0b742a274a97fee82e57d0fbed1fda87982cc1649842266a45f43ed5e252", kill_on_drop: false }`
[INFO] [stderr]    Compiling pin-project-lite v0.2.6
[INFO] [stderr]    Compiling log v0.4.14
[INFO] [stderr]    Compiling futures-core v0.3.15
[INFO] [stderr]    Compiling itoa v0.4.7
[INFO] [stderr]    Compiling cc v1.0.67
[INFO] [stderr]    Compiling pkg-config v0.3.19
[INFO] [stderr]    Compiling futures-task v0.3.15
[INFO] [stderr]    Compiling futures-channel v0.3.15
[INFO] [stderr]    Compiling futures-sink v0.3.15
[INFO] [stderr]    Compiling bytes v1.0.1
[INFO] [stderr]    Compiling semver-parser v0.7.0
[INFO] [stderr]    Compiling futures-io v0.3.15
[INFO] [stderr]    Compiling slab v0.4.3
[INFO] [stderr]    Compiling foreign-types-shared v0.1.1
[INFO] [stderr]    Compiling fnv v1.0.7
[INFO] [stderr]    Compiling openssl v0.10.34
[INFO] [stderr]    Compiling crossbeam-epoch v0.9.5
[INFO] [stderr]    Compiling typenum v1.13.0
[INFO] [stderr]    Compiling native-tls v0.2.7
[INFO] [stderr]    Compiling scopeguard v1.1.0
[INFO] [stderr]    Compiling hashbrown v0.9.1
[INFO] [stderr]    Compiling rayon-core v1.9.0
[INFO] [stderr]    Compiling httparse v1.4.1
[INFO] [stderr]    Compiling try-lock v0.2.3
[INFO] [stderr]    Compiling openssl-probe v0.1.4
[INFO] [stderr]    Compiling serde_json v1.0.64
[INFO] [stderr]    Compiling httpdate v1.0.0
[INFO] [stderr]    Compiling unicode-width v0.1.8
[INFO] [stderr]    Compiling plotters-backend v0.3.0
[INFO] [stderr]    Compiling encoding_rs v0.8.28
[INFO] [stderr]    Compiling tower-service v0.3.1
[INFO] [stderr]    Compiling half v1.7.1
[INFO] [stderr]    Compiling same-file v1.0.6
[INFO] [stderr]    Compiling mime v0.3.16
[INFO] [stderr]    Compiling oorandom v11.1.3
[INFO] [stderr]    Compiling ipnet v2.3.0
[INFO] [stderr]    Compiling cpufeatures v0.1.5
[INFO] [stderr]    Compiling opaque-debug v0.3.0
[INFO] [stderr]    Compiling futures-macro v0.3.15
[INFO] [stderr]    Compiling tokio v1.8.0
[INFO] [stderr]    Compiling futures-util v0.3.15
[INFO] [stderr]    Compiling memoffset v0.6.3
[INFO] [stderr]    Compiling indexmap v1.6.2
[INFO] [stderr]    Compiling rayon v1.5.0
[INFO] [stderr]    Compiling tracing-core v0.1.18
[INFO] [stderr]    Compiling generic-array v0.14.4
[INFO] [stderr]    Compiling regex-automata v0.1.9
[INFO] [stderr]    Compiling itertools v0.9.0
[INFO] [stderr]    Compiling num_cpus v1.13.0
[INFO] [stderr]    Compiling crossbeam-channel v0.5.1
[INFO] [stderr]    Compiling socket2 v0.4.0
[INFO] [stderr]    Compiling csv-core v0.1.10
[INFO] [stderr]    Compiling atty v0.2.14
[INFO] [stderr]    Compiling pin-project-internal v1.0.7
[INFO] [stderr]    Compiling serde_urlencoded v0.7.0
[INFO] [stderr]    Compiling textwrap v0.11.0
[INFO] [stderr]    Compiling foreign-types v0.3.2
[INFO] [stderr]    Compiling walkdir v2.3.2
[INFO] [stderr]    Compiling plotters-svg v0.3.0
[INFO] [stderr]    Compiling semver v0.9.0
[INFO] [stderr]    Compiling serde_cbor v0.11.1
[INFO] [stderr]    Compiling clap v2.33.3
[INFO] [stderr]    Compiling bstr v0.2.16
[INFO] [stderr]    Compiling mio v0.7.11
[INFO] [stderr]    Compiling want v0.3.0
[INFO] [stderr]    Compiling tracing v0.1.26
[INFO] [stderr]    Compiling http v0.2.4
[INFO] [stderr]    Compiling plotters v0.3.0
[INFO] [stderr]    Compiling rustc_version v0.2.3
[INFO] [stderr]    Compiling csv v1.1.6
[INFO] [stderr]    Compiling cast v0.2.5
[INFO] [stderr]    Compiling openssl-sys v0.9.63
[INFO] [stderr]    Compiling crossbeam-deque v0.8.0
[INFO] [stderr]    Compiling tinytemplate v1.2.1
[INFO] [stderr]    Compiling criterion-plot v0.4.3
[INFO] [stderr]    Compiling digest v0.9.0
[INFO] [stderr]    Compiling block-buffer v0.9.0
[INFO] [stderr]    Compiling sha2 v0.9.5
[INFO] [stderr]    Compiling pin-project v1.0.7
[INFO] [stderr]    Compiling http-body v0.4.2
[INFO] [stderr]    Compiling tokio-util v0.6.6
[INFO] [stderr]    Compiling criterion v0.3.4
[INFO] [stderr]    Compiling h2 v0.3.3
[INFO] [stderr]    Compiling futures-executor v0.3.15
[INFO] [stderr]    Compiling tokio-native-tls v0.3.0
[INFO] [stderr]    Compiling futures v0.3.15
[INFO] [stderr]    Compiling hyper v0.14.7
[INFO] [stderr]    Compiling hyper-tls v0.5.0
[INFO] [stderr]    Compiling reqwest v0.11.4
[INFO] [stderr]    Compiling adblock v0.3.15 (/opt/rustwide/workdir)
[INFO] [stderr] error: could not compile `adblock`
[INFO] [stderr] 
[INFO] [stderr] Caused by:
[INFO] [stderr]   process didn't exit successfully: `rustc --crate-name live --edition=2018 tests/live.rs --error-format=json --json=diagnostic-rendered-ansi --emit=dep-info,link -C embed-bitcode=no -C debuginfo=2 --test --cfg 'feature="addr"' --cfg 'feature="default"' --cfg 'feature="embedded-domain-resolver"' --cfg 'feature="full-regex-handling"' --cfg 'feature="lifeguard"' --cfg 'feature="object-pooling"' -C metadata=88ae05a916e66d4c -C extra-filename=-88ae05a916e66d4c --out-dir /opt/rustwide/target/debug/deps -L dependency=/opt/rustwide/target/debug/deps --extern adblock=/opt/rustwide/target/debug/deps/libadblock-5a10bd5c529d70ed.rlib --extern addr=/opt/rustwide/target/debug/deps/libaddr-d0b3831360da4cd3.rlib --extern base64=/opt/rustwide/target/debug/deps/libbase64-5c7414cfb92860e8.rlib --extern bitflags=/opt/rustwide/target/debug/deps/libbitflags-f89ae4b715176e2d.rlib --extern criterion=/opt/rustwide/target/debug/deps/libcriterion-2ce6aeedda67b593.rlib --extern csv=/opt/rustwide/target/debug/deps/libcsv-04138bde54391f2a.rlib --extern flate2=/opt/rustwide/target/debug/deps/libflate2-76d06cc233ba5102.rlib --extern futures=/opt/rustwide/target/debug/deps/libfutures-ed98a13cc42cd8d6.rlib --extern idna=/opt/rustwide/target/debug/deps/libidna-6097a1afc8599f91.rlib --extern itertools=/opt/rustwide/target/debug/deps/libitertools-6b844899321ff5c6.rlib --extern lifeguard=/opt/rustwide/target/debug/deps/liblifeguard-6f82339daedf4ab1.rlib --extern once_cell=/opt/rustwide/target/debug/deps/libonce_cell-a76c90beb999d50a.rlib --extern percent_encoding=/opt/rustwide/target/debug/deps/libpercent_encoding-549c334c22432c49.rlib --extern regex=/opt/rustwide/target/debug/deps/libregex-c0311ef87925025d.rlib --extern reqwest=/opt/rustwide/target/debug/deps/libreqwest-6581bdaed5a4d6e3.rlib --extern rmp_serde_legacy=/opt/rustwide/target/debug/deps/librmp_serde-b08ed060d8a585e5.rlib --extern rmp_serde=/opt/rustwide/target/debug/deps/librmp_serde-442b69770095e311.rlib --extern seahash=/opt/rustwide/target/debug/deps/libseahash-e9134fe00977a498.rlib --extern serde=/opt/rustwide/target/debug/deps/libserde-94383808692594c8.rlib --extern serde_json=/opt/rustwide/target/debug/deps/libserde_json-cbf5c95d396ffd60.rlib --extern sha2=/opt/rustwide/target/debug/deps/libsha2-9786bf3f10c5b6ee.rlib --extern tokio=/opt/rustwide/target/debug/deps/libtokio-b2d36f28f2cd0508.rlib --extern twoway=/opt/rustwide/target/debug/deps/libtwoway-9393b574f22fd2f2.rlib --extern url=/opt/rustwide/target/debug/deps/liburl-4c899b1b4a641bf3.rlib --cap-lints=warn` (signal: 9, SIGKILL: kill)
[INFO] [stderr] warning: build failed, waiting for other jobs to finish...
[INFO] [stdout] error: linking with `cc` failed: exit status: 1
[INFO] [stdout]   |
[INFO] [stdout]   = note: "cc" "-m64" "/opt/rustwide/target/debug/examples/deserialization-ca5555e66503c4aa.deserialization.egtlobct-cgu.0.rcgu.o" "/opt/rustwide/target/debug/examples/deserialization-ca5555e66503c4aa.deserialization.egtlobct-cgu.1.rcgu.o" "/opt/rustwide/target/debug/examples/deserialization-ca5555e66503c4aa.deserialization.egtlobct-cgu.10.rcgu.o" "/opt/rustwide/target/debug/examples/deserialization-ca5555e66503c4aa.deserialization.egtlobct-cgu.11.rcgu.o" "/opt/rustwide/target/debug/examples/deserialization-ca5555e66503c4aa.deserialization.egtlobct-cgu.12.rcgu.o" "/opt/rustwide/target/debug/examples/deserialization-ca5555e66503c4aa.deserialization.egtlobct-cgu.13.rcgu.o" "/opt/rustwide/target/debug/examples/deserialization-ca5555e66503c4aa.deserialization.egtlobct-cgu.14.rcgu.o" "/opt/rustwide/target/debug/examples/deserialization-ca5555e66503c4aa.deserialization.egtlobct-cgu.15.rcgu.o" "/opt/rustwide/target/debug/examples/deserialization-ca5555e66503c4aa.deserialization.egtlobct-cgu.2.rcgu.o" "/opt/rustwide/target/debug/examples/deserialization-ca5555e66503c4aa.deserialization.egtlobct-cgu.3.rcgu.o" "/opt/rustwide/target/debug/examples/deserialization-ca5555e66503c4aa.deserialization.egtlobct-cgu.4.rcgu.o" "/opt/rustwide/target/debug/examples/deserialization-ca5555e66503c4aa.deserialization.egtlobct-cgu.5.rcgu.o" "/opt/rustwide/target/debug/examples/deserialization-ca5555e66503c4aa.deserialization.egtlobct-cgu.6.rcgu.o" "/opt/rustwide/target/debug/examples/deserialization-ca5555e66503c4aa.deserialization.egtlobct-cgu.7.rcgu.o" "/opt/rustwide/target/debug/examples/deserialization-ca5555e66503c4aa.deserialization.egtlobct-cgu.8.rcgu.o" "/opt/rustwide/target/debug/examples/deserialization-ca5555e66503c4aa.deserialization.egtlobct-cgu.9.rcgu.o" "/opt/rustwide/target/debug/examples/deserialization-ca5555e66503c4aa.3ee6yhpx02mjuz61.rcgu.o" "-Wl,--as-needed" "-L" "/opt/rustwide/target/debug/deps" "-L" "/opt/rustwide/rustup-home/toolchains/1.54.0-x86_64-unknown-linux-gnu/lib/rustlib/x86_64-unknown-linux-gnu/lib" "-Wl,-Bstatic" "/opt/rustwide/target/debug/deps/libcsv-04138bde54391f2a.rlib" "/opt/rustwide/target/debug/deps/libryu-059aa1fbb24cd15e.rlib" "/opt/rustwide/target/debug/deps/libitoa-9ccdb0b3e3d11258.rlib" "/opt/rustwide/target/debug/deps/libcsv_core-151d138d7140c1ad.rlib" "/opt/rustwide/target/debug/deps/libbstr-2624f6229102efab.rlib" "/opt/rustwide/target/debug/deps/liblazy_static-5c53d641eb010a81.rlib" "/opt/rustwide/target/debug/deps/libregex_automata-4830eb7b9092cc69.rlib" "/opt/rustwide/target/debug/deps/libadblock-5a10bd5c529d70ed.rlib" "/opt/rustwide/target/debug/deps/libbase64-5c7414cfb92860e8.rlib" "/opt/rustwide/target/debug/deps/libtwoway-9393b574f22fd2f2.rlib" "/opt/rustwide/target/debug/deps/libunchecked_index-d7b2e1e6c6d7a69f.rlib" "/opt/rustwide/target/debug/deps/liburl-4c899b1b4a641bf3.rlib" "/opt/rustwide/target/debug/deps/libform_urlencoded-64c48050f569228e.rlib" "/opt/rustwide/target/debug/deps/libidna-6097a1afc8599f91.rlib" "/opt/rustwide/target/debug/deps/libunicode_normalization-c2b8a3cf75e24167.rlib" "/opt/rustwide/target/debug/deps/libtinyvec-3afe53cee5d40983.rlib" "/opt/rustwide/target/debug/deps/libtinyvec_macros-f6b5563d3767ea26.rlib" "/opt/rustwide/target/debug/deps/libunicode_bidi-cd5d16f1476c6336.rlib" "/opt/rustwide/target/debug/deps/libmatches-5bfcef5685786a07.rlib" "/opt/rustwide/target/debug/deps/libbitflags-f89ae4b715176e2d.rlib" "/opt/rustwide/target/debug/deps/librmp_serde-442b69770095e311.rlib" "/opt/rustwide/target/debug/deps/librmp_serde-b08ed060d8a585e5.rlib" "/opt/rustwide/target/debug/deps/librmp-290cd54fe39aa0ca.rlib" "/opt/rustwide/target/debug/deps/libnum_traits-d2f26dc32356e531.rlib" "/opt/rustwide/target/debug/deps/libbyteorder-0c03c404070d92e6.rlib" "/opt/rustwide/target/debug/deps/libflate2-76d06cc233ba5102.rlib" "/opt/rustwide/target/debug/deps/libminiz_oxide-6d1f5d22fe94ee7f.rlib" "/opt/rustwide/target/debug/deps/libadler-21b6e26b0dda2395.rlib" "/opt/rustwide/target/debug/deps/libcrc32fast-e6a82e63ff40e00b.rlib" "/opt/rustwide/target/debug/deps/libcfg_if-38c8a3e888ecb06a.rlib" "/opt/rustwide/target/debug/deps/libaddr-d0b3831360da4cd3.rlib" "/opt/rustwide/target/debug/deps/libpsl-5f2966af9584952d.rlib" "/opt/rustwide/target/debug/deps/libpsl_types-52fd8970bd376392.rlib" "/opt/rustwide/target/debug/deps/libpercent_encoding-549c334c22432c49.rlib" "/opt/rustwide/target/debug/deps/liblifeguard-6f82339daedf4ab1.rlib" "/opt/rustwide/target/debug/deps/libonce_cell-a76c90beb999d50a.rlib" "/opt/rustwide/target/debug/deps/libregex-c0311ef87925025d.rlib" "/opt/rustwide/target/debug/deps/libaho_corasick-f751c074981e5308.rlib" "/opt/rustwide/target/debug/deps/libmemchr-0721f17babcb5610.rlib" "/opt/rustwide/target/debug/deps/libregex_syntax-b672c9191f2c7225.rlib" "/opt/rustwide/target/debug/deps/libserde-94383808692594c8.rlib" "/opt/rustwide/target/debug/deps/libitertools-6b844899321ff5c6.rlib" "/opt/rustwide/target/debug/deps/libeither-f222f664e804cb85.rlib" "/opt/rustwide/target/debug/deps/libseahash-e9134fe00977a498.rlib" "-Wl,--start-group" "/opt/rustwide/rustup-home/toolchains/1.54.0-x86_64-unknown-linux-gnu/lib/rustlib/x86_64-unknown-linux-gnu/lib/libstd-2420485b9e5ef5e1.rlib" "/opt/rustwide/rustup-home/toolchains/1.54.0-x86_64-unknown-linux-gnu/lib/rustlib/x86_64-unknown-linux-gnu/lib/libpanic_unwind-785e3cb61c4b1960.rlib" "/opt/rustwide/rustup-home/toolchains/1.54.0-x86_64-unknown-linux-gnu/lib/rustlib/x86_64-unknown-linux-gnu/lib/libminiz_oxide-087191a88bdaa22d.rlib" "/opt/rustwide/rustup-home/toolchains/1.54.0-x86_64-unknown-linux-gnu/lib/rustlib/x86_64-unknown-linux-gnu/lib/libadler-9981842c02975178.rlib" "/opt/rustwide/rustup-home/toolchains/1.54.0-x86_64-unknown-linux-gnu/lib/rustlib/x86_64-unknown-linux-gnu/lib/libobject-6fb405869b015fde.rlib" "/opt/rustwide/rustup-home/toolchains/1.54.0-x86_64-unknown-linux-gnu/lib/rustlib/x86_64-unknown-linux-gnu/lib/libaddr2line-d05c5c3c56004b7b.rlib" "/opt/rustwide/rustup-home/toolchains/1.54.0-x86_64-unknown-linux-gnu/lib/rustlib/x86_64-unknown-linux-gnu/lib/libgimli-42d74d2097528b38.rlib" "/opt/rustwide/rustup-home/toolchains/1.54.0-x86_64-unknown-linux-gnu/lib/rustlib/x86_64-unknown-linux-gnu/lib/libstd_detect-fb36534c113d2209.rlib" "/opt/rustwide/rustup-home/toolchains/1.54.0-x86_64-unknown-linux-gnu/lib/rustlib/x86_64-unknown-linux-gnu/lib/librustc_demangle-b56b9042c12b6535.rlib" "/opt/rustwide/rustup-home/toolchains/1.54.0-x86_64-unknown-linux-gnu/lib/rustlib/x86_64-unknown-linux-gnu/lib/libhashbrown-491902d6cb3e76df.rlib" "/opt/rustwide/rustup-home/toolchains/1.54.0-x86_64-unknown-linux-gnu/lib/rustlib/x86_64-unknown-linux-gnu/lib/librustc_std_workspace_alloc-61834e0981b8c367.rlib" "/opt/rustwide/rustup-home/toolchains/1.54.0-x86_64-unknown-linux-gnu/lib/rustlib/x86_64-unknown-linux-gnu/lib/libunwind-f78aa99d613a55bc.rlib" "/opt/rustwide/rustup-home/toolchains/1.54.0-x86_64-unknown-linux-gnu/lib/rustlib/x86_64-unknown-linux-gnu/lib/libcfg_if-53ee54cd7fed2c57.rlib" "/opt/rustwide/rustup-home/toolchains/1.54.0-x86_64-unknown-linux-gnu/lib/rustlib/x86_64-unknown-linux-gnu/lib/liblibc-544ecdbd6cda3c58.rlib" "/opt/rustwide/rustup-home/toolchains/1.54.0-x86_64-unknown-linux-gnu/lib/rustlib/x86_64-unknown-linux-gnu/lib/liballoc-379cc252b6943a79.rlib" "/opt/rustwide/rustup-home/toolchains/1.54.0-x86_64-unknown-linux-gnu/lib/rustlib/x86_64-unknown-linux-gnu/lib/librustc_std_workspace_core-8063eea38dcc5e62.rlib" "/opt/rustwide/rustup-home/toolchains/1.54.0-x86_64-unknown-linux-gnu/lib/rustlib/x86_64-unknown-linux-gnu/lib/libcore-5b228734afae15ee.rlib" "-Wl,--end-group" "/opt/rustwide/rustup-home/toolchains/1.54.0-x86_64-unknown-linux-gnu/lib/rustlib/x86_64-unknown-linux-gnu/lib/libcompiler_builtins-d6c7a399d95d173f.rlib" "-Wl,-Bdynamic" "-lgcc_s" "-lutil" "-lrt" "-lpthread" "-lm" "-ldl" "-lc" "-Wl,--eh-frame-hdr" "-Wl,-znoexecstack" "-L" "/opt/rustwide/rustup-home/toolchains/1.54.0-x86_64-unknown-linux-gnu/lib/rustlib/x86_64-unknown-linux-gnu/lib" "-o" "/opt/rustwide/target/debug/examples/deserialization-ca5555e66503c4aa" "-Wl,--gc-sections" "-pie" "-Wl,-zrelro" "-Wl,-znow" "-nodefaultlibs"
[INFO] [stdout]   = note: collect2: fatal error: ld terminated with signal 9 [Killed]
[INFO] [stdout]           compilation terminated.
[INFO] [stdout]           
[INFO] [stdout] 
[INFO] [stdout] 
[INFO] [stdout] error: aborting due to previous error
[INFO] [stdout] 
[INFO] [stdout] 
[INFO] [stdout] error: linking with `cc` failed: exit status: 1
[INFO] [stdout]   |
[INFO] [stdout]   = note: "cc" "-m64" "/opt/rustwide/target/debug/examples/generate_dat-74c301407c65f598.generate_dat.6ve5d09u-cgu.0.rcgu.o" "/opt/rustwide/target/debug/examples/generate_dat-74c301407c65f598.generate_dat.6ve5d09u-cgu.1.rcgu.o" "/opt/rustwide/target/debug/examples/generate_dat-74c301407c65f598.generate_dat.6ve5d09u-cgu.10.rcgu.o" "/opt/rustwide/target/debug/examples/generate_dat-74c301407c65f598.generate_dat.6ve5d09u-cgu.11.rcgu.o" "/opt/rustwide/target/debug/examples/generate_dat-74c301407c65f598.generate_dat.6ve5d09u-cgu.12.rcgu.o" "/opt/rustwide/target/debug/examples/generate_dat-74c301407c65f598.generate_dat.6ve5d09u-cgu.13.rcgu.o" "/opt/rustwide/target/debug/examples/generate_dat-74c301407c65f598.generate_dat.6ve5d09u-cgu.14.rcgu.o" "/opt/rustwide/target/debug/examples/generate_dat-74c301407c65f598.generate_dat.6ve5d09u-cgu.2.rcgu.o" "/opt/rustwide/target/debug/examples/generate_dat-74c301407c65f598.generate_dat.6ve5d09u-cgu.3.rcgu.o" "/opt/rustwide/target/debug/examples/generate_dat-74c301407c65f598.generate_dat.6ve5d09u-cgu.4.rcgu.o" "/opt/rustwide/target/debug/examples/generate_dat-74c301407c65f598.generate_dat.6ve5d09u-cgu.5.rcgu.o" "/opt/rustwide/target/debug/examples/generate_dat-74c301407c65f598.generate_dat.6ve5d09u-cgu.6.rcgu.o" "/opt/rustwide/target/debug/examples/generate_dat-74c301407c65f598.generate_dat.6ve5d09u-cgu.7.rcgu.o" "/opt/rustwide/target/debug/examples/generate_dat-74c301407c65f598.generate_dat.6ve5d09u-cgu.8.rcgu.o" "/opt/rustwide/target/debug/examples/generate_dat-74c301407c65f598.generate_dat.6ve5d09u-cgu.9.rcgu.o" "/opt/rustwide/target/debug/examples/generate_dat-74c301407c65f598.tqkje8zxhmcs2qi.rcgu.o" "-Wl,--as-needed" "-L" "/opt/rustwide/target/debug/deps" "-L" "/opt/rustwide/rustup-home/toolchains/1.54.0-x86_64-unknown-linux-gnu/lib/rustlib/x86_64-unknown-linux-gnu/lib" "-Wl,-Bstatic" "/opt/rustwide/target/debug/deps/libadblock-5a10bd5c529d70ed.rlib" "/opt/rustwide/target/debug/deps/libbase64-5c7414cfb92860e8.rlib" "/opt/rustwide/target/debug/deps/libtwoway-9393b574f22fd2f2.rlib" "/opt/rustwide/target/debug/deps/libunchecked_index-d7b2e1e6c6d7a69f.rlib" "/opt/rustwide/target/debug/deps/liburl-4c899b1b4a641bf3.rlib" "/opt/rustwide/target/debug/deps/libform_urlencoded-64c48050f569228e.rlib" "/opt/rustwide/target/debug/deps/libidna-6097a1afc8599f91.rlib" "/opt/rustwide/target/debug/deps/libunicode_normalization-c2b8a3cf75e24167.rlib" "/opt/rustwide/target/debug/deps/libtinyvec-3afe53cee5d40983.rlib" "/opt/rustwide/target/debug/deps/libtinyvec_macros-f6b5563d3767ea26.rlib" "/opt/rustwide/target/debug/deps/libunicode_bidi-cd5d16f1476c6336.rlib" "/opt/rustwide/target/debug/deps/libmatches-5bfcef5685786a07.rlib" "/opt/rustwide/target/debug/deps/libbitflags-f89ae4b715176e2d.rlib" "/opt/rustwide/target/debug/deps/librmp_serde-442b69770095e311.rlib" "/opt/rustwide/target/debug/deps/librmp_serde-b08ed060d8a585e5.rlib" "/opt/rustwide/target/debug/deps/librmp-290cd54fe39aa0ca.rlib" "/opt/rustwide/target/debug/deps/libnum_traits-d2f26dc32356e531.rlib" "/opt/rustwide/target/debug/deps/libbyteorder-0c03c404070d92e6.rlib" "/opt/rustwide/target/debug/deps/libflate2-76d06cc233ba5102.rlib" "/opt/rustwide/target/debug/deps/libminiz_oxide-6d1f5d22fe94ee7f.rlib" "/opt/rustwide/target/debug/deps/libadler-21b6e26b0dda2395.rlib" "/opt/rustwide/target/debug/deps/libcrc32fast-e6a82e63ff40e00b.rlib" "/opt/rustwide/target/debug/deps/libcfg_if-38c8a3e888ecb06a.rlib" "/opt/rustwide/target/debug/deps/libaddr-d0b3831360da4cd3.rlib" "/opt/rustwide/target/debug/deps/libpsl-5f2966af9584952d.rlib" "/opt/rustwide/target/debug/deps/libpsl_types-52fd8970bd376392.rlib" "/opt/rustwide/target/debug/deps/libpercent_encoding-549c334c22432c49.rlib" "/opt/rustwide/target/debug/deps/liblifeguard-6f82339daedf4ab1.rlib" "/opt/rustwide/target/debug/deps/libonce_cell-a76c90beb999d50a.rlib" "/opt/rustwide/target/debug/deps/libregex-c0311ef87925025d.rlib" "/opt/rustwide/target/debug/deps/libaho_corasick-f751c074981e5308.rlib" "/opt/rustwide/target/debug/deps/libmemchr-0721f17babcb5610.rlib" "/opt/rustwide/target/debug/deps/libregex_syntax-b672c9191f2c7225.rlib" "/opt/rustwide/target/debug/deps/libserde-94383808692594c8.rlib" "/opt/rustwide/target/debug/deps/libitertools-6b844899321ff5c6.rlib" "/opt/rustwide/target/debug/deps/libeither-f222f664e804cb85.rlib" "/opt/rustwide/target/debug/deps/libseahash-e9134fe00977a498.rlib" "-Wl,--start-group" "/opt/rustwide/rustup-home/toolchains/1.54.0-x86_64-unknown-linux-gnu/lib/rustlib/x86_64-unknown-linux-gnu/lib/libstd-2420485b9e5ef5e1.rlib" "/opt/rustwide/rustup-home/toolchains/1.54.0-x86_64-unknown-linux-gnu/lib/rustlib/x86_64-unknown-linux-gnu/lib/libpanic_unwind-785e3cb61c4b1960.rlib" "/opt/rustwide/rustup-home/toolchains/1.54.0-x86_64-unknown-linux-gnu/lib/rustlib/x86_64-unknown-linux-gnu/lib/libminiz_oxide-087191a88bdaa22d.rlib" "/opt/rustwide/rustup-home/toolchains/1.54.0-x86_64-unknown-linux-gnu/lib/rustlib/x86_64-unknown-linux-gnu/lib/libadler-9981842c02975178.rlib" "/opt/rustwide/rustup-home/toolchains/1.54.0-x86_64-unknown-linux-gnu/lib/rustlib/x86_64-unknown-linux-gnu/lib/libobject-6fb405869b015fde.rlib" "/opt/rustwide/rustup-home/toolchains/1.54.0-x86_64-unknown-linux-gnu/lib/rustlib/x86_64-unknown-linux-gnu/lib/libaddr2line-d05c5c3c56004b7b.rlib" "/opt/rustwide/rustup-home/toolchains/1.54.0-x86_64-unknown-linux-gnu/lib/rustlib/x86_64-unknown-linux-gnu/lib/libgimli-42d74d2097528b38.rlib" "/opt/rustwide/rustup-home/toolchains/1.54.0-x86_64-unknown-linux-gnu/lib/rustlib/x86_64-unknown-linux-gnu/lib/libstd_detect-fb36534c113d2209.rlib" "/opt/rustwide/rustup-home/toolchains/1.54.0-x86_64-unknown-linux-gnu/lib/rustlib/x86_64-unknown-linux-gnu/lib/librustc_demangle-b56b9042c12b6535.rlib" "/opt/rustwide/rustup-home/toolchains/1.54.0-x86_64-unknown-linux-gnu/lib/rustlib/x86_64-unknown-linux-gnu/lib/libhashbrown-491902d6cb3e76df.rlib" "/opt/rustwide/rustup-home/toolchains/1.54.0-x86_64-unknown-linux-gnu/lib/rustlib/x86_64-unknown-linux-gnu/lib/librustc_std_workspace_alloc-61834e0981b8c367.rlib" "/opt/rustwide/rustup-home/toolchains/1.54.0-x86_64-unknown-linux-gnu/lib/rustlib/x86_64-unknown-linux-gnu/lib/libunwind-f78aa99d613a55bc.rlib" "/opt/rustwide/rustup-home/toolchains/1.54.0-x86_64-unknown-linux-gnu/lib/rustlib/x86_64-unknown-linux-gnu/lib/libcfg_if-53ee54cd7fed2c57.rlib" "/opt/rustwide/rustup-home/toolchains/1.54.0-x86_64-unknown-linux-gnu/lib/rustlib/x86_64-unknown-linux-gnu/lib/liblibc-544ecdbd6cda3c58.rlib" "/opt/rustwide/rustup-home/toolchains/1.54.0-x86_64-unknown-linux-gnu/lib/rustlib/x86_64-unknown-linux-gnu/lib/liballoc-379cc252b6943a79.rlib" "/opt/rustwide/rustup-home/toolchains/1.54.0-x86_64-unknown-linux-gnu/lib/rustlib/x86_64-unknown-linux-gnu/lib/librustc_std_workspace_core-8063eea38dcc5e62.rlib" "/opt/rustwide/rustup-home/toolchains/1.54.0-x86_64-unknown-linux-gnu/lib/rustlib/x86_64-unknown-linux-gnu/lib/libcore-5b228734afae15ee.rlib" "-Wl,--end-group" "/opt/rustwide/rustup-home/toolchains/1.54.0-x86_64-unknown-linux-gnu/lib/rustlib/x86_64-unknown-linux-gnu/lib/libcompiler_builtins-d6c7a399d95d173f.rlib" "-Wl,-Bdynamic" "-lgcc_s" "-lutil" "-lrt" "-lpthread" "-lm" "-ldl" "-lc" "-Wl,--eh-frame-hdr" "-Wl,-znoexecstack" "-L" "/opt/rustwide/rustup-home/toolchains/1.54.0-x86_64-unknown-linux-gnu/lib/rustlib/x86_64-unknown-linux-gnu/lib" "-o" "/opt/rustwide/target/debug/examples/generate_dat-74c301407c65f598" "-Wl,--gc-sections" "-pie" "-Wl,-zrelro" "-Wl,-znow" "-nodefaultlibs"
[INFO] [stdout]   = note: collect2: fatal error: ld terminated with signal 9 [Killed]
[INFO] [stdout]           compilation terminated.
[INFO] [stdout]           
[INFO] [stdout] 
[INFO] [stdout] 
[INFO] [stdout] error: aborting due to previous error
[INFO] [stdout] 
[INFO] [stdout] 
[INFO] [stdout] error: linking with `cc` failed: exit status: 1
[INFO] [stdout]   |
[INFO] [stdout]   = note: "cc" "-m64" "/opt/rustwide/target/debug/deps/hashing_test-a4e54ca33e95e4c9.hashing_test.88v6q77b-cgu.0.rcgu.o" "/opt/rustwide/target/debug/deps/hashing_test-a4e54ca33e95e4c9.hashing_test.88v6q77b-cgu.1.rcgu.o" "/opt/rustwide/target/debug/deps/hashing_test-a4e54ca33e95e4c9.hashing_test.88v6q77b-cgu.10.rcgu.o" "/opt/rustwide/target/debug/deps/hashing_test-a4e54ca33e95e4c9.hashing_test.88v6q77b-cgu.11.rcgu.o" "/opt/rustwide/target/debug/deps/hashing_test-a4e54ca33e95e4c9.hashing_test.88v6q77b-cgu.12.rcgu.o" "/opt/rustwide/target/debug/deps/hashing_test-a4e54ca33e95e4c9.hashing_test.88v6q77b-cgu.13.rcgu.o" "/opt/rustwide/target/debug/deps/hashing_test-a4e54ca33e95e4c9.hashing_test.88v6q77b-cgu.14.rcgu.o" "/opt/rustwide/target/debug/deps/hashing_test-a4e54ca33e95e4c9.hashing_test.88v6q77b-cgu.15.rcgu.o" "/opt/rustwide/target/debug/deps/hashing_test-a4e54ca33e95e4c9.hashing_test.88v6q77b-cgu.2.rcgu.o" "/opt/rustwide/target/debug/deps/hashing_test-a4e54ca33e95e4c9.hashing_test.88v6q77b-cgu.3.rcgu.o" "/opt/rustwide/target/debug/deps/hashing_test-a4e54ca33e95e4c9.hashing_test.88v6q77b-cgu.4.rcgu.o" "/opt/rustwide/target/debug/deps/hashing_test-a4e54ca33e95e4c9.hashing_test.88v6q77b-cgu.5.rcgu.o" "/opt/rustwide/target/debug/deps/hashing_test-a4e54ca33e95e4c9.hashing_test.88v6q77b-cgu.6.rcgu.o" "/opt/rustwide/target/debug/deps/hashing_test-a4e54ca33e95e4c9.hashing_test.88v6q77b-cgu.7.rcgu.o" "/opt/rustwide/target/debug/deps/hashing_test-a4e54ca33e95e4c9.hashing_test.88v6q77b-cgu.8.rcgu.o" "/opt/rustwide/target/debug/deps/hashing_test-a4e54ca33e95e4c9.hashing_test.88v6q77b-cgu.9.rcgu.o" "/opt/rustwide/target/debug/deps/hashing_test-a4e54ca33e95e4c9.1mdu5to5fsvmol9w.rcgu.o" "-Wl,--as-needed" "-L" "/opt/rustwide/target/debug/deps" "-L" "/opt/rustwide/rustup-home/toolchains/1.54.0-x86_64-unknown-linux-gnu/lib/rustlib/x86_64-unknown-linux-gnu/lib" "-Wl,-Bstatic" "/opt/rustwide/rustup-home/toolchains/1.54.0-x86_64-unknown-linux-gnu/lib/rustlib/x86_64-unknown-linux-gnu/lib/libtest-3599c5491d44663f.rlib" "/opt/rustwide/rustup-home/toolchains/1.54.0-x86_64-unknown-linux-gnu/lib/rustlib/x86_64-unknown-linux-gnu/lib/libterm-1d56ea45a67842c8.rlib" "/opt/rustwide/rustup-home/toolchains/1.54.0-x86_64-unknown-linux-gnu/lib/rustlib/x86_64-unknown-linux-gnu/lib/libgetopts-9749f7c936ebf9a7.rlib" "/opt/rustwide/rustup-home/toolchains/1.54.0-x86_64-unknown-linux-gnu/lib/rustlib/x86_64-unknown-linux-gnu/lib/libunicode_width-627a220173eefff1.rlib" "/opt/rustwide/rustup-home/toolchains/1.54.0-x86_64-unknown-linux-gnu/lib/rustlib/x86_64-unknown-linux-gnu/lib/librustc_std_workspace_std-16ed15e5bfe21b9b.rlib" "/opt/rustwide/target/debug/deps/libadblock-5a10bd5c529d70ed.rlib" "/opt/rustwide/target/debug/deps/libbase64-5c7414cfb92860e8.rlib" "/opt/rustwide/target/debug/deps/libtwoway-9393b574f22fd2f2.rlib" "/opt/rustwide/target/debug/deps/libunchecked_index-d7b2e1e6c6d7a69f.rlib" "/opt/rustwide/target/debug/deps/liburl-4c899b1b4a641bf3.rlib" "/opt/rustwide/target/debug/deps/libform_urlencoded-64c48050f569228e.rlib" "/opt/rustwide/target/debug/deps/libidna-6097a1afc8599f91.rlib" "/opt/rustwide/target/debug/deps/libunicode_normalization-c2b8a3cf75e24167.rlib" "/opt/rustwide/target/debug/deps/libtinyvec-3afe53cee5d40983.rlib" "/opt/rustwide/target/debug/deps/libtinyvec_macros-f6b5563d3767ea26.rlib" "/opt/rustwide/target/debug/deps/libunicode_bidi-cd5d16f1476c6336.rlib" "/opt/rustwide/target/debug/deps/libmatches-5bfcef5685786a07.rlib" "/opt/rustwide/target/debug/deps/libbitflags-f89ae4b715176e2d.rlib" "/opt/rustwide/target/debug/deps/librmp_serde-442b69770095e311.rlib" "/opt/rustwide/target/debug/deps/librmp_serde-b08ed060d8a585e5.rlib" "/opt/rustwide/target/debug/deps/librmp-290cd54fe39aa0ca.rlib" "/opt/rustwide/target/debug/deps/libnum_traits-d2f26dc32356e531.rlib" "/opt/rustwide/target/debug/deps/libbyteorder-0c03c404070d92e6.rlib" "/opt/rustwide/target/debug/deps/libflate2-76d06cc233ba5102.rlib" "/opt/rustwide/target/debug/deps/libminiz_oxide-6d1f5d22fe94ee7f.rlib" "/opt/rustwide/target/debug/deps/libadler-21b6e26b0dda2395.rlib" "/opt/rustwide/target/debug/deps/libcrc32fast-e6a82e63ff40e00b.rlib" "/opt/rustwide/target/debug/deps/libcfg_if-38c8a3e888ecb06a.rlib" "/opt/rustwide/target/debug/deps/libaddr-d0b3831360da4cd3.rlib" "/opt/rustwide/target/debug/deps/libpsl-5f2966af9584952d.rlib" "/opt/rustwide/target/debug/deps/libpsl_types-52fd8970bd376392.rlib" "/opt/rustwide/target/debug/deps/libpercent_encoding-549c334c22432c49.rlib" "/opt/rustwide/target/debug/deps/liblifeguard-6f82339daedf4ab1.rlib" "/opt/rustwide/target/debug/deps/libonce_cell-a76c90beb999d50a.rlib" "/opt/rustwide/target/debug/deps/libregex-c0311ef87925025d.rlib" "/opt/rustwide/target/debug/deps/libaho_corasick-f751c074981e5308.rlib" "/opt/rustwide/target/debug/deps/libmemchr-0721f17babcb5610.rlib" "/opt/rustwide/target/debug/deps/libregex_syntax-b672c9191f2c7225.rlib" "/opt/rustwide/target/debug/deps/libserde-94383808692594c8.rlib" "/opt/rustwide/target/debug/deps/libitertools-6b844899321ff5c6.rlib" "/opt/rustwide/target/debug/deps/libeither-f222f664e804cb85.rlib" "/opt/rustwide/target/debug/deps/libseahash-e9134fe00977a498.rlib" "-Wl,--start-group" "/opt/rustwide/rustup-home/toolchains/1.54.0-x86_64-unknown-linux-gnu/lib/rustlib/x86_64-unknown-linux-gnu/lib/libstd-2420485b9e5ef5e1.rlib" "/opt/rustwide/rustup-home/toolchains/1.54.0-x86_64-unknown-linux-gnu/lib/rustlib/x86_64-unknown-linux-gnu/lib/libpanic_unwind-785e3cb61c4b1960.rlib" "/opt/rustwide/rustup-home/toolchains/1.54.0-x86_64-unknown-linux-gnu/lib/rustlib/x86_64-unknown-linux-gnu/lib/libminiz_oxide-087191a88bdaa22d.rlib" "/opt/rustwide/rustup-home/toolchains/1.54.0-x86_64-unknown-linux-gnu/lib/rustlib/x86_64-unknown-linux-gnu/lib/libadler-9981842c02975178.rlib" "/opt/rustwide/rustup-home/toolchains/1.54.0-x86_64-unknown-linux-gnu/lib/rustlib/x86_64-unknown-linux-gnu/lib/libobject-6fb405869b015fde.rlib" "/opt/rustwide/rustup-home/toolchains/1.54.0-x86_64-unknown-linux-gnu/lib/rustlib/x86_64-unknown-linux-gnu/lib/libaddr2line-d05c5c3c56004b7b.rlib" "/opt/rustwide/rustup-home/toolchains/1.54.0-x86_64-unknown-linux-gnu/lib/rustlib/x86_64-unknown-linux-gnu/lib/libgimli-42d74d2097528b38.rlib" "/opt/rustwide/rustup-home/toolchains/1.54.0-x86_64-unknown-linux-gnu/lib/rustlib/x86_64-unknown-linux-gnu/lib/libstd_detect-fb36534c113d2209.rlib" "/opt/rustwide/rustup-home/toolchains/1.54.0-x86_64-unknown-linux-gnu/lib/rustlib/x86_64-unknown-linux-gnu/lib/librustc_demangle-b56b9042c12b6535.rlib" "/opt/rustwide/rustup-home/toolchains/1.54.0-x86_64-unknown-linux-gnu/lib/rustlib/x86_64-unknown-linux-gnu/lib/libhashbrown-491902d6cb3e76df.rlib" "/opt/rustwide/rustup-home/toolchains/1.54.0-x86_64-unknown-linux-gnu/lib/rustlib/x86_64-unknown-linux-gnu/lib/librustc_std_workspace_alloc-61834e0981b8c367.rlib" "/opt/rustwide/rustup-home/toolchains/1.54.0-x86_64-unknown-linux-gnu/lib/rustlib/x86_64-unknown-linux-gnu/lib/libunwind-f78aa99d613a55bc.rlib" "/opt/rustwide/rustup-home/toolchains/1.54.0-x86_64-unknown-linux-gnu/lib/rustlib/x86_64-unknown-linux-gnu/lib/libcfg_if-53ee54cd7fed2c57.rlib" "/opt/rustwide/rustup-home/toolchains/1.54.0-x86_64-unknown-linux-gnu/lib/rustlib/x86_64-unknown-linux-gnu/lib/liblibc-544ecdbd6cda3c58.rlib" "/opt/rustwide/rustup-home/toolchains/1.54.0-x86_64-unknown-linux-gnu/lib/rustlib/x86_64-unknown-linux-gnu/lib/liballoc-379cc252b6943a79.rlib" "/opt/rustwide/rustup-home/toolchains/1.54.0-x86_64-unknown-linux-gnu/lib/rustlib/x86_64-unknown-linux-gnu/lib/librustc_std_workspace_core-8063eea38dcc5e62.rlib" "/opt/rustwide/rustup-home/toolchains/1.54.0-x86_64-unknown-linux-gnu/lib/rustlib/x86_64-unknown-linux-gnu/lib/libcore-5b228734afae15ee.rlib" "-Wl,--end-group" "/opt/rustwide/rustup-home/toolchains/1.54.0-x86_64-unknown-linux-gnu/lib/rustlib/x86_64-unknown-linux-gnu/lib/libcompiler_builtins-d6c7a399d95d173f.rlib" "-Wl,-Bdynamic" "-lgcc_s" "-lutil" "-lrt" "-lpthread" "-lm" "-ldl" "-lc" "-Wl,--eh-frame-hdr" "-Wl,-znoexecstack" "-L" "/opt/rustwide/rustup-home/toolchains/1.54.0-x86_64-unknown-linux-gnu/lib/rustlib/x86_64-unknown-linux-gnu/lib" "-o" "/opt/rustwide/target/debug/deps/hashing_test-a4e54ca33e95e4c9" "-Wl,--gc-sections" "-pie" "-Wl,-zrelro" "-Wl,-znow" "-nodefaultlibs"
[INFO] [stdout]   = note: collect2: fatal error: ld terminated with signal 9 [Killed]
[INFO] [stdout]           compilation terminated.
[INFO] [stdout]           
[INFO] [stdout] 
[INFO] [stdout] 
[INFO] [stdout] error: aborting due to previous error
[INFO] [stdout] 
[INFO] [stdout] 
[INFO] [stdout] error: linking with `cc` failed: exit status: 1
[INFO] [stdout]   |
[INFO] [stdout]   = note: "cc" "-m64" "/opt/rustwide/target/debug/deps/simple_use-b105526f69692e3d.simple_use.2ely46mn-cgu.0.rcgu.o" "/opt/rustwide/target/debug/deps/simple_use-b105526f69692e3d.simple_use.2ely46mn-cgu.1.rcgu.o" "/opt/rustwide/target/debug/deps/simple_use-b105526f69692e3d.simple_use.2ely46mn-cgu.10.rcgu.o" "/opt/rustwide/target/debug/deps/simple_use-b105526f69692e3d.simple_use.2ely46mn-cgu.11.rcgu.o" "/opt/rustwide/target/debug/deps/simple_use-b105526f69692e3d.simple_use.2ely46mn-cgu.12.rcgu.o" "/opt/rustwide/target/debug/deps/simple_use-b105526f69692e3d.simple_use.2ely46mn-cgu.13.rcgu.o" "/opt/rustwide/target/debug/deps/simple_use-b105526f69692e3d.simple_use.2ely46mn-cgu.14.rcgu.o" "/opt/rustwide/target/debug/deps/simple_use-b105526f69692e3d.simple_use.2ely46mn-cgu.2.rcgu.o" "/opt/rustwide/target/debug/deps/simple_use-b105526f69692e3d.simple_use.2ely46mn-cgu.3.rcgu.o" "/opt/rustwide/target/debug/deps/simple_use-b105526f69692e3d.simple_use.2ely46mn-cgu.4.rcgu.o" "/opt/rustwide/target/debug/deps/simple_use-b105526f69692e3d.simple_use.2ely46mn-cgu.5.rcgu.o" "/opt/rustwide/target/debug/deps/simple_use-b105526f69692e3d.simple_use.2ely46mn-cgu.6.rcgu.o" "/opt/rustwide/target/debug/deps/simple_use-b105526f69692e3d.simple_use.2ely46mn-cgu.7.rcgu.o" "/opt/rustwide/target/debug/deps/simple_use-b105526f69692e3d.simple_use.2ely46mn-cgu.8.rcgu.o" "/opt/rustwide/target/debug/deps/simple_use-b105526f69692e3d.simple_use.2ely46mn-cgu.9.rcgu.o" "/opt/rustwide/target/debug/deps/simple_use-b105526f69692e3d.1m30g3oz1py1dmiu.rcgu.o" "-Wl,--as-needed" "-L" "/opt/rustwide/target/debug/deps" "-L" "/opt/rustwide/rustup-home/toolchains/1.54.0-x86_64-unknown-linux-gnu/lib/rustlib/x86_64-unknown-linux-gnu/lib" "-Wl,-Bstatic" "/opt/rustwide/rustup-home/toolchains/1.54.0-x86_64-unknown-linux-gnu/lib/rustlib/x86_64-unknown-linux-gnu/lib/libtest-3599c5491d44663f.rlib" "/opt/rustwide/rustup-home/toolchains/1.54.0-x86_64-unknown-linux-gnu/lib/rustlib/x86_64-unknown-linux-gnu/lib/libterm-1d56ea45a67842c8.rlib" "/opt/rustwide/rustup-home/toolchains/1.54.0-x86_64-unknown-linux-gnu/lib/rustlib/x86_64-unknown-linux-gnu/lib/libgetopts-9749f7c936ebf9a7.rlib" "/opt/rustwide/rustup-home/toolchains/1.54.0-x86_64-unknown-linux-gnu/lib/rustlib/x86_64-unknown-linux-gnu/lib/libunicode_width-627a220173eefff1.rlib" "/opt/rustwide/rustup-home/toolchains/1.54.0-x86_64-unknown-linux-gnu/lib/rustlib/x86_64-unknown-linux-gnu/lib/librustc_std_workspace_std-16ed15e5bfe21b9b.rlib" "/opt/rustwide/target/debug/deps/libadblock-5a10bd5c529d70ed.rlib" "/opt/rustwide/target/debug/deps/libbase64-5c7414cfb92860e8.rlib" "/opt/rustwide/target/debug/deps/libtwoway-9393b574f22fd2f2.rlib" "/opt/rustwide/target/debug/deps/libunchecked_index-d7b2e1e6c6d7a69f.rlib" "/opt/rustwide/target/debug/deps/liburl-4c899b1b4a641bf3.rlib" "/opt/rustwide/target/debug/deps/libform_urlencoded-64c48050f569228e.rlib" "/opt/rustwide/target/debug/deps/libidna-6097a1afc8599f91.rlib" "/opt/rustwide/target/debug/deps/libunicode_normalization-c2b8a3cf75e24167.rlib" "/opt/rustwide/target/debug/deps/libtinyvec-3afe53cee5d40983.rlib" "/opt/rustwide/target/debug/deps/libtinyvec_macros-f6b5563d3767ea26.rlib" "/opt/rustwide/target/debug/deps/libunicode_bidi-cd5d16f1476c6336.rlib" "/opt/rustwide/target/debug/deps/libmatches-5bfcef5685786a07.rlib" "/opt/rustwide/target/debug/deps/libbitflags-f89ae4b715176e2d.rlib" "/opt/rustwide/target/debug/deps/librmp_serde-442b69770095e311.rlib" "/opt/rustwide/target/debug/deps/librmp_serde-b08ed060d8a585e5.rlib" "/opt/rustwide/target/debug/deps/librmp-290cd54fe39aa0ca.rlib" "/opt/rustwide/target/debug/deps/libnum_traits-d2f26dc32356e531.rlib" "/opt/rustwide/target/debug/deps/libbyteorder-0c03c404070d92e6.rlib" "/opt/rustwide/target/debug/deps/libflate2-76d06cc233ba5102.rlib" "/opt/rustwide/target/debug/deps/libminiz_oxide-6d1f5d22fe94ee7f.rlib" "/opt/rustwide/target/debug/deps/libadler-21b6e26b0dda2395.rlib" "/opt/rustwide/target/debug/deps/libcrc32fast-e6a82e63ff40e00b.rlib" "/opt/rustwide/target/debug/deps/libcfg_if-38c8a3e888ecb06a.rlib" "/opt/rustwide/target/debug/deps/libaddr-d0b3831360da4cd3.rlib" "/opt/rustwide/target/debug/deps/libpsl-5f2966af9584952d.rlib" "/opt/rustwide/target/debug/deps/libpsl_types-52fd8970bd376392.rlib" "/opt/rustwide/target/debug/deps/libpercent_encoding-549c334c22432c49.rlib" "/opt/rustwide/target/debug/deps/liblifeguard-6f82339daedf4ab1.rlib" "/opt/rustwide/target/debug/deps/libonce_cell-a76c90beb999d50a.rlib" "/opt/rustwide/target/debug/deps/libregex-c0311ef87925025d.rlib" "/opt/rustwide/target/debug/deps/libaho_corasick-f751c074981e5308.rlib" "/opt/rustwide/target/debug/deps/libmemchr-0721f17babcb5610.rlib" "/opt/rustwide/target/debug/deps/libregex_syntax-b672c9191f2c7225.rlib" "/opt/rustwide/target/debug/deps/libserde-94383808692594c8.rlib" "/opt/rustwide/target/debug/deps/libitertools-6b844899321ff5c6.rlib" "/opt/rustwide/target/debug/deps/libeither-f222f664e804cb85.rlib" "/opt/rustwide/target/debug/deps/libseahash-e9134fe00977a498.rlib" "-Wl,--start-group" "/opt/rustwide/rustup-home/toolchains/1.54.0-x86_64-unknown-linux-gnu/lib/rustlib/x86_64-unknown-linux-gnu/lib/libstd-2420485b9e5ef5e1.rlib" "/opt/rustwide/rustup-home/toolchains/1.54.0-x86_64-unknown-linux-gnu/lib/rustlib/x86_64-unknown-linux-gnu/lib/libpanic_unwind-785e3cb61c4b1960.rlib" "/opt/rustwide/rustup-home/toolchains/1.54.0-x86_64-unknown-linux-gnu/lib/rustlib/x86_64-unknown-linux-gnu/lib/libminiz_oxide-087191a88bdaa22d.rlib" "/opt/rustwide/rustup-home/toolchains/1.54.0-x86_64-unknown-linux-gnu/lib/rustlib/x86_64-unknown-linux-gnu/lib/libadler-9981842c02975178.rlib" "/opt/rustwide/rustup-home/toolchains/1.54.0-x86_64-unknown-linux-gnu/lib/rustlib/x86_64-unknown-linux-gnu/lib/libobject-6fb405869b015fde.rlib" "/opt/rustwide/rustup-home/toolchains/1.54.0-x86_64-unknown-linux-gnu/lib/rustlib/x86_64-unknown-linux-gnu/lib/libaddr2line-d05c5c3c56004b7b.rlib" "/opt/rustwide/rustup-home/toolchains/1.54.0-x86_64-unknown-linux-gnu/lib/rustlib/x86_64-unknown-linux-gnu/lib/libgimli-42d74d2097528b38.rlib" "/opt/rustwide/rustup-home/toolchains/1.54.0-x86_64-unknown-linux-gnu/lib/rustlib/x86_64-unknown-linux-gnu/lib/libstd_detect-fb36534c113d2209.rlib" "/opt/rustwide/rustup-home/toolchains/1.54.0-x86_64-unknown-linux-gnu/lib/rustlib/x86_64-unknown-linux-gnu/lib/librustc_demangle-b56b9042c12b6535.rlib" "/opt/rustwide/rustup-home/toolchains/1.54.0-x86_64-unknown-linux-gnu/lib/rustlib/x86_64-unknown-linux-gnu/lib/libhashbrown-491902d6cb3e76df.rlib" "/opt/rustwide/rustup-home/toolchains/1.54.0-x86_64-unknown-linux-gnu/lib/rustlib/x86_64-unknown-linux-gnu/lib/librustc_std_workspace_alloc-61834e0981b8c367.rlib" "/opt/rustwide/rustup-home/toolchains/1.54.0-x86_64-unknown-linux-gnu/lib/rustlib/x86_64-unknown-linux-gnu/lib/libunwind-f78aa99d613a55bc.rlib" "/opt/rustwide/rustup-home/toolchains/1.54.0-x86_64-unknown-linux-gnu/lib/rustlib/x86_64-unknown-linux-gnu/lib/libcfg_if-53ee54cd7fed2c57.rlib" "/opt/rustwide/rustup-home/toolchains/1.54.0-x86_64-unknown-linux-gnu/lib/rustlib/x86_64-unknown-linux-gnu/lib/liblibc-544ecdbd6cda3c58.rlib" "/opt/rustwide/rustup-home/toolchains/1.54.0-x86_64-unknown-linux-gnu/lib/rustlib/x86_64-unknown-linux-gnu/lib/liballoc-379cc252b6943a79.rlib" "/opt/rustwide/rustup-home/toolchains/1.54.0-x86_64-unknown-linux-gnu/lib/rustlib/x86_64-unknown-linux-gnu/lib/librustc_std_workspace_core-8063eea38dcc5e62.rlib" "/opt/rustwide/rustup-home/toolchains/1.54.0-x86_64-unknown-linux-gnu/lib/rustlib/x86_64-unknown-linux-gnu/lib/libcore-5b228734afae15ee.rlib" "-Wl,--end-group" "/opt/rustwide/rustup-home/toolchains/1.54.0-x86_64-unknown-linux-gnu/lib/rustlib/x86_64-unknown-linux-gnu/lib/libcompiler_builtins-d6c7a399d95d173f.rlib" "-Wl,-Bdynamic" "-lgcc_s" "-lutil" "-lrt" "-lpthread" "-lm" "-ldl" "-lc" "-Wl,--eh-frame-hdr" "-Wl,-znoexecstack" "-L" "/opt/rustwide/rustup-home/toolchains/1.54.0-x86_64-unknown-linux-gnu/lib/rustlib/x86_64-unknown-linux-gnu/lib" "-o" "/opt/rustwide/target/debug/deps/simple_use-b105526f69692e3d" "-Wl,--gc-sections" "-pie" "-Wl,-zrelro" "-Wl,-znow" "-nodefaultlibs"
[INFO] [stdout]   = note: collect2: fatal error: ld terminated with signal 9 [Killed]
[INFO] [stdout]           compilation terminated.
[INFO] [stdout]           
[INFO] [stdout] 
[INFO] [stdout] 
[INFO] [stdout] error: aborting due to previous error
[INFO] [stdout] 
[INFO] [stdout] 
[INFO] [stderr] error: build failed
[INFO] running `Command { std: "docker" "inspect" "0e5f0b742a274a97fee82e57d0fbed1fda87982cc1649842266a45f43ed5e252", kill_on_drop: false }`
[INFO] running `Command { std: "docker" "rm" "-f" "0e5f0b742a274a97fee82e57d0fbed1fda87982cc1649842266a45f43ed5e252", kill_on_drop: false }`
[INFO] [stdout] 0e5f0b742a274a97fee82e57d0fbed1fda87982cc1649842266a45f43ed5e252
