[INFO] fetching crate actix_derive 0.6.0...
[INFO] testing actix_derive-0.6.0 against beta-2021-08-01 for beta-1.55-1
[INFO] extracting crate actix_derive 0.6.0 into /workspace/builds/worker-50/source
[INFO] validating manifest of crates.io crate actix_derive 0.6.0 on toolchain beta-2021-08-01
[INFO] running `Command { std: "/workspace/cargo-home/bin/cargo" "+beta-2021-08-01" "metadata" "--manifest-path" "Cargo.toml" "--no-deps", kill_on_drop: false }`
[INFO] started tweaking crates.io crate actix_derive 0.6.0
[INFO] finished tweaking crates.io crate actix_derive 0.6.0
[INFO] tweaked toml for crates.io crate actix_derive 0.6.0 written to /workspace/builds/worker-50/source/Cargo.toml
[INFO] running `Command { std: "/workspace/cargo-home/bin/cargo" "+beta-2021-08-01" "generate-lockfile" "--manifest-path" "Cargo.toml" "-Zno-index-update", kill_on_drop: false }`
[INFO] [stderr]     Blocking waiting for file lock on package cache
[INFO] running `Command { std: "/workspace/cargo-home/bin/cargo" "+beta-2021-08-01" "fetch" "--manifest-path" "Cargo.toml", kill_on_drop: false }`
[INFO] [stderr]     Blocking waiting for file lock on package cache
[INFO] [stderr]     Blocking waiting for file lock on package cache
[INFO] running `Command { std: "docker" "create" "-v" "/var/lib/crater-agent-workspace/builds/worker-50/target:/opt/rustwide/target:rw,Z" "-v" "/var/lib/crater-agent-workspace/builds/worker-50/source:/opt/rustwide/workdir:ro,Z" "-v" "/var/lib/crater-agent-workspace/cargo-home:/opt/rustwide/cargo-home:ro,Z" "-v" "/var/lib/crater-agent-workspace/rustup-home:/opt/rustwide/rustup-home:ro,Z" "-e" "SOURCE_DIR=/opt/rustwide/workdir" "-e" "CARGO_TARGET_DIR=/opt/rustwide/target" "-e" "CARGO_HOME=/opt/rustwide/cargo-home" "-e" "RUSTUP_HOME=/opt/rustwide/rustup-home" "-w" "/opt/rustwide/workdir" "-m" "1610612736" "--user" "0:0" "--network" "none" "ghcr.io/rust-lang/crates-build-env/linux@sha256:34b6a614d2c27851fe6cbf88fbd1137609cefab8b10d0615aaeb6fd47975d74e" "/opt/rustwide/cargo-home/bin/cargo" "+beta-2021-08-01" "metadata" "--no-deps" "--format-version=1", kill_on_drop: false }`
[INFO] [stdout] 2527bae9e11f724b9695d8e1b3e2babd0257e64d2ec9ee1fa1cd0d961f40d60d
[INFO] running `Command { std: "docker" "start" "-a" "2527bae9e11f724b9695d8e1b3e2babd0257e64d2ec9ee1fa1cd0d961f40d60d", kill_on_drop: false }`
[INFO] running `Command { std: "docker" "inspect" "2527bae9e11f724b9695d8e1b3e2babd0257e64d2ec9ee1fa1cd0d961f40d60d", kill_on_drop: false }`
[INFO] running `Command { std: "docker" "rm" "-f" "2527bae9e11f724b9695d8e1b3e2babd0257e64d2ec9ee1fa1cd0d961f40d60d", kill_on_drop: false }`
[INFO] [stdout] 2527bae9e11f724b9695d8e1b3e2babd0257e64d2ec9ee1fa1cd0d961f40d60d
[INFO] running `Command { std: "docker" "create" "-v" "/var/lib/crater-agent-workspace/builds/worker-50/target:/opt/rustwide/target:rw,Z" "-v" "/var/lib/crater-agent-workspace/builds/worker-50/source:/opt/rustwide/workdir:ro,Z" "-v" "/var/lib/crater-agent-workspace/cargo-home:/opt/rustwide/cargo-home:ro,Z" "-v" "/var/lib/crater-agent-workspace/rustup-home:/opt/rustwide/rustup-home:ro,Z" "-e" "SOURCE_DIR=/opt/rustwide/workdir" "-e" "CARGO_TARGET_DIR=/opt/rustwide/target" "-e" "CARGO_INCREMENTAL=0" "-e" "RUST_BACKTRACE=full" "-e" "RUSTFLAGS=--cap-lints=warn" "-e" "CARGO_HOME=/opt/rustwide/cargo-home" "-e" "RUSTUP_HOME=/opt/rustwide/rustup-home" "-w" "/opt/rustwide/workdir" "-m" "1610612736" "--user" "0:0" "--network" "none" "ghcr.io/rust-lang/crates-build-env/linux@sha256:34b6a614d2c27851fe6cbf88fbd1137609cefab8b10d0615aaeb6fd47975d74e" "/opt/rustwide/cargo-home/bin/cargo" "+beta-2021-08-01" "build" "--frozen" "--message-format=json", kill_on_drop: false }`
[INFO] [stdout] bbe0bd7bc4edae6a5d7ffc8896d55f0f37defa5b35c49b3476f7a48c66c7b1c5
[INFO] running `Command { std: "docker" "start" "-a" "bbe0bd7bc4edae6a5d7ffc8896d55f0f37defa5b35c49b3476f7a48c66c7b1c5", kill_on_drop: false }`
[INFO] [stderr]    Compiling syn v1.0.74
[INFO] [stderr]    Compiling actix_derive v0.6.0 (/opt/rustwide/workdir)
[INFO] [stderr]     Finished dev [unoptimized + debuginfo] target(s) in 37.41s
[INFO] running `Command { std: "docker" "inspect" "bbe0bd7bc4edae6a5d7ffc8896d55f0f37defa5b35c49b3476f7a48c66c7b1c5", kill_on_drop: false }`
[INFO] running `Command { std: "docker" "rm" "-f" "bbe0bd7bc4edae6a5d7ffc8896d55f0f37defa5b35c49b3476f7a48c66c7b1c5", kill_on_drop: false }`
[INFO] [stdout] bbe0bd7bc4edae6a5d7ffc8896d55f0f37defa5b35c49b3476f7a48c66c7b1c5
[INFO] running `Command { std: "docker" "create" "-v" "/var/lib/crater-agent-workspace/builds/worker-50/target:/opt/rustwide/target:rw,Z" "-v" "/var/lib/crater-agent-workspace/builds/worker-50/source:/opt/rustwide/workdir:ro,Z" "-v" "/var/lib/crater-agent-workspace/cargo-home:/opt/rustwide/cargo-home:ro,Z" "-v" "/var/lib/crater-agent-workspace/rustup-home:/opt/rustwide/rustup-home:ro,Z" "-e" "SOURCE_DIR=/opt/rustwide/workdir" "-e" "CARGO_TARGET_DIR=/opt/rustwide/target" "-e" "CARGO_INCREMENTAL=0" "-e" "RUST_BACKTRACE=full" "-e" "RUSTFLAGS=--cap-lints=warn" "-e" "CARGO_HOME=/opt/rustwide/cargo-home" "-e" "RUSTUP_HOME=/opt/rustwide/rustup-home" "-w" "/opt/rustwide/workdir" "-m" "1610612736" "--user" "0:0" "--network" "none" "ghcr.io/rust-lang/crates-build-env/linux@sha256:34b6a614d2c27851fe6cbf88fbd1137609cefab8b10d0615aaeb6fd47975d74e" "/opt/rustwide/cargo-home/bin/cargo" "+beta-2021-08-01" "test" "--frozen" "--no-run" "--message-format=json", kill_on_drop: false }`
[INFO] [stdout] 051c58f6c489b7a0a4e25be37e033ac28032311e2bf590813b440ec4b5914810
[INFO] running `Command { std: "docker" "start" "-a" "051c58f6c489b7a0a4e25be37e033ac28032311e2bf590813b440ec4b5914810", kill_on_drop: false }`
[INFO] [stderr]     Blocking waiting for file lock on package cache
[INFO] [stderr]    Compiling actix_derive v0.6.0 (/opt/rustwide/workdir)
[INFO] [stdout] error[E0432]: unresolved import `actix`
[INFO] [stdout]  --> tests/test_macro.rs:1:5
[INFO] [stdout]   |
[INFO] [stdout] 1 | use actix::{Actor, Context, Handler, System};
[INFO] [stdout]   |     ^^^^^ use of undeclared crate or module `actix`
[INFO] [stdout] 
[INFO] [stdout] 
[INFO] [stdout] error[E0433]: failed to resolve: could not find `actix` in the list of imported crates
[INFO] [stdout]  --> tests/test_macro.rs:4:10
[INFO] [stdout]   |
[INFO] [stdout] 4 | #[derive(MessageResponse)]
[INFO] [stdout]   |          ^^^^^^^^^^^^^^^ could not find `actix` in the list of imported crates
[INFO] [stdout]   |
[INFO] [stdout]   = note: this error originates in the derive macro `MessageResponse` (in Nightly builds, run with -Z macro-backtrace for more info)
[INFO] [stdout] 
[INFO] [stdout] 
[INFO] [stdout] error[E0433]: failed to resolve: use of undeclared crate or module `actix`
[INFO] [stdout]  --> tests/test_macro.rs:4:10
[INFO] [stdout]   |
[INFO] [stdout] 4 | #[derive(MessageResponse)]
[INFO] [stdout]   |          ^^^^^^^^^^^^^^^ use of undeclared crate or module `actix`
[INFO] [stdout]   |
[INFO] [stdout]   = note: this error originates in the derive macro `MessageResponse` (in Nightly builds, run with -Z macro-backtrace for more info)
[INFO] [stdout] 
[INFO] [stdout] 
[INFO] [stdout] error[E0433]: failed to resolve: could not find `actix` in the list of imported crates
[INFO] [stdout]  --> tests/test_macro.rs:7:10
[INFO] [stdout]   |
[INFO] [stdout] 7 | #[derive(Message)]
[INFO] [stdout]   |          ^^^^^^^ could not find `actix` in the list of imported crates
[INFO] [stdout]   |
[INFO] [stdout]   = note: this error originates in the derive macro `Message` (in Nightly builds, run with -Z macro-backtrace for more info)
[INFO] [stdout] 
[INFO] [stdout] 
[INFO] [stdout] error[E0433]: failed to resolve: use of undeclared crate or module `actix`
[INFO] [stdout]   --> tests/test_macro.rs:19:27
[INFO] [stdout]    |
[INFO] [stdout] 19 |     type Result = <Sum as actix::Message>::Result;
[INFO] [stdout]    |                           ^^^^^ use of undeclared crate or module `actix`
[INFO] [stdout] 
[INFO] [stdout] 
[INFO] [stdout] error: aborting due to 5 previous errors
[INFO] [stdout] 
[INFO] [stdout] 
[INFO] [stdout] Some errors have detailed explanations: E0432, E0433.
[INFO] [stdout] 
[INFO] [stdout] For more information about an error, try `rustc --explain E0432`.
[INFO] [stdout] 
[INFO] [stderr] error: could not compile `actix_derive` due to 6 previous errors
[INFO] [stderr] warning: build failed, waiting for other jobs to finish...
[INFO] [stderr] error: build failed
[INFO] running `Command { std: "docker" "inspect" "051c58f6c489b7a0a4e25be37e033ac28032311e2bf590813b440ec4b5914810", kill_on_drop: false }`
[INFO] running `Command { std: "docker" "rm" "-f" "051c58f6c489b7a0a4e25be37e033ac28032311e2bf590813b440ec4b5914810", kill_on_drop: false }`
[INFO] [stdout] 051c58f6c489b7a0a4e25be37e033ac28032311e2bf590813b440ec4b5914810
