[INFO] fetching crate actix-utils 3.0.0...
[INFO] testing actix-utils-3.0.0 against 1.54.0 for beta-1.55-1
[INFO] extracting crate actix-utils 3.0.0 into /workspace/builds/worker-43/source
[INFO] validating manifest of crates.io crate actix-utils 3.0.0 on toolchain 1.54.0
[INFO] running `Command { std: "/workspace/cargo-home/bin/cargo" "+1.54.0" "metadata" "--manifest-path" "Cargo.toml" "--no-deps", kill_on_drop: false }`
[INFO] started tweaking crates.io crate actix-utils 3.0.0
[INFO] finished tweaking crates.io crate actix-utils 3.0.0
[INFO] tweaked toml for crates.io crate actix-utils 3.0.0 written to /workspace/builds/worker-43/source/Cargo.toml
[INFO] running `Command { std: "/workspace/cargo-home/bin/cargo" "+1.54.0" "generate-lockfile" "--manifest-path" "Cargo.toml" "-Zno-index-update", kill_on_drop: false }`
[INFO] [stderr]     Blocking waiting for file lock on package cache
[INFO] running `Command { std: "/workspace/cargo-home/bin/cargo" "+1.54.0" "fetch" "--manifest-path" "Cargo.toml", kill_on_drop: false }`
[INFO] [stderr]     Blocking waiting for file lock on package cache
[INFO] [stderr]     Blocking waiting for file lock on package cache
[INFO] running `Command { std: "docker" "create" "-v" "/var/lib/crater-agent-workspace/builds/worker-43/target:/opt/rustwide/target:rw,Z" "-v" "/var/lib/crater-agent-workspace/builds/worker-43/source:/opt/rustwide/workdir:ro,Z" "-v" "/var/lib/crater-agent-workspace/cargo-home:/opt/rustwide/cargo-home:ro,Z" "-v" "/var/lib/crater-agent-workspace/rustup-home:/opt/rustwide/rustup-home:ro,Z" "-e" "SOURCE_DIR=/opt/rustwide/workdir" "-e" "CARGO_TARGET_DIR=/opt/rustwide/target" "-e" "CARGO_HOME=/opt/rustwide/cargo-home" "-e" "RUSTUP_HOME=/opt/rustwide/rustup-home" "-w" "/opt/rustwide/workdir" "-m" "1610612736" "--user" "0:0" "--network" "none" "ghcr.io/rust-lang/crates-build-env/linux@sha256:34b6a614d2c27851fe6cbf88fbd1137609cefab8b10d0615aaeb6fd47975d74e" "/opt/rustwide/cargo-home/bin/cargo" "+1.54.0" "metadata" "--no-deps" "--format-version=1", kill_on_drop: false }`
[INFO] [stdout] 0b8c0f5bcbc71fa0f5ba80c45a129b43fea9c50ba8e29b7dd5eef9983383a9a8
[INFO] running `Command { std: "docker" "start" "-a" "0b8c0f5bcbc71fa0f5ba80c45a129b43fea9c50ba8e29b7dd5eef9983383a9a8", kill_on_drop: false }`
[INFO] running `Command { std: "docker" "inspect" "0b8c0f5bcbc71fa0f5ba80c45a129b43fea9c50ba8e29b7dd5eef9983383a9a8", kill_on_drop: false }`
[INFO] running `Command { std: "docker" "rm" "-f" "0b8c0f5bcbc71fa0f5ba80c45a129b43fea9c50ba8e29b7dd5eef9983383a9a8", kill_on_drop: false }`
[INFO] [stdout] 0b8c0f5bcbc71fa0f5ba80c45a129b43fea9c50ba8e29b7dd5eef9983383a9a8
[INFO] running `Command { std: "docker" "create" "-v" "/var/lib/crater-agent-workspace/builds/worker-43/target:/opt/rustwide/target:rw,Z" "-v" "/var/lib/crater-agent-workspace/builds/worker-43/source:/opt/rustwide/workdir:ro,Z" "-v" "/var/lib/crater-agent-workspace/cargo-home:/opt/rustwide/cargo-home:ro,Z" "-v" "/var/lib/crater-agent-workspace/rustup-home:/opt/rustwide/rustup-home:ro,Z" "-e" "SOURCE_DIR=/opt/rustwide/workdir" "-e" "CARGO_TARGET_DIR=/opt/rustwide/target" "-e" "CARGO_INCREMENTAL=0" "-e" "RUST_BACKTRACE=full" "-e" "RUSTFLAGS=--cap-lints=warn" "-e" "CARGO_HOME=/opt/rustwide/cargo-home" "-e" "RUSTUP_HOME=/opt/rustwide/rustup-home" "-w" "/opt/rustwide/workdir" "-m" "1610612736" "--user" "0:0" "--network" "none" "ghcr.io/rust-lang/crates-build-env/linux@sha256:34b6a614d2c27851fe6cbf88fbd1137609cefab8b10d0615aaeb6fd47975d74e" "/opt/rustwide/cargo-home/bin/cargo" "+1.54.0" "build" "--frozen" "--message-format=json", kill_on_drop: false }`
[INFO] [stdout] 3d9cb3a28aaa1d4f7bc1e3e170184adb0adf8bb4c822952efebc04bb33f2f23c
[INFO] running `Command { std: "docker" "start" "-a" "3d9cb3a28aaa1d4f7bc1e3e170184adb0adf8bb4c822952efebc04bb33f2f23c", kill_on_drop: false }`
[INFO] [stderr]    Compiling local-waker v0.1.1
[INFO] [stderr]    Compiling actix-utils v3.0.0 (/opt/rustwide/workdir)
[INFO] [stderr]     Finished dev [unoptimized + debuginfo] target(s) in 1.40s
[INFO] running `Command { std: "docker" "inspect" "3d9cb3a28aaa1d4f7bc1e3e170184adb0adf8bb4c822952efebc04bb33f2f23c", kill_on_drop: false }`
[INFO] running `Command { std: "docker" "rm" "-f" "3d9cb3a28aaa1d4f7bc1e3e170184adb0adf8bb4c822952efebc04bb33f2f23c", kill_on_drop: false }`
[INFO] [stdout] 3d9cb3a28aaa1d4f7bc1e3e170184adb0adf8bb4c822952efebc04bb33f2f23c
[INFO] running `Command { std: "docker" "create" "-v" "/var/lib/crater-agent-workspace/builds/worker-43/target:/opt/rustwide/target:rw,Z" "-v" "/var/lib/crater-agent-workspace/builds/worker-43/source:/opt/rustwide/workdir:ro,Z" "-v" "/var/lib/crater-agent-workspace/cargo-home:/opt/rustwide/cargo-home:ro,Z" "-v" "/var/lib/crater-agent-workspace/rustup-home:/opt/rustwide/rustup-home:ro,Z" "-e" "SOURCE_DIR=/opt/rustwide/workdir" "-e" "CARGO_TARGET_DIR=/opt/rustwide/target" "-e" "CARGO_INCREMENTAL=0" "-e" "RUST_BACKTRACE=full" "-e" "RUSTFLAGS=--cap-lints=warn" "-e" "CARGO_HOME=/opt/rustwide/cargo-home" "-e" "RUSTUP_HOME=/opt/rustwide/rustup-home" "-w" "/opt/rustwide/workdir" "-m" "1610612736" "--user" "0:0" "--network" "none" "ghcr.io/rust-lang/crates-build-env/linux@sha256:34b6a614d2c27851fe6cbf88fbd1137609cefab8b10d0615aaeb6fd47975d74e" "/opt/rustwide/cargo-home/bin/cargo" "+1.54.0" "test" "--frozen" "--no-run" "--message-format=json", kill_on_drop: false }`
[INFO] [stdout] e463a8e4438fdeb14928aa964ca3aa1a4e31bc55524832c356c8f51db09eb4fe
[INFO] running `Command { std: "docker" "start" "-a" "e463a8e4438fdeb14928aa964ca3aa1a4e31bc55524832c356c8f51db09eb4fe", kill_on_drop: false }`
[INFO] [stderr]    Compiling actix-utils v3.0.0 (/opt/rustwide/workdir)
[INFO] [stdout] error[E0433]: failed to resolve: use of undeclared crate or module `futures_util`
[INFO] [stdout]    --> src/future/ready.rs:106:9
[INFO] [stdout]     |
[INFO] [stdout] 106 |     use futures_util::task::noop_waker;
[INFO] [stdout]     |         ^^^^^^^^^^^^ use of undeclared crate or module `futures_util`
[INFO] [stdout] 
[INFO] [stdout] 
[INFO] [stdout] error[E0433]: failed to resolve: use of undeclared crate or module `actix_rt`
[INFO] [stdout]   --> src/future/either.rs:83:7
[INFO] [stdout]    |
[INFO] [stdout] 83 |     #[actix_rt::test]
[INFO] [stdout]    |       ^^^^^^^^ use of undeclared crate or module `actix_rt`
[INFO] [stdout] 
[INFO] [stdout] 
[INFO] [stdout] error[E0433]: failed to resolve: use of undeclared crate or module `actix_rt`
[INFO] [stdout]   --> src/future/poll_fn.rs:46:7
[INFO] [stdout]    |
[INFO] [stdout] 46 |     #[actix_rt::test]
[INFO] [stdout]    |       ^^^^^^^^ use of undeclared crate or module `actix_rt`
[INFO] [stdout] 
[INFO] [stdout] 
[INFO] [stdout] error[E0425]: cannot find function `noop_waker` in this scope
[INFO] [stdout]    --> src/future/ready.rs:113:21
[INFO] [stdout]     |
[INFO] [stdout] 113 |         let waker = noop_waker();
[INFO] [stdout]     |                     ^^^^^^^^^^ not found in this scope
[INFO] [stdout] 
[INFO] [stdout] 
[INFO] [stdout] error: aborting due to 4 previous errors
[INFO] [stdout] 
[INFO] [stdout] 
[INFO] [stdout] Some errors have detailed explanations: E0425, E0433.
[INFO] [stdout] 
[INFO] [stdout] For more information about an error, try `rustc --explain E0425`.
[INFO] [stdout] 
[INFO] [stderr] error: could not compile `actix-utils`
[INFO] [stderr] 
[INFO] [stderr] To learn more, run the command again with --verbose.
[INFO] running `Command { std: "docker" "inspect" "e463a8e4438fdeb14928aa964ca3aa1a4e31bc55524832c356c8f51db09eb4fe", kill_on_drop: false }`
[INFO] running `Command { std: "docker" "rm" "-f" "e463a8e4438fdeb14928aa964ca3aa1a4e31bc55524832c356c8f51db09eb4fe", kill_on_drop: false }`
[INFO] [stdout] e463a8e4438fdeb14928aa964ca3aa1a4e31bc55524832c356c8f51db09eb4fe
