[INFO] fetching crate actix-raft 0.4.4...
[INFO] testing actix-raft-0.4.4 against 1.54.0 for beta-1.55-1
[INFO] extracting crate actix-raft 0.4.4 into /workspace/builds/worker-118/source
[INFO] validating manifest of crates.io crate actix-raft 0.4.4 on toolchain 1.54.0
[INFO] running `Command { std: "/workspace/cargo-home/bin/cargo" "+1.54.0" "metadata" "--manifest-path" "Cargo.toml" "--no-deps", kill_on_drop: false }`
[INFO] started tweaking crates.io crate actix-raft 0.4.4
[INFO] finished tweaking crates.io crate actix-raft 0.4.4
[INFO] tweaked toml for crates.io crate actix-raft 0.4.4 written to /workspace/builds/worker-118/source/Cargo.toml
[INFO] running `Command { std: "/workspace/cargo-home/bin/cargo" "+1.54.0" "generate-lockfile" "--manifest-path" "Cargo.toml" "-Zno-index-update", kill_on_drop: false }`
[INFO] running `Command { std: "/workspace/cargo-home/bin/cargo" "+1.54.0" "fetch" "--manifest-path" "Cargo.toml", kill_on_drop: false }`
[INFO] running `Command { std: "docker" "create" "-v" "/var/lib/crater-agent-workspace/builds/worker-118/target:/opt/rustwide/target:rw,Z" "-v" "/var/lib/crater-agent-workspace/builds/worker-118/source:/opt/rustwide/workdir:ro,Z" "-v" "/var/lib/crater-agent-workspace/cargo-home:/opt/rustwide/cargo-home:ro,Z" "-v" "/var/lib/crater-agent-workspace/rustup-home:/opt/rustwide/rustup-home:ro,Z" "-e" "SOURCE_DIR=/opt/rustwide/workdir" "-e" "CARGO_TARGET_DIR=/opt/rustwide/target" "-e" "CARGO_HOME=/opt/rustwide/cargo-home" "-e" "RUSTUP_HOME=/opt/rustwide/rustup-home" "-w" "/opt/rustwide/workdir" "-m" "1610612736" "--user" "0:0" "--network" "none" "ghcr.io/rust-lang/crates-build-env/linux@sha256:34b6a614d2c27851fe6cbf88fbd1137609cefab8b10d0615aaeb6fd47975d74e" "/opt/rustwide/cargo-home/bin/cargo" "+1.54.0" "metadata" "--no-deps" "--format-version=1", kill_on_drop: false }`
[INFO] [stdout] 756598eef823895215ebf67cae8d3bb0a8708a28f84e16d5b443e1ebbd0efc39
[INFO] running `Command { std: "docker" "start" "-a" "756598eef823895215ebf67cae8d3bb0a8708a28f84e16d5b443e1ebbd0efc39", kill_on_drop: false }`
[INFO] running `Command { std: "docker" "inspect" "756598eef823895215ebf67cae8d3bb0a8708a28f84e16d5b443e1ebbd0efc39", kill_on_drop: false }`
[INFO] running `Command { std: "docker" "rm" "-f" "756598eef823895215ebf67cae8d3bb0a8708a28f84e16d5b443e1ebbd0efc39", kill_on_drop: false }`
[INFO] [stdout] 756598eef823895215ebf67cae8d3bb0a8708a28f84e16d5b443e1ebbd0efc39
[INFO] running `Command { std: "docker" "create" "-v" "/var/lib/crater-agent-workspace/builds/worker-118/target:/opt/rustwide/target:rw,Z" "-v" "/var/lib/crater-agent-workspace/builds/worker-118/source:/opt/rustwide/workdir:ro,Z" "-v" "/var/lib/crater-agent-workspace/cargo-home:/opt/rustwide/cargo-home:ro,Z" "-v" "/var/lib/crater-agent-workspace/rustup-home:/opt/rustwide/rustup-home:ro,Z" "-e" "SOURCE_DIR=/opt/rustwide/workdir" "-e" "CARGO_TARGET_DIR=/opt/rustwide/target" "-e" "CARGO_INCREMENTAL=0" "-e" "RUST_BACKTRACE=full" "-e" "RUSTFLAGS=--cap-lints=warn" "-e" "CARGO_HOME=/opt/rustwide/cargo-home" "-e" "RUSTUP_HOME=/opt/rustwide/rustup-home" "-w" "/opt/rustwide/workdir" "-m" "1610612736" "--user" "0:0" "--network" "none" "ghcr.io/rust-lang/crates-build-env/linux@sha256:34b6a614d2c27851fe6cbf88fbd1137609cefab8b10d0615aaeb6fd47975d74e" "/opt/rustwide/cargo-home/bin/cargo" "+1.54.0" "build" "--frozen" "--message-format=json", kill_on_drop: false }`
[INFO] [stdout] 49078943a301bf88fa74ff2c3da135afe86f7174c9c65c0cd181a8020d0ea16d
[INFO] running `Command { std: "docker" "start" "-a" "49078943a301bf88fa74ff2c3da135afe86f7174c9c65c0cd181a8020d0ea16d", kill_on_drop: false }`
[INFO] [stderr]     Blocking waiting for file lock on package cache
[INFO] [stderr]    Compiling libc v0.2.98
[INFO] [stderr]    Compiling syn v1.0.74
[INFO] [stderr]    Compiling semver-parser v0.7.0
[INFO] [stderr]    Compiling version_check v0.9.3
[INFO] [stderr]    Compiling futures v0.1.31
[INFO] [stderr]    Compiling log v0.4.14
[INFO] [stderr]    Compiling autocfg v0.1.7
[INFO] [stderr]    Compiling proc-macro2 v0.4.30
[INFO] [stderr]    Compiling slab v0.4.4
[INFO] [stderr]    Compiling fnv v1.0.7
[INFO] [stderr]    Compiling syn v0.15.44
[INFO] [stderr]    Compiling tinyvec_macros v0.1.0
[INFO] [stderr]    Compiling matches v0.1.8
[INFO] [stderr]    Compiling crunchy v0.2.2
[INFO] [stderr]    Compiling proc-macro-hack v0.5.19
[INFO] [stderr]    Compiling tiny-keccak v2.0.2
[INFO] [stderr]    Compiling getrandom v0.1.16
[INFO] [stderr]    Compiling match_cfg v0.1.0
[INFO] [stderr]    Compiling percent-encoding v1.0.1
[INFO] [stderr]    Compiling percent-encoding v2.1.0
[INFO] [stderr]    Compiling encoding_rs v0.8.28
[INFO] [stderr]    Compiling copyless v0.1.5
[INFO] [stderr]    Compiling httparse v1.4.1
[INFO] [stderr]    Compiling ppv-lite86 v0.2.10
[INFO] [stderr]    Compiling hashbrown v0.11.2
[INFO] [stderr]    Compiling either v1.6.1
[INFO] [stderr]    Compiling language-tags v0.2.2
[INFO] [stderr]    Compiling mime v0.3.16
[INFO] [stderr]    Compiling sha1 v0.6.0
[INFO] [stderr]    Compiling hashbrown v0.3.1
[INFO] [stderr]    Compiling crossbeam-utils v0.7.2
[INFO] [stderr]    Compiling lock_api v0.3.4
[INFO] [stderr]    Compiling rand_jitter v0.1.4
[INFO] [stderr]    Compiling num-traits v0.2.14
[INFO] [stderr]    Compiling indexmap v1.7.0
[INFO] [stderr]    Compiling num-integer v0.1.44
[INFO] [stderr]    Compiling lru-cache v0.1.2
[INFO] [stderr]    Compiling lock_api v0.2.0
[INFO] [stderr]    Compiling base64 v0.10.1
[INFO] [stderr]    Compiling crossbeam-utils v0.6.6
[INFO] [stderr]    Compiling rand_hc v0.1.0
[INFO] [stderr]    Compiling rand_isaac v0.1.1
[INFO] [stderr]    Compiling rand_xorshift v0.1.1
[INFO] [stderr]    Compiling smallvec v0.6.14
[INFO] [stderr]    Compiling tinyvec v1.3.1
[INFO] [stderr]    Compiling semver v0.9.0
[INFO] [stderr]    Compiling value-bag v1.0.0-alpha.7
[INFO] [stderr]    Compiling unicode-bidi v0.3.5
[INFO] [stderr]    Compiling form_urlencoded v1.0.1
[INFO] [stderr]    Compiling rand_chacha v0.1.1
[INFO] [stderr]    Compiling rand_pcg v0.1.2
[INFO] [stderr]    Compiling rand v0.6.5
[INFO] [stderr]    Compiling hashbrown v0.6.3
[INFO] [stderr]    Compiling crossbeam-channel v0.3.9
[INFO] [stderr]    Compiling tokio-sync v0.1.8
[INFO] [stderr]    Compiling actix-service v0.4.2
[INFO] [stderr]    Compiling rustc_version v0.2.3
[INFO] [stderr]    Compiling unicode-normalization v0.1.19
[INFO] [stderr]    Compiling parking_lot_core v0.6.2
[INFO] [stderr]    Compiling parking_lot v0.9.0
[INFO] [stderr]    Compiling parking_lot_core v0.5.0
[INFO] [stderr]    Compiling parking_lot v0.8.0
[INFO] [stderr]    Compiling iovec v0.1.4
[INFO] [stderr]    Compiling num_cpus v1.13.0
[INFO] [stderr]    Compiling net2 v0.2.37
[INFO] [stderr]    Compiling rand_os v0.1.3
[INFO] [stderr]    Compiling getrandom v0.2.3
[INFO] [stderr]    Compiling backtrace v0.3.61
[INFO] [stderr]    Compiling socket2 v0.3.19
[INFO] [stderr]    Compiling hostname v0.3.1
[INFO] [stderr]    Compiling time v0.1.43
[INFO] [stderr]    Compiling quote v0.6.13
[INFO] [stderr]    Compiling bytes v0.4.12
[INFO] [stderr]    Compiling idna v0.1.5
[INFO] [stderr]    Compiling idna v0.2.3
[INFO] [stderr]    Compiling resolv-conf v0.6.3
[INFO] [stderr]    Compiling rand_core v0.5.1
[INFO] [stderr]    Compiling const-random-macro v0.1.13
[INFO] [stderr]    Compiling url v2.2.2
[INFO] [stderr]    Compiling synstructure v0.12.5
[INFO] [stderr]    Compiling url v1.7.2
[INFO] [stderr]    Compiling threadpool v1.8.1
[INFO] [stderr]    Compiling http v0.1.21
[INFO] [stderr]    Compiling string v0.2.1
[INFO] [stderr]    Compiling rand_chacha v0.2.2
[INFO] [stderr]    Compiling tokio-executor v0.1.10
[INFO] [stderr]    Compiling tokio-timer v0.2.13
[INFO] [stderr]    Compiling tokio-current-thread v0.1.7
[INFO] [stderr]    Compiling const-random v0.1.13
[INFO] [stderr]    Compiling ahash v0.2.19
[INFO] [stderr]    Compiling rand v0.7.3
[INFO] [stderr]    Compiling ctor v0.1.20
[INFO] [stderr]    Compiling serde_derive v1.0.127
[INFO] [stderr]    Compiling failure_derive v0.1.8
[INFO] [stderr]    Compiling chrono v0.4.19
[INFO] [stderr]    Compiling failure v0.1.8
[INFO] [stderr]    Compiling tokio-io v0.1.13
[INFO] [stderr]    Compiling mio v0.6.23
[INFO] [stderr]    Compiling tokio-codec v0.1.2
[INFO] [stderr]    Compiling h2 v0.1.26
[INFO] [stderr]    Compiling actix-codec v0.1.2
[INFO] [stderr]    Compiling actix-utils v0.4.7
[INFO] [stderr]    Compiling tokio-reactor v0.1.12
[INFO] [stderr]    Compiling tokio-tcp v0.1.4
[INFO] [stderr]    Compiling tokio-udp v0.1.6
[INFO] [stderr]    Compiling actix-server-config v0.1.2
[INFO] [stderr]    Compiling serde v1.0.127
[INFO] [stderr]    Compiling enum-as-inner v0.2.1
[INFO] [stderr]    Compiling derive_more v0.15.0
[INFO] [stderr]    Compiling actix_derive v0.4.0
[INFO] [stderr]    Compiling derive_more v0.14.1
[INFO] [stderr]    Compiling trust-dns-proto v0.7.4
[INFO] [stderr]    Compiling trust-dns-resolver v0.11.1
[INFO] [stderr]    Compiling serde_json v1.0.66
[INFO] [stderr]    Compiling serde_urlencoded v0.6.1
[INFO] [stderr]    Compiling actix-threadpool v0.1.2
[INFO] [stderr]    Compiling actix-rt v0.2.6
[INFO] [stderr]    Compiling actix-connect v0.2.5
[INFO] [stderr]    Compiling actix-http v0.2.11
[INFO] [stderr]    Compiling actix v0.8.3
[INFO] [stderr]    Compiling actix-raft v0.4.4 (/opt/rustwide/workdir)
[INFO] [stdout] warning: field is never read: `term`
[INFO] [stdout]   --> src/common.rs:66:5
[INFO] [stdout]    |
[INFO] [stdout] 66 |     pub term: u64,
[INFO] [stdout]    |     ^^^^^^^^^^^^^
[INFO] [stdout]    |
[INFO] [stdout]    = note: `#[warn(dead_code)]` on by default
[INFO] [stdout] 
[INFO] [stdout] 
[INFO] [stdout] warning: field is never read: `target`
[INFO] [stdout]    --> src/replication/mod.rs:489:5
[INFO] [stdout]     |
[INFO] [stdout] 489 |     pub target: NodeId,
[INFO] [stdout]     |     ^^^^^^^^^^^^^^^^^^
[INFO] [stdout] 
[INFO] [stdout] 
[INFO] [stdout] warning: field is never read: `target`
[INFO] [stdout]    --> src/replication/mod.rs:501:5
[INFO] [stdout]     |
[INFO] [stdout] 501 |     pub target: NodeId,
[INFO] [stdout]     |     ^^^^^^^^^^^^^^^^^^
[INFO] [stdout] 
[INFO] [stdout] 
[INFO] [stdout] warning: field is never read: `target`
[INFO] [stdout]    --> src/replication/mod.rs:531:5
[INFO] [stdout]     |
[INFO] [stdout] 531 |     pub target: NodeId,
[INFO] [stdout]     |     ^^^^^^^^^^^^^^^^^^
[INFO] [stdout] 
[INFO] [stdout] 
[INFO] [stdout] warning: field is never read: `membership`
[INFO] [stdout]    --> src/replication/mod.rs:550:5
[INFO] [stdout]     |
[INFO] [stdout] 550 |     pub membership: MembershipConfig,
[INFO] [stdout]     |     ^^^^^^^^^^^^^^^^^^^^^^^^^^^^^^^^
[INFO] [stdout] 
[INFO] [stdout] 
[INFO] [stdout] warning: 5 warnings emitted
[INFO] [stdout] 
[INFO] [stdout] 
[INFO] [stderr]     Finished dev [unoptimized + debuginfo] target(s) in 1m 12s
[INFO] running `Command { std: "docker" "inspect" "49078943a301bf88fa74ff2c3da135afe86f7174c9c65c0cd181a8020d0ea16d", kill_on_drop: false }`
[INFO] running `Command { std: "docker" "rm" "-f" "49078943a301bf88fa74ff2c3da135afe86f7174c9c65c0cd181a8020d0ea16d", kill_on_drop: false }`
[INFO] [stdout] 49078943a301bf88fa74ff2c3da135afe86f7174c9c65c0cd181a8020d0ea16d
[INFO] running `Command { std: "docker" "create" "-v" "/var/lib/crater-agent-workspace/builds/worker-118/target:/opt/rustwide/target:rw,Z" "-v" "/var/lib/crater-agent-workspace/builds/worker-118/source:/opt/rustwide/workdir:ro,Z" "-v" "/var/lib/crater-agent-workspace/cargo-home:/opt/rustwide/cargo-home:ro,Z" "-v" "/var/lib/crater-agent-workspace/rustup-home:/opt/rustwide/rustup-home:ro,Z" "-e" "SOURCE_DIR=/opt/rustwide/workdir" "-e" "CARGO_TARGET_DIR=/opt/rustwide/target" "-e" "CARGO_INCREMENTAL=0" "-e" "RUST_BACKTRACE=full" "-e" "RUSTFLAGS=--cap-lints=warn" "-e" "CARGO_HOME=/opt/rustwide/cargo-home" "-e" "RUSTUP_HOME=/opt/rustwide/rustup-home" "-w" "/opt/rustwide/workdir" "-m" "1610612736" "--user" "0:0" "--network" "none" "ghcr.io/rust-lang/crates-build-env/linux@sha256:34b6a614d2c27851fe6cbf88fbd1137609cefab8b10d0615aaeb6fd47975d74e" "/opt/rustwide/cargo-home/bin/cargo" "+1.54.0" "test" "--frozen" "--no-run" "--message-format=json", kill_on_drop: false }`
[INFO] [stdout] 2c0408c241954c713fd0239dfbba2c894a667ba1527aef5b88fa4abafefeb33b
[INFO] running `Command { std: "docker" "start" "-a" "2c0408c241954c713fd0239dfbba2c894a667ba1527aef5b88fa4abafefeb33b", kill_on_drop: false }`
[INFO] [stderr]     Blocking waiting for file lock on package cache
[INFO] [stderr]    Compiling remove_dir_all v0.5.3
[INFO] [stderr]    Compiling atty v0.2.14
[INFO] [stderr]    Compiling rand_core v0.6.3
[INFO] [stderr]    Compiling rmp v0.8.10
[INFO] [stderr]    Compiling async-log-attributes v1.0.1
[INFO] [stdout] warning: field is never read: `term`
[INFO] [stdout]   --> src/common.rs:66:5
[INFO] [stdout]    |
[INFO] [stdout] 66 |     pub term: u64,
[INFO] [stdout]    |     ^^^^^^^^^^^^^
[INFO] [stdout]    |
[INFO] [stdout]    = note: `#[warn(dead_code)]` on by default
[INFO] [stdout] 
[INFO] [stdout] 
[INFO] [stdout] warning: field is never read: `target`
[INFO] [stdout]    --> src/replication/mod.rs:489:5
[INFO] [stdout]     |
[INFO] [stdout] 489 |     pub target: NodeId,
[INFO] [stdout]     |     ^^^^^^^^^^^^^^^^^^
[INFO] [stdout] 
[INFO] [stdout] 
[INFO] [stdout] warning: field is never read: `target`
[INFO] [stdout]    --> src/replication/mod.rs:501:5
[INFO] [stdout]     |
[INFO] [stdout] 501 |     pub target: NodeId,
[INFO] [stdout]     |     ^^^^^^^^^^^^^^^^^^
[INFO] [stdout] 
[INFO] [stdout] 
[INFO] [stdout] warning: field is never read: `target`
[INFO] [stdout]    --> src/replication/mod.rs:531:5
[INFO] [stdout]     |
[INFO] [stdout] 531 |     pub target: NodeId,
[INFO] [stdout]     |     ^^^^^^^^^^^^^^^^^^
[INFO] [stdout] 
[INFO] [stdout] 
[INFO] [stdout] warning: field is never read: `membership`
[INFO] [stdout]    --> src/replication/mod.rs:550:5
[INFO] [stdout]     |
[INFO] [stdout] 550 |     pub membership: MembershipConfig,
[INFO] [stdout]     |     ^^^^^^^^^^^^^^^^^^^^^^^^^^^^^^^^
[INFO] [stdout] 
[INFO] [stdout] 
[INFO] [stdout] warning: 5 warnings emitted
[INFO] [stdout] 
[INFO] [stdout] 
[INFO] [stderr]    Compiling env_logger v0.7.1
[INFO] [stderr]    Compiling rand_chacha v0.3.1
[INFO] [stderr]    Compiling rmp-serde v0.14.4
[INFO] [stderr]    Compiling rand v0.8.4
[INFO] [stderr]    Compiling tempfile v3.2.0
[INFO] [stderr]    Compiling async-log v2.0.0
[INFO] [stderr]    Compiling actix-raft v0.4.4 (/opt/rustwide/workdir)
[INFO] [stdout] warning: panic message is not a string literal
[INFO] [stdout]   --> tests/fixtures/dev.rs:88:39
[INFO] [stdout]    |
[INFO] [stdout] 88 |             .map_err(|_, _, _| panic!(ERR_ROUTING_FAILURE))
[INFO] [stdout]    |                                       ^^^^^^^^^^^^^^^^^^^
[INFO] [stdout]    |
[INFO] [stdout]    = note: `#[warn(non_fmt_panic)]` on by default
[INFO] [stdout]    = note: this is no longer accepted in Rust 2021
[INFO] [stdout] help: add a "{}" format string to Display the message
[INFO] [stdout]    |
[INFO] [stdout] 88 |             .map_err(|_, _, _| panic!("{}", ERR_ROUTING_FAILURE))
[INFO] [stdout]    |                                       ^^^^^
[INFO] [stdout] help: or use std::panic::panic_any instead
[INFO] [stdout]    |
[INFO] [stdout] 88 |             .map_err(|_, _, _| std::panic::panic_any(ERR_ROUTING_FAILURE))
[INFO] [stdout]    |                                ^^^^^^^^^^^^^^^^^^^^^
[INFO] [stdout] 
[INFO] [stdout] 
[INFO] [stdout] warning: panic message is not a string literal
[INFO] [stdout]    --> tests/fixtures/dev.rs:103:39
[INFO] [stdout]     |
[INFO] [stdout] 103 |             .map_err(|_, _, _| panic!(ERR_ROUTING_FAILURE))
[INFO] [stdout]     |                                       ^^^^^^^^^^^^^^^^^^^
[INFO] [stdout]     |
[INFO] [stdout]     = note: this is no longer accepted in Rust 2021
[INFO] [stdout] help: add a "{}" format string to Display the message
[INFO] [stdout]     |
[INFO] [stdout] 103 |             .map_err(|_, _, _| panic!("{}", ERR_ROUTING_FAILURE))
[INFO] [stdout]     |                                       ^^^^^
[INFO] [stdout] help: or use std::panic::panic_any instead
[INFO] [stdout]     |
[INFO] [stdout] 103 |             .map_err(|_, _, _| std::panic::panic_any(ERR_ROUTING_FAILURE))
[INFO] [stdout]     |                                ^^^^^^^^^^^^^^^^^^^^^
[INFO] [stdout] 
[INFO] [stdout] 
[INFO] [stdout] warning: panic message is not a string literal
[INFO] [stdout]    --> tests/fixtures/dev.rs:118:39
[INFO] [stdout]     |
[INFO] [stdout] 118 |             .map_err(|_, _, _| panic!(ERR_ROUTING_FAILURE))
[INFO] [stdout]     |                                       ^^^^^^^^^^^^^^^^^^^
[INFO] [stdout]     |
[INFO] [stdout]     = note: this is no longer accepted in Rust 2021
[INFO] [stdout] help: add a "{}" format string to Display the message
[INFO] [stdout]     |
[INFO] [stdout] 118 |             .map_err(|_, _, _| panic!("{}", ERR_ROUTING_FAILURE))
[INFO] [stdout]     |                                       ^^^^^
[INFO] [stdout] help: or use std::panic::panic_any instead
[INFO] [stdout]     |
[INFO] [stdout] 118 |             .map_err(|_, _, _| std::panic::panic_any(ERR_ROUTING_FAILURE))
[INFO] [stdout]     |                                ^^^^^^^^^^^^^^^^^^^^^
[INFO] [stdout] 
[INFO] [stdout] 
[INFO] [stdout] warning: panic message is not a string literal
[INFO] [stdout]   --> tests/clustering.rs:77:93
[INFO] [stdout]    |
[INFO] [stdout] 77 |         ctx.spawn(fut::wrap_future(rx0).map_err(|err, _: &mut RaftTestController, _| panic!(err))
[INFO] [stdout]    |                                                                                             ^^^
[INFO] [stdout]    |
[INFO] [stdout]    = note: this is no longer accepted in Rust 2021
[INFO] [stdout] help: add a "{}" format string to Display the message
[INFO] [stdout]    |
[INFO] [stdout] 77 |         ctx.spawn(fut::wrap_future(rx0).map_err(|err, _: &mut RaftTestController, _| panic!("{}", err))
[INFO] [stdout]    |                                                                                             ^^^^^
[INFO] [stdout] help: or use std::panic::panic_any instead
[INFO] [stdout]    |
[INFO] [stdout] 77 |         ctx.spawn(fut::wrap_future(rx0).map_err(|err, _: &mut RaftTestController, _| std::panic::panic_any(err))
[INFO] [stdout]    |                                                                                      ^^^^^^^^^^^^^^^^^^^^^
[INFO] [stdout] 
[INFO] [stdout] 
[INFO] [stdout] warning: panic message is not a string literal
[INFO] [stdout]    --> tests/clustering.rs:110:93
[INFO] [stdout]     |
[INFO] [stdout] 110 |         ctx.spawn(fut::wrap_future(rx1).map_err(|err, _: &mut RaftTestController, _| panic!(err))
[INFO] [stdout]     |                                                                                             ^^^
[INFO] [stdout]     |
[INFO] [stdout]     = note: this is no longer accepted in Rust 2021
[INFO] [stdout] help: add a "{}" format string to Display the message
[INFO] [stdout]     |
[INFO] [stdout] 110 |         ctx.spawn(fut::wrap_future(rx1).map_err(|err, _: &mut RaftTestController, _| panic!("{}", err))
[INFO] [stdout]     |                                                                                             ^^^^^
[INFO] [stdout] help: or use std::panic::panic_any instead
[INFO] [stdout]     |
[INFO] [stdout] 110 |         ctx.spawn(fut::wrap_future(rx1).map_err(|err, _: &mut RaftTestController, _| std::panic::panic_any(err))
[INFO] [stdout]     |                                                                                      ^^^^^^^^^^^^^^^^^^^^^
[INFO] [stdout] 
[INFO] [stdout] 
[INFO] [stdout] warning: panic message is not a string literal
[INFO] [stdout]   --> tests/fixtures/dev.rs:88:39
[INFO] [stdout]    |
[INFO] [stdout] 88 |             .map_err(|_, _, _| panic!(ERR_ROUTING_FAILURE))
[INFO] [stdout]    |                                       ^^^^^^^^^^^^^^^^^^^
[INFO] [stdout]    |
[INFO] [stdout]    = note: `#[warn(non_fmt_panic)]` on by default
[INFO] [stdout]    = note: this is no longer accepted in Rust 2021
[INFO] [stdout] help: add a "{}" format string to Display the message
[INFO] [stdout]    |
[INFO] [stdout] 88 |             .map_err(|_, _, _| panic!("{}", ERR_ROUTING_FAILURE))
[INFO] [stdout]    |                                       ^^^^^
[INFO] [stdout] help: or use std::panic::panic_any instead
[INFO] [stdout]    |
[INFO] [stdout] 88 |             .map_err(|_, _, _| std::panic::panic_any(ERR_ROUTING_FAILURE))
[INFO] [stdout]    |                                ^^^^^^^^^^^^^^^^^^^^^
[INFO] [stdout] 
[INFO] [stdout] 
[INFO] [stdout] warning: panic message is not a string literal
[INFO] [stdout]    --> tests/fixtures/dev.rs:103:39
[INFO] [stdout]     |
[INFO] [stdout] 103 |             .map_err(|_, _, _| panic!(ERR_ROUTING_FAILURE))
[INFO] [stdout]     |                                       ^^^^^^^^^^^^^^^^^^^
[INFO] [stdout]     |
[INFO] [stdout]     = note: this is no longer accepted in Rust 2021
[INFO] [stdout] help: add a "{}" format string to Display the message
[INFO] [stdout]     |
[INFO] [stdout] 103 |             .map_err(|_, _, _| panic!("{}", ERR_ROUTING_FAILURE))
[INFO] [stdout]     |                                       ^^^^^
[INFO] [stdout] help: or use std::panic::panic_any instead
[INFO] [stdout]     |
[INFO] [stdout] 103 |             .map_err(|_, _, _| std::panic::panic_any(ERR_ROUTING_FAILURE))
[INFO] [stdout]     |                                ^^^^^^^^^^^^^^^^^^^^^
[INFO] [stdout] 
[INFO] [stdout] 
[INFO] [stdout] warning: panic message is not a string literal
[INFO] [stdout]    --> tests/fixtures/dev.rs:118:39
[INFO] [stdout]     |
[INFO] [stdout] 118 |             .map_err(|_, _, _| panic!(ERR_ROUTING_FAILURE))
[INFO] [stdout]     |                                       ^^^^^^^^^^^^^^^^^^^
[INFO] [stdout]     |
[INFO] [stdout]     = note: this is no longer accepted in Rust 2021
[INFO] [stdout] help: add a "{}" format string to Display the message
[INFO] [stdout]     |
[INFO] [stdout] 118 |             .map_err(|_, _, _| panic!("{}", ERR_ROUTING_FAILURE))
[INFO] [stdout]     |                                       ^^^^^
[INFO] [stdout] help: or use std::panic::panic_any instead
[INFO] [stdout]     |
[INFO] [stdout] 118 |             .map_err(|_, _, _| std::panic::panic_any(ERR_ROUTING_FAILURE))
[INFO] [stdout]     |                                ^^^^^^^^^^^^^^^^^^^^^
[INFO] [stdout] 
[INFO] [stdout] 
[INFO] [stdout] warning: panic message is not a string literal
[INFO] [stdout]   --> tests/singlenode.rs:53:66
[INFO] [stdout]    |
[INFO] [stdout] 53 |             .map_err(|err, _: &mut RaftTestController, _| panic!(err)).and_then(|res, _, _| fut::result(res))
[INFO] [stdout]    |                                                                  ^^^
[INFO] [stdout]    |
[INFO] [stdout]    = note: this is no longer accepted in Rust 2021
[INFO] [stdout] help: add a "{}" format string to Display the message
[INFO] [stdout]    |
[INFO] [stdout] 53 |             .map_err(|err, _: &mut RaftTestController, _| panic!("{}", err)).and_then(|res, _, _| fut::result(res))
[INFO] [stdout]    |                                                                  ^^^^^
[INFO] [stdout] help: or use std::panic::panic_any instead
[INFO] [stdout]    |
[INFO] [stdout] 53 |             .map_err(|err, _: &mut RaftTestController, _| std::panic::panic_any(err)).and_then(|res, _, _| fut::result(res))
[INFO] [stdout]    |                                                           ^^^^^^^^^^^^^^^^^^^^^
[INFO] [stdout] 
[INFO] [stdout] 
[INFO] [stdout] warning: panic message is not a string literal
[INFO] [stdout]   --> tests/singlenode.rs:59:43
[INFO] [stdout]    |
[INFO] [stdout] 59 |                     .map_err(|err| panic!(err))
[INFO] [stdout]    |                                           ^^^
[INFO] [stdout]    |
[INFO] [stdout]    = note: this is no longer accepted in Rust 2021
[INFO] [stdout] help: add a "{}" format string to Display the message
[INFO] [stdout]    |
[INFO] [stdout] 59 |                     .map_err(|err| panic!("{}", err))
[INFO] [stdout]    |                                           ^^^^^
[INFO] [stdout] help: or use std::panic::panic_any instead
[INFO] [stdout]    |
[INFO] [stdout] 59 |                     .map_err(|err| std::panic::panic_any(err))
[INFO] [stdout]    |                                    ^^^^^^^^^^^^^^^^^^^^^
[INFO] [stdout] 
[INFO] [stdout] 
[INFO] [stdout] warning: panic message is not a string literal
[INFO] [stdout]   --> tests/singlenode.rs:61:43
[INFO] [stdout]    |
[INFO] [stdout] 61 |                     .map_err(|err| panic!(err));
[INFO] [stdout]    |                                           ^^^
[INFO] [stdout]    |
[INFO] [stdout]    = note: this is no longer accepted in Rust 2021
[INFO] [stdout] help: add a "{}" format string to Display the message
[INFO] [stdout]    |
[INFO] [stdout] 61 |                     .map_err(|err| panic!("{}", err));
[INFO] [stdout]    |                                           ^^^^^
[INFO] [stdout] help: or use std::panic::panic_any instead
[INFO] [stdout]    |
[INFO] [stdout] 61 |                     .map_err(|err| std::panic::panic_any(err));
[INFO] [stdout]    |                                    ^^^^^^^^^^^^^^^^^^^^^
[INFO] [stdout] 
[INFO] [stdout] 
[INFO] [stdout] warning: panic message is not a string literal
[INFO] [stdout]   --> tests/singlenode.rs:85:45
[INFO] [stdout]    |
[INFO] [stdout] 85 |                 .map_err(|err, _, _| panic!(err)).and_then(|res, _, _| fut::result(res))
[INFO] [stdout]    |                                             ^^^
[INFO] [stdout]    |
[INFO] [stdout]    = note: this is no longer accepted in Rust 2021
[INFO] [stdout] help: add a "{}" format string to Display the message
[INFO] [stdout]    |
[INFO] [stdout] 85 |                 .map_err(|err, _, _| panic!("{}", err)).and_then(|res, _, _| fut::result(res))
[INFO] [stdout]    |                                             ^^^^^
[INFO] [stdout] help: or use std::panic::panic_any instead
[INFO] [stdout]    |
[INFO] [stdout] 85 |                 .map_err(|err, _, _| std::panic::panic_any(err)).and_then(|res, _, _| fut::result(res))
[INFO] [stdout]    |                                      ^^^^^^^^^^^^^^^^^^^^^
[INFO] [stdout] 
[INFO] [stdout] 
[INFO] [stdout] warning: panic message is not a string literal
[INFO] [stdout]   --> tests/fixtures/dev.rs:88:39
[INFO] [stdout]    |
[INFO] [stdout] 88 |             .map_err(|_, _, _| panic!(ERR_ROUTING_FAILURE))
[INFO] [stdout]    |                                       ^^^^^^^^^^^^^^^^^^^
[INFO] [stdout]    |
[INFO] [stdout]    = note: `#[warn(non_fmt_panic)]` on by default
[INFO] [stdout]    = note: this is no longer accepted in Rust 2021
[INFO] [stdout] help: add a "{}" format string to Display the message
[INFO] [stdout]    |
[INFO] [stdout] 88 |             .map_err(|_, _, _| panic!("{}", ERR_ROUTING_FAILURE))
[INFO] [stdout]    |                                       ^^^^^
[INFO] [stdout] help: or use std::panic::panic_any instead
[INFO] [stdout]    |
[INFO] [stdout] 88 |             .map_err(|_, _, _| std::panic::panic_any(ERR_ROUTING_FAILURE))
[INFO] [stdout]    |                                ^^^^^^^^^^^^^^^^^^^^^
[INFO] [stdout] 
[INFO] [stdout] 
[INFO] [stdout] warning: panic message is not a string literal
[INFO] [stdout]    --> tests/fixtures/dev.rs:103:39
[INFO] [stdout]     |
[INFO] [stdout] 103 |             .map_err(|_, _, _| panic!(ERR_ROUTING_FAILURE))
[INFO] [stdout]     |                                       ^^^^^^^^^^^^^^^^^^^
[INFO] [stdout]     |
[INFO] [stdout]     = note: this is no longer accepted in Rust 2021
[INFO] [stdout] help: add a "{}" format string to Display the message
[INFO] [stdout]     |
[INFO] [stdout] 103 |             .map_err(|_, _, _| panic!("{}", ERR_ROUTING_FAILURE))
[INFO] [stdout]     |                                       ^^^^^
[INFO] [stdout] help: or use std::panic::panic_any instead
[INFO] [stdout]     |
[INFO] [stdout] 103 |             .map_err(|_, _, _| std::panic::panic_any(ERR_ROUTING_FAILURE))
[INFO] [stdout]     |                                ^^^^^^^^^^^^^^^^^^^^^
[INFO] [stdout] 
[INFO] [stdout] 
[INFO] [stdout] warning: panic message is not a string literal
[INFO] [stdout]    --> tests/fixtures/dev.rs:118:39
[INFO] [stdout]     |
[INFO] [stdout] 118 |             .map_err(|_, _, _| panic!(ERR_ROUTING_FAILURE))
[INFO] [stdout]     |                                       ^^^^^^^^^^^^^^^^^^^
[INFO] [stdout]     |
[INFO] [stdout]     = note: this is no longer accepted in Rust 2021
[INFO] [stdout] help: add a "{}" format string to Display the message
[INFO] [stdout]     |
[INFO] [stdout] 118 |             .map_err(|_, _, _| panic!("{}", ERR_ROUTING_FAILURE))
[INFO] [stdout]     |                                       ^^^^^
[INFO] [stdout] help: or use std::panic::panic_any instead
[INFO] [stdout]     |
[INFO] [stdout] 118 |             .map_err(|_, _, _| std::panic::panic_any(ERR_ROUTING_FAILURE))
[INFO] [stdout]     |                                ^^^^^^^^^^^^^^^^^^^^^
[INFO] [stdout] 
[INFO] [stdout] 
[INFO] [stdout] warning: panic message is not a string literal
[INFO] [stdout]   --> tests/initialization.rs:58:66
[INFO] [stdout]    |
[INFO] [stdout] 58 |             .map_err(|err, _: &mut RaftTestController, _| panic!(err)).and_then(|res, _, _| fut::result(res))
[INFO] [stdout]    |                                                                  ^^^
[INFO] [stdout]    |
[INFO] [stdout]    = note: this is no longer accepted in Rust 2021
[INFO] [stdout] help: add a "{}" format string to Display the message
[INFO] [stdout]    |
[INFO] [stdout] 58 |             .map_err(|err, _: &mut RaftTestController, _| panic!("{}", err)).and_then(|res, _, _| fut::result(res))
[INFO] [stdout]    |                                                                  ^^^^^
[INFO] [stdout] help: or use std::panic::panic_any instead
[INFO] [stdout]    |
[INFO] [stdout] 58 |             .map_err(|err, _: &mut RaftTestController, _| std::panic::panic_any(err)).and_then(|res, _, _| fut::result(res))
[INFO] [stdout]    |                                                           ^^^^^^^^^^^^^^^^^^^^^
[INFO] [stdout] 
[INFO] [stdout] 
[INFO] [stdout] warning: panic message is not a string literal
[INFO] [stdout]   --> tests/initialization.rs:64:84
[INFO] [stdout]    |
[INFO] [stdout] 64 |                     .send(InitWithConfig::new(vec![0, 1, 2])).map_err(|err| panic!(err)).and_then(|res| res)));
[INFO] [stdout]    |                                                                                    ^^^
[INFO] [stdout]    |
[INFO] [stdout]    = note: this is no longer accepted in Rust 2021
[INFO] [stdout] help: add a "{}" format string to Display the message
[INFO] [stdout]    |
[INFO] [stdout] 64 |                     .send(InitWithConfig::new(vec![0, 1, 2])).map_err(|err| panic!("{}", err)).and_then(|res| res)));
[INFO] [stdout]    |                                                                                    ^^^^^
[INFO] [stdout] help: or use std::panic::panic_any instead
[INFO] [stdout]    |
[INFO] [stdout] 64 |                     .send(InitWithConfig::new(vec![0, 1, 2])).map_err(|err| std::panic::panic_any(err)).and_then(|res| res)));
[INFO] [stdout]    |                                                                             ^^^^^^^^^^^^^^^^^^^^^
[INFO] [stdout] 
[INFO] [stdout] 
[INFO] [stdout] warning: panic message is not a string literal
[INFO] [stdout]   --> tests/initialization.rs:66:84
[INFO] [stdout]    |
[INFO] [stdout] 66 |                     .send(InitWithConfig::new(vec![0, 1, 2])).map_err(|err| panic!(err)).and_then(|res| res)));
[INFO] [stdout]    |                                                                                    ^^^
[INFO] [stdout]    |
[INFO] [stdout]    = note: this is no longer accepted in Rust 2021
[INFO] [stdout] help: add a "{}" format string to Display the message
[INFO] [stdout]    |
[INFO] [stdout] 66 |                     .send(InitWithConfig::new(vec![0, 1, 2])).map_err(|err| panic!("{}", err)).and_then(|res| res)));
[INFO] [stdout]    |                                                                                    ^^^^^
[INFO] [stdout] help: or use std::panic::panic_any instead
[INFO] [stdout]    |
[INFO] [stdout] 66 |                     .send(InitWithConfig::new(vec![0, 1, 2])).map_err(|err| std::panic::panic_any(err)).and_then(|res| res)));
[INFO] [stdout]    |                                                                             ^^^^^^^^^^^^^^^^^^^^^
[INFO] [stdout] 
[INFO] [stdout] 
[INFO] [stdout] warning: panic message is not a string literal
[INFO] [stdout]   --> tests/initialization.rs:68:84
[INFO] [stdout]    |
[INFO] [stdout] 68 |                     .send(InitWithConfig::new(vec![0, 1, 2])).map_err(|err| panic!(err)).and_then(|res| res)));
[INFO] [stdout]    |                                                                                    ^^^
[INFO] [stdout]    |
[INFO] [stdout]    = note: this is no longer accepted in Rust 2021
[INFO] [stdout] help: add a "{}" format string to Display the message
[INFO] [stdout]    |
[INFO] [stdout] 68 |                     .send(InitWithConfig::new(vec![0, 1, 2])).map_err(|err| panic!("{}", err)).and_then(|res| res)));
[INFO] [stdout]    |                                                                                    ^^^^^
[INFO] [stdout] help: or use std::panic::panic_any instead
[INFO] [stdout]    |
[INFO] [stdout] 68 |                     .send(InitWithConfig::new(vec![0, 1, 2])).map_err(|err| std::panic::panic_any(err)).and_then(|res| res)));
[INFO] [stdout]    |                                                                             ^^^^^^^^^^^^^^^^^^^^^
[INFO] [stdout] 
[INFO] [stdout] 
[INFO] [stdout] warning: panic message is not a string literal
[INFO] [stdout]   --> tests/initialization.rs:70:77
[INFO] [stdout]    |
[INFO] [stdout] 70 |                 fut::wrap_future(join_all(cmds)).map_err(|err, _, _| panic!(err))
[INFO] [stdout]    |                                                                             ^^^
[INFO] [stdout]    |
[INFO] [stdout]    = note: this is no longer accepted in Rust 2021
[INFO] [stdout] help: add a "{}" format string to Display the message
[INFO] [stdout]    |
[INFO] [stdout] 70 |                 fut::wrap_future(join_all(cmds)).map_err(|err, _, _| panic!("{}", err))
[INFO] [stdout]    |                                                                             ^^^^^
[INFO] [stdout] help: or use std::panic::panic_any instead
[INFO] [stdout]    |
[INFO] [stdout] 70 |                 fut::wrap_future(join_all(cmds)).map_err(|err, _, _| std::panic::panic_any(err))
[INFO] [stdout]    |                                                                      ^^^^^^^^^^^^^^^^^^^^^
[INFO] [stdout] 
[INFO] [stdout] 
[INFO] [stdout] warning: panic message is not a string literal
[INFO] [stdout]   --> tests/initialization.rs:93:45
[INFO] [stdout]    |
[INFO] [stdout] 93 |                 .map_err(|err, _, _| panic!(err)).and_then(|res, _, _| fut::result(res))
[INFO] [stdout]    |                                             ^^^
[INFO] [stdout]    |
[INFO] [stdout]    = note: this is no longer accepted in Rust 2021
[INFO] [stdout] help: add a "{}" format string to Display the message
[INFO] [stdout]    |
[INFO] [stdout] 93 |                 .map_err(|err, _, _| panic!("{}", err)).and_then(|res, _, _| fut::result(res))
[INFO] [stdout]    |                                             ^^^^^
[INFO] [stdout] help: or use std::panic::panic_any instead
[INFO] [stdout]    |
[INFO] [stdout] 93 |                 .map_err(|err, _, _| std::panic::panic_any(err)).and_then(|res, _, _| fut::result(res))
[INFO] [stdout]    |                                      ^^^^^^^^^^^^^^^^^^^^^
[INFO] [stdout] 
[INFO] [stdout] 
[INFO] [stdout] warning: panic message is not a string literal
[INFO] [stdout]   --> tests/fixtures/dev.rs:88:39
[INFO] [stdout]    |
[INFO] [stdout] 88 |             .map_err(|_, _, _| panic!(ERR_ROUTING_FAILURE))
[INFO] [stdout]    |                                       ^^^^^^^^^^^^^^^^^^^
[INFO] [stdout]    |
[INFO] [stdout]    = note: `#[warn(non_fmt_panic)]` on by default
[INFO] [stdout]    = note: this is no longer accepted in Rust 2021
[INFO] [stdout] help: add a "{}" format string to Display the message
[INFO] [stdout]    |
[INFO] [stdout] 88 |             .map_err(|_, _, _| panic!("{}", ERR_ROUTING_FAILURE))
[INFO] [stdout]    |                                       ^^^^^
[INFO] [stdout] help: or use std::panic::panic_any instead
[INFO] [stdout]    |
[INFO] [stdout] 88 |             .map_err(|_, _, _| std::panic::panic_any(ERR_ROUTING_FAILURE))
[INFO] [stdout]    |                                ^^^^^^^^^^^^^^^^^^^^^
[INFO] [stdout] 
[INFO] [stdout] 
[INFO] [stdout] warning: panic message is not a string literal
[INFO] [stdout]    --> tests/fixtures/dev.rs:103:39
[INFO] [stdout]     |
[INFO] [stdout] 103 |             .map_err(|_, _, _| panic!(ERR_ROUTING_FAILURE))
[INFO] [stdout]     |                                       ^^^^^^^^^^^^^^^^^^^
[INFO] [stdout]     |
[INFO] [stdout]     = note: this is no longer accepted in Rust 2021
[INFO] [stdout] help: add a "{}" format string to Display the message
[INFO] [stdout]     |
[INFO] [stdout] 103 |             .map_err(|_, _, _| panic!("{}", ERR_ROUTING_FAILURE))
[INFO] [stdout]     |                                       ^^^^^
[INFO] [stdout] help: or use std::panic::panic_any instead
[INFO] [stdout]     |
[INFO] [stdout] 103 |             .map_err(|_, _, _| std::panic::panic_any(ERR_ROUTING_FAILURE))
[INFO] [stdout]     |                                ^^^^^^^^^^^^^^^^^^^^^
[INFO] [stdout] 
[INFO] [stdout] 
[INFO] [stdout] warning: panic message is not a string literal
[INFO] [stdout]    --> tests/fixtures/dev.rs:118:39
[INFO] [stdout]     |
[INFO] [stdout] 118 |             .map_err(|_, _, _| panic!(ERR_ROUTING_FAILURE))
[INFO] [stdout]     |                                       ^^^^^^^^^^^^^^^^^^^
[INFO] [stdout]     |
[INFO] [stdout]     = note: this is no longer accepted in Rust 2021
[INFO] [stdout] help: add a "{}" format string to Display the message
[INFO] [stdout]     |
[INFO] [stdout] 118 |             .map_err(|_, _, _| panic!("{}", ERR_ROUTING_FAILURE))
[INFO] [stdout]     |                                       ^^^^^
[INFO] [stdout] help: or use std::panic::panic_any instead
[INFO] [stdout]     |
[INFO] [stdout] 118 |             .map_err(|_, _, _| std::panic::panic_any(ERR_ROUTING_FAILURE))
[INFO] [stdout]     |                                ^^^^^^^^^^^^^^^^^^^^^
[INFO] [stdout] 
[INFO] [stdout] 
[INFO] [stdout] warning: panic message is not a string literal
[INFO] [stdout]   --> tests/dynamic_membership.rs:89:49
[INFO] [stdout]    |
[INFO] [stdout] 89 |                     .map_err(|err, _, _| panic!(err))
[INFO] [stdout]    |                                                 ^^^
[INFO] [stdout]    |
[INFO] [stdout]    = note: this is no longer accepted in Rust 2021
[INFO] [stdout] help: add a "{}" format string to Display the message
[INFO] [stdout]    |
[INFO] [stdout] 89 |                     .map_err(|err, _, _| panic!("{}", err))
[INFO] [stdout]    |                                                 ^^^^^
[INFO] [stdout] help: or use std::panic::panic_any instead
[INFO] [stdout]    |
[INFO] [stdout] 89 |                     .map_err(|err, _, _| std::panic::panic_any(err))
[INFO] [stdout]    |                                          ^^^^^^^^^^^^^^^^^^^^^
[INFO] [stdout] 
[INFO] [stdout] 
[INFO] [stdout] warning: panic message is not a string literal
[INFO] [stdout]   --> tests/fixtures/dev.rs:88:39
[INFO] [stdout]    |
[INFO] [stdout] 88 |             .map_err(|_, _, _| panic!(ERR_ROUTING_FAILURE))
[INFO] [stdout]    |                                       ^^^^^^^^^^^^^^^^^^^
[INFO] [stdout]    |
[INFO] [stdout]    = note: `#[warn(non_fmt_panic)]` on by default
[INFO] [stdout]    = note: this is no longer accepted in Rust 2021
[INFO] [stdout] help: add a "{}" format string to Display the message
[INFO] [stdout]    |
[INFO] [stdout] 88 |             .map_err(|_, _, _| panic!("{}", ERR_ROUTING_FAILURE))
[INFO] [stdout]    |                                       ^^^^^
[INFO] [stdout] help: or use std::panic::panic_any instead
[INFO] [stdout]    |
[INFO] [stdout] 88 |             .map_err(|_, _, _| std::panic::panic_any(ERR_ROUTING_FAILURE))
[INFO] [stdout]    |                                ^^^^^^^^^^^^^^^^^^^^^
[INFO] [stdout] 
[INFO] [stdout] 
[INFO] [stdout] warning: panic message is not a string literal
[INFO] [stdout]   --> tests/fixtures/dev.rs:88:39
[INFO] [stdout]    |
[INFO] [stdout] 88 |             .map_err(|_, _, _| panic!(ERR_ROUTING_FAILURE))
[INFO] [stdout]    |                                       ^^^^^^^^^^^^^^^^^^^
[INFO] [stdout]    |
[INFO] [stdout]    = note: `#[warn(non_fmt_panic)]` on by default
[INFO] [stdout]    = note: this is no longer accepted in Rust 2021
[INFO] [stdout] help: add a "{}" format string to Display the message
[INFO] [stdout]    |
[INFO] [stdout] 88 |             .map_err(|_, _, _| panic!("{}", ERR_ROUTING_FAILURE))
[INFO] [stdout]    |                                       ^^^^^
[INFO] [stdout] help: or use std::panic::panic_any instead
[INFO] [stdout]    |
[INFO] [stdout] 88 |             .map_err(|_, _, _| std::panic::panic_any(ERR_ROUTING_FAILURE))
[INFO] [stdout]    |                                ^^^^^^^^^^^^^^^^^^^^^
[INFO] [stdout] 
[INFO] [stdout] 
[INFO] [stdout] warning: panic message is not a string literal
[INFO] [stdout]    --> tests/fixtures/dev.rs:103:39
[INFO] [stdout]     |
[INFO] [stdout] 103 |             .map_err(|_, _, _| panic!(ERR_ROUTING_FAILURE))
[INFO] [stdout]     |                                       ^^^^^^^^^^^^^^^^^^^
[INFO] [stdout]     |
[INFO] [stdout]     = note: this is no longer accepted in Rust 2021
[INFO] [stdout] help: add a "{}" format string to Display the message
[INFO] [stdout]     |
[INFO] [stdout] 103 |             .map_err(|_, _, _| panic!("{}", ERR_ROUTING_FAILURE))
[INFO] [stdout]     |                                       ^^^^^
[INFO] [stdout] help: or use std::panic::panic_any instead
[INFO] [stdout]     |
[INFO] [stdout] 103 |             .map_err(|_, _, _| std::panic::panic_any(ERR_ROUTING_FAILURE))
[INFO] [stdout]     |                                ^^^^^^^^^^^^^^^^^^^^^
[INFO] [stdout] 
[INFO] [stdout] 
[INFO] [stdout] warning: panic message is not a string literal
[INFO] [stdout]    --> tests/fixtures/dev.rs:118:39
[INFO] [stdout]     |
[INFO] [stdout] 118 |             .map_err(|_, _, _| panic!(ERR_ROUTING_FAILURE))
[INFO] [stdout]     |                                       ^^^^^^^^^^^^^^^^^^^
[INFO] [stdout]     |
[INFO] [stdout]     = note: this is no longer accepted in Rust 2021
[INFO] [stdout] help: add a "{}" format string to Display the message
[INFO] [stdout]     |
[INFO] [stdout] 118 |             .map_err(|_, _, _| panic!("{}", ERR_ROUTING_FAILURE))
[INFO] [stdout]     |                                       ^^^^^
[INFO] [stdout] help: or use std::panic::panic_any instead
[INFO] [stdout]     |
[INFO] [stdout] 118 |             .map_err(|_, _, _| std::panic::panic_any(ERR_ROUTING_FAILURE))
[INFO] [stdout]     |                                ^^^^^^^^^^^^^^^^^^^^^
[INFO] [stdout] 
[INFO] [stdout] 
[INFO] [stdout] warning: panic message is not a string literal
[INFO] [stdout]   --> tests/snapshotting.rs:89:118
[INFO] [stdout]    |
[INFO] [stdout] 89 |                 fut::wrap_future(storage0.send(GetCurrentState)).map_err(|err, _: &mut RaftTestController, _| panic!(err))
[INFO] [stdout]    |                                                                                                                      ^^^
[INFO] [stdout]    |
[INFO] [stdout]    = note: this is no longer accepted in Rust 2021
[INFO] [stdout] help: add a "{}" format string to Display the message
[INFO] [stdout]    |
[INFO] [stdout] 89 |                 fut::wrap_future(storage0.send(GetCurrentState)).map_err(|err, _: &mut RaftTestController, _| panic!("{}", err))
[INFO] [stdout]    |                                                                                                                      ^^^^^
[INFO] [stdout] help: or use std::panic::panic_any instead
[INFO] [stdout]    |
[INFO] [stdout] 89 |                 fut::wrap_future(storage0.send(GetCurrentState)).map_err(|err, _: &mut RaftTestController, _| std::panic::panic_any(err))
[INFO] [stdout]    |                                                                                                               ^^^^^^^^^^^^^^^^^^^^^
[INFO] [stdout] 
[INFO] [stdout] 
[INFO] [stdout] warning: panic message is not a string literal
[INFO] [stdout]   --> tests/snapshotting.rs:91:101
[INFO] [stdout]    |
[INFO] [stdout] 91 |                         fut::wrap_future(storage1.send(GetCurrentState)).map_err(|err, _, _| panic!(err))
[INFO] [stdout]    |                                                                                                     ^^^
[INFO] [stdout]    |
[INFO] [stdout]    = note: this is no longer accepted in Rust 2021
[INFO] [stdout] help: add a "{}" format string to Display the message
[INFO] [stdout]    |
[INFO] [stdout] 91 |                         fut::wrap_future(storage1.send(GetCurrentState)).map_err(|err, _, _| panic!("{}", err))
[INFO] [stdout]    |                                                                                                     ^^^^^
[INFO] [stdout] help: or use std::panic::panic_any instead
[INFO] [stdout]    |
[INFO] [stdout] 91 |                         fut::wrap_future(storage1.send(GetCurrentState)).map_err(|err, _, _| std::panic::panic_any(err))
[INFO] [stdout]    |                                                                                              ^^^^^^^^^^^^^^^^^^^^^
[INFO] [stdout] 
[INFO] [stdout] 
[INFO] [stdout] warning: panic message is not a string literal
[INFO] [stdout]   --> tests/snapshotting.rs:93:109
[INFO] [stdout]    |
[INFO] [stdout] 93 | ...                   fut::wrap_future(storage2.send(GetCurrentState)).map_err(|err, _, _| panic!(err))
[INFO] [stdout]    |                                                                                                   ^^^
[INFO] [stdout]    |
[INFO] [stdout]    = note: this is no longer accepted in Rust 2021
[INFO] [stdout] help: add a "{}" format string to Display the message
[INFO] [stdout]    |
[INFO] [stdout] 93 |                                 fut::wrap_future(storage2.send(GetCurrentState)).map_err(|err, _, _| panic!("{}", err))
[INFO] [stdout]    |                                                                                                             ^^^^^
[INFO] [stdout] help: or use std::panic::panic_any instead
[INFO] [stdout]    |
[INFO] [stdout] 93 |                                 fut::wrap_future(storage2.send(GetCurrentState)).map_err(|err, _, _| std::panic::panic_any(err))
[INFO] [stdout]    |                                                                                                      ^^^^^^^^^^^^^^^^^^^^^
[INFO] [stdout] 
[INFO] [stdout] 
[INFO] [stdout] warning: panic message is not a string literal
[INFO] [stdout]    --> tests/fixtures/dev.rs:103:39
[INFO] [stdout]     |
[INFO] [stdout] 103 |             .map_err(|_, _, _| panic!(ERR_ROUTING_FAILURE))
[INFO] [stdout]     |                                       ^^^^^^^^^^^^^^^^^^^
[INFO] [stdout]     |
[INFO] [stdout]     = note: this is no longer accepted in Rust 2021
[INFO] [stdout] help: add a "{}" format string to Display the message
[INFO] [stdout]     |
[INFO] [stdout] 103 |             .map_err(|_, _, _| panic!("{}", ERR_ROUTING_FAILURE))
[INFO] [stdout]     |                                       ^^^^^
[INFO] [stdout] help: or use std::panic::panic_any instead
[INFO] [stdout]     |
[INFO] [stdout] 103 |             .map_err(|_, _, _| std::panic::panic_any(ERR_ROUTING_FAILURE))
[INFO] [stdout]     |                                ^^^^^^^^^^^^^^^^^^^^^
[INFO] [stdout] 
[INFO] [stdout] 
[INFO] [stdout] warning: panic message is not a string literal
[INFO] [stdout]    --> tests/fixtures/dev.rs:118:39
[INFO] [stdout]     |
[INFO] [stdout] 118 |             .map_err(|_, _, _| panic!(ERR_ROUTING_FAILURE))
[INFO] [stdout]     |                                       ^^^^^^^^^^^^^^^^^^^
[INFO] [stdout]     |
[INFO] [stdout]     = note: this is no longer accepted in Rust 2021
[INFO] [stdout] help: add a "{}" format string to Display the message
[INFO] [stdout]     |
[INFO] [stdout] 118 |             .map_err(|_, _, _| panic!("{}", ERR_ROUTING_FAILURE))
[INFO] [stdout]     |                                       ^^^^^
[INFO] [stdout] help: or use std::panic::panic_any instead
[INFO] [stdout]     |
[INFO] [stdout] 118 |             .map_err(|_, _, _| std::panic::panic_any(ERR_ROUTING_FAILURE))
[INFO] [stdout]     |                                ^^^^^^^^^^^^^^^^^^^^^
[INFO] [stdout] 
[INFO] [stdout] 
[INFO] [stdout] warning: panic message is not a string literal
[INFO] [stdout]    --> tests/client_writes.rs:110:118
[INFO] [stdout]     |
[INFO] [stdout] 110 |                 fut::wrap_future(storage0.send(GetCurrentState)).map_err(|err, _: &mut RaftTestController, _| panic!(err))
[INFO] [stdout]     |                                                                                                                      ^^^
[INFO] [stdout]     |
[INFO] [stdout]     = note: this is no longer accepted in Rust 2021
[INFO] [stdout] help: add a "{}" format string to Display the message
[INFO] [stdout]     |
[INFO] [stdout] 110 |                 fut::wrap_future(storage0.send(GetCurrentState)).map_err(|err, _: &mut RaftTestController, _| panic!("{}", err))
[INFO] [stdout]     |                                                                                                                      ^^^^^
[INFO] [stdout] help: or use std::panic::panic_any instead
[INFO] [stdout]     |
[INFO] [stdout] 110 |                 fut::wrap_future(storage0.send(GetCurrentState)).map_err(|err, _: &mut RaftTestController, _| std::panic::panic_any(err))
[INFO] [stdout]     |                                                                                                               ^^^^^^^^^^^^^^^^^^^^^
[INFO] [stdout] 
[INFO] [stdout] 
[INFO] [stdout] warning: field is never read: `term`
[INFO] [stdout]   --> src/common.rs:66:5
[INFO] [stdout]    |
[INFO] [stdout] 66 |     pub term: u64,
[INFO] [stdout]    |     ^^^^^^^^^^^^^
[INFO] [stdout]    |
[INFO] [stdout]    = note: `#[warn(dead_code)]` on by default
[INFO] [stdout] 
[INFO] [stdout] 
[INFO] [stdout] warning: panic message is not a string literal
[INFO] [stdout]    --> tests/client_writes.rs:112:101
[INFO] [stdout]     |
[INFO] [stdout] 112 |                         fut::wrap_future(storage1.send(GetCurrentState)).map_err(|err, _, _| panic!(err))
[INFO] [stdout]     |                                                                                                     ^^^
[INFO] [stdout]     |
[INFO] [stdout]     = note: this is no longer accepted in Rust 2021
[INFO] [stdout] help: add a "{}" format string to Display the message
[INFO] [stdout]     |
[INFO] [stdout] 112 |                         fut::wrap_future(storage1.send(GetCurrentState)).map_err(|err, _, _| panic!("{}", err))
[INFO] [stdout]     |                                                                                                     ^^^^^
[INFO] [stdout] help: or use std::panic::panic_any instead
[INFO] [stdout]     |
[INFO] [stdout] 112 |                         fut::wrap_future(storage1.send(GetCurrentState)).map_err(|err, _, _| std::panic::panic_any(err))
[INFO] [stdout]     |                                                                                              ^^^^^^^^^^^^^^^^^^^^^
[INFO] [stdout] 
[INFO] [stdout] 
[INFO] [stdout] warning: panic message is not a string literal
[INFO] [stdout]    --> tests/client_writes.rs:114:109
[INFO] [stdout]     |
[INFO] [stdout] 114 | ...                   fut::wrap_future(storage2.send(GetCurrentState)).map_err(|err, _, _| panic!(err))
[INFO] [stdout]     |                                                                                                   ^^^
[INFO] [stdout]     |
[INFO] [stdout]     = note: this is no longer accepted in Rust 2021
[INFO] [stdout] help: add a "{}" format string to Display the message
[INFO] [stdout]     |
[INFO] [stdout] 114 |                                 fut::wrap_future(storage2.send(GetCurrentState)).map_err(|err, _, _| panic!("{}", err))
[INFO] [stdout]     |                                                                                                             ^^^^^
[INFO] [stdout] help: or use std::panic::panic_any instead
[INFO] [stdout]     |
[INFO] [stdout] 114 |                                 fut::wrap_future(storage2.send(GetCurrentState)).map_err(|err, _, _| std::panic::panic_any(err))
[INFO] [stdout]     |                                                                                                      ^^^^^^^^^^^^^^^^^^^^^
[INFO] [stdout] 
[INFO] [stdout] 
[INFO] [stdout] warning: field is never read: `target`
[INFO] [stdout]    --> src/replication/mod.rs:489:5
[INFO] [stdout]     |
[INFO] [stdout] 489 |     pub target: NodeId,
[INFO] [stdout]     |     ^^^^^^^^^^^^^^^^^^
[INFO] [stdout] 
[INFO] [stdout] 
[INFO] [stdout] warning: field is never read: `target`
[INFO] [stdout]    --> src/replication/mod.rs:501:5
[INFO] [stdout]     |
[INFO] [stdout] 501 |     pub target: NodeId,
[INFO] [stdout]     |     ^^^^^^^^^^^^^^^^^^
[INFO] [stdout] 
[INFO] [stdout] 
[INFO] [stdout] warning: field is never read: `target`
[INFO] [stdout]    --> src/replication/mod.rs:531:5
[INFO] [stdout]     |
[INFO] [stdout] 531 |     pub target: NodeId,
[INFO] [stdout]     |     ^^^^^^^^^^^^^^^^^^
[INFO] [stdout] 
[INFO] [stdout] 
[INFO] [stdout] warning: field is never read: `membership`
[INFO] [stdout]    --> src/replication/mod.rs:550:5
[INFO] [stdout]     |
[INFO] [stdout] 550 |     pub membership: MembershipConfig,
[INFO] [stdout]     |     ^^^^^^^^^^^^^^^^^^^^^^^^^^^^^^^^
[INFO] [stdout] 
[INFO] [stdout] 
[INFO] [stderr] error: could not compile `actix-raft`
[INFO] [stderr] 
[INFO] [stderr] Caused by:
[INFO] [stderr]   process didn't exit successfully: `rustc --crate-name singlenode --edition=2018 tests/singlenode.rs --error-format=json --json=diagnostic-rendered-ansi --emit=dep-info,link -C embed-bitcode=no -C debuginfo=2 --test -C metadata=b77a2415dff1d82b -C extra-filename=-b77a2415dff1d82b --out-dir /opt/rustwide/target/debug/deps -L dependency=/opt/rustwide/target/debug/deps --extern actix=/opt/rustwide/target/debug/deps/libactix-0163557b96f67df1.rlib --extern actix_raft=/opt/rustwide/target/debug/deps/libactix_raft-8b5b8fa05a4ef5b5.rlib --extern async_log=/opt/rustwide/target/debug/deps/libasync_log-9c8ac2d2b44dd2c4.rlib --extern bytes=/opt/rustwide/target/debug/deps/libbytes-0137c9d23d6fe682.rlib --extern env_logger=/opt/rustwide/target/debug/deps/libenv_logger-651b11346264de58.rlib --extern futures=/opt/rustwide/target/debug/deps/libfutures-f092d5027b43482b.rlib --extern log=/opt/rustwide/target/debug/deps/liblog-01d06485aefeda43.rlib --extern rand=/opt/rustwide/target/debug/deps/librand-1157397f727ae655.rlib --extern rmp=/opt/rustwide/target/debug/deps/librmp-290cd54fe39aa0ca.rlib --extern rmp_serde=/opt/rustwide/target/debug/deps/librmp_serde-1d01eeb0db48874f.rlib --extern serde=/opt/rustwide/target/debug/deps/libserde-751e4ec962046436.rlib --extern tempfile=/opt/rustwide/target/debug/deps/libtempfile-b1ba193b8270213c.rlib --extern tokio_timer=/opt/rustwide/target/debug/deps/libtokio_timer-8ee622724ff21755.rlib --cap-lints=warn` (signal: 9, SIGKILL: kill)
[INFO] [stderr] warning: build failed, waiting for other jobs to finish...
[INFO] [stdout] error: linking with `cc` failed: exit status: 1
[INFO] [stdout]   |
[INFO] [stdout]   = note: "cc" "-m64" "/opt/rustwide/target/debug/deps/initialization-fec96b472d6f6342.initialization.ccegjcid-cgu.0.rcgu.o" "/opt/rustwide/target/debug/deps/initialization-fec96b472d6f6342.initialization.ccegjcid-cgu.1.rcgu.o" "/opt/rustwide/target/debug/deps/initialization-fec96b472d6f6342.initialization.ccegjcid-cgu.10.rcgu.o" "/opt/rustwide/target/debug/deps/initialization-fec96b472d6f6342.initialization.ccegjcid-cgu.11.rcgu.o" "/opt/rustwide/target/debug/deps/initialization-fec96b472d6f6342.initialization.ccegjcid-cgu.12.rcgu.o" "/opt/rustwide/target/debug/deps/initialization-fec96b472d6f6342.initialization.ccegjcid-cgu.13.rcgu.o" "/opt/rustwide/target/debug/deps/initialization-fec96b472d6f6342.initialization.ccegjcid-cgu.14.rcgu.o" "/opt/rustwide/target/debug/deps/initialization-fec96b472d6f6342.initialization.ccegjcid-cgu.15.rcgu.o" "/opt/rustwide/target/debug/deps/initialization-fec96b472d6f6342.initialization.ccegjcid-cgu.2.rcgu.o" "/opt/rustwide/target/debug/deps/initialization-fec96b472d6f6342.initialization.ccegjcid-cgu.3.rcgu.o" "/opt/rustwide/target/debug/deps/initialization-fec96b472d6f6342.initialization.ccegjcid-cgu.4.rcgu.o" "/opt/rustwide/target/debug/deps/initialization-fec96b472d6f6342.initialization.ccegjcid-cgu.5.rcgu.o" "/opt/rustwide/target/debug/deps/initialization-fec96b472d6f6342.initialization.ccegjcid-cgu.6.rcgu.o" "/opt/rustwide/target/debug/deps/initialization-fec96b472d6f6342.initialization.ccegjcid-cgu.7.rcgu.o" "/opt/rustwide/target/debug/deps/initialization-fec96b472d6f6342.initialization.ccegjcid-cgu.8.rcgu.o" "/opt/rustwide/target/debug/deps/initialization-fec96b472d6f6342.initialization.ccegjcid-cgu.9.rcgu.o" "/opt/rustwide/target/debug/deps/initialization-fec96b472d6f6342.23selgr0gk9m08sv.rcgu.o" "-Wl,--as-needed" "-L" "/opt/rustwide/target/debug/deps" "-L" "/opt/rustwide/rustup-home/toolchains/1.54.0-x86_64-unknown-linux-gnu/lib/rustlib/x86_64-unknown-linux-gnu/lib" "-Wl,-Bstatic" "/opt/rustwide/rustup-home/toolchains/1.54.0-x86_64-unknown-linux-gnu/lib/rustlib/x86_64-unknown-linux-gnu/lib/libtest-3599c5491d44663f.rlib" "/opt/rustwide/rustup-home/toolchains/1.54.0-x86_64-unknown-linux-gnu/lib/rustlib/x86_64-unknown-linux-gnu/lib/libterm-1d56ea45a67842c8.rlib" "/opt/rustwide/rustup-home/toolchains/1.54.0-x86_64-unknown-linux-gnu/lib/rustlib/x86_64-unknown-linux-gnu/lib/libgetopts-9749f7c936ebf9a7.rlib" "/opt/rustwide/rustup-home/toolchains/1.54.0-x86_64-unknown-linux-gnu/lib/rustlib/x86_64-unknown-linux-gnu/lib/libunicode_width-627a220173eefff1.rlib" "/opt/rustwide/rustup-home/toolchains/1.54.0-x86_64-unknown-linux-gnu/lib/rustlib/x86_64-unknown-linux-gnu/lib/librustc_std_workspace_std-16ed15e5bfe21b9b.rlib" "/opt/rustwide/target/debug/deps/libtempfile-b1ba193b8270213c.rlib" "/opt/rustwide/target/debug/deps/librand-74301874aaf5185e.rlib" "/opt/rustwide/target/debug/deps/librand_chacha-87e62a806917b41c.rlib" "/opt/rustwide/target/debug/deps/librand_core-b3b39675b91ef527.rlib" "/opt/rustwide/target/debug/deps/libgetrandom-bc90e4212f62c8a8.rlib" "/opt/rustwide/target/debug/deps/libremove_dir_all-80ef6726c25ad48c.rlib" "/opt/rustwide/target/debug/deps/libenv_logger-651b11346264de58.rlib" "/opt/rustwide/target/debug/deps/libtermcolor-01d11b91b4e31953.rlib" "/opt/rustwide/target/debug/deps/libatty-fd591b3abcb9bfd9.rlib" "/opt/rustwide/target/debug/deps/libhumantime-0c5f2594fbfc0e6a.rlib" "/opt/rustwide/target/debug/deps/libasync_log-9c8ac2d2b44dd2c4.rlib" "/opt/rustwide/target/debug/deps/librmp_serde-1d01eeb0db48874f.rlib" "/opt/rustwide/target/debug/deps/librmp-290cd54fe39aa0ca.rlib" "/opt/rustwide/target/debug/deps/libactix_raft-8b5b8fa05a4ef5b5.rlib" "/opt/rustwide/target/debug/deps/libactix-0163557b96f67df1.rlib" "/opt/rustwide/target/debug/deps/libactix_http-d730d37f4c07e84d.rlib" "/opt/rustwide/target/debug/deps/libsha1-2489abe97bc3c064.rlib" "/opt/rustwide/target/debug/deps/libbase64-f88f2e0650c11f5d.rlib" "/opt/rustwide/target/debug/deps/librand-7a49e87ee2d0b7c4.rlib" "/opt/rustwide/target/debug/deps/librand_chacha-e82e8facda003d5e.rlib" "/opt/rustwide/target/debug/deps/libppv_lite86-545d86392ea1d8e4.rlib" "/opt/rustwide/target/debug/deps/librand_core-082277c9ab3cfc56.rlib" "/opt/rustwide/target/debug/deps/libgetrandom-aaf1f4587a3aef21.rlib" "/opt/rustwide/target/debug/deps/libserde_urlencoded-025d442a4fac1e6d.rlib" "/opt/rustwide/target/debug/deps/liburl-98505fcfc663a9d7.rlib" "/opt/rustwide/target/debug/deps/libidna-144743a1c87fc8e9.rlib" "/opt/rustwide/target/debug/deps/libform_urlencoded-64c48050f569228e.rlib" "/opt/rustwide/target/debug/deps/libdtoa-52b57fd4907803fb.rlib" "/opt/rustwide/target/debug/deps/libhttparse-1c870db38feb2e5b.rlib" "/opt/rustwide/target/debug/deps/libchrono-c4c46acc0b33db35.rlib" "/opt/rustwide/target/debug/deps/libnum_integer-9e9d7b02f7e8aaa1.rlib" "/opt/rustwide/target/debug/deps/libnum_traits-d2f26dc32356e531.rlib" "/opt/rustwide/target/debug/deps/libserde_json-610d2647ed5f06e3.rlib" "/opt/rustwide/target/debug/deps/libryu-059aa1fbb24cd15e.rlib" "/opt/rustwide/target/debug/deps/libserde-751e4ec962046436.rlib" "/opt/rustwide/target/debug/deps/libencoding_rs-51e21ce37bda7a9c.rlib" "/opt/rustwide/target/debug/deps/libregex-61169e0bd48871d5.rlib" "/opt/rustwide/target/debug/deps/libaho_corasick-daea6be397b1cb2b.rlib" "/opt/rustwide/target/debug/deps/libregex_syntax-b672c9191f2c7225.rlib" "/opt/rustwide/target/debug/deps/liblanguage_tags-13641c9fc2b3d6b6.rlib" "/opt/rustwide/target/debug/deps/libpercent_encoding-549c334c22432c49.rlib" "/opt/rustwide/target/debug/deps/libmime-12522ef5c2462da9.rlib" "/opt/rustwide/target/debug/deps/libtime-be70fef4bf2e1284.rlib" "/opt/rustwide/target/debug/deps/libhashbrown-8ad68c736cc7d66a.rlib" "/opt/rustwide/target/debug/deps/libahash-59bb8fea94fd1bfb.rlib" "/opt/rustwide/target/debug/deps/libconst_random-6555169128033c86.rlib" "/opt/rustwide/target/debug/deps/libactix_utils-8269bda580e07a6f.rlib" "/opt/rustwide/target/debug/deps/libactix_connect-a53710b4e5dc7487.rlib" "/opt/rustwide/target/debug/deps/libeither-a4aed9cad0e06bb2.rlib" "/opt/rustwide/target/debug/deps/libh2-d6b132f975f66aa6.rlib" "/opt/rustwide/target/debug/deps/libindexmap-d8d3c76f0f3a39a5.rlib" "/opt/rustwide/target/debug/deps/libhashbrown-8c5395ff9e9a0462.rlib" "/opt/rustwide/target/debug/deps/libstring-e7cc5297b9810a52.rlib" "/opt/rustwide/target/debug/deps/libhttp-2bc2b2d87398f598.rlib" "/opt/rustwide/target/debug/deps/libitoa-9ccdb0b3e3d11258.rlib" "/opt/rustwide/target/debug/deps/libactix_service-a8e9cbc79ef18a3f.rlib" "/opt/rustwide/target/debug/deps/libactix_server_config-284598cb9eb323bb.rlib" "/opt/rustwide/target/debug/deps/libactix_codec-f3dfb0aea79304a9.rlib" "/opt/rustwide/target/debug/deps/libcrossbeam_channel-9aef2b18605ecaf0.rlib" "/opt/rustwide/target/debug/deps/libcrossbeam_utils-adf7a4f7c988d894.rlib" "/opt/rustwide/target/debug/deps/libhashbrown-3cb89e0b3ec6d33b.rlib" "/opt/rustwide/target/debug/deps/libtrust_dns_resolver-4a12fbcebaed9254.rlib" "/opt/rustwide/target/debug/deps/libtrust_dns_proto-ec70dbdaff2c9afc.rlib" "/opt/rustwide/target/debug/deps/liburl-47aefb44fed5dea9.rlib" "/opt/rustwide/target/debug/deps/libpercent_encoding-94f4b792093520e3.rlib" "/opt/rustwide/target/debug/deps/libtokio_udp-fc3614dbb6ca45e6.rlib" "/opt/rustwide/target/debug/deps/libtokio_codec-b38b3bd7064d64eb.rlib" "/opt/rustwide/target/debug/deps/libsocket2-0c3b28c80dea28ae.rlib" "/opt/rustwide/target/debug/deps/libidna-a8692bb1b8c0f011.rlib" "/opt/rustwide/target/debug/deps/libunicode_normalization-f88ccced2be4bc93.rlib" "/opt/rustwide/target/debug/deps/libtinyvec-b0b99c866aca13aa.rlib" "/opt/rustwide/target/debug/deps/libtinyvec_macros-f6b5563d3767ea26.rlib" "/opt/rustwide/target/debug/deps/libunicode_bidi-cd5d16f1476c6336.rlib" "/opt/rustwide/target/debug/deps/libmatches-5bfcef5685786a07.rlib" "/opt/rustwide/target/debug/deps/libresolv_conf-e3dd225fb5e99dbe.rlib" "/opt/rustwide/target/debug/deps/libhostname-6ae99a3ce4af13d3.rlib" "/opt/rustwide/target/debug/deps/libmatch_cfg-49e90a56af9c6c10.rlib" "/opt/rustwide/target/debug/deps/libquick_error-ed708074fa1e3146.rlib" "/opt/rustwide/target/debug/deps/liblru_cache-a178f574cd5f43aa.rlib" "/opt/rustwide/target/debug/deps/liblinked_hash_map-d7738624b447d230.rlib" "/opt/rustwide/target/debug/deps/libfailure-2e31d87cf4d9e6df.rlib" "/opt/rustwide/target/debug/deps/libbacktrace-b800ffda32dbb923.rlib" "/opt/rustwide/target/debug/deps/libminiz_oxide-6d1f5d22fe94ee7f.rlib" "/opt/rustwide/target/debug/deps/libadler-21b6e26b0dda2395.rlib" "/opt/rustwide/target/debug/deps/libobject-027d94000fbfc693.rlib" "/opt/rustwide/target/debug/deps/libmemchr-1f0d97dc9aa3dd56.rlib" "/opt/rustwide/target/debug/deps/libaddr2line-a0888bec23d11c8b.rlib" "/opt/rustwide/target/debug/deps/libgimli-bbd8ab25c1d8d237.rlib" "/opt/rustwide/target/debug/deps/librustc_demangle-aabcf204434227f1.rlib" "/opt/rustwide/target/debug/deps/libtokio_tcp-cf9e23b75184f776.rlib" "/opt/rustwide/target/debug/deps/libparking_lot-18d814b208f384f7.rlib" "/opt/rustwide/target/debug/deps/libparking_lot_core-ac3927406b70569a.rlib" "/opt/rustwide/target/debug/deps/librand-1157397f727ae655.rlib" "/opt/rustwide/target/debug/deps/librand_xorshift-1b1159265b7ea552.rlib" "/opt/rustwide/target/debug/deps/librand_pcg-17ff6a566d93295e.rlib" "/opt/rustwide/target/debug/deps/librand_hc-7f6d4d4fbf0f1f03.rlib" "/opt/rustwide/target/debug/deps/librand_chacha-1c46fb839c131f1e.rlib" "/opt/rustwide/target/debug/deps/librand_isaac-e7e43fc1773729b6.rlib" "/opt/rustwide/target/debug/deps/librand_core-46bc130fb04fd44b.rlib" "/opt/rustwide/target/debug/deps/librand_os-e1b870282b46272b.rlib" "/opt/rustwide/target/debug/deps/librand_jitter-d8ba8cbd680b44c7.rlib" "/opt/rustwide/target/debug/deps/librand_core-8195e4f9653f651a.rlib" "/opt/rustwide/target/debug/deps/liblock_api-49376bdf97c3493f.rlib" "/opt/rustwide/target/debug/deps/libbitflags-f89ae4b715176e2d.rlib" "/opt/rustwide/target/debug/deps/libactix_rt-450b5ee52ff35567.rlib" "/opt/rustwide/target/debug/deps/libactix_threadpool-ca9d239f06707eae.rlib" "/opt/rustwide/target/debug/deps/libthreadpool-198790af70673da5.rlib" "/opt/rustwide/target/debug/deps/libtokio_timer-8ee622724ff21755.rlib" "/opt/rustwide/target/debug/deps/libtokio_reactor-a8601d22e8b73a20.rlib" "/opt/rustwide/target/debug/deps/libtokio_sync-873283cd1545521f.rlib" "/opt/rustwide/target/debug/deps/libfnv-56e05e18a5751d51.rlib" "/opt/rustwide/target/debug/deps/libtokio_io-05d683c935e3a059.rlib" "/opt/rustwide/target/debug/deps/libbytes-0137c9d23d6fe682.rlib" "/opt/rustwide/target/debug/deps/libbyteorder-0c03c404070d92e6.rlib" "/opt/rustwide/target/debug/deps/libparking_lot-919b3075798b55a7.rlib" "/opt/rustwide/target/debug/deps/libparking_lot_core-e9fddb1ce1eba2d1.rlib" "/opt/rustwide/target/debug/deps/libsmallvec-c92cc3a0e61359a8.rlib" "/opt/rustwide/target/debug/deps/libmaybe_uninit-17ac005437abed86.rlib" "/opt/rustwide/target/debug/deps/liblock_api-dc263642307a5f06.rlib" "/opt/rustwide/target/debug/deps/libscopeguard-7a1710762e6687e9.rlib" "/opt/rustwide/target/debug/deps/libnum_cpus-6df632f11f9627c8.rlib" "/opt/rustwide/target/debug/deps/libmio-8776577db8222d00.rlib" "/opt/rustwide/target/debug/deps/libslab-f0931e7482d64922.rlib" "/opt/rustwide/target/debug/deps/libiovec-a7a612086921a75b.rlib" "/opt/rustwide/target/debug/deps/libnet2-61d1992153070206.rlib" "/opt/rustwide/target/debug/deps/liblibc-3d1d2a7a9ea42ed0.rlib" "/opt/rustwide/target/debug/deps/liblog-01d06485aefeda43.rlib" "/opt/rustwide/target/debug/deps/libvalue_bag-a48227e213cb4d90.rlib" "/opt/rustwide/target/debug/deps/libcfg_if-38c8a3e888ecb06a.rlib" "/opt/rustwide/target/debug/deps/libcopyless-30a91b6253a6f8a7.rlib" "/opt/rustwide/target/debug/deps/libtokio_current_thread-14e0debf7b2f10b2.rlib" "/opt/rustwide/target/debug/deps/libtokio_executor-3e51ec2dcd145e04.rlib" "/opt/rustwide/target/debug/deps/libcrossbeam_utils-b76e7ff1d6357fef.rlib" "/opt/rustwide/target/debug/deps/liblazy_static-5c53d641eb010a81.rlib" "/opt/rustwide/target/debug/deps/libcfg_if-e7a28af79b261e75.rlib" "/opt/rustwide/target/debug/deps/libfutures-f092d5027b43482b.rlib" "-Wl,--start-group" "/opt/rustwide/rustup-home/toolchains/1.54.0-x86_64-unknown-linux-gnu/lib/rustlib/x86_64-unknown-linux-gnu/lib/libstd-2420485b9e5ef5e1.rlib" "/opt/rustwide/rustup-home/toolchains/1.54.0-x86_64-unknown-linux-gnu/lib/rustlib/x86_64-unknown-linux-gnu/lib/libpanic_unwind-785e3cb61c4b1960.rlib" "/opt/rustwide/rustup-home/toolchains/1.54.0-x86_64-unknown-linux-gnu/lib/rustlib/x86_64-unknown-linux-gnu/lib/libminiz_oxide-087191a88bdaa22d.rlib" "/opt/rustwide/rustup-home/toolchains/1.54.0-x86_64-unknown-linux-gnu/lib/rustlib/x86_64-unknown-linux-gnu/lib/libadler-9981842c02975178.rlib" "/opt/rustwide/rustup-home/toolchains/1.54.0-x86_64-unknown-linux-gnu/lib/rustlib/x86_64-unknown-linux-gnu/lib/libobject-6fb405869b015fde.rlib" "/opt/rustwide/rustup-home/toolchains/1.54.0-x86_64-unknown-linux-gnu/lib/rustlib/x86_64-unknown-linux-gnu/lib/libaddr2line-d05c5c3c56004b7b.rlib" "/opt/rustwide/rustup-home/toolchains/1.54.0-x86_64-unknown-linux-gnu/lib/rustlib/x86_64-unknown-linux-gnu/lib/libgimli-42d74d2097528b38.rlib" "/opt/rustwide/rustup-home/toolchains/1.54.0-x86_64-unknown-linux-gnu/lib/rustlib/x86_64-unknown-linux-gnu/lib/libstd_detect-fb36534c113d2209.rlib" "/opt/rustwide/rustup-home/toolchains/1.54.0-x86_64-unknown-linux-gnu/lib/rustlib/x86_64-unknown-linux-gnu/lib/librustc_demangle-b56b9042c12b6535.rlib" "/opt/rustwide/rustup-home/toolchains/1.54.0-x86_64-unknown-linux-gnu/lib/rustlib/x86_64-unknown-linux-gnu/lib/libhashbrown-491902d6cb3e76df.rlib" "/opt/rustwide/rustup-home/toolchains/1.54.0-x86_64-unknown-linux-gnu/lib/rustlib/x86_64-unknown-linux-gnu/lib/librustc_std_workspace_alloc-61834e0981b8c367.rlib" "/opt/rustwide/rustup-home/toolchains/1.54.0-x86_64-unknown-linux-gnu/lib/rustlib/x86_64-unknown-linux-gnu/lib/libunwind-f78aa99d613a55bc.rlib" "/opt/rustwide/rustup-home/toolchains/1.54.0-x86_64-unknown-linux-gnu/lib/rustlib/x86_64-unknown-linux-gnu/lib/libcfg_if-53ee54cd7fed2c57.rlib" "/opt/rustwide/rustup-home/toolchains/1.54.0-x86_64-unknown-linux-gnu/lib/rustlib/x86_64-unknown-linux-gnu/lib/liblibc-544ecdbd6cda3c58.rlib" "/opt/rustwide/rustup-home/toolchains/1.54.0-x86_64-unknown-linux-gnu/lib/rustlib/x86_64-unknown-linux-gnu/lib/liballoc-379cc252b6943a79.rlib" "/opt/rustwide/rustup-home/toolchains/1.54.0-x86_64-unknown-linux-gnu/lib/rustlib/x86_64-unknown-linux-gnu/lib/librustc_std_workspace_core-8063eea38dcc5e62.rlib" "/opt/rustwide/rustup-home/toolchains/1.54.0-x86_64-unknown-linux-gnu/lib/rustlib/x86_64-unknown-linux-gnu/lib/libcore-5b228734afae15ee.rlib" "-Wl,--end-group" "/opt/rustwide/rustup-home/toolchains/1.54.0-x86_64-unknown-linux-gnu/lib/rustlib/x86_64-unknown-linux-gnu/lib/libcompiler_builtins-d6c7a399d95d173f.rlib" "-Wl,-Bdynamic" "-lgcc_s" "-lutil" "-lrt" "-lpthread" "-lm" "-ldl" "-lc" "-Wl,--eh-frame-hdr" "-Wl,-znoexecstack" "-L" "/opt/rustwide/rustup-home/toolchains/1.54.0-x86_64-unknown-linux-gnu/lib/rustlib/x86_64-unknown-linux-gnu/lib" "-o" "/opt/rustwide/target/debug/deps/initialization-fec96b472d6f6342" "-Wl,--gc-sections" "-pie" "-Wl,-zrelro" "-Wl,-znow" "-nodefaultlibs"
[INFO] [stdout]   = note: collect2: fatal error: ld terminated with signal 9 [Killed]
[INFO] [stdout]           compilation terminated.
[INFO] [stdout]           
[INFO] [stdout] 
[INFO] [stdout] 
[INFO] [stdout] error: aborting due to previous error; 9 warnings emitted
[INFO] [stdout] 
[INFO] [stdout] 
[INFO] [stdout] warning: 5 warnings emitted
[INFO] [stdout] 
[INFO] [stdout] 
[INFO] [stdout] warning: 6 warnings emitted
[INFO] [stdout] 
[INFO] [stdout] 
[INFO] [stderr] error: build failed
[INFO] running `Command { std: "docker" "inspect" "2c0408c241954c713fd0239dfbba2c894a667ba1527aef5b88fa4abafefeb33b", kill_on_drop: false }`
[INFO] running `Command { std: "docker" "rm" "-f" "2c0408c241954c713fd0239dfbba2c894a667ba1527aef5b88fa4abafefeb33b", kill_on_drop: false }`
[INFO] [stdout] 2c0408c241954c713fd0239dfbba2c894a667ba1527aef5b88fa4abafefeb33b
