[INFO] fetching crate acari-lib 0.1.12...
[INFO] testing acari-lib-0.1.12 against beta-2021-08-01 for beta-1.55-1
[INFO] extracting crate acari-lib 0.1.12 into /workspace/builds/worker-28/source
[INFO] validating manifest of crates.io crate acari-lib 0.1.12 on toolchain beta-2021-08-01
[INFO] running `Command { std: "/workspace/cargo-home/bin/cargo" "+beta-2021-08-01" "metadata" "--manifest-path" "Cargo.toml" "--no-deps", kill_on_drop: false }`
[INFO] started tweaking crates.io crate acari-lib 0.1.12
[INFO] finished tweaking crates.io crate acari-lib 0.1.12
[INFO] tweaked toml for crates.io crate acari-lib 0.1.12 written to /workspace/builds/worker-28/source/Cargo.toml
[INFO] running `Command { std: "/workspace/cargo-home/bin/cargo" "+beta-2021-08-01" "generate-lockfile" "--manifest-path" "Cargo.toml" "-Zno-index-update", kill_on_drop: false }`
[INFO] running `Command { std: "/workspace/cargo-home/bin/cargo" "+beta-2021-08-01" "fetch" "--manifest-path" "Cargo.toml", kill_on_drop: false }`
[INFO] [stderr]     Blocking waiting for file lock on package cache
[INFO] [stderr]     Blocking waiting for file lock on package cache
[INFO] [stderr]  Downloading crates ...
[INFO] [stderr]   Downloaded tree_magic_mini v2.0.0
[INFO] [stderr]   Downloaded rand_regex v0.15.1
[INFO] [stderr]   Downloaded onig v6.2.0
[INFO] [stderr]   Downloaded lenient_semver_parser v0.3.0
[INFO] [stderr]   Downloaded sxd-document v0.3.2
[INFO] [stderr]   Downloaded indextree v4.3.1
[INFO] [stderr]   Downloaded onig_sys v69.7.0
[INFO] [stderr]   Downloaded lenient_semver v0.3.0
[INFO] [stderr]   Downloaded pact_models v0.0.3
[INFO] [stderr]   Downloaded pact_consumer v0.7.6
[INFO] [stderr]   Downloaded pact_mock_server v0.7.19
[INFO] [stderr]   Downloaded pact_matching v0.9.2
[INFO] running `Command { std: "docker" "create" "-v" "/var/lib/crater-agent-workspace/builds/worker-28/target:/opt/rustwide/target:rw,Z" "-v" "/var/lib/crater-agent-workspace/builds/worker-28/source:/opt/rustwide/workdir:ro,Z" "-v" "/var/lib/crater-agent-workspace/cargo-home:/opt/rustwide/cargo-home:ro,Z" "-v" "/var/lib/crater-agent-workspace/rustup-home:/opt/rustwide/rustup-home:ro,Z" "-e" "SOURCE_DIR=/opt/rustwide/workdir" "-e" "CARGO_TARGET_DIR=/opt/rustwide/target" "-e" "CARGO_HOME=/opt/rustwide/cargo-home" "-e" "RUSTUP_HOME=/opt/rustwide/rustup-home" "-w" "/opt/rustwide/workdir" "-m" "1610612736" "--user" "0:0" "--network" "none" "ghcr.io/rust-lang/crates-build-env/linux@sha256:34b6a614d2c27851fe6cbf88fbd1137609cefab8b10d0615aaeb6fd47975d74e" "/opt/rustwide/cargo-home/bin/cargo" "+beta-2021-08-01" "metadata" "--no-deps" "--format-version=1", kill_on_drop: false }`
[INFO] [stdout] 6b0bbd11890f1f13800561ccb074ddbc554f74dcf9dc55e6cf8171536ef815b9
[INFO] running `Command { std: "docker" "start" "-a" "6b0bbd11890f1f13800561ccb074ddbc554f74dcf9dc55e6cf8171536ef815b9", kill_on_drop: false }`
[INFO] running `Command { std: "docker" "inspect" "6b0bbd11890f1f13800561ccb074ddbc554f74dcf9dc55e6cf8171536ef815b9", kill_on_drop: false }`
[INFO] running `Command { std: "docker" "rm" "-f" "6b0bbd11890f1f13800561ccb074ddbc554f74dcf9dc55e6cf8171536ef815b9", kill_on_drop: false }`
[INFO] [stdout] 6b0bbd11890f1f13800561ccb074ddbc554f74dcf9dc55e6cf8171536ef815b9
[INFO] running `Command { std: "docker" "create" "-v" "/var/lib/crater-agent-workspace/builds/worker-28/target:/opt/rustwide/target:rw,Z" "-v" "/var/lib/crater-agent-workspace/builds/worker-28/source:/opt/rustwide/workdir:ro,Z" "-v" "/var/lib/crater-agent-workspace/cargo-home:/opt/rustwide/cargo-home:ro,Z" "-v" "/var/lib/crater-agent-workspace/rustup-home:/opt/rustwide/rustup-home:ro,Z" "-e" "SOURCE_DIR=/opt/rustwide/workdir" "-e" "CARGO_TARGET_DIR=/opt/rustwide/target" "-e" "CARGO_INCREMENTAL=0" "-e" "RUST_BACKTRACE=full" "-e" "RUSTFLAGS=--cap-lints=warn" "-e" "CARGO_HOME=/opt/rustwide/cargo-home" "-e" "RUSTUP_HOME=/opt/rustwide/rustup-home" "-w" "/opt/rustwide/workdir" "-m" "1610612736" "--user" "0:0" "--network" "none" "ghcr.io/rust-lang/crates-build-env/linux@sha256:34b6a614d2c27851fe6cbf88fbd1137609cefab8b10d0615aaeb6fd47975d74e" "/opt/rustwide/cargo-home/bin/cargo" "+beta-2021-08-01" "build" "--frozen" "--message-format=json", kill_on_drop: false }`
[INFO] [stdout] 8569707d5317fe48de079af7ff311b61abe804e60075302ef9a5bf8d24579492
[INFO] running `Command { std: "docker" "start" "-a" "8569707d5317fe48de079af7ff311b61abe804e60075302ef9a5bf8d24579492", kill_on_drop: false }`
[INFO] [stderr]    Compiling syn v1.0.74
[INFO] [stderr]    Compiling cc v1.0.69
[INFO] [stderr]    Compiling serde v1.0.127
[INFO] [stderr]    Compiling memchr v2.4.0
[INFO] [stderr]    Compiling openssl-probe v0.1.4
[INFO] [stderr]    Compiling openssl v0.10.35
[INFO] [stderr]    Compiling futures-io v0.3.16
[INFO] [stderr]    Compiling native-tls v0.2.7
[INFO] [stderr]    Compiling tower-service v0.3.1
[INFO] [stderr]    Compiling httpdate v1.0.1
[INFO] [stderr]    Compiling ipnet v2.3.1
[INFO] [stderr]    Compiling tokio v1.9.0
[INFO] [stderr]    Compiling indexmap v1.7.0
[INFO] [stderr]    Compiling num-traits v0.2.14
[INFO] [stderr]    Compiling num-integer v0.1.44
[INFO] [stderr]    Compiling tracing v0.1.26
[INFO] [stderr]    Compiling parking_lot_core v0.8.3
[INFO] [stderr]    Compiling mio v0.7.13
[INFO] [stderr]    Compiling signal-hook-registry v1.4.0
[INFO] [stderr]    Compiling num_cpus v1.13.0
[INFO] [stderr]    Compiling socket2 v0.4.1
[INFO] [stderr]    Compiling want v0.3.0
[INFO] [stderr]    Compiling dirs-sys v0.3.6
[INFO] [stderr]    Compiling time v0.1.43
[INFO] [stderr]    Compiling dirs v2.0.2
[INFO] [stderr]    Compiling parking_lot v0.11.1
[INFO] [stderr]    Compiling ring v0.16.20
[INFO] [stderr]    Compiling openssl-sys v0.9.65
[INFO] [stderr]    Compiling serde_derive v1.0.127
[INFO] [stderr]    Compiling tokio-macros v1.3.0
[INFO] [stderr]    Compiling futures-macro v0.3.16
[INFO] [stderr]    Compiling webpki v0.21.4
[INFO] [stderr]    Compiling sct v0.6.1
[INFO] [stderr]    Compiling ct-logs v0.8.0
[INFO] [stderr]    Compiling rustls v0.19.1
[INFO] [stderr]    Compiling webpki-roots v0.21.1
[INFO] [stderr]    Compiling futures-util v0.3.16
[INFO] [stderr]    Compiling rustls-native-certs v0.5.0
[INFO] [stderr]    Compiling bytes v1.0.1
[INFO] [stderr]    Compiling serde_urlencoded v0.7.0
[INFO] [stderr]    Compiling serde_json v1.0.66
[INFO] [stderr]    Compiling chrono v0.4.19
[INFO] [stderr]    Compiling http v0.2.4
[INFO] [stderr]    Compiling http-body v0.4.2
[INFO] [stderr]    Compiling tokio-util v0.6.7
[INFO] [stderr]    Compiling tokio-native-tls v0.3.0
[INFO] [stderr]    Compiling tokio-rustls v0.22.0
[INFO] [stderr]    Compiling h2 v0.3.3
[INFO] [stderr]    Compiling hyper v0.14.11
[INFO] [stderr]    Compiling hyper-tls v0.5.0
[INFO] [stderr]    Compiling hyper-rustls v0.22.1
[INFO] [stderr]    Compiling reqwest v0.11.4
[INFO] [stderr]    Compiling acari-lib v0.1.12 (/opt/rustwide/workdir)
[INFO] [stderr]     Finished dev [unoptimized + debuginfo] target(s) in 45.87s
[INFO] running `Command { std: "docker" "inspect" "8569707d5317fe48de079af7ff311b61abe804e60075302ef9a5bf8d24579492", kill_on_drop: false }`
[INFO] running `Command { std: "docker" "rm" "-f" "8569707d5317fe48de079af7ff311b61abe804e60075302ef9a5bf8d24579492", kill_on_drop: false }`
[INFO] [stdout] 8569707d5317fe48de079af7ff311b61abe804e60075302ef9a5bf8d24579492
[INFO] running `Command { std: "docker" "create" "-v" "/var/lib/crater-agent-workspace/builds/worker-28/target:/opt/rustwide/target:rw,Z" "-v" "/var/lib/crater-agent-workspace/builds/worker-28/source:/opt/rustwide/workdir:ro,Z" "-v" "/var/lib/crater-agent-workspace/cargo-home:/opt/rustwide/cargo-home:ro,Z" "-v" "/var/lib/crater-agent-workspace/rustup-home:/opt/rustwide/rustup-home:ro,Z" "-e" "SOURCE_DIR=/opt/rustwide/workdir" "-e" "CARGO_TARGET_DIR=/opt/rustwide/target" "-e" "CARGO_INCREMENTAL=0" "-e" "RUST_BACKTRACE=full" "-e" "RUSTFLAGS=--cap-lints=warn" "-e" "CARGO_HOME=/opt/rustwide/cargo-home" "-e" "RUSTUP_HOME=/opt/rustwide/rustup-home" "-w" "/opt/rustwide/workdir" "-m" "1610612736" "--user" "0:0" "--network" "none" "ghcr.io/rust-lang/crates-build-env/linux@sha256:34b6a614d2c27851fe6cbf88fbd1137609cefab8b10d0615aaeb6fd47975d74e" "/opt/rustwide/cargo-home/bin/cargo" "+beta-2021-08-01" "test" "--frozen" "--no-run" "--message-format=json", kill_on_drop: false }`
[INFO] [stdout] 17b09e7cf1f7ef53a8636b8b18620728eff1c2fc7e6af9cd249a51d3da130e23
[INFO] running `Command { std: "docker" "start" "-a" "17b09e7cf1f7ef53a8636b8b18620728eff1c2fc7e6af9cd249a51d3da130e23", kill_on_drop: false }`
[INFO] [stderr]    Compiling radium v0.5.3
[INFO] [stderr]    Compiling lexical-core v0.7.6
[INFO] [stderr]    Compiling ucd-trie v0.1.3
[INFO] [stderr]    Compiling arrayvec v0.5.2
[INFO] [stderr]    Compiling static_assertions v1.1.0
[INFO] [stderr]    Compiling anyhow v1.0.42
[INFO] [stderr]    Compiling funty v1.1.0
[INFO] [stderr]    Compiling maplit v1.0.2
[INFO] [stderr]    Compiling tap v1.0.1
[INFO] [stderr]    Compiling wyz v0.2.0
[INFO] [stderr]    Compiling fixedbitset v0.2.0
[INFO] [stderr]    Compiling remove_dir_all v0.5.3
[INFO] [stderr]    Compiling either v1.6.1
[INFO] [stderr]    Compiling safemem v0.3.3
[INFO] [stderr]    Compiling peresil v0.3.0
[INFO] [stderr]    Compiling typed-arena v1.7.0
[INFO] [stderr]    Compiling ansi_term v0.12.1
[INFO] [stderr]    Compiling difference v2.0.0
[INFO] [stderr]    Compiling hex v0.4.3
[INFO] [stderr]    Compiling indextree v4.3.1
[INFO] [stderr]    Compiling diff v0.1.12
[INFO] [stderr]    Compiling unicase v2.6.0
[INFO] [stderr]    Compiling onig_sys v69.7.0
[INFO] [stderr]    Compiling nom v6.1.2
[INFO] [stderr]    Compiling nom v5.1.2
[INFO] [stderr]    Compiling getrandom v0.2.3
[INFO] [stderr]    Compiling getrandom v0.1.16
[INFO] [stderr]    Compiling fs2 v0.4.3
[INFO] [stderr]    Compiling aho-corasick v0.7.18
[INFO] [stderr]    Compiling twoway v0.1.8
[INFO] [stderr]    Compiling thiserror-impl v1.0.26
[INFO] [stderr]    Compiling futures-executor v0.3.16
[INFO] [stderr]    Compiling itertools v0.10.1
[INFO] [stderr]    Compiling sxd-document v0.3.2
[INFO] [stderr]    Compiling rand_core v0.6.3
[INFO] [stderr]    Compiling uuid v0.8.2
[INFO] [stderr]    Compiling pretty_assertions v0.7.2
[INFO] [stderr]    Compiling buf_redux v0.8.4
[INFO] [stderr]    Compiling rand_core v0.5.1
[INFO] [stderr]    Compiling pest v2.1.3
[INFO] [stderr]    Compiling futures v0.3.16
[INFO] [stderr]    Compiling petgraph v0.5.1
[INFO] [stderr]    Compiling rand_chacha v0.2.2
[INFO] [stderr]    Compiling rand_chacha v0.3.1
[INFO] [stderr]    Compiling bitvec v0.19.5
[INFO] [stderr]    Compiling rand v0.7.3
[INFO] [stderr]    Compiling rand v0.8.4
[INFO] [stderr]    Compiling regex v1.5.4
[INFO] [stderr]    Compiling mime_guess v2.0.3
[INFO] [stderr]    Compiling semver-parser v0.10.2
[INFO] [stderr]    Compiling tempfile v3.2.0
[INFO] [stderr]    Compiling rand_regex v0.15.1
[INFO] [stderr]    Compiling thiserror v1.0.26
[INFO] [stderr]    Compiling semver v0.11.0
[INFO] [stderr]    Compiling parse-zoneinfo v0.3.0
[INFO] [stderr]    Compiling pact_models v0.0.3
[INFO] [stderr]    Compiling lenient_semver_parser v0.3.0
[INFO] [stderr]    Compiling multipart v0.17.1
[INFO] [stderr]    Compiling lenient_semver v0.3.0
[INFO] [stderr]    Compiling chrono-tz v0.5.3
[INFO] [stderr]    Compiling pact_matching v0.9.2
[INFO] [stderr]    Compiling tree_magic_mini v2.0.0
[INFO] [stderr]    Compiling onig v6.2.0
[INFO] [stderr]    Compiling pact_mock_server v0.7.19
[INFO] [stdout] error[E0432]: unresolved import `pact_models::request`
[INFO] [stdout]   --> /opt/rustwide/cargo-home/registry/src/github.com-1ecc6299db9ec823/pact_mock_server-0.7.19/src/matching.rs:14:18
[INFO] [stdout]    |
[INFO] [stdout] 14 | use pact_models::request::Request;
[INFO] [stdout]    |                  ^^^^^^^ could not find `request` in `pact_models`
[INFO] [stdout] 
[INFO] [stdout] 
[INFO] [stdout] error[E0432]: unresolved import `pact_models::response`
[INFO] [stdout]   --> /opt/rustwide/cargo-home/registry/src/github.com-1ecc6299db9ec823/pact_mock_server-0.7.19/src/matching.rs:15:18
[INFO] [stdout]    |
[INFO] [stdout] 15 | use pact_models::response::Response;
[INFO] [stdout]    |                  ^^^^^^^^ could not find `response` in `pact_models`
[INFO] [stdout] 
[INFO] [stdout] 
[INFO] [stdout] error[E0432]: unresolved import `pact_models::request`
[INFO] [stdout]   --> /opt/rustwide/cargo-home/registry/src/github.com-1ecc6299db9ec823/pact_mock_server-0.7.19/src/mock_server.rs:18:18
[INFO] [stdout]    |
[INFO] [stdout] 18 | use pact_models::request::Request;
[INFO] [stdout]    |                  ^^^^^^^ could not find `request` in `pact_models`
[INFO] [stdout] 
[INFO] [stdout] 
[INFO] [stdout] error[E0432]: unresolved import `pact_matching::logging`
[INFO] [stdout]   --> /opt/rustwide/cargo-home/registry/src/github.com-1ecc6299db9ec823/pact_mock_server-0.7.19/src/hyper_server.rs:24:20
[INFO] [stdout]    |
[INFO] [stdout] 24 | use pact_matching::logging::LOG_ID;
[INFO] [stdout]    |                    ^^^^^^^ could not find `logging` in `pact_matching`
[INFO] [stdout] 
[INFO] [stdout] 
[INFO] [stdout] error[E0432]: unresolved import `pact_models::generators`
[INFO] [stdout]   --> /opt/rustwide/cargo-home/registry/src/github.com-1ecc6299db9ec823/pact_mock_server-0.7.19/src/hyper_server.rs:27:18
[INFO] [stdout]    |
[INFO] [stdout] 27 | use pact_models::generators::GeneratorTestMode;
[INFO] [stdout]    |                  ^^^^^^^^^^ could not find `generators` in `pact_models`
[INFO] [stdout] 
[INFO] [stdout] 
[INFO] [stdout] error[E0432]: unresolved import `pact_models::http_parts`
[INFO] [stdout]   --> /opt/rustwide/cargo-home/registry/src/github.com-1ecc6299db9ec823/pact_mock_server-0.7.19/src/hyper_server.rs:28:18
[INFO] [stdout]    |
[INFO] [stdout] 28 | use pact_models::http_parts::HttpPart;
[INFO] [stdout]    |                  ^^^^^^^^^^ could not find `http_parts` in `pact_models`
[INFO] [stdout] 
[INFO] [stdout] 
[INFO] [stdout] error[E0432]: unresolved import `pact_models::query_strings`
[INFO] [stdout]   --> /opt/rustwide/cargo-home/registry/src/github.com-1ecc6299db9ec823/pact_mock_server-0.7.19/src/hyper_server.rs:29:18
[INFO] [stdout]    |
[INFO] [stdout] 29 | use pact_models::query_strings::parse_query_string;
[INFO] [stdout]    |                  ^^^^^^^^^^^^^ could not find `query_strings` in `pact_models`
[INFO] [stdout] 
[INFO] [stdout] 
[INFO] [stdout] error[E0432]: unresolved import `pact_models::request`
[INFO] [stdout]   --> /opt/rustwide/cargo-home/registry/src/github.com-1ecc6299db9ec823/pact_mock_server-0.7.19/src/hyper_server.rs:30:18
[INFO] [stdout]    |
[INFO] [stdout] 30 | use pact_models::request::Request;
[INFO] [stdout]    |                  ^^^^^^^ could not find `request` in `pact_models`
[INFO] [stdout] 
[INFO] [stdout] 
[INFO] [stdout] error[E0282]: type annotations needed
[INFO] [stdout]    --> /opt/rustwide/cargo-home/registry/src/github.com-1ecc6299db9ec823/pact_mock_server-0.7.19/src/hyper_server.rs:251:6
[INFO] [stdout]     |
[INFO] [stdout] 249 |   let pact_request = hyper_request_to_pact_request(req).await?;
[INFO] [stdout]     |       ------------ consider giving `pact_request` a type
[INFO] [stdout] 250 |   info!("Received request {}", pact_request);
[INFO] [stdout] 251 |   if pact_request.has_text_body() {
[INFO] [stdout]     |      ^^^^^^^^^^^^ cannot infer type
[INFO] [stdout]     |
[INFO] [stdout]     = note: type must be known at this point
[INFO] [stdout] 
[INFO] [stdout] 
[INFO] [stdout] error[E0599]: no method named `has_text_body` found for struct `pact_matching::models::Response` in the current scope
[INFO] [stdout]    --> /opt/rustwide/cargo-home/registry/src/github.com-1ecc6299db9ec823/pact_mock_server-0.7.19/src/hyper_server.rs:178:19
[INFO] [stdout]     |
[INFO] [stdout] 178 |       if response.has_text_body() {
[INFO] [stdout]     |                   ^^^^^^^^^^^^^ method not found in `pact_matching::models::Response`
[INFO] [stdout]     | 
[INFO] [stdout]    ::: /opt/rustwide/cargo-home/registry/src/github.com-1ecc6299db9ec823/pact_matching-0.9.2/src/models/mod.rs:126:6
[INFO] [stdout]     |
[INFO] [stdout] 126 |   fn has_text_body(&self) -> bool {
[INFO] [stdout]     |      ------------- the method is available for `pact_matching::models::Response` here
[INFO] [stdout]     |
[INFO] [stdout]     = help: items from traits can only be used if the trait is in scope
[INFO] [stdout]     = note: the following trait is implemented but not in scope; perhaps add a `use` for it:
[INFO] [stdout]             `use pact_matching::models::HttpPart;`
[INFO] [stdout] 
[INFO] [stdout] 
[INFO] [stdout] error: aborting due to 10 previous errors
[INFO] [stdout] 
[INFO] [stdout] 
[INFO] [stdout] Some errors have detailed explanations: E0282, E0432, E0599.
[INFO] [stdout] 
[INFO] [stdout] For more information about an error, try `rustc --explain E0282`.
[INFO] [stdout] 
[INFO] [stderr] error: could not compile `pact_mock_server` due to 11 previous errors
[INFO] [stderr] warning: build failed, waiting for other jobs to finish...
[INFO] [stderr] error: build failed
[INFO] running `Command { std: "docker" "inspect" "17b09e7cf1f7ef53a8636b8b18620728eff1c2fc7e6af9cd249a51d3da130e23", kill_on_drop: false }`
[INFO] running `Command { std: "docker" "rm" "-f" "17b09e7cf1f7ef53a8636b8b18620728eff1c2fc7e6af9cd249a51d3da130e23", kill_on_drop: false }`
[INFO] [stdout] 17b09e7cf1f7ef53a8636b8b18620728eff1c2fc7e6af9cd249a51d3da130e23
