[INFO] cloning repository https://github.com/zzeroo/xMZ-Mod-Touch-GUI
[INFO] running `Command { std: "git" "-c" "credential.helper=" "-c" "credential.helper=/workspace/cargo-home/bin/git-credential-null" "clone" "--bare" "https://github.com/zzeroo/xMZ-Mod-Touch-GUI" "/workspace/cache/git-repos/https%3A%2F%2Fgithub.com%2Fzzeroo%2FxMZ-Mod-Touch-GUI", kill_on_drop: false }`
[INFO] [stderr] Cloning into bare repository '/workspace/cache/git-repos/https%3A%2F%2Fgithub.com%2Fzzeroo%2FxMZ-Mod-Touch-GUI'...
[INFO] running `Command { std: "git" "rev-parse" "HEAD", kill_on_drop: false }`
[INFO] [stdout] e91c0c7c1064b1688a8c75af21c2f8a7ea89aa61
[INFO] testing zzeroo/xMZ-Mod-Touch-GUI against 1.54.0 for beta-1.55-1
[INFO] running `Command { std: "git" "clone" "/workspace/cache/git-repos/https%3A%2F%2Fgithub.com%2Fzzeroo%2FxMZ-Mod-Touch-GUI" "/workspace/builds/worker-15/source", kill_on_drop: false }`
[INFO] [stderr] Cloning into '/workspace/builds/worker-15/source'...
[INFO] [stderr] done.
[INFO] validating manifest of git repo https://github.com/zzeroo/xMZ-Mod-Touch-GUI on toolchain 1.54.0
[INFO] running `Command { std: "/workspace/cargo-home/bin/cargo" "+1.54.0" "metadata" "--manifest-path" "Cargo.toml" "--no-deps", kill_on_drop: false }`
[INFO] started tweaking git repo https://github.com/zzeroo/xMZ-Mod-Touch-GUI
[INFO] finished tweaking git repo https://github.com/zzeroo/xMZ-Mod-Touch-GUI
[INFO] tweaked toml for git repo https://github.com/zzeroo/xMZ-Mod-Touch-GUI written to /workspace/builds/worker-15/source/Cargo.toml
[INFO] crate git repo https://github.com/zzeroo/xMZ-Mod-Touch-GUI already has a lockfile, it will not be regenerated
[INFO] running `Command { std: "/workspace/cargo-home/bin/cargo" "+1.54.0" "fetch" "--manifest-path" "Cargo.toml", kill_on_drop: false }`
[INFO] [stderr]     Blocking waiting for file lock on package cache
[INFO] [stderr]     Blocking waiting for file lock on package cache
[INFO] running `Command { std: "docker" "create" "-v" "/var/lib/crater-agent-workspace/builds/worker-15/target:/opt/rustwide/target:rw,Z" "-v" "/var/lib/crater-agent-workspace/builds/worker-15/source:/opt/rustwide/workdir:ro,Z" "-v" "/var/lib/crater-agent-workspace/cargo-home:/opt/rustwide/cargo-home:ro,Z" "-v" "/var/lib/crater-agent-workspace/rustup-home:/opt/rustwide/rustup-home:ro,Z" "-e" "SOURCE_DIR=/opt/rustwide/workdir" "-e" "CARGO_TARGET_DIR=/opt/rustwide/target" "-e" "CARGO_HOME=/opt/rustwide/cargo-home" "-e" "RUSTUP_HOME=/opt/rustwide/rustup-home" "-w" "/opt/rustwide/workdir" "-m" "1610612736" "--user" "0:0" "--network" "none" "ghcr.io/rust-lang/crates-build-env/linux@sha256:34b6a614d2c27851fe6cbf88fbd1137609cefab8b10d0615aaeb6fd47975d74e" "/opt/rustwide/cargo-home/bin/cargo" "+1.54.0" "metadata" "--no-deps" "--format-version=1", kill_on_drop: false }`
[INFO] [stdout] 254911d6170e5f71618b04c4f52384af18232ab89534da8fdd0e27ad65d2cd1c
[INFO] running `Command { std: "docker" "start" "-a" "254911d6170e5f71618b04c4f52384af18232ab89534da8fdd0e27ad65d2cd1c", kill_on_drop: false }`
[INFO] running `Command { std: "docker" "inspect" "254911d6170e5f71618b04c4f52384af18232ab89534da8fdd0e27ad65d2cd1c", kill_on_drop: false }`
[INFO] running `Command { std: "docker" "rm" "-f" "254911d6170e5f71618b04c4f52384af18232ab89534da8fdd0e27ad65d2cd1c", kill_on_drop: false }`
[INFO] [stdout] 254911d6170e5f71618b04c4f52384af18232ab89534da8fdd0e27ad65d2cd1c
[INFO] running `Command { std: "docker" "create" "-v" "/var/lib/crater-agent-workspace/builds/worker-15/target:/opt/rustwide/target:rw,Z" "-v" "/var/lib/crater-agent-workspace/builds/worker-15/source:/opt/rustwide/workdir:ro,Z" "-v" "/var/lib/crater-agent-workspace/cargo-home:/opt/rustwide/cargo-home:ro,Z" "-v" "/var/lib/crater-agent-workspace/rustup-home:/opt/rustwide/rustup-home:ro,Z" "-e" "SOURCE_DIR=/opt/rustwide/workdir" "-e" "CARGO_TARGET_DIR=/opt/rustwide/target" "-e" "CARGO_INCREMENTAL=0" "-e" "RUST_BACKTRACE=full" "-e" "RUSTFLAGS=--cap-lints=warn" "-e" "CARGO_HOME=/opt/rustwide/cargo-home" "-e" "RUSTUP_HOME=/opt/rustwide/rustup-home" "-w" "/opt/rustwide/workdir" "-m" "1610612736" "--user" "0:0" "--network" "none" "ghcr.io/rust-lang/crates-build-env/linux@sha256:34b6a614d2c27851fe6cbf88fbd1137609cefab8b10d0615aaeb6fd47975d74e" "/opt/rustwide/cargo-home/bin/cargo" "+1.54.0" "build" "--frozen" "--message-format=json", kill_on_drop: false }`
[INFO] [stdout] 1a3283d7b714c8641a680f27b78c5cfe04d54e600adfcea2bcc716ff9d91e104
[INFO] running `Command { std: "docker" "start" "-a" "1a3283d7b714c8641a680f27b78c5cfe04d54e600adfcea2bcc716ff9d91e104", kill_on_drop: false }`
[INFO] [stderr]    Compiling libc v0.2.24
[INFO] [stderr]    Compiling rustc-serialize v0.3.24
[INFO] [stderr]    Compiling bitflags v0.8.2
[INFO] [stderr]    Compiling cfg-if v0.1.1
[INFO] [stderr]    Compiling gcc v0.3.51
[INFO] [stderr]    Compiling glob v0.2.11
[INFO] [stderr]    Compiling libloading v0.4.0
[INFO] [stderr]    Compiling num-traits v0.1.39
[INFO] [stderr]    Compiling traitobject v0.1.0
[INFO] [stderr]    Compiling winapi-build v0.1.1
[INFO] [stderr]    Compiling unicode-segmentation v1.2.0
[INFO] [stderr]    Compiling vec_map v0.8.0
[INFO] [stderr]    Compiling unicode-width v0.1.4
[INFO] [stderr]    Compiling ansi_term v0.9.0
[INFO] [stderr]    Compiling nom v1.2.4
[INFO] [stderr]    Compiling version_check v0.1.2
[INFO] [stderr]    Compiling winapi v0.2.8
[INFO] [stderr]    Compiling byteorder v1.0.0
[INFO] [stderr]    Compiling typeable v0.1.2
[INFO] [stderr]    Compiling gio v0.1.3 (https://github.com/gtk-rs/gio#145ce6bb)
[INFO] [stderr]    Compiling rustc-demangle v0.1.4
[INFO] [stderr]    Compiling cairo-rs v0.1.3 (https://github.com/gtk-rs/cairo#88c1059b)
[INFO] [stderr]    Compiling gdk-pixbuf v0.1.3 (https://github.com/gtk-rs/gdk-pixbuf#191812c0)
[INFO] [stderr]    Compiling bitflags v0.4.0
[INFO] [stderr]    Compiling c_vec v1.2.1
[INFO] [stderr]    Compiling serde v1.0.8
[INFO] [stderr]    Compiling gdk v0.5.3 (https://github.com/gtk-rs/gdk.git#0f668731)
[INFO] [stderr]    Compiling regex-syntax v0.3.9
[INFO] [stderr]    Compiling modifier v0.1.0
[INFO] [stderr]    Compiling utf8-ranges v0.1.3
[INFO] [stderr]    Compiling route-recognizer v0.1.12
[INFO] [stderr]    Compiling gtk v0.1.3 (https://github.com/gtk-rs/gtk.git#182ddcd9)
[INFO] [stderr]    Compiling itoa v0.3.1
[INFO] [stderr]    Compiling dtoa v0.4.1
[INFO] [stderr]    Compiling glib-sys v0.3.4 (https://github.com/gtk-rs/sys#11344439)
[INFO] [stderr]    Compiling gobject-sys v0.3.4 (https://github.com/gtk-rs/sys#11344439)
[INFO] [stderr]    Compiling gio-sys v0.3.4 (https://github.com/gtk-rs/sys#11344439)
[INFO] [stderr]    Compiling gdk-pixbuf-sys v0.3.4 (https://github.com/gtk-rs/sys#11344439)
[INFO] [stderr]    Compiling cairo-sys-rs v0.3.4 (https://github.com/gtk-rs/cairo#88c1059b)
[INFO] [stderr]    Compiling pango-sys v0.3.4 (https://github.com/gtk-rs/sys#11344439)
[INFO] [stderr]    Compiling unreachable v1.0.0
[INFO] [stderr]    Compiling gdk-sys v0.3.4 (https://github.com/gtk-rs/sys#11344439)
[INFO] [stderr]    Compiling atk-sys v0.3.4 (https://github.com/gtk-rs/sys#11344439)
[INFO] [stderr]    Compiling unicode-bidi v0.3.3
[INFO] [stderr]    Compiling mime v0.2.6
[INFO] [stderr]    Compiling gtk-sys v0.3.4 (https://github.com/gtk-rs/sys#11344439)
[INFO] [stderr]    Compiling unsafe-any v0.4.2
[INFO] [stderr]    Compiling memchr v1.0.1
[INFO] [stderr]    Compiling atty v0.2.2
[INFO] [stderr]    Compiling term_size v0.3.0
[INFO] [stderr]    Compiling rand v0.3.15
[INFO] [stderr]    Compiling time v0.1.37
[INFO] [stderr]    Compiling memchr v0.1.11
[INFO] [stderr]    Compiling num_cpus v1.6.2
[INFO] [stderr]    Compiling error v0.1.9
[INFO] [stderr]    Compiling nix v0.6.0
[INFO] [stderr]    Compiling base64 v0.5.2
[INFO] [stderr]    Compiling cexpr v0.2.0
[INFO] [stderr]    Compiling thread_local v0.3.4
[INFO] [stderr]    Compiling typemap v0.3.3
[INFO] [stderr]    Compiling num-integer v0.1.34
[INFO] [stderr]    Compiling serde_derive_internals v0.15.1
[INFO] [stderr]    Compiling kernel32-sys v0.2.2
[INFO] [stderr]    Compiling aho-corasick v0.6.3
[INFO] [stderr]    Compiling aho-corasick v0.5.3
[INFO] [stderr]    Compiling idna v0.1.2
[INFO] [stderr]    Compiling clap v2.24.2
[INFO] [stderr]    Compiling plugin v0.2.6
[INFO] [stderr]    Compiling unicase v1.4.2
[INFO] [stderr]    Compiling num-iter v0.1.33
[INFO] [stderr]    Compiling clang-sys v0.18.0
[INFO] [stderr]    Compiling regex v0.2.2
[INFO] [stderr]    Compiling backtrace-sys v0.1.11
[INFO] [stderr]    Compiling thread-id v2.0.0
[INFO] [stderr]    Compiling syntex_pos v0.58.1
[INFO] [stderr]    Compiling num-bigint v0.1.39
[INFO] [stderr]    Compiling conduit-mime-types v0.7.3
[INFO] [stderr]    Compiling num-complex v0.1.38
[INFO] [stderr]    Compiling thread_local v0.2.7
[INFO] [stderr]    Compiling serde_derive v1.0.8
[INFO] [stderr]    Compiling syntex_errors v0.58.1
[INFO] [stderr]    Compiling url v1.5.1
[INFO] [stderr]    Compiling regex v0.1.80
[INFO] [stderr]    Compiling serde_json v1.0.2
[INFO] [stderr]    Compiling num-rational v0.1.38
[INFO] [stderr]    Compiling glib v0.1.3 (https://github.com/gtk-rs/glib.git#d3aed89e)
[INFO] [stderr]    Compiling env_logger v0.4.3
[INFO] [stdout] error[E0119]: conflicting implementations of trait `value::SetValueOptional` for type `&_`
[INFO] [stdout]    --> /opt/rustwide/cargo-home/git/checkouts/glib-928cf7b282977403/d3aed89/src/value.rs:534:1
[INFO] [stdout]     |
[INFO] [stdout] 503 | impl<'a, T: ?Sized + SetValueOptional> SetValueOptional for &'a T {
[INFO] [stdout]     | ----------------------------------------------------------------- first implementation here
[INFO] [stdout] ...
[INFO] [stdout] 534 | impl<T: IsA<Object>> SetValueOptional for T {
[INFO] [stdout]     | ^^^^^^^^^^^^^^^^^^^^^^^^^^^^^^^^^^^^^^^^^^^ conflicting implementation for `&_`
[INFO] [stdout]     |
[INFO] [stdout]     = note: downstream crates may implement trait `object::IsA<object::Object>` for type `&_`
[INFO] [stdout] 
[INFO] [stdout] 
[INFO] [stdout] error[E0119]: conflicting implementations of trait `value::SetValue` for type `&_`
[INFO] [stdout]    --> /opt/rustwide/cargo-home/git/checkouts/glib-928cf7b282977403/d3aed89/src/value.rs:528:1
[INFO] [stdout]     |
[INFO] [stdout] 497 | impl<'a, T: ?Sized + SetValue> SetValue for &'a T {
[INFO] [stdout]     | ------------------------------------------------- first implementation here
[INFO] [stdout] ...
[INFO] [stdout] 528 | impl<T: IsA<Object>> SetValue for T {
[INFO] [stdout]     | ^^^^^^^^^^^^^^^^^^^^^^^^^^^^^^^^^^^ conflicting implementation for `&_`
[INFO] [stdout]     |
[INFO] [stdout]     = note: downstream crates may implement trait `object::IsA<object::Object>` for type `&_`
[INFO] [stdout] 
[INFO] [stdout] 
[INFO] [stdout] error: aborting due to 2 previous errors
[INFO] [stdout] 
[INFO] [stdout] 
[INFO] [stdout] For more information about this error, try `rustc --explain E0119`.
[INFO] [stdout] 
[INFO] [stderr] error: could not compile `glib`
[INFO] [stdout] error[E0713]: borrow may still be in use when destructor runs
[INFO] [stdout]    --> /opt/rustwide/cargo-home/registry/src/github.com-1ecc6299db9ec823/url-1.5.1/src/form_urlencoded.rs:251:40
[INFO] [stdout]     |
[INFO] [stdout] 249 | impl<'a> Target for ::UrlQuery<'a> {
[INFO] [stdout]     |      -- lifetime `'a` defined here
[INFO] [stdout] 250 |     fn as_mut_string(&mut self) -> &mut String { &mut self.url.serialization }
[INFO] [stdout] 251 |     fn finish(self) -> &'a mut ::Url { self.url }
[INFO] [stdout]     |                                        ^^^^^^^^ - here, drop of `self` needs exclusive access to `*self.url`, because the type `UrlQuery<'_>` implements the `Drop` trait
[INFO] [stdout]     |                                        |
[INFO] [stdout]     |                                        returning this value requires that `*self.url` is borrowed for `'a`
[INFO] [stdout] 
[INFO] [stdout] 
[INFO] [stderr] 
[INFO] [stderr] To learn more, run the command again with --verbose.
[INFO] [stderr] warning: build failed, waiting for other jobs to finish...
[INFO] [stdout] error: aborting due to previous error
[INFO] [stdout] 
[INFO] [stdout] 
[INFO] [stdout] For more information about this error, try `rustc --explain E0713`.
[INFO] [stdout] 
[INFO] [stderr] error: build failed
[INFO] running `Command { std: "docker" "inspect" "1a3283d7b714c8641a680f27b78c5cfe04d54e600adfcea2bcc716ff9d91e104", kill_on_drop: false }`
[INFO] running `Command { std: "docker" "rm" "-f" "1a3283d7b714c8641a680f27b78c5cfe04d54e600adfcea2bcc716ff9d91e104", kill_on_drop: false }`
[INFO] [stdout] 1a3283d7b714c8641a680f27b78c5cfe04d54e600adfcea2bcc716ff9d91e104
