[INFO] cloning repository https://github.com/zsluedem/rust-rchain
[INFO] running `Command { std: "git" "-c" "credential.helper=" "-c" "credential.helper=/workspace/cargo-home/bin/git-credential-null" "clone" "--bare" "https://github.com/zsluedem/rust-rchain" "/workspace/cache/git-repos/https%3A%2F%2Fgithub.com%2Fzsluedem%2Frust-rchain", kill_on_drop: false }`
[INFO] [stderr] Cloning into bare repository '/workspace/cache/git-repos/https%3A%2F%2Fgithub.com%2Fzsluedem%2Frust-rchain'...
[INFO] running `Command { std: "git" "rev-parse" "HEAD", kill_on_drop: false }`
[INFO] [stdout] 2a8c678af1944b23e217e812402c805849ff3a8d
[INFO] testing zsluedem/rust-rchain against 1.54.0 for beta-1.55-1
[INFO] running `Command { std: "git" "clone" "/workspace/cache/git-repos/https%3A%2F%2Fgithub.com%2Fzsluedem%2Frust-rchain" "/workspace/builds/worker-29/source", kill_on_drop: false }`
[INFO] [stderr] Cloning into '/workspace/builds/worker-29/source'...
[INFO] [stderr] done.
[INFO] validating manifest of git repo https://github.com/zsluedem/rust-rchain on toolchain 1.54.0
[INFO] running `Command { std: "/workspace/cargo-home/bin/cargo" "+1.54.0" "metadata" "--manifest-path" "Cargo.toml" "--no-deps", kill_on_drop: false }`
[INFO] started tweaking git repo https://github.com/zsluedem/rust-rchain
[INFO] finished tweaking git repo https://github.com/zsluedem/rust-rchain
[INFO] tweaked toml for git repo https://github.com/zsluedem/rust-rchain written to /workspace/builds/worker-29/source/Cargo.toml
[INFO] crate git repo https://github.com/zsluedem/rust-rchain already has a lockfile, it will not be regenerated
[INFO] running `Command { std: "/workspace/cargo-home/bin/cargo" "+1.54.0" "fetch" "--manifest-path" "Cargo.toml", kill_on_drop: false }`
[INFO] running `Command { std: "docker" "create" "-v" "/var/lib/crater-agent-workspace/builds/worker-29/target:/opt/rustwide/target:rw,Z" "-v" "/var/lib/crater-agent-workspace/builds/worker-29/source:/opt/rustwide/workdir:ro,Z" "-v" "/var/lib/crater-agent-workspace/cargo-home:/opt/rustwide/cargo-home:ro,Z" "-v" "/var/lib/crater-agent-workspace/rustup-home:/opt/rustwide/rustup-home:ro,Z" "-e" "SOURCE_DIR=/opt/rustwide/workdir" "-e" "CARGO_TARGET_DIR=/opt/rustwide/target" "-e" "CARGO_HOME=/opt/rustwide/cargo-home" "-e" "RUSTUP_HOME=/opt/rustwide/rustup-home" "-w" "/opt/rustwide/workdir" "-m" "1610612736" "--user" "0:0" "--network" "none" "ghcr.io/rust-lang/crates-build-env/linux@sha256:34b6a614d2c27851fe6cbf88fbd1137609cefab8b10d0615aaeb6fd47975d74e" "/opt/rustwide/cargo-home/bin/cargo" "+1.54.0" "metadata" "--no-deps" "--format-version=1", kill_on_drop: false }`
[INFO] [stdout] c0c4be439a8ca764d4d6e547e5b11e38d82d815f2a28ba5b69600ed2c0dcc77d
[INFO] running `Command { std: "docker" "start" "-a" "c0c4be439a8ca764d4d6e547e5b11e38d82d815f2a28ba5b69600ed2c0dcc77d", kill_on_drop: false }`
[INFO] running `Command { std: "docker" "inspect" "c0c4be439a8ca764d4d6e547e5b11e38d82d815f2a28ba5b69600ed2c0dcc77d", kill_on_drop: false }`
[INFO] running `Command { std: "docker" "rm" "-f" "c0c4be439a8ca764d4d6e547e5b11e38d82d815f2a28ba5b69600ed2c0dcc77d", kill_on_drop: false }`
[INFO] [stdout] c0c4be439a8ca764d4d6e547e5b11e38d82d815f2a28ba5b69600ed2c0dcc77d
[INFO] running `Command { std: "docker" "create" "-v" "/var/lib/crater-agent-workspace/builds/worker-29/target:/opt/rustwide/target:rw,Z" "-v" "/var/lib/crater-agent-workspace/builds/worker-29/source:/opt/rustwide/workdir:ro,Z" "-v" "/var/lib/crater-agent-workspace/cargo-home:/opt/rustwide/cargo-home:ro,Z" "-v" "/var/lib/crater-agent-workspace/rustup-home:/opt/rustwide/rustup-home:ro,Z" "-e" "SOURCE_DIR=/opt/rustwide/workdir" "-e" "CARGO_TARGET_DIR=/opt/rustwide/target" "-e" "CARGO_INCREMENTAL=0" "-e" "RUST_BACKTRACE=full" "-e" "RUSTFLAGS=--cap-lints=warn" "-e" "CARGO_HOME=/opt/rustwide/cargo-home" "-e" "RUSTUP_HOME=/opt/rustwide/rustup-home" "-w" "/opt/rustwide/workdir" "-m" "1610612736" "--user" "0:0" "--network" "none" "ghcr.io/rust-lang/crates-build-env/linux@sha256:34b6a614d2c27851fe6cbf88fbd1137609cefab8b10d0615aaeb6fd47975d74e" "/opt/rustwide/cargo-home/bin/cargo" "+1.54.0" "build" "--frozen" "--message-format=json", kill_on_drop: false }`
[INFO] [stdout] ec53bd9f515e14e961a7b31226e46b177782a5a8c13487be5161ee95bc95d431
[INFO] running `Command { std: "docker" "start" "-a" "ec53bd9f515e14e961a7b31226e46b177782a5a8c13487be5161ee95bc95d431", kill_on_drop: false }`
[INFO] [stderr]    Compiling cc v1.0.37
[INFO] [stderr]    Compiling syn v0.15.42
[INFO] [stderr]    Compiling ppv-lite86 v0.2.5
[INFO] [stderr]    Compiling protobuf v2.8.0
[INFO] [stderr]    Compiling futures v0.1.28
[INFO] [stderr]    Compiling lazy_static v1.3.0
[INFO] [stderr]    Compiling rand_chacha v0.2.0
[INFO] [stderr]    Compiling protoc v2.8.0
[INFO] [stderr]    Compiling getrandom v0.1.6
[INFO] [stderr]    Compiling rand_core v0.5.0
[INFO] [stderr]    Compiling cmake v0.1.40
[INFO] [stderr]    Compiling c2-chacha v0.2.2
[INFO] [stderr]    Compiling backtrace-sys v0.1.31
[INFO] [stderr]    Compiling grpcio-sys v0.4.4
[INFO] [stderr]    Compiling rand v0.7.0
[INFO] [stderr]    Compiling tempfile v3.1.0
[INFO] [stderr]    Compiling backtrace v0.3.33
[INFO] [stderr]    Compiling protobuf-codegen v2.8.0
[INFO] [stderr]    Compiling synstructure v0.10.2
[INFO] [stderr]    Compiling derive-new v0.5.7
[INFO] [stderr]    Compiling failure_derive v0.1.5
[INFO] [stderr]    Compiling failure v0.1.5
[INFO] [stderr]    Compiling grpcio-compiler v0.5.0-alpha.2
[INFO] [stderr]    Compiling protoc-grpcio v1.0.2
[INFO] [stderr]    Compiling rchain-rpc v0.0.1 (/opt/rustwide/workdir/rpc)
[INFO] [stderr] error: failed to run custom build command for `rchain-rpc v0.0.1 (/opt/rustwide/workdir/rpc)`
[INFO] [stderr] 
[INFO] [stderr] Caused by:
[INFO] [stderr]   process didn't exit successfully: `/opt/rustwide/target/debug/build/rchain-rpc-5f27dc4e61568c9d/build-script-build` (exit status: 101)
[INFO] [stderr]   --- stdout
[INFO] [stderr]   cargo:rerun-if-changed=../protobuf
[INFO] [stderr] 
[INFO] [stderr]   --- stderr
[INFO] [stderr]   CasperMessage.proto: warning: Import google/protobuf/empty.proto but not used.
[INFO] [stderr]   CasperMessage.proto: warning: Import Either.proto but not used.
[INFO] [stderr]   DeployService.proto: warning: Import google/protobuf/empty.proto but not used.
[INFO] [stderr]   ProposeService.proto: warning: Import CasperMessage.proto but not used.
[INFO] [stderr]   routing.proto: warning: Import CasperMessage.proto but not used.
[INFO] [stderr]   thread 'main' panicked at 'Failed to compile gRPC definitions!: Os { code: 30, kind: Other, message: "Read-only file system" }
[INFO] [stderr] 
[INFO] [stderr]   stack backtrace:
[INFO] [stderr]      0: failure::backtrace::internal::InternalBacktrace::new::h416392012a9683fc (0x5613abf9094b)
[INFO] [stderr]                at /opt/rustwide/cargo-home/registry/src/github.com-1ecc6299db9ec823/failure-0.1.5/src/backtrace/internal.rs:44
[INFO] [stderr]      1: failure::backtrace::Backtrace::new::ha5ccd9b27b280610 (0x5613abf8fb48)
[INFO] [stderr]                at /opt/rustwide/cargo-home/registry/src/github.com-1ecc6299db9ec823/failure-0.1.5/src/backtrace/mod.rs:111
[INFO] [stderr]      2: <failure::error::error_impl::ErrorImpl as core::convert::From<F>>::from::h5234d26560997d9f (0x5613abf2cbef)
[INFO] [stderr]                at /opt/rustwide/cargo-home/registry/src/github.com-1ecc6299db9ec823/failure-0.1.5/src/error/error_impl.rs:19
[INFO] [stderr]      3: <failure::error::Error as core::convert::From<F>>::from::h561f007016c7f31e (0x5613abf2b3b1)
[INFO] [stderr]                at /opt/rustwide/cargo-home/registry/src/github.com-1ecc6299db9ec823/failure-0.1.5/src/error/mod.rs:36
[INFO] [stderr]      4: <T as core::convert::Into<U>>::into::h5cfb7e107d4a25b1 (0x5613abf2e4b1)
[INFO] [stderr]                at /rustc/a178d0322ce20e33eac124758e837cbd80a6f633/library/core/src/convert/mod.rs:538
[INFO] [stderr]      5: failure::context::Context<D>::with_err::h55c9e7216adaf750 (0x5613abf2ed4c)
[INFO] [stderr]                at /opt/rustwide/cargo-home/registry/src/github.com-1ecc6299db9ec823/failure-0.1.5/src/context.rs:105
[INFO] [stderr]      6: failure::Fail::context::h364f9bd905b0c24f (0x5613abf2ebdf)
[INFO] [stderr]                at /opt/rustwide/cargo-home/registry/src/github.com-1ecc6299db9ec823/failure-0.1.5/src/lib.rs:160
[INFO] [stderr]      7: <core::result::Result<T,E> as failure::result_ext::ResultExt<T,E>>::context::{{closure}}::h9c144f90b09bfff2 (0x5613abf2f57f)
[INFO] [stderr]                at /opt/rustwide/cargo-home/registry/src/github.com-1ecc6299db9ec823/failure-0.1.5/src/result_ext.rs:164
[INFO] [stderr]      8: core::result::Result<T,E>::map_err::h4b01df5ce0b49a1b (0x5613abf289b9)
[INFO] [stderr]                at /rustc/a178d0322ce20e33eac124758e837cbd80a6f633/library/core/src/result.rs:591
[INFO] [stderr]      9: <core::result::Result<T,E> as failure::result_ext::ResultExt<T,E>>::context::h3b4e73e27ba6bd26 (0x5613abf29c1e)
[INFO] [stderr]                at /opt/rustwide/cargo-home/registry/src/github.com-1ecc6299db9ec823/failure-0.1.5/src/result_ext.rs:164
[INFO] [stderr]     10: protoc_grpcio::write_out_generated_files::h5992395072e68811 (0x5613abf36b71)
[INFO] [stderr]                at /opt/rustwide/cargo-home/registry/src/github.com-1ecc6299db9ec823/protoc-grpcio-1.0.2/src/lib.rs:91
[INFO] [stderr]     11: protoc_grpcio::compile_grpc_protos::hb4ba8e89f8cc5d77 (0x5613abf361b2)
[INFO] [stderr]                at /opt/rustwide/cargo-home/registry/src/github.com-1ecc6299db9ec823/protoc-grpcio-1.0.2/src/lib.rs:260
[INFO] [stderr]     12: build_script_build::main::hfd1a8e7b77814d06 (0x5613abf3b3b4)
[INFO] [stderr]                at rpc/build.rs:6
[INFO] [stderr]     13: core::ops::function::FnOnce::call_once::h0e0bfa2eb82445b8 (0x5613abf39efb)
[INFO] [stderr]                at /rustc/a178d0322ce20e33eac124758e837cbd80a6f633/library/core/src/ops/function.rs:227
[INFO] [stderr]     14: std::sys_common::backtrace::__rust_begin_short_backtrace::he21c59a055e93370 (0x5613abf2a9de)
[INFO] [stderr]                at /rustc/a178d0322ce20e33eac124758e837cbd80a6f633/library/std/src/sys_common/backtrace.rs:125
[INFO] [stderr]     15: std::rt::lang_start::{{closure}}::h10c5eb5bc1faaf2b (0x5613abf39ad1)
[INFO] [stderr]                at /rustc/a178d0322ce20e33eac124758e837cbd80a6f633/library/std/src/rt.rs:49
[INFO] [stderr]     16: core::ops::function::impls::<impl core::ops::function::FnOnce<A> for &F>::call_once::h2aabc384aab89b7b (0x5613ac1f9ae9)
[INFO] [stderr]                at /rustc/a178d0322ce20e33eac124758e837cbd80a6f633/library/core/src/ops/function.rs:259
[INFO] [stderr]         std::panicking::try::do_call::hc5fcacb7a85fc7b1
[INFO] [stderr]                at library/std/src/panicking.rs:401
[INFO] [stderr]         std::panicking::try::hb5d9603af3abbe3a
[INFO] [stderr]                at library/std/src/panicking.rs:365
[INFO] [stderr]         std::panic::catch_unwind::h98fe6ac3925e64b4
[INFO] [stderr]                at library/std/src/panic.rs:434
[INFO] [stderr]         std::rt::lang_start_internal::h22ac7383c516f93e
[INFO] [stderr]                at library/std/src/rt.rs:34
[INFO] [stderr]     17: std::rt::lang_start::he352999301b9c355 (0x5613abf39ab0)
[INFO] [stderr]                at /rustc/a178d0322ce20e33eac124758e837cbd80a6f633/library/std/src/rt.rs:48
[INFO] [stderr]     18: main (0x5613abf3b40c)
[INFO] [stderr]     19: __libc_start_main (0x7f7fc13ba0b3)
[INFO] [stderr]     20: _start (0x5613abf24f8e)
[INFO] [stderr]     21: <unknown> (0x0)
[INFO] [stderr] 
[INFO] [stderr]   failed to create "src/primitive/DeployService_grpc.rs"
[INFO] [stderr] 
[INFO] [stderr]   failed to write generated grpc definitions', rpc/build.rs:19:7
[INFO] [stderr]   stack backtrace:
[INFO] [stderr]      0:     0x5613ac1f6fc0 - std::backtrace_rs::backtrace::libunwind::trace::h34055254b57d8e79
[INFO] [stderr]                                  at /rustc/a178d0322ce20e33eac124758e837cbd80a6f633/library/std/src/../../backtrace/src/backtrace/libunwind.rs:90:5
[INFO] [stderr]      1:     0x5613ac1f6fc0 - std::backtrace_rs::backtrace::trace_unsynchronized::h8f1e3fbd9afff6ec
[INFO] [stderr]                                  at /rustc/a178d0322ce20e33eac124758e837cbd80a6f633/library/std/src/../../backtrace/src/backtrace/mod.rs:66:5
[INFO] [stderr]      2:     0x5613ac1f6fc0 - std::sys_common::backtrace::_print_fmt::h3a99a796b770c360
[INFO] [stderr]                                  at /rustc/a178d0322ce20e33eac124758e837cbd80a6f633/library/std/src/sys_common/backtrace.rs:67:5
[INFO] [stderr]      3:     0x5613ac1f6fc0 - <std::sys_common::backtrace::_print::DisplayBacktrace as core::fmt::Display>::fmt::h32d1f94a80615d18
[INFO] [stderr]                                  at /rustc/a178d0322ce20e33eac124758e837cbd80a6f633/library/std/src/sys_common/backtrace.rs:46:22
[INFO] [stderr]      4:     0x5613ac21b5dc - core::fmt::write::h306731c068f7162c
[INFO] [stderr]                                  at /rustc/a178d0322ce20e33eac124758e837cbd80a6f633/library/core/src/fmt/mod.rs:1110:17
[INFO] [stderr]      5:     0x5613ac1f4c05 - std::io::Write::write_fmt::hd2fa90334eee2a21
[INFO] [stderr]                                  at /rustc/a178d0322ce20e33eac124758e837cbd80a6f633/library/std/src/io/mod.rs:1588:15
[INFO] [stderr]      6:     0x5613ac1f8f1b - std::sys_common::backtrace::_print::h5abaa2601a852287
[INFO] [stderr]                                  at /rustc/a178d0322ce20e33eac124758e837cbd80a6f633/library/std/src/sys_common/backtrace.rs:49:5
[INFO] [stderr]      7:     0x5613ac1f8f1b - std::sys_common::backtrace::print::h8d81445442bb638f
[INFO] [stderr]                                  at /rustc/a178d0322ce20e33eac124758e837cbd80a6f633/library/std/src/sys_common/backtrace.rs:36:9
[INFO] [stderr]      8:     0x5613ac1f8f1b - std::panicking::default_hook::{{closure}}::hcfe804496a9fa747
[INFO] [stderr]                                  at /rustc/a178d0322ce20e33eac124758e837cbd80a6f633/library/std/src/panicking.rs:208:50
[INFO] [stderr]      9:     0x5613ac1f89f1 - std::panicking::default_hook::hbea8e3ccf2ba8901
[INFO] [stderr]                                  at /rustc/a178d0322ce20e33eac124758e837cbd80a6f633/library/std/src/panicking.rs:225:9
[INFO] [stderr]     10:     0x5613ac1f95e4 - std::panicking::rust_panic_with_hook::h7ee9e1a2d0f8975a
[INFO] [stderr]                                  at /rustc/a178d0322ce20e33eac124758e837cbd80a6f633/library/std/src/panicking.rs:622:17
[INFO] [stderr]     11:     0x5613ac1f90c7 - std::panicking::begin_panic_handler::{{closure}}::h8ab3b4491718b2c7
[INFO] [stderr]                                  at /rustc/a178d0322ce20e33eac124758e837cbd80a6f633/library/std/src/panicking.rs:519:13
[INFO] [stderr]     12:     0x5613ac1f74bc - std::sys_common::backtrace::__rust_end_short_backtrace::hd489062ffa586a9f
[INFO] [stderr]                                  at /rustc/a178d0322ce20e33eac124758e837cbd80a6f633/library/std/src/sys_common/backtrace.rs:141:18
[INFO] [stderr]     13:     0x5613ac1f9029 - rust_begin_unwind
[INFO] [stderr]                                  at /rustc/a178d0322ce20e33eac124758e837cbd80a6f633/library/std/src/panicking.rs:515:5
[INFO] [stderr]     14:     0x5613abf247d1 - core::panicking::panic_fmt::hca6330e3e14086b4
[INFO] [stderr]                                  at /rustc/a178d0322ce20e33eac124758e837cbd80a6f633/library/core/src/panicking.rs:92:14
[INFO] [stderr]     15:     0x5613abf248c3 - core::result::unwrap_failed::h6160d2b4bfbb0e87
[INFO] [stderr]                                  at /rustc/a178d0322ce20e33eac124758e837cbd80a6f633/library/core/src/result.rs:1355:5
[INFO] [stderr]     16:     0x5613abf2870b - core::result::Result<T,E>::expect::h85b1d614a7805acf
[INFO] [stderr]                                  at /rustc/a178d0322ce20e33eac124758e837cbd80a6f633/library/core/src/result.rs:997:23
[INFO] [stderr]     17:     0x5613abf3b3e0 - build_script_build::main::hfd1a8e7b77814d06
[INFO] [stderr]                                  at /opt/rustwide/workdir/rpc/build.rs:6:5
[INFO] [stderr]     18:     0x5613abf39efb - core::ops::function::FnOnce::call_once::h0e0bfa2eb82445b8
[INFO] [stderr]                                  at /rustc/a178d0322ce20e33eac124758e837cbd80a6f633/library/core/src/ops/function.rs:227:5
[INFO] [stderr]     19:     0x5613abf2a9de - std::sys_common::backtrace::__rust_begin_short_backtrace::he21c59a055e93370
[INFO] [stderr]                                  at /rustc/a178d0322ce20e33eac124758e837cbd80a6f633/library/std/src/sys_common/backtrace.rs:125:18
[INFO] [stderr]     20:     0x5613abf39ad1 - std::rt::lang_start::{{closure}}::h10c5eb5bc1faaf2b
[INFO] [stderr]                                  at /rustc/a178d0322ce20e33eac124758e837cbd80a6f633/library/std/src/rt.rs:49:18
[INFO] [stderr]     21:     0x5613ac1f9ae9 - core::ops::function::impls::<impl core::ops::function::FnOnce<A> for &F>::call_once::h2aabc384aab89b7b
[INFO] [stderr]                                  at /rustc/a178d0322ce20e33eac124758e837cbd80a6f633/library/core/src/ops/function.rs:259:13
[INFO] [stderr]     22:     0x5613ac1f9ae9 - std::panicking::try::do_call::hc5fcacb7a85fc7b1
[INFO] [stderr]                                  at /rustc/a178d0322ce20e33eac124758e837cbd80a6f633/library/std/src/panicking.rs:401:40
[INFO] [stderr]     23:     0x5613ac1f9ae9 - std::panicking::try::hb5d9603af3abbe3a
[INFO] [stderr]                                  at /rustc/a178d0322ce20e33eac124758e837cbd80a6f633/library/std/src/panicking.rs:365:19
[INFO] [stderr]     24:     0x5613ac1f9ae9 - std::panic::catch_unwind::h98fe6ac3925e64b4
[INFO] [stderr]                                  at /rustc/a178d0322ce20e33eac124758e837cbd80a6f633/library/std/src/panic.rs:434:14
[INFO] [stderr]     25:     0x5613ac1f9ae9 - std::rt::lang_start_internal::h22ac7383c516f93e
[INFO] [stderr]                                  at /rustc/a178d0322ce20e33eac124758e837cbd80a6f633/library/std/src/rt.rs:34:21
[INFO] [stderr]     26:     0x5613abf39ab0 - std::rt::lang_start::he352999301b9c355
[INFO] [stderr]                                  at /rustc/a178d0322ce20e33eac124758e837cbd80a6f633/library/std/src/rt.rs:48:5
[INFO] [stderr]     27:     0x5613abf3b40c - main
[INFO] [stderr]     28:     0x7f7fc13ba0b3 - __libc_start_main
[INFO] [stderr]     29:     0x5613abf24f8e - _start
[INFO] [stderr]     30:                0x0 - <unknown>
[INFO] [stderr] warning: build failed, waiting for other jobs to finish...
[INFO] [stderr] error: build failed
[INFO] running `Command { std: "docker" "inspect" "ec53bd9f515e14e961a7b31226e46b177782a5a8c13487be5161ee95bc95d431", kill_on_drop: false }`
[INFO] running `Command { std: "docker" "rm" "-f" "ec53bd9f515e14e961a7b31226e46b177782a5a8c13487be5161ee95bc95d431", kill_on_drop: false }`
[INFO] [stdout] ec53bd9f515e14e961a7b31226e46b177782a5a8c13487be5161ee95bc95d431
