[INFO] cloning repository https://github.com/zpeters/lockscreen
[INFO] running `Command { std: "git" "-c" "credential.helper=" "-c" "credential.helper=/workspace/cargo-home/bin/git-credential-null" "clone" "--bare" "https://github.com/zpeters/lockscreen" "/workspace/cache/git-repos/https%3A%2F%2Fgithub.com%2Fzpeters%2Flockscreen", kill_on_drop: false }`
[INFO] [stderr] Cloning into bare repository '/workspace/cache/git-repos/https%3A%2F%2Fgithub.com%2Fzpeters%2Flockscreen'...
[INFO] running `Command { std: "git" "rev-parse" "HEAD", kill_on_drop: false }`
[INFO] [stdout] 281cf01517e98e954b8935f1ed9198875c64e4ea
[INFO] testing zpeters/lockscreen against 1.54.0 for beta-1.55-1
[INFO] running `Command { std: "git" "clone" "/workspace/cache/git-repos/https%3A%2F%2Fgithub.com%2Fzpeters%2Flockscreen" "/workspace/builds/worker-16/source", kill_on_drop: false }`
[INFO] [stderr] Cloning into '/workspace/builds/worker-16/source'...
[INFO] [stderr] done.
[INFO] validating manifest of git repo https://github.com/zpeters/lockscreen on toolchain 1.54.0
[INFO] running `Command { std: "/workspace/cargo-home/bin/cargo" "+1.54.0" "metadata" "--manifest-path" "Cargo.toml" "--no-deps", kill_on_drop: false }`
[INFO] started tweaking git repo https://github.com/zpeters/lockscreen
[INFO] finished tweaking git repo https://github.com/zpeters/lockscreen
[INFO] tweaked toml for git repo https://github.com/zpeters/lockscreen written to /workspace/builds/worker-16/source/Cargo.toml
[INFO] crate git repo https://github.com/zpeters/lockscreen already has a lockfile, it will not be regenerated
[INFO] running `Command { std: "/workspace/cargo-home/bin/cargo" "+1.54.0" "fetch" "--manifest-path" "Cargo.toml", kill_on_drop: false }`
[INFO] [stderr]     Blocking waiting for file lock on package cache
[INFO] [stderr]     Blocking waiting for file lock on package cache
[INFO] running `Command { std: "docker" "create" "-v" "/var/lib/crater-agent-workspace/builds/worker-16/target:/opt/rustwide/target:rw,Z" "-v" "/var/lib/crater-agent-workspace/builds/worker-16/source:/opt/rustwide/workdir:ro,Z" "-v" "/var/lib/crater-agent-workspace/cargo-home:/opt/rustwide/cargo-home:ro,Z" "-v" "/var/lib/crater-agent-workspace/rustup-home:/opt/rustwide/rustup-home:ro,Z" "-e" "SOURCE_DIR=/opt/rustwide/workdir" "-e" "CARGO_TARGET_DIR=/opt/rustwide/target" "-e" "CARGO_HOME=/opt/rustwide/cargo-home" "-e" "RUSTUP_HOME=/opt/rustwide/rustup-home" "-w" "/opt/rustwide/workdir" "-m" "1610612736" "--user" "0:0" "--network" "none" "ghcr.io/rust-lang/crates-build-env/linux@sha256:34b6a614d2c27851fe6cbf88fbd1137609cefab8b10d0615aaeb6fd47975d74e" "/opt/rustwide/cargo-home/bin/cargo" "+1.54.0" "metadata" "--no-deps" "--format-version=1", kill_on_drop: false }`
[INFO] [stdout] 0894bdbb4da778e28ccd803ceff313b389e2f3813937c5a35508d2be35a8aa27
[INFO] running `Command { std: "docker" "start" "-a" "0894bdbb4da778e28ccd803ceff313b389e2f3813937c5a35508d2be35a8aa27", kill_on_drop: false }`
[INFO] running `Command { std: "docker" "inspect" "0894bdbb4da778e28ccd803ceff313b389e2f3813937c5a35508d2be35a8aa27", kill_on_drop: false }`
[INFO] running `Command { std: "docker" "rm" "-f" "0894bdbb4da778e28ccd803ceff313b389e2f3813937c5a35508d2be35a8aa27", kill_on_drop: false }`
[INFO] [stdout] 0894bdbb4da778e28ccd803ceff313b389e2f3813937c5a35508d2be35a8aa27
[INFO] running `Command { std: "docker" "create" "-v" "/var/lib/crater-agent-workspace/builds/worker-16/target:/opt/rustwide/target:rw,Z" "-v" "/var/lib/crater-agent-workspace/builds/worker-16/source:/opt/rustwide/workdir:ro,Z" "-v" "/var/lib/crater-agent-workspace/cargo-home:/opt/rustwide/cargo-home:ro,Z" "-v" "/var/lib/crater-agent-workspace/rustup-home:/opt/rustwide/rustup-home:ro,Z" "-e" "SOURCE_DIR=/opt/rustwide/workdir" "-e" "CARGO_TARGET_DIR=/opt/rustwide/target" "-e" "CARGO_INCREMENTAL=0" "-e" "RUST_BACKTRACE=full" "-e" "RUSTFLAGS=--cap-lints=warn" "-e" "CARGO_HOME=/opt/rustwide/cargo-home" "-e" "RUSTUP_HOME=/opt/rustwide/rustup-home" "-w" "/opt/rustwide/workdir" "-m" "1610612736" "--user" "0:0" "--network" "none" "ghcr.io/rust-lang/crates-build-env/linux@sha256:34b6a614d2c27851fe6cbf88fbd1137609cefab8b10d0615aaeb6fd47975d74e" "/opt/rustwide/cargo-home/bin/cargo" "+1.54.0" "build" "--frozen" "--message-format=json", kill_on_drop: false }`
[INFO] [stdout] 9850422d1adcfa7c83f409e88f79892048370f002ba33d19b7f918d5b5debc53
[INFO] running `Command { std: "docker" "start" "-a" "9850422d1adcfa7c83f409e88f79892048370f002ba33d19b7f918d5b5debc53", kill_on_drop: false }`
[INFO] [stderr]     Blocking waiting for file lock on package cache
[INFO] [stderr]    Compiling winapi v0.3.7
[INFO] [stderr]    Compiling lockscreen v0.1.0 (/opt/rustwide/workdir)
[INFO] [stdout] error[E0433]: failed to resolve: could not find `shared` in `winapi`
[INFO] [stdout]  --> src/main.rs:2:13
[INFO] [stdout]   |
[INFO] [stdout] 2 | use winapi::shared::windef::{HWND};
[INFO] [stdout]   |             ^^^^^^ could not find `shared` in `winapi`
[INFO] [stdout] 
[INFO] [stdout] 
[INFO] [stdout] error[E0433]: failed to resolve: could not find `um` in `winapi`
[INFO] [stdout]  --> src/main.rs:3:13
[INFO] [stdout]   |
[INFO] [stdout] 3 | use winapi::um::winuser::{SendMessageW};
[INFO] [stdout]   |             ^^ could not find `um` in `winapi`
[INFO] [stdout] 
[INFO] [stdout] 
[INFO] [stdout] error[E0412]: cannot find type `HWND` in this scope
[INFO] [stdout]  --> src/main.rs:6:25
[INFO] [stdout]   |
[INFO] [stdout] 6 |     let hwnd_broadcast: HWND = 0xffff as HWND;
[INFO] [stdout]   |                         ^^^^ not found in this scope
[INFO] [stdout] 
[INFO] [stdout] 
[INFO] [stdout] error[E0412]: cannot find type `HWND` in this scope
[INFO] [stdout]  --> src/main.rs:6:42
[INFO] [stdout]   |
[INFO] [stdout] 6 |     let hwnd_broadcast: HWND = 0xffff as HWND;
[INFO] [stdout]   |                                          ^^^^ not found in this scope
[INFO] [stdout] 
[INFO] [stdout] 
[INFO] [stdout] error[E0425]: cannot find function, tuple struct or tuple variant `SendMessageW` in this scope
[INFO] [stdout]   --> src/main.rs:12:9
[INFO] [stdout]    |
[INFO] [stdout] 12 |         SendMessageW(hwnd_broadcast, wm_syscommand, sc_monitorpower, power_off);
[INFO] [stdout]    |         ^^^^^^^^^^^^ not found in this scope
[INFO] [stdout] 
[INFO] [stdout] 
[INFO] [stdout] error: aborting due to 5 previous errors
[INFO] [stdout] 
[INFO] [stdout] 
[INFO] [stdout] Some errors have detailed explanations: E0412, E0425, E0433.
[INFO] [stdout] 
[INFO] [stdout] For more information about an error, try `rustc --explain E0412`.
[INFO] [stdout] 
[INFO] [stderr] error: could not compile `lockscreen`
[INFO] [stderr] 
[INFO] [stderr] To learn more, run the command again with --verbose.
[INFO] running `Command { std: "docker" "inspect" "9850422d1adcfa7c83f409e88f79892048370f002ba33d19b7f918d5b5debc53", kill_on_drop: false }`
[INFO] running `Command { std: "docker" "rm" "-f" "9850422d1adcfa7c83f409e88f79892048370f002ba33d19b7f918d5b5debc53", kill_on_drop: false }`
[INFO] [stdout] 9850422d1adcfa7c83f409e88f79892048370f002ba33d19b7f918d5b5debc53
