[INFO] cloning repository https://github.com/zmcNotafraid/my-sudt-info
[INFO] running `Command { std: "git" "-c" "credential.helper=" "-c" "credential.helper=/workspace/cargo-home/bin/git-credential-null" "clone" "--bare" "https://github.com/zmcNotafraid/my-sudt-info" "/workspace/cache/git-repos/https%3A%2F%2Fgithub.com%2FzmcNotafraid%2Fmy-sudt-info", kill_on_drop: false }`
[INFO] [stderr] Cloning into bare repository '/workspace/cache/git-repos/https%3A%2F%2Fgithub.com%2FzmcNotafraid%2Fmy-sudt-info'...
[INFO] running `Command { std: "git" "rev-parse" "HEAD", kill_on_drop: false }`
[INFO] [stdout] 1b3afdf39a44874a8a45345a0ea63ba53cb5c299
[INFO] testing zmcNotafraid/my-sudt-info against 1.54.0 for beta-1.55-1
[INFO] running `Command { std: "git" "clone" "/workspace/cache/git-repos/https%3A%2F%2Fgithub.com%2FzmcNotafraid%2Fmy-sudt-info" "/workspace/builds/worker-48/source", kill_on_drop: false }`
[INFO] [stderr] Cloning into '/workspace/builds/worker-48/source'...
[INFO] [stderr] done.
[INFO] validating manifest of git repo https://github.com/zmcNotafraid/my-sudt-info on toolchain 1.54.0
[INFO] running `Command { std: "/workspace/cargo-home/bin/cargo" "+1.54.0" "metadata" "--manifest-path" "Cargo.toml" "--no-deps", kill_on_drop: false }`
[INFO] started tweaking git repo https://github.com/zmcNotafraid/my-sudt-info
[INFO] finished tweaking git repo https://github.com/zmcNotafraid/my-sudt-info
[INFO] tweaked toml for git repo https://github.com/zmcNotafraid/my-sudt-info written to /workspace/builds/worker-48/source/Cargo.toml
[INFO] crate git repo https://github.com/zmcNotafraid/my-sudt-info already has a lockfile, it will not be regenerated
[INFO] running `Command { std: "/workspace/cargo-home/bin/cargo" "+1.54.0" "fetch" "--manifest-path" "Cargo.toml", kill_on_drop: false }`
[INFO] [stderr]     Blocking waiting for file lock on package cache
[INFO] [stderr]     Blocking waiting for file lock on package cache
[INFO] running `Command { std: "docker" "create" "-v" "/var/lib/crater-agent-workspace/builds/worker-48/target:/opt/rustwide/target:rw,Z" "-v" "/var/lib/crater-agent-workspace/builds/worker-48/source:/opt/rustwide/workdir:ro,Z" "-v" "/var/lib/crater-agent-workspace/cargo-home:/opt/rustwide/cargo-home:ro,Z" "-v" "/var/lib/crater-agent-workspace/rustup-home:/opt/rustwide/rustup-home:ro,Z" "-e" "SOURCE_DIR=/opt/rustwide/workdir" "-e" "CARGO_TARGET_DIR=/opt/rustwide/target" "-e" "CARGO_HOME=/opt/rustwide/cargo-home" "-e" "RUSTUP_HOME=/opt/rustwide/rustup-home" "-w" "/opt/rustwide/workdir" "-m" "1610612736" "--user" "0:0" "--network" "none" "ghcr.io/rust-lang/crates-build-env/linux@sha256:34b6a614d2c27851fe6cbf88fbd1137609cefab8b10d0615aaeb6fd47975d74e" "/opt/rustwide/cargo-home/bin/cargo" "+1.54.0" "metadata" "--no-deps" "--format-version=1", kill_on_drop: false }`
[INFO] [stdout] e7f5a582c90e1a52e6a18e880dd80b21e45bc52978e2b402cb518cba065577ba
[INFO] running `Command { std: "docker" "start" "-a" "e7f5a582c90e1a52e6a18e880dd80b21e45bc52978e2b402cb518cba065577ba", kill_on_drop: false }`
[INFO] running `Command { std: "docker" "inspect" "e7f5a582c90e1a52e6a18e880dd80b21e45bc52978e2b402cb518cba065577ba", kill_on_drop: false }`
[INFO] running `Command { std: "docker" "rm" "-f" "e7f5a582c90e1a52e6a18e880dd80b21e45bc52978e2b402cb518cba065577ba", kill_on_drop: false }`
[INFO] [stdout] e7f5a582c90e1a52e6a18e880dd80b21e45bc52978e2b402cb518cba065577ba
[INFO] running `Command { std: "docker" "create" "-v" "/var/lib/crater-agent-workspace/builds/worker-48/target:/opt/rustwide/target:rw,Z" "-v" "/var/lib/crater-agent-workspace/builds/worker-48/source:/opt/rustwide/workdir:ro,Z" "-v" "/var/lib/crater-agent-workspace/cargo-home:/opt/rustwide/cargo-home:ro,Z" "-v" "/var/lib/crater-agent-workspace/rustup-home:/opt/rustwide/rustup-home:ro,Z" "-e" "SOURCE_DIR=/opt/rustwide/workdir" "-e" "CARGO_TARGET_DIR=/opt/rustwide/target" "-e" "CARGO_INCREMENTAL=0" "-e" "RUST_BACKTRACE=full" "-e" "RUSTFLAGS=--cap-lints=warn" "-e" "CARGO_HOME=/opt/rustwide/cargo-home" "-e" "RUSTUP_HOME=/opt/rustwide/rustup-home" "-w" "/opt/rustwide/workdir" "-m" "1610612736" "--user" "0:0" "--network" "none" "ghcr.io/rust-lang/crates-build-env/linux@sha256:34b6a614d2c27851fe6cbf88fbd1137609cefab8b10d0615aaeb6fd47975d74e" "/opt/rustwide/cargo-home/bin/cargo" "+1.54.0" "build" "--frozen" "--message-format=json", kill_on_drop: false }`
[INFO] [stdout] b90e0b52fe33c6a3d3b3be0b09a5f3cedf673501bd32559f67d994ab6efa5ece
[INFO] running `Command { std: "docker" "start" "-a" "b90e0b52fe33c6a3d3b3be0b09a5f3cedf673501bd32559f67d994ab6efa5ece", kill_on_drop: false }`
[INFO] [stderr]     Blocking waiting for file lock on package cache
[INFO] [stderr]    Compiling libc v0.2.79
[INFO] [stderr]    Compiling syn v1.0.45
[INFO] [stderr]    Compiling maybe-uninit v2.0.0
[INFO] [stderr]    Compiling either v1.6.1
[INFO] [stderr]    Compiling serde v1.0.117
[INFO] [stderr]    Compiling rayon-core v1.8.1
[INFO] [stderr]    Compiling rand_core v0.4.2
[INFO] [stderr]    Compiling log v0.4.11
[INFO] [stderr]    Compiling adler v0.2.3
[INFO] [stderr]    Compiling autocfg v0.1.7
[INFO] [stderr]    Compiling failure_derive v0.1.8
[INFO] [stderr]    Compiling gimli v0.22.0
[INFO] [stderr]    Compiling semver-parser v0.7.0
[INFO] [stderr]    Compiling object v0.21.1
[INFO] [stderr]    Compiling proc-macro2 v0.4.30
[INFO] [stderr]    Compiling rustc-demangle v0.1.17
[INFO] [stderr]    Compiling byteorder v1.3.4
[INFO] [stderr]    Compiling syn v0.15.44
[INFO] [stderr]    Compiling proc-macro-hack v0.5.18
[INFO] [stderr]    Compiling futures v0.1.30
[INFO] [stderr]    Compiling once_cell v1.4.1
[INFO] [stderr]    Compiling faster-hex v0.4.1
[INFO] [stderr]    Compiling crc32fast v1.2.0
[INFO] [stderr]    Compiling heapsize v0.4.2
[INFO] [stderr]    Compiling tinyvec v0.3.4
[INFO] [stderr]    Compiling version_check v0.9.2
[INFO] [stderr]    Compiling unicode-xid v0.0.4
[INFO] [stderr]    Compiling futures-core v0.3.6
[INFO] [stderr]    Compiling siphasher v0.2.3
[INFO] [stderr]    Compiling quote v0.3.15
[INFO] [stderr]    Compiling pin-project-internal v0.4.27
[INFO] [stderr]    Compiling getrandom v0.1.15
[INFO] [stderr]    Compiling pin-project-lite v0.1.11
[INFO] [stderr]    Compiling serde_json v1.0.59
[INFO] [stderr]    Compiling foreign-types-shared v0.1.1
[INFO] [stderr]    Compiling futures-sink v0.3.6
[INFO] [stderr]    Compiling openssl v0.10.30
[INFO] [stderr]    Compiling proc-macro-nested v0.1.6
[INFO] [stderr]    Compiling bit-vec v0.5.1
[INFO] [stderr]    Compiling hashbrown v0.9.1
[INFO] [stderr]    Compiling try-lock v0.2.3
[INFO] [stderr]    Compiling httparse v1.3.4
[INFO] [stderr]    Compiling typenum v1.12.0
[INFO] [stderr]    Compiling same-file v1.0.6
[INFO] [stderr]    Compiling futures-io v0.3.6
[INFO] [stderr]    Compiling native-tls v0.2.4
[INFO] [stderr]    Compiling regex-syntax v0.6.20
[INFO] [stderr]    Compiling ppv-lite86 v0.2.9
[INFO] [stderr]    Compiling faster-hex v0.3.1
[INFO] [stderr]    Compiling percent-encoding v1.0.1
[INFO] [stderr]    Compiling dtoa v0.4.6
[INFO] [stderr]    Compiling encoding_rs v0.8.24
[INFO] [stderr]    Compiling remove_dir_all v0.5.3
[INFO] [stderr]    Compiling httpdate v0.3.2
[INFO] [stderr]    Compiling byte-tools v0.3.1
[INFO] [stderr]    Compiling eaglesong v0.1.0
[INFO] [stderr]    Compiling tentacle-secio v0.4.0
[INFO] [stderr]    Compiling opaque-debug v0.2.3
[INFO] [stderr]    Compiling unsigned-varint v0.3.3
[INFO] [stderr]    Compiling stable_deref_trait v1.2.0
[INFO] [stderr]    Compiling untrusted v0.7.1
[INFO] [stderr]    Compiling spin v0.5.2
[INFO] [stderr]    Compiling fake-simd v0.1.2
[INFO] [stderr]    Compiling bs58 v0.3.1
[INFO] [stderr]    Compiling scopeguard v0.3.3
[INFO] [stderr]    Compiling ahash v0.3.8
[INFO] [stderr]    Compiling linked-hash-map v0.5.3
[INFO] [stderr]    Compiling ckb-build-info v0.37.0
[INFO] [stderr]    Compiling path-clean v0.1.0
[INFO] [stderr]    Compiling tower-service v0.3.0
[INFO] [stderr]    Compiling plain v0.2.3
[INFO] [stderr]    Compiling ckb-script v0.37.0
[INFO] [stderr]    Compiling ckb-vm-definitions v0.19.2
[INFO] [stderr]    Compiling ipnet v2.3.0
[INFO] [stderr]    Compiling base64 v0.12.3
[INFO] [stderr]    Compiling buddy-alloc v0.3.0
[INFO] [stderr]    Compiling ckb-always-success-script v0.0.1
[INFO] [stderr]    Compiling blake2b-ref v0.1.0
[INFO] [stderr]    Compiling hex v0.4.2
[INFO] [stderr]    Compiling crossbeam-utils v0.7.2
[INFO] [stderr]    Compiling memoffset v0.5.6
[INFO] [stderr]    Compiling crossbeam-epoch v0.8.2
[INFO] [stderr]    Compiling rayon v1.4.1
[INFO] [stderr]    Compiling miniz_oxide v0.4.3
[INFO] [stderr]    Compiling crossbeam-utils v0.6.6
[INFO] [stderr]    Compiling indexmap v1.6.0
[INFO] [stderr]    Compiling merkle-cbt v0.3.0
[INFO] [stderr]    Compiling lock_api v0.3.4
[INFO] [stderr]    Compiling num-traits v0.2.12
[INFO] [stderr]    Compiling num-integer v0.1.43
[INFO] [stderr]    Compiling try_from v0.3.2
[INFO] [stderr]    Compiling hashbrown v0.8.2
[INFO] [stderr]    Compiling aho-corasick v0.7.14
[INFO] [stderr]    Compiling rand_core v0.3.1
[INFO] [stderr]    Compiling rand_jitter v0.1.4
[INFO] [stdout] error[E0061]: this function takes 1 argument but 2 arguments were supplied
[INFO] [stdout]     --> /opt/rustwide/cargo-home/registry/src/github.com-1ecc6299db9ec823/blake2b-ref-0.1.0/src/blake2b_ref.rs:88:7
[INFO] [stdout]      |
[INFO] [stdout] 88   |     v.fill(0, n);
[INFO] [stdout]      |       ^^^^ -  - supplied 2 arguments
[INFO] [stdout]      |       |
[INFO] [stdout]      |       expected 1 argument
[INFO] [stdout]      |
[INFO] [stdout] note: associated function defined here
[INFO] [stdout] 
[INFO] [stdout] 
[INFO] [stdout] error[E0061]: this function takes 1 argument but 2 arguments were supplied
[INFO] [stdout]     --> /opt/rustwide/cargo-home/registry/src/github.com-1ecc6299db9ec823/blake2b-ref-0.1.0/src/blake2b_ref.rs:425:10
[INFO] [stdout]      |
[INFO] [stdout] 425  |         .fill(0, ::core::mem::size_of::<[uint8_t; 14]>());
[INFO] [stdout]      |          ^^^^ -  --------------------------------------- supplied 2 arguments
[INFO] [stdout]      |          |
[INFO] [stdout]      |          expected 1 argument
[INFO] [stdout]      |
[INFO] [stdout] note: associated function defined here
[INFO] [stdout] 
[INFO] [stdout] 
[INFO] [stdout] error[E0061]: this function takes 1 argument but 2 arguments were supplied
[INFO] [stdout]     --> /opt/rustwide/cargo-home/registry/src/github.com-1ecc6299db9ec823/blake2b-ref-0.1.0/src/blake2b_ref.rs:428:10
[INFO] [stdout]      |
[INFO] [stdout] 428  |         .fill(0, ::core::mem::size_of::<[uint8_t; 16]>());
[INFO] [stdout]      |          ^^^^ -  --------------------------------------- supplied 2 arguments
[INFO] [stdout]      |          |
[INFO] [stdout]      |          expected 1 argument
[INFO] [stdout]      |
[INFO] [stdout] note: associated function defined here
[INFO] [stdout] 
[INFO] [stdout] 
[INFO] [stdout] error[E0061]: this function takes 1 argument but 2 arguments were supplied
[INFO] [stdout]     --> /opt/rustwide/cargo-home/registry/src/github.com-1ecc6299db9ec823/blake2b-ref-0.1.0/src/blake2b_ref.rs:431:10
[INFO] [stdout]      |
[INFO] [stdout] 431  |         .fill(0, ::core::mem::size_of::<[uint8_t; 16]>());
[INFO] [stdout]      |          ^^^^ -  --------------------------------------- supplied 2 arguments
[INFO] [stdout]      |          |
[INFO] [stdout]      |          expected 1 argument
[INFO] [stdout]      |
[INFO] [stdout] note: associated function defined here
[INFO] [stdout] 
[INFO] [stdout] 
[INFO] [stdout] error[E0061]: this function takes 1 argument but 2 arguments were supplied
[INFO] [stdout]     --> /opt/rustwide/cargo-home/registry/src/github.com-1ecc6299db9ec823/blake2b-ref-0.1.0/src/blake2b_ref.rs:482:10
[INFO] [stdout]      |
[INFO] [stdout] 482  |         .fill(0, ::core::mem::size_of::<[uint8_t; 14]>());
[INFO] [stdout]      |          ^^^^ -  --------------------------------------- supplied 2 arguments
[INFO] [stdout]      |          |
[INFO] [stdout]      |          expected 1 argument
[INFO] [stdout]      |
[INFO] [stdout] note: associated function defined here
[INFO] [stdout] 
[INFO] [stdout] 
[INFO] [stdout] error[E0061]: this function takes 1 argument but 2 arguments were supplied
[INFO] [stdout]     --> /opt/rustwide/cargo-home/registry/src/github.com-1ecc6299db9ec823/blake2b-ref-0.1.0/src/blake2b_ref.rs:485:10
[INFO] [stdout]      |
[INFO] [stdout] 485  |         .fill(0, ::core::mem::size_of::<[uint8_t; 16]>());
[INFO] [stdout]      |          ^^^^ -  --------------------------------------- supplied 2 arguments
[INFO] [stdout]      |          |
[INFO] [stdout]      |          expected 1 argument
[INFO] [stdout]      |
[INFO] [stdout] note: associated function defined here
[INFO] [stdout] 
[INFO] [stdout] 
[INFO] [stdout] error[E0061]: this function takes 1 argument but 2 arguments were supplied
[INFO] [stdout]     --> /opt/rustwide/cargo-home/registry/src/github.com-1ecc6299db9ec823/blake2b-ref-0.1.0/src/blake2b_ref.rs:488:10
[INFO] [stdout]      |
[INFO] [stdout] 488  |         .fill(0, ::core::mem::size_of::<[uint8_t; 16]>());
[INFO] [stdout]      |          ^^^^ -  --------------------------------------- supplied 2 arguments
[INFO] [stdout]      |          |
[INFO] [stdout]      |          expected 1 argument
[INFO] [stdout]      |
[INFO] [stdout] note: associated function defined here
[INFO] [stdout] 
[INFO] [stdout] 
[INFO] [stderr] error: could not compile `proc-macro2`
[INFO] [stderr] 
[INFO] [stderr] Caused by:
[INFO] [stderr]   process didn't exit successfully: `rustc --crate-name build_script_build /opt/rustwide/cargo-home/registry/src/github.com-1ecc6299db9ec823/proc-macro2-0.4.30/build.rs --error-format=json --json=diagnostic-rendered-ansi --crate-type bin --emit=dep-info,link -C embed-bitcode=no -C debuginfo=2 --cfg 'feature="default"' --cfg 'feature="proc-macro"' -C metadata=b53b029f1bffee0e -C extra-filename=-b53b029f1bffee0e --out-dir /opt/rustwide/target/debug/build/proc-macro2-b53b029f1bffee0e -L dependency=/opt/rustwide/target/debug/deps --cap-lints allow --cap-lints=warn` (signal: 9, SIGKILL: kill)
[INFO] [stderr] warning: build failed, waiting for other jobs to finish...
[INFO] [stdout] error[E0061]: this function takes 1 argument but 2 arguments were supplied
[INFO] [stdout]     --> /opt/rustwide/cargo-home/registry/src/github.com-1ecc6299db9ec823/blake2b-ref-0.1.0/src/blake2b_ref.rs:3950:38
[INFO] [stdout]      |
[INFO] [stdout] 3950 |     (*S).buf[(*S).buflen as usize..].fill(
[INFO] [stdout]      |                                      ^^^^ expected 1 argument
[INFO] [stdout] 3951 |         0,
[INFO] [stdout]      |         -
[INFO] [stdout] 3952 |         (BLAKE2B_BLOCKBYTES as libc::c_int as libc::c_ulong).wrapping_sub((*S).buflen) as usize,
[INFO] [stdout]      |         --------------------------------------------------------------------------------------- supplied 2 arguments
[INFO] [stdout]      |
[INFO] [stdout] note: associated function defined here
[INFO] [stdout] 
[INFO] [stdout] 
[INFO] [stdout] error: aborting due to 8 previous errors
[INFO] [stdout] 
[INFO] [stdout] 
[INFO] [stdout] For more information about this error, try `rustc --explain E0061`.
[INFO] [stdout] 
[INFO] [stderr] error: build failed
[INFO] running `Command { std: "docker" "inspect" "b90e0b52fe33c6a3d3b3be0b09a5f3cedf673501bd32559f67d994ab6efa5ece", kill_on_drop: false }`
[INFO] running `Command { std: "docker" "rm" "-f" "b90e0b52fe33c6a3d3b3be0b09a5f3cedf673501bd32559f67d994ab6efa5ece", kill_on_drop: false }`
[INFO] [stdout] b90e0b52fe33c6a3d3b3be0b09a5f3cedf673501bd32559f67d994ab6efa5ece
