[INFO] cloning repository https://github.com/zhongzc/mock-resource-metering-agent
[INFO] running `Command { std: "git" "-c" "credential.helper=" "-c" "credential.helper=/workspace/cargo-home/bin/git-credential-null" "clone" "--bare" "https://github.com/zhongzc/mock-resource-metering-agent" "/workspace/cache/git-repos/https%3A%2F%2Fgithub.com%2Fzhongzc%2Fmock-resource-metering-agent", kill_on_drop: false }`
[INFO] [stderr] Cloning into bare repository '/workspace/cache/git-repos/https%3A%2F%2Fgithub.com%2Fzhongzc%2Fmock-resource-metering-agent'...
[INFO] running `Command { std: "git" "rev-parse" "HEAD", kill_on_drop: false }`
[INFO] [stdout] 7a5d1b7b1ceaf8fe6a7b7e7ba81cf34db37b2f8c
[INFO] testing zhongzc/mock-resource-metering-agent against 1.54.0 for beta-1.55-1
[INFO] running `Command { std: "git" "clone" "/workspace/cache/git-repos/https%3A%2F%2Fgithub.com%2Fzhongzc%2Fmock-resource-metering-agent" "/workspace/builds/worker-42/source", kill_on_drop: false }`
[INFO] [stderr] Cloning into '/workspace/builds/worker-42/source'...
[INFO] [stderr] done.
[INFO] validating manifest of git repo https://github.com/zhongzc/mock-resource-metering-agent on toolchain 1.54.0
[INFO] running `Command { std: "/workspace/cargo-home/bin/cargo" "+1.54.0" "metadata" "--manifest-path" "Cargo.toml" "--no-deps", kill_on_drop: false }`
[INFO] started tweaking git repo https://github.com/zhongzc/mock-resource-metering-agent
[INFO] finished tweaking git repo https://github.com/zhongzc/mock-resource-metering-agent
[INFO] tweaked toml for git repo https://github.com/zhongzc/mock-resource-metering-agent written to /workspace/builds/worker-42/source/Cargo.toml
[INFO] crate git repo https://github.com/zhongzc/mock-resource-metering-agent already has a lockfile, it will not be regenerated
[INFO] running `Command { std: "/workspace/cargo-home/bin/cargo" "+1.54.0" "fetch" "--manifest-path" "Cargo.toml", kill_on_drop: false }`
[INFO] [stderr]     Blocking waiting for file lock on package cache
[INFO] [stderr]     Blocking waiting for file lock on package cache
[INFO] running `Command { std: "docker" "create" "-v" "/var/lib/crater-agent-workspace/builds/worker-42/target:/opt/rustwide/target:rw,Z" "-v" "/var/lib/crater-agent-workspace/builds/worker-42/source:/opt/rustwide/workdir:ro,Z" "-v" "/var/lib/crater-agent-workspace/cargo-home:/opt/rustwide/cargo-home:ro,Z" "-v" "/var/lib/crater-agent-workspace/rustup-home:/opt/rustwide/rustup-home:ro,Z" "-e" "SOURCE_DIR=/opt/rustwide/workdir" "-e" "CARGO_TARGET_DIR=/opt/rustwide/target" "-e" "CARGO_HOME=/opt/rustwide/cargo-home" "-e" "RUSTUP_HOME=/opt/rustwide/rustup-home" "-w" "/opt/rustwide/workdir" "-m" "1610612736" "--user" "0:0" "--network" "none" "ghcr.io/rust-lang/crates-build-env/linux@sha256:34b6a614d2c27851fe6cbf88fbd1137609cefab8b10d0615aaeb6fd47975d74e" "/opt/rustwide/cargo-home/bin/cargo" "+1.54.0" "metadata" "--no-deps" "--format-version=1", kill_on_drop: false }`
[INFO] [stdout] 8ed033e6644ca9d5b4bbb29daacd43dcf10e81579639158e96f5cbf3a8e70b5c
[INFO] running `Command { std: "docker" "start" "-a" "8ed033e6644ca9d5b4bbb29daacd43dcf10e81579639158e96f5cbf3a8e70b5c", kill_on_drop: false }`
[INFO] running `Command { std: "docker" "inspect" "8ed033e6644ca9d5b4bbb29daacd43dcf10e81579639158e96f5cbf3a8e70b5c", kill_on_drop: false }`
[INFO] running `Command { std: "docker" "rm" "-f" "8ed033e6644ca9d5b4bbb29daacd43dcf10e81579639158e96f5cbf3a8e70b5c", kill_on_drop: false }`
[INFO] [stdout] 8ed033e6644ca9d5b4bbb29daacd43dcf10e81579639158e96f5cbf3a8e70b5c
[INFO] running `Command { std: "docker" "create" "-v" "/var/lib/crater-agent-workspace/builds/worker-42/target:/opt/rustwide/target:rw,Z" "-v" "/var/lib/crater-agent-workspace/builds/worker-42/source:/opt/rustwide/workdir:ro,Z" "-v" "/var/lib/crater-agent-workspace/cargo-home:/opt/rustwide/cargo-home:ro,Z" "-v" "/var/lib/crater-agent-workspace/rustup-home:/opt/rustwide/rustup-home:ro,Z" "-e" "SOURCE_DIR=/opt/rustwide/workdir" "-e" "CARGO_TARGET_DIR=/opt/rustwide/target" "-e" "CARGO_INCREMENTAL=0" "-e" "RUST_BACKTRACE=full" "-e" "RUSTFLAGS=--cap-lints=warn" "-e" "CARGO_HOME=/opt/rustwide/cargo-home" "-e" "RUSTUP_HOME=/opt/rustwide/rustup-home" "-w" "/opt/rustwide/workdir" "-m" "1610612736" "--user" "0:0" "--network" "none" "ghcr.io/rust-lang/crates-build-env/linux@sha256:34b6a614d2c27851fe6cbf88fbd1137609cefab8b10d0615aaeb6fd47975d74e" "/opt/rustwide/cargo-home/bin/cargo" "+1.54.0" "build" "--frozen" "--message-format=json", kill_on_drop: false }`
[INFO] [stdout] d7d4dffc9e81ab64bd7b5a7a250e1eade71b71a6c4606b205f04d02aafd5b145
[INFO] running `Command { std: "docker" "start" "-a" "d7d4dffc9e81ab64bd7b5a7a250e1eade71b71a6c4606b205f04d02aafd5b145", kill_on_drop: false }`
[INFO] [stderr]     Blocking waiting for file lock on package cache
[INFO] [stderr]    Compiling cc v1.0.68
[INFO] [stderr]    Compiling protobuf v2.8.0 (https://github.com/pingcap/rust-protobuf?rev=82b49fea7e696fd647b5aca0a6c6ec944eab3189#82b49fea)
[INFO] [stderr]    Compiling libc v0.2.95
[INFO] [stderr]    Compiling hex v0.3.2
[INFO] [stderr]    Compiling glob v0.3.0
[INFO] [stderr]    Compiling syn v1.0.72
[INFO] [stderr]    Compiling futures-core v0.3.15
[INFO] [stderr]    Compiling bindgen v0.57.0
[INFO] [stderr]    Compiling futures-channel v0.3.15
[INFO] [stderr]    Compiling lazycell v1.3.0
[INFO] [stderr]    Compiling shlex v0.1.1
[INFO] [stderr]    Compiling futures-sink v0.3.15
[INFO] [stderr]    Compiling rustc-hash v1.1.0
[INFO] [stderr]    Compiling same-file v1.0.6
[INFO] [stderr]    Compiling peeking_take_while v0.1.2
[INFO] [stderr]    Compiling hex v0.4.3
[INFO] [stderr]    Compiling nom v5.1.2
[INFO] [stderr]    Compiling libloading v0.7.0
[INFO] [stderr]    Compiling futures-util v0.3.15
[INFO] [stderr]    Compiling walkdir v2.3.2
[INFO] [stderr]    Compiling clang-sys v1.2.0
[INFO] [stderr]    Compiling openssl-src v111.15.0+1.1.1k
[INFO] [stderr]    Compiling cmake v0.1.45
[INFO] [stderr]    Compiling boringssl-src v0.2.0
[INFO] [stderr]    Compiling libz-sys v1.1.3
[INFO] [stderr]    Compiling openssl-sys v0.9.63
[INFO] [stderr]    Compiling parking_lot_core v0.8.3
[INFO] [stderr]    Compiling parking_lot v0.11.1
[INFO] [stderr]    Compiling cexpr v0.4.0
[INFO] [stderr]    Compiling protobuf-codegen v2.8.0 (https://github.com/pingcap/rust-protobuf?rev=82b49fea7e696fd647b5aca0a6c6ec944eab3189#82b49fea)
[INFO] [stderr]    Compiling grpcio-compiler v0.9.0
[INFO] [stderr]    Compiling protobuf-build v0.8.0
[INFO] [stderr]    Compiling protobuf-build v0.12.3
[INFO] [stderr]    Compiling futures-macro v0.3.15
[INFO] [stderr]    Compiling raft-proto v0.6.0-alpha
[INFO] [stderr]    Compiling kvproto v0.0.2 (https://github.com/zhongzc/kvproto?branch=pr/773#4c1d08d4)
[INFO] [stderr]    Compiling grpcio-sys v0.8.1
[INFO] [stderr]    Compiling futures-executor v0.3.15
[INFO] [stderr]    Compiling futures v0.3.15
[INFO] [stderr] error: failed to run custom build command for `grpcio-sys v0.8.1`
[INFO] [stderr] 
[INFO] [stderr] Caused by:
[INFO] [stderr]   process didn't exit successfully: `/opt/rustwide/target/debug/build/grpcio-sys-da4ac1cb70c7ddf6/build-script-build` (exit status: 101)
[INFO] [stderr]   --- stdout
[INFO] [stderr]   cargo:rerun-if-changed=grpc_wrap.cc
[INFO] [stderr]   cargo:rerun-if-changed=grpc
[INFO] [stderr]   cargo:rerun-if-env-changed=UPDATE_BIND
[INFO] [stderr]   cargo:rerun-if-env-changed=CARGO_CFG_TARGET_OS
[INFO] [stderr]   cargo:rerun-if-env-changed=GRPCIO_SYS_USE_PKG_CONFIG
[INFO] [stderr]   cargo:rerun-if-env-changed=CARGO_CFG_TARGET_OS
[INFO] [stderr]   cargo:rerun-if-env-changed=CARGO_CFG_TARGET_OS
[INFO] [stderr]   cargo:rerun-if-env-changed=CARGO_CFG_TARGET_OS
[INFO] [stderr]   cargo:rerun-if-env-changed=CXX
[INFO] [stderr]   OPT_LEVEL = Some("0")
[INFO] [stderr]   TARGET = Some("x86_64-unknown-linux-gnu")
[INFO] [stderr]   HOST = Some("x86_64-unknown-linux-gnu")
[INFO] [stderr]   CC_x86_64-unknown-linux-gnu = None
[INFO] [stderr]   CC_x86_64_unknown_linux_gnu = None
[INFO] [stderr]   HOST_CC = None
[INFO] [stderr]   CC = None
[INFO] [stderr]   CFLAGS_x86_64-unknown-linux-gnu = None
[INFO] [stderr]   CFLAGS_x86_64_unknown_linux_gnu = None
[INFO] [stderr]   HOST_CFLAGS = None
[INFO] [stderr]   CFLAGS = None
[INFO] [stderr]   CRATE_CC_NO_DEFAULTS = None
[INFO] [stderr]   DEBUG = Some("true")
[INFO] [stderr]   CARGO_CFG_TARGET_FEATURE = Some("fxsr,sse,sse2")
[INFO] [stderr]   cargo:rustc-link-search=native=/opt/rustwide/target/debug/build/libz-sys-848ba9dec0b718a7/out/build
[INFO] [stderr]   cargo:rustc-link-search=native=/opt/rustwide/target/debug/build/libz-sys-848ba9dec0b718a7/out/lib
[INFO] [stderr]   running: "cmake" "/opt/rustwide/cargo-home/registry/src/github.com-1ecc6299db9ec823/grpcio-sys-0.8.1/grpc" "-DgRPC_INSTALL=false" "-DgRPC_BUILD_CSHARP_EXT=false" "-DgRPC_BUILD_CODEGEN=false" "-DgRPC_BENCHMARK_PROVIDER=none" "-DgRPC_SSL_PROVIDER=package" "-DgRPC_ZLIB_PROVIDER=package" "-DCMAKE_INSTALL_PREFIX=/opt/rustwide/target/debug/build/grpcio-sys-176b502f4ea89520/out" "-DCMAKE_C_FLAGS= -ffunction-sections -fdata-sections -fPIC -m64" "-DCMAKE_C_COMPILER=/usr/bin/cc" "-DCMAKE_CXX_FLAGS= -ffunction-sections -fdata-sections -fPIC -m64" "-DCMAKE_CXX_COMPILER=/usr/bin/c++" "-DCMAKE_ASM_FLAGS= -ffunction-sections -fdata-sections -fPIC -m64" "-DCMAKE_ASM_COMPILER=/usr/bin/cc" "-DCMAKE_BUILD_TYPE=Debug"
[INFO] [stderr]   -- The C compiler identification is GNU 9.3.0
[INFO] [stderr]   -- The CXX compiler identification is GNU 9.3.0
[INFO] [stderr]   -- Check for working C compiler: /usr/bin/cc
[INFO] [stderr]   -- Check for working C compiler: /usr/bin/cc -- works
[INFO] [stderr]   -- Detecting C compiler ABI info
[INFO] [stderr]   -- Detecting C compiler ABI info - done
[INFO] [stderr]   -- Detecting C compile features
[INFO] [stderr]   -- Detecting C compile features - done
[INFO] [stderr]   -- Check for working CXX compiler: /usr/bin/c++
[INFO] [stderr]   -- Check for working CXX compiler: /usr/bin/c++ -- works
[INFO] [stderr]   -- Detecting CXX compiler ABI info
[INFO] [stderr]   -- Detecting CXX compiler ABI info - done
[INFO] [stderr]   -- Detecting CXX compile features
[INFO] [stderr]   -- Detecting CXX compile features - done
[INFO] [stderr]   -- Looking for pthread.h
[INFO] [stderr]   -- Looking for pthread.h - found
[INFO] [stderr]   -- Performing Test CMAKE_HAVE_LIBC_PTHREAD
[INFO] [stderr]   -- Performing Test CMAKE_HAVE_LIBC_PTHREAD - Failed
[INFO] [stderr]   -- Looking for pthread_create in pthreads
[INFO] [stderr]   -- Looking for pthread_create in pthreads - not found
[INFO] [stderr]   -- Looking for pthread_create in pthread
[INFO] [stderr]   -- Looking for pthread_create in pthread - found
[INFO] [stderr]   -- Found Threads: TRUE  
[INFO] [stderr]   -- Looking for res_servicename in resolv
[INFO] [stderr]   -- Looking for res_servicename in resolv - not found
[INFO] [stderr]   -- Looking for gethostbyname in nsl
[INFO] [stderr]   -- Looking for gethostbyname in nsl - found
[INFO] [stderr]   -- Looking for gethostbyname in socket
[INFO] [stderr]   -- Looking for gethostbyname in socket - not found
[INFO] [stderr]   -- Looking for socket in socket
[INFO] [stderr]   -- Looking for socket in socket - not found
[INFO] [stderr]   -- Looking for clock_gettime in rt
[INFO] [stderr]   -- Looking for clock_gettime in rt - found
[INFO] [stderr]   -- Looking for include file sys/types.h
[INFO] [stderr]   -- Looking for include file sys/types.h - found
[INFO] [stderr]   -- Looking for include file sys/socket.h
[INFO] [stderr]   -- Looking for include file sys/socket.h - found
[INFO] [stderr]   -- Looking for include file arpa/inet.h
[INFO] [stderr]   -- Looking for include file arpa/inet.h - found
[INFO] [stderr]   -- Looking for include file arpa/nameser_compat.h
[INFO] [stderr]   -- Looking for include file arpa/nameser_compat.h - found
[INFO] [stderr]   -- Looking for include file arpa/nameser.h
[INFO] [stderr]   -- Looking for include file arpa/nameser.h - found
[INFO] [stderr]   -- Looking for include file assert.h
[INFO] [stderr]   -- Looking for include file assert.h - found
[INFO] [stderr]   -- Looking for include file errno.h
[INFO] [stderr]   -- Looking for include file errno.h - found
[INFO] [stderr]   -- Looking for include file fcntl.h
[INFO] [stderr]   -- Looking for include file fcntl.h - found
[INFO] [stderr]   -- Looking for include file inttypes.h
[INFO] [stderr]   -- Looking for include file inttypes.h - found
[INFO] [stderr]   -- Looking for include file limits.h
[INFO] [stderr]   -- Looking for include file limits.h - found
[INFO] [stderr]   -- Looking for include file malloc.h
[INFO] [stderr]   -- Looking for include file malloc.h - found
[INFO] [stderr]   -- Looking for include file memory.h
[INFO] [stderr]   -- Looking for include file memory.h - found
[INFO] [stderr]   -- Looking for include file netdb.h
[INFO] [stderr]   -- Looking for include file netdb.h - found
[INFO] [stderr]   -- Looking for include file netinet/in.h
[INFO] [stderr]   -- Looking for include file netinet/in.h - found
[INFO] [stderr]   -- Looking for include file netinet/tcp.h
[INFO] [stderr]   -- Looking for include file netinet/tcp.h - found
[INFO] [stderr]   -- Looking for include file net/if.h
[INFO] [stderr]   -- Looking for include file net/if.h - found
[INFO] [stderr]   -- Looking for include file signal.h
[INFO] [stderr]   -- Looking for include file signal.h - found
[INFO] [stderr]   -- Looking for include file socket.h
[INFO] [stderr]   -- Looking for include file socket.h - not found
[INFO] [stderr]   -- Looking for include file stdbool.h
[INFO] [stderr]   -- Looking for include file stdbool.h - found
[INFO] [stderr]   -- Looking for include file stdint.h
[INFO] [stderr]   -- Looking for include file stdint.h - found
[INFO] [stderr]   -- Looking for include file stdlib.h
[INFO] [stderr]   -- Looking for include file stdlib.h - found
[INFO] [stderr]   -- Looking for include file strings.h
[INFO] [stderr]   -- Looking for include file strings.h - found
[INFO] [stderr]   -- Looking for include file string.h
[INFO] [stderr]   -- Looking for include file string.h - found
[INFO] [stderr]   -- Looking for include file stropts.h
[INFO] [stderr]   -- Looking for include file stropts.h - not found
[INFO] [stderr]   -- Looking for include file sys/ioctl.h
[INFO] [stderr]   -- Looking for include file sys/ioctl.h - found
[INFO] [stderr]   -- Looking for include file sys/param.h
[INFO] [stderr]   -- Looking for include file sys/param.h - found
[INFO] [stderr]   -- Looking for include file sys/select.h
[INFO] [stderr]   -- Looking for include file sys/select.h - found
[INFO] [stderr]   -- Looking for include file sys/stat.h
[INFO] [stderr]   -- Looking for include file sys/stat.h - found
[INFO] [stderr]   -- Looking for include file sys/time.h
[INFO] [stderr]   -- Looking for include file sys/time.h - found
[INFO] [stderr]   -- Looking for include file sys/uio.h
[INFO] [stderr]   -- Looking for include file sys/uio.h - found
[INFO] [stderr]   -- Looking for include file time.h
[INFO] [stderr]   -- Looking for include file time.h - found
[INFO] [stderr]   -- Looking for include file dlfcn.h
[INFO] [stderr]   -- Looking for include file dlfcn.h - found
[INFO] [stderr]   -- Looking for include file unistd.h
[INFO] [stderr]   -- Looking for include file unistd.h - found
[INFO] [stderr]   -- Looking for include files winsock2.h, windows.h
[INFO] [stderr]   -- Looking for include files winsock2.h, windows.h - not found
[INFO] [stderr]   -- Looking for 3 include files winsock2.h, ..., windows.h
[INFO] [stderr]   -- Looking for 3 include files winsock2.h, ..., windows.h - not found
[INFO] [stderr]   -- Looking for include files winsock.h, windows.h
[INFO] [stderr]   -- Looking for include files winsock.h, windows.h - not found
[INFO] [stderr]   -- Looking for include file windows.h
[INFO] [stderr]   -- Looking for include file windows.h - not found
[INFO] [stderr]   -- Performing Test HAVE_SOCKLEN_T
[INFO] [stderr]   -- Performing Test HAVE_SOCKLEN_T - Success
[INFO] [stderr]   -- Performing Test HAVE_TYPE_SOCKET
[INFO] [stderr]   -- Performing Test HAVE_TYPE_SOCKET - Failed
[INFO] [stderr]   -- Performing Test HAVE_BOOL_T
[INFO] [stderr]   -- Performing Test HAVE_BOOL_T - Success
[INFO] [stderr]   -- Performing Test HAVE_SSIZE_T
[INFO] [stderr]   -- Performing Test HAVE_SSIZE_T - Success
[INFO] [stderr]   -- Performing Test HAVE_LONGLONG
[INFO] [stderr]   -- Performing Test HAVE_LONGLONG - Success
[INFO] [stderr]   -- Performing Test HAVE_SIG_ATOMIC_T
[INFO] [stderr]   -- Performing Test HAVE_SIG_ATOMIC_T - Success
[INFO] [stderr]   -- Performing Test HAVE_STRUCT_ADDRINFO
[INFO] [stderr]   -- Performing Test HAVE_STRUCT_ADDRINFO - Success
[INFO] [stderr]   -- Performing Test HAVE_STRUCT_IN6_ADDR
[INFO] [stderr]   -- Performing Test HAVE_STRUCT_IN6_ADDR - Success
[INFO] [stderr]   -- Performing Test HAVE_STRUCT_SOCKADDR_IN6
[INFO] [stderr]   -- Performing Test HAVE_STRUCT_SOCKADDR_IN6 - Success
[INFO] [stderr]   -- Performing Test HAVE_STRUCT_SOCKADDR_STORAGE
[INFO] [stderr]   -- Performing Test HAVE_STRUCT_SOCKADDR_STORAGE - Success
[INFO] [stderr]   -- Performing Test HAVE_STRUCT_TIMEVAL
[INFO] [stderr]   -- Performing Test HAVE_STRUCT_TIMEVAL - Success
[INFO] [stderr]   -- Looking for AF_INET6
[INFO] [stderr]   -- Looking for AF_INET6 - found
[INFO] [stderr]   -- Looking for O_NONBLOCK
[INFO] [stderr]   -- Looking for O_NONBLOCK - found
[INFO] [stderr]   -- Looking for FIONBIO
[INFO] [stderr]   -- Looking for FIONBIO - found
[INFO] [stderr]   -- Looking for SIOCGIFADDR
[INFO] [stderr]   -- Looking for SIOCGIFADDR - found
[INFO] [stderr]   -- Looking for MSG_NOSIGNAL
[INFO] [stderr]   -- Looking for MSG_NOSIGNAL - found
[INFO] [stderr]   -- Looking for PF_INET6
[INFO] [stderr]   -- Looking for PF_INET6 - found
[INFO] [stderr]   -- Looking for SO_NONBLOCK
[INFO] [stderr]   -- Looking for SO_NONBLOCK - not found
[INFO] [stderr]   -- Looking for CLOCK_MONOTONIC
[INFO] [stderr]   -- Looking for CLOCK_MONOTONIC - found
[INFO] [stderr]   -- Performing Test HAVE_SOCKADDR_IN6_SIN6_SCOPE_ID
[INFO] [stderr]   -- Performing Test HAVE_SOCKADDR_IN6_SIN6_SCOPE_ID - Success
[INFO] [stderr]   -- Performing Test HAVE_LL
[INFO] [stderr]   -- Performing Test HAVE_LL - Success
[INFO] [stderr]   -- Looking for bitncmp
[INFO] [stderr]   -- Looking for bitncmp - not found
[INFO] [stderr]   -- Looking for closesocket
[INFO] [stderr]   -- Looking for closesocket - not found
[INFO] [stderr]   -- Looking for CloseSocket
[INFO] [stderr]   -- Looking for CloseSocket - not found
[INFO] [stderr]   -- Looking for connect
[INFO] [stderr]   -- Looking for connect - found
[INFO] [stderr]   -- Looking for fcntl
[INFO] [stderr]   -- Looking for fcntl - found
[INFO] [stderr]   -- Looking for freeaddrinfo
[INFO] [stderr]   -- Looking for freeaddrinfo - found
[INFO] [stderr]   -- Looking for getaddrinfo
[INFO] [stderr]   -- Looking for getaddrinfo - found
[INFO] [stderr]   -- Looking for getenv
[INFO] [stderr]   -- Looking for getenv - found
[INFO] [stderr]   -- Looking for gethostbyaddr
[INFO] [stderr]   -- Looking for gethostbyaddr - found
[INFO] [stderr]   -- Looking for gethostbyname
[INFO] [stderr]   -- Looking for gethostbyname - found
[INFO] [stderr]   -- Looking for gethostname
[INFO] [stderr]   -- Looking for gethostname - found
[INFO] [stderr]   -- Looking for getnameinfo
[INFO] [stderr]   -- Looking for getnameinfo - found
[INFO] [stderr]   -- Looking for getservbyport_r
[INFO] [stderr]   -- Looking for getservbyport_r - found
[INFO] [stderr]   -- Looking for gettimeofday
[INFO] [stderr]   -- Looking for gettimeofday - found
[INFO] [stderr]   -- Looking for if_indextoname
[INFO] [stderr]   -- Looking for if_indextoname - found
[INFO] [stderr]   -- Looking for inet_net_pton
[INFO] [stderr]   -- Looking for inet_net_pton - not found
[INFO] [stderr]   -- Looking for inet_ntop
[INFO] [stderr]   -- Looking for inet_ntop - found
[INFO] [stderr]   -- Looking for inet_pton
[INFO] [stderr]   -- Looking for inet_pton - found
[INFO] [stderr]   -- Looking for ioctl
[INFO] [stderr]   -- Looking for ioctl - found
[INFO] [stderr]   -- Looking for ioctlsocket
[INFO] [stderr]   -- Looking for ioctlsocket - not found
[INFO] [stderr]   -- Looking for IoctlSocket
[INFO] [stderr]   -- Looking for IoctlSocket - not found
[INFO] [stderr]   -- Looking for recv
[INFO] [stderr]   -- Looking for recv - found
[INFO] [stderr]   -- Looking for recvfrom
[INFO] [stderr]   -- Looking for recvfrom - found
[INFO] [stderr]   -- Looking for send
[INFO] [stderr]   -- Looking for send - found
[INFO] [stderr]   -- Looking for setsockopt
[INFO] [stderr]   -- Looking for setsockopt - found
[INFO] [stderr]   -- Looking for socket
[INFO] [stderr]   -- Looking for socket - found
[INFO] [stderr]   -- Looking for strcasecmp
[INFO] [stderr]   -- Looking for strcasecmp - found
[INFO] [stderr]   -- Looking for strcmpi
[INFO] [stderr]   -- Looking for strcmpi - not found
[INFO] [stderr]   -- Looking for strdup
[INFO] [stderr]   -- Looking for strdup - found
[INFO] [stderr]   -- Looking for stricmp
[INFO] [stderr]   -- Looking for stricmp - not found
[INFO] [stderr]   -- Looking for strncasecmp
[INFO] [stderr]   -- Looking for strncasecmp - found
[INFO] [stderr]   -- Looking for strncmpi
[INFO] [stderr]   -- Looking for strncmpi - not found
[INFO] [stderr]   -- Looking for strnicmp
[INFO] [stderr]   -- Looking for strnicmp - not found
[INFO] [stderr]   -- Looking for writev
[INFO] [stderr]   -- Looking for writev - found
[INFO] [stderr]   -- Looking for __system_property_get
[INFO] [stderr]   -- Looking for __system_property_get - not found
[INFO] [stderr]   -- Found OpenSSL: /opt/rustwide/target/debug/build/openssl-sys-5fdfb133fcbfa832/out/openssl-build/install/lib/libcrypto.a (found version "1.1.1k")  
[INFO] [stderr]   -- Found ZLIB: /opt/rustwide/target/debug/build/libz-sys-848ba9dec0b718a7/out/lib/libz.a (found version "1.2.11") 
[INFO] [stderr]   -- Configuring done
[INFO] [stderr]   -- Generating done
[INFO] [stderr]   -- Build files have been written to: /opt/rustwide/target/debug/build/grpcio-sys-176b502f4ea89520/out/build
[INFO] [stderr]   running: "cmake" "--build" "." "--target" "grpc" "--config" "Debug" "--"
[INFO] [stderr]   Scanning dependencies of target address_sorting
[INFO] [stderr]   Scanning dependencies of target absl_log_severity
[INFO] [stderr]   Scanning dependencies of target absl_civil_time
[INFO] [stderr]   Scanning dependencies of target absl_exponential_biased
[INFO] [stderr]   Scanning dependencies of target absl_city
[INFO] [stderr]   Scanning dependencies of target absl_spinlock_wait
[INFO] [stderr]   Scanning dependencies of target absl_int128
[INFO] [stderr]   Scanning dependencies of target absl_time_zone
[INFO] [stderr]   [  0%] Building C object CMakeFiles/address_sorting.dir/third_party/address_sorting/address_sorting_posix.c.o
[INFO] [stderr]   [  0%] Building CXX object third_party/abseil-cpp/absl/hash/CMakeFiles/absl_city.dir/internal/city.cc.o
[INFO] [stderr]   [  0%] Building CXX object third_party/abseil-cpp/absl/base/CMakeFiles/absl_log_severity.dir/log_severity.cc.o
[INFO] [stderr]   [  0%] Building CXX object third_party/abseil-cpp/absl/base/CMakeFiles/absl_spinlock_wait.dir/internal/spinlock_wait.cc.o
[INFO] [stderr]   [  0%] Building C object CMakeFiles/address_sorting.dir/third_party/address_sorting/address_sorting.c.o
[INFO] [stderr]   [  0%] Building CXX object third_party/abseil-cpp/absl/numeric/CMakeFiles/absl_int128.dir/int128.cc.o
[INFO] [stderr]   [  0%] Building CXX object third_party/abseil-cpp/absl/time/CMakeFiles/absl_civil_time.dir/internal/cctz/src/civil_time_detail.cc.o
[INFO] [stderr]   [  0%] Building C object CMakeFiles/address_sorting.dir/third_party/address_sorting/address_sorting_windows.c.o
[INFO] [stderr]   [  1%] Building CXX object third_party/abseil-cpp/absl/base/CMakeFiles/absl_exponential_biased.dir/internal/exponential_biased.cc.o
[INFO] [stderr]   Scanning dependencies of target upb
[INFO] [stderr]   [  1%] Building CXX object third_party/abseil-cpp/absl/time/CMakeFiles/absl_time_zone.dir/internal/cctz/src/time_zone_if.cc.o
[INFO] [stderr]   [  1%] Building CXX object third_party/abseil-cpp/absl/time/CMakeFiles/absl_time_zone.dir/internal/cctz/src/time_zone_libc.cc.o
[INFO] [stderr]   [  1%] Building CXX object third_party/abseil-cpp/absl/time/CMakeFiles/absl_time_zone.dir/internal/cctz/src/time_zone_fixed.cc.o
[INFO] [stderr]   [  1%] Building CXX object third_party/abseil-cpp/absl/time/CMakeFiles/absl_time_zone.dir/internal/cctz/src/time_zone_lookup.cc.o
[INFO] [stderr]   [  1%] Building CXX object third_party/abseil-cpp/absl/time/CMakeFiles/absl_time_zone.dir/internal/cctz/src/time_zone_format.cc.o
[INFO] [stderr]   [  1%] Building CXX object third_party/abseil-cpp/absl/time/CMakeFiles/absl_time_zone.dir/internal/cctz/src/time_zone_info.cc.o
[INFO] [stderr]   [  1%] Building CXX object third_party/abseil-cpp/absl/time/CMakeFiles/absl_time_zone.dir/internal/cctz/src/time_zone_posix.cc.o
[INFO] [stderr]   [  1%] Building CXX object third_party/abseil-cpp/absl/time/CMakeFiles/absl_time_zone.dir/internal/cctz/src/time_zone_impl.cc.o
[INFO] [stderr]   [  1%] Building CXX object third_party/abseil-cpp/absl/time/CMakeFiles/absl_time_zone.dir/internal/cctz/src/zone_info_source.cc.o
[INFO] [stderr]   Scanning dependencies of target re2
[INFO] [stderr]   [  1%] Building C object CMakeFiles/upb.dir/third_party/upb/upb/decode_fast.c.o
[INFO] [stderr]   [  1%] Building C object CMakeFiles/upb.dir/third_party/upb/upb/json_decode.c.o
[INFO] [stderr]   [  1%] Building C object CMakeFiles/upb.dir/third_party/upb/upb/json_encode.c.o
[INFO] [stderr]   [  1%] Building C object CMakeFiles/upb.dir/third_party/upb/upb/encode.c.o
[INFO] [stderr]   [  1%] Building C object CMakeFiles/upb.dir/third_party/upb/upb/decode.c.o
[INFO] [stderr]   [  1%] Building C object CMakeFiles/upb.dir/third_party/upb/upb/text_encode.c.o
[INFO] [stderr]   [  1%] Building C object CMakeFiles/upb.dir/third_party/upb/upb/def.c.o
[INFO] [stderr]   [  1%] Building C object CMakeFiles/upb.dir/third_party/upb/upb/reflection.c.o
[INFO] [stderr]   [  1%] Building C object CMakeFiles/upb.dir/third_party/upb/upb/msg.c.o
[INFO] [stderr]   [  1%] Building C object CMakeFiles/upb.dir/third_party/upb/upb/table.c.o
[INFO] [stderr]   [  1%] Building C object CMakeFiles/upb.dir/third_party/upb/upb/upb.c.o
[INFO] [stderr]   [  1%] Building C object CMakeFiles/upb.dir/src/core/ext/upb-generated/google/protobuf/descriptor.upb.c.o
[INFO] [stderr]   [  1%] Building CXX object third_party/re2/CMakeFiles/re2.dir/re2/bitstate.cc.o
[INFO] [stderr]   [  1%] Building CXX object third_party/re2/CMakeFiles/re2.dir/re2/compile.cc.o
[INFO] [stderr]   [  1%] Building CXX object third_party/re2/CMakeFiles/re2.dir/re2/filtered_re2.cc.o
[INFO] [stderr]   [  1%] Building CXX object third_party/re2/CMakeFiles/re2.dir/re2/mimics_pcre.cc.o
[INFO] [stderr]   [  1%] Building CXX object third_party/re2/CMakeFiles/re2.dir/re2/dfa.cc.o
[INFO] [stderr]   [  1%] Building CXX object third_party/re2/CMakeFiles/re2.dir/re2/nfa.cc.o
[INFO] [stderr]   [  1%] Building CXX object third_party/re2/CMakeFiles/re2.dir/re2/perl_groups.cc.o
[INFO] [stderr]   [  1%] Building CXX object third_party/re2/CMakeFiles/re2.dir/re2/prefilter.cc.o
[INFO] [stderr]   [  1%] Building CXX object third_party/re2/CMakeFiles/re2.dir/re2/parse.cc.o
[INFO] [stderr]   [  3%] Building CXX object third_party/re2/CMakeFiles/re2.dir/re2/onepass.cc.o
[INFO] [stderr]   [  3%] Building CXX object third_party/re2/CMakeFiles/re2.dir/re2/prog.cc.o
[INFO] [stderr]   [  3%] Building CXX object third_party/re2/CMakeFiles/re2.dir/re2/re2.cc.o
[INFO] [stderr]   [  3%] Building CXX object third_party/re2/CMakeFiles/re2.dir/re2/set.cc.o
[INFO] [stderr]   [  3%] Building CXX object third_party/re2/CMakeFiles/re2.dir/re2/prefilter_tree.cc.o
[INFO] [stderr]   [  3%] Building CXX object third_party/re2/CMakeFiles/re2.dir/re2/simplify.cc.o
[INFO] [stderr]   [  3%] Building CXX object third_party/re2/CMakeFiles/re2.dir/re2/unicode_casefold.cc.o
[INFO] [stderr]   [  3%] Building CXX object third_party/re2/CMakeFiles/re2.dir/re2/regexp.cc.o
[INFO] [stderr]   [  3%] Building CXX object third_party/re2/CMakeFiles/re2.dir/re2/stringpiece.cc.o
[INFO] [stderr]   [  3%] Building CXX object third_party/re2/CMakeFiles/re2.dir/re2/tostring.cc.o
[INFO] [stderr]   Scanning dependencies of target c-ares
[INFO] [stderr]   [  5%] Building CXX object third_party/re2/CMakeFiles/re2.dir/re2/unicode_groups.cc.o
[INFO] [stderr]   [  5%] Building CXX object third_party/re2/CMakeFiles/re2.dir/util/strutil.cc.o
[INFO] [stderr]   [  5%] Building CXX object third_party/re2/CMakeFiles/re2.dir/util/rune.cc.o
[INFO] [stderr]   [  5%] Building C object third_party/cares/cares/CMakeFiles/c-ares.dir/ares__close_sockets.c.o
[INFO] [stderr]   [  5%] Building C object third_party/cares/cares/CMakeFiles/c-ares.dir/ares__read_line.c.o
[INFO] [stderr]   [  5%] Building C object third_party/cares/cares/CMakeFiles/c-ares.dir/ares__get_hostent.c.o
[INFO] [stderr]   [  5%] Building C object third_party/cares/cares/CMakeFiles/c-ares.dir/ares__timeval.c.o
[INFO] [stderr]   [  5%] Building C object third_party/cares/cares/CMakeFiles/c-ares.dir/ares_android.c.o
[INFO] [stderr]   [  5%] Building C object third_party/cares/cares/CMakeFiles/c-ares.dir/ares_data.c.o
[INFO] [stderr]   [  5%] Building C object third_party/cares/cares/CMakeFiles/c-ares.dir/ares_cancel.c.o
[INFO] [stderr]   [  5%] Building C object third_party/cares/cares/CMakeFiles/c-ares.dir/ares_destroy.c.o
[INFO] [stderr]   [  6%] Linking C static library libaddress_sorting.a
[INFO] [stderr]   [  6%] Building C object third_party/cares/cares/CMakeFiles/c-ares.dir/ares_expand_string.c.o
[INFO] [stderr]   [  6%] Building C object third_party/cares/cares/CMakeFiles/c-ares.dir/ares_expand_name.c.o
[INFO] [stderr]   [  6%] Building C object third_party/cares/cares/CMakeFiles/c-ares.dir/ares_free_string.c.o
[INFO] [stderr]   [  6%] Building C object third_party/cares/cares/CMakeFiles/c-ares.dir/ares_fds.c.o
[INFO] [stderr]   [  6%] Building C object third_party/cares/cares/CMakeFiles/c-ares.dir/ares_free_hostent.c.o
[INFO] [stderr]   [  6%] Building C object third_party/cares/cares/CMakeFiles/c-ares.dir/ares_gethostbyaddr.c.o
[INFO] [stderr]   [  6%] Building C object third_party/cares/cares/CMakeFiles/c-ares.dir/ares_getenv.c.o
[INFO] [stderr]   [  6%] Building C object third_party/cares/cares/CMakeFiles/c-ares.dir/ares_init.c.o
[INFO] [stderr]   [  6%] Building C object third_party/cares/cares/CMakeFiles/c-ares.dir/ares_gethostbyname.c.o
[INFO] [stderr]   [  6%] Building C object third_party/cares/cares/CMakeFiles/c-ares.dir/ares_getsock.c.o
[INFO] [stderr]   [  6%] Building C object third_party/cares/cares/CMakeFiles/c-ares.dir/ares_getnameinfo.c.o
[INFO] [stderr]   [  6%] Building C object third_party/cares/cares/CMakeFiles/c-ares.dir/ares_library_init.c.o
[INFO] [stderr]   [  6%] Building C object third_party/cares/cares/CMakeFiles/c-ares.dir/ares_mkquery.c.o
[INFO] [stderr]   [  6%] Building C object third_party/cares/cares/CMakeFiles/c-ares.dir/ares_llist.c.o
[INFO] [stderr]   [  6%] Building C object third_party/cares/cares/CMakeFiles/c-ares.dir/ares_parse_aaaa_reply.c.o
[INFO] [stderr]   [  8%] Building C object third_party/cares/cares/CMakeFiles/c-ares.dir/ares_create_query.c.o
[INFO] [stderr]   [  8%] Building C object third_party/cares/cares/CMakeFiles/c-ares.dir/ares_parse_naptr_reply.c.o
[INFO] [stderr]   [  8%] Building C object third_party/cares/cares/CMakeFiles/c-ares.dir/ares_nowarn.c.o
[INFO] [stderr]   [  8%] Building C object third_party/cares/cares/CMakeFiles/c-ares.dir/ares_parse_a_reply.c.o
[INFO] [stderr]   [  8%] Building C object third_party/cares/cares/CMakeFiles/c-ares.dir/ares_options.c.o
[INFO] [stderr]   [  8%] Building C object third_party/cares/cares/CMakeFiles/c-ares.dir/ares_parse_ns_reply.c.o
[INFO] [stderr]   [  8%] Building C object third_party/cares/cares/CMakeFiles/c-ares.dir/ares_parse_soa_reply.c.o
[INFO] [stderr]   [  8%] Building C object third_party/cares/cares/CMakeFiles/c-ares.dir/ares_parse_mx_reply.c.o
[INFO] [stderr]   [  8%] Building C object third_party/cares/cares/CMakeFiles/c-ares.dir/ares_parse_ptr_reply.c.o
[INFO] [stderr]   [  8%] Building C object third_party/cares/cares/CMakeFiles/c-ares.dir/ares_parse_srv_reply.c.o
[INFO] [stderr]   [  8%] Building C object third_party/cares/cares/CMakeFiles/c-ares.dir/ares_parse_txt_reply.c.o
[INFO] [stderr]   [  8%] Building C object third_party/cares/cares/CMakeFiles/c-ares.dir/ares_send.c.o
[INFO] [stderr]   [  8%] Building C object third_party/cares/cares/CMakeFiles/c-ares.dir/ares_search.c.o
[INFO] [stderr]   [  8%] Building C object third_party/cares/cares/CMakeFiles/c-ares.dir/ares_strcasecmp.c.o
[INFO] [stderr]   [ 10%] Building C object third_party/cares/cares/CMakeFiles/c-ares.dir/ares_strsplit.c.o
[INFO] [stderr]   [ 10%] Building C object third_party/cares/cares/CMakeFiles/c-ares.dir/ares_process.c.o
[INFO] [stderr]   [ 10%] Building C object third_party/cares/cares/CMakeFiles/c-ares.dir/ares_platform.c.o
[INFO] [stderr]   [ 10%] Building C object third_party/cares/cares/CMakeFiles/c-ares.dir/ares_query.c.o
[INFO] [stderr]   [ 10%] Building C object third_party/cares/cares/CMakeFiles/c-ares.dir/ares_timeout.c.o
[INFO] [stderr]   [ 10%] Building C object third_party/cares/cares/CMakeFiles/c-ares.dir/ares_strdup.c.o
[INFO] [stderr]   [ 10%] Building C object third_party/cares/cares/CMakeFiles/c-ares.dir/ares_writev.c.o
[INFO] [stderr]   [ 10%] Building C object third_party/cares/cares/CMakeFiles/c-ares.dir/bitncmp.c.o
[INFO] [stderr]   [ 10%] Building C object third_party/cares/cares/CMakeFiles/c-ares.dir/ares_strerror.c.o
[INFO] [stderr]   [ 10%] Building C object third_party/cares/cares/CMakeFiles/c-ares.dir/ares_version.c.o
[INFO] [stderr]   [ 10%] Building C object third_party/cares/cares/CMakeFiles/c-ares.dir/inet_ntop.c.o
[INFO] [stderr]   [ 10%] Building C object third_party/cares/cares/CMakeFiles/c-ares.dir/inet_net_pton.c.o
[INFO] [stderr]   [ 12%] Building C object third_party/cares/cares/CMakeFiles/c-ares.dir/windows_port.c.o
[INFO] [stderr]   [ 13%] Linking CXX static library libabsl_spinlock_wait.a
[INFO] [stderr]   [ 15%] Linking CXX static library libabsl_city.a
[INFO] [stderr]   [ 15%] Built target address_sorting
[INFO] [stderr]   [ 15%] Linking CXX static library libabsl_exponential_biased.a
[INFO] [stderr]   [ 15%] Built target absl_spinlock_wait
[INFO] [stderr]   [ 17%] Linking C static library libupb.a
[INFO] [stderr]   [ 17%] Built target absl_city
[INFO] [stderr]   [ 17%] Built target absl_exponential_biased
[INFO] [stderr]   [ 17%] Built target upb
[INFO] [stderr]   [ 17%] Linking CXX static library libabsl_log_severity.a
[INFO] [stderr]   [ 17%] Linking C static library lib/libcares.a
[INFO] [stderr]   [ 17%] Built target absl_log_severity
[INFO] [stderr]   [ 17%] Built target c-ares
[INFO] [stderr]   Scanning dependencies of target absl_raw_logging_internal
[INFO] [stderr]   [ 17%] Building CXX object third_party/abseil-cpp/absl/base/CMakeFiles/absl_raw_logging_internal.dir/internal/raw_logging.cc.o
[INFO] [stderr]   [ 17%] Linking CXX static library libabsl_civil_time.a
[INFO] [stderr]   [ 17%] Built target absl_civil_time
[INFO] [stderr]   [ 17%] Linking CXX static library libabsl_int128.a
[INFO] [stderr]   [ 17%] Linking CXX static library libabsl_raw_logging_internal.a
[INFO] [stderr]   [ 17%] Built target absl_int128
[INFO] [stderr]   [ 17%] Built target absl_raw_logging_internal
[INFO] [stderr]   Scanning dependencies of target absl_bad_optional_access
[INFO] [stderr]   Scanning dependencies of target absl_bad_variant_access
[INFO] [stderr]   Scanning dependencies of target absl_strings_internal
[INFO] [stderr]   Scanning dependencies of target absl_throw_delegate
[INFO] [stderr]   Scanning dependencies of target absl_debugging_internal
[INFO] [stderr]   Scanning dependencies of target absl_base
[INFO] [stderr]   [ 17%] Building CXX object third_party/abseil-cpp/absl/strings/CMakeFiles/absl_strings_internal.dir/internal/escaping.cc.o
[INFO] [stderr]   [ 17%] Building CXX object third_party/abseil-cpp/absl/base/CMakeFiles/absl_base.dir/internal/sysinfo.cc.o
[INFO] [stderr]   [ 17%] Building CXX object third_party/abseil-cpp/absl/base/CMakeFiles/absl_base.dir/internal/cycleclock.cc.o
[INFO] [stderr]   [ 17%] Building CXX object third_party/abseil-cpp/absl/base/CMakeFiles/absl_base.dir/internal/thread_identity.cc.o
[INFO] [stderr]   [ 17%] Building CXX object third_party/abseil-cpp/absl/base/CMakeFiles/absl_base.dir/internal/unscaledcycleclock.cc.o
[INFO] [stderr]   [ 17%] Building CXX object third_party/abseil-cpp/absl/base/CMakeFiles/absl_base.dir/internal/spinlock.cc.o
[INFO] [stderr]   [ 17%] Building CXX object third_party/abseil-cpp/absl/base/CMakeFiles/absl_throw_delegate.dir/internal/throw_delegate.cc.o
[INFO] [stderr]   [ 17%] Building CXX object third_party/abseil-cpp/absl/debugging/CMakeFiles/absl_debugging_internal.dir/internal/address_is_readable.cc.o
[INFO] [stderr]   [ 17%] Building CXX object third_party/abseil-cpp/absl/strings/CMakeFiles/absl_strings_internal.dir/internal/ostringstream.cc.o
[INFO] [stderr]   [ 17%] Building CXX object third_party/abseil-cpp/absl/debugging/CMakeFiles/absl_debugging_internal.dir/internal/elf_mem_image.cc.o
[INFO] [stderr]   [ 17%] Building CXX object third_party/abseil-cpp/absl/types/CMakeFiles/absl_bad_variant_access.dir/bad_variant_access.cc.o
[INFO] [stderr]   [ 17%] Building CXX object third_party/abseil-cpp/absl/debugging/CMakeFiles/absl_debugging_internal.dir/internal/vdso_support.cc.o
[INFO] [stderr]   [ 17%] Building CXX object third_party/abseil-cpp/absl/strings/CMakeFiles/absl_strings_internal.dir/internal/utf8.cc.o
[INFO] [stderr]   [ 17%] Building CXX object third_party/abseil-cpp/absl/types/CMakeFiles/absl_bad_optional_access.dir/bad_optional_access.cc.o
[INFO] [stderr]   [ 17%] Linking CXX static library libabsl_time_zone.a
[INFO] [stderr]   [ 17%] Built target absl_time_zone
[INFO] [stderr]   [ 17%] Linking CXX static library libabsl_bad_optional_access.a
[INFO] [stderr]   [ 17%] Linking CXX static library libabsl_strings_internal.a
[INFO] [stderr]   [ 17%] Linking CXX static library libabsl_bad_variant_access.a
[INFO] [stderr]   [ 17%] Linking CXX static library libabsl_debugging_internal.a
[INFO] [stderr]   [ 17%] Linking CXX static library libabsl_throw_delegate.a
[INFO] [stderr]   [ 17%] Built target absl_bad_optional_access
[INFO] [stderr]   [ 17%] Built target absl_strings_internal
[INFO] [stderr]   [ 17%] Built target absl_bad_variant_access
[INFO] [stderr]   [ 17%] Built target absl_debugging_internal
[INFO] [stderr]   [ 17%] Built target absl_throw_delegate
[INFO] [stderr]   Scanning dependencies of target absl_stacktrace
[INFO] [stderr]   [ 17%] Building CXX object third_party/abseil-cpp/absl/debugging/CMakeFiles/absl_stacktrace.dir/stacktrace.cc.o
[INFO] [stderr]   [ 17%] Linking CXX static library libabsl_base.a
[INFO] [stderr]   [ 17%] Built target absl_base
[INFO] [stderr]   Scanning dependencies of target absl_demangle_internal
[INFO] [stderr]   Scanning dependencies of target absl_malloc_internal
[INFO] [stderr]   [ 17%] Building CXX object third_party/abseil-cpp/absl/debugging/CMakeFiles/absl_demangle_internal.dir/internal/demangle.cc.o
[INFO] [stderr]   [ 17%] Building CXX object third_party/abseil-cpp/absl/base/CMakeFiles/absl_malloc_internal.dir/internal/low_level_alloc.cc.o
[INFO] [stderr]   Scanning dependencies of target absl_strings
[INFO] [stderr]   [ 17%] Building CXX object third_party/abseil-cpp/absl/strings/CMakeFiles/absl_strings.dir/charconv.cc.o
[INFO] [stderr]   [ 17%] Building CXX object third_party/abseil-cpp/absl/strings/CMakeFiles/absl_strings.dir/internal/charconv_parse.cc.o
[INFO] [stderr]   [ 17%] Building CXX object third_party/abseil-cpp/absl/strings/CMakeFiles/absl_strings.dir/escaping.cc.o
[INFO] [stderr]   [ 17%] Building CXX object third_party/abseil-cpp/absl/strings/CMakeFiles/absl_strings.dir/internal/charconv_bigint.cc.o
[INFO] [stderr]   [ 17%] Building CXX object third_party/abseil-cpp/absl/strings/CMakeFiles/absl_strings.dir/ascii.cc.o
[INFO] [stderr]   [ 17%] Building CXX object third_party/abseil-cpp/absl/strings/CMakeFiles/absl_strings.dir/internal/memutil.cc.o
[INFO] [stderr]   [ 17%] Building CXX object third_party/abseil-cpp/absl/strings/CMakeFiles/absl_strings.dir/str_cat.cc.o
[INFO] [stderr]   [ 17%] Building CXX object third_party/abseil-cpp/absl/strings/CMakeFiles/absl_strings.dir/string_view.cc.o
[INFO] [stderr]   [ 17%] Building CXX object third_party/abseil-cpp/absl/strings/CMakeFiles/absl_strings.dir/substitute.cc.o
[INFO] [stderr]   [ 18%] Building CXX object third_party/abseil-cpp/absl/strings/CMakeFiles/absl_strings.dir/match.cc.o
[INFO] [stderr]   [ 18%] Building CXX object third_party/abseil-cpp/absl/strings/CMakeFiles/absl_strings.dir/str_replace.cc.o
[INFO] [stderr]   [ 18%] Building CXX object third_party/abseil-cpp/absl/strings/CMakeFiles/absl_strings.dir/numbers.cc.o
[INFO] [stderr]   [ 18%] Building CXX object third_party/abseil-cpp/absl/strings/CMakeFiles/absl_strings.dir/str_split.cc.o
[INFO] [stderr]   [ 18%] Linking CXX static library libre2.a
[INFO] [stderr]   [ 18%] Linking CXX static library libabsl_stacktrace.a
[INFO] [stderr]   [ 18%] Built target absl_stacktrace
[INFO] [stderr]   [ 18%] Linking CXX static library libabsl_demangle_internal.a
[INFO] [stderr]   [ 18%] Built target re2
[INFO] [stderr]   [ 18%] Built target absl_demangle_internal
[INFO] [stderr]   [ 18%] Linking CXX static library libabsl_malloc_internal.a
[INFO] [stderr]   [ 18%] Built target absl_malloc_internal
[INFO] [stderr]   Scanning dependencies of target absl_graphcycles_internal
[INFO] [stderr]   [ 18%] Building CXX object third_party/abseil-cpp/absl/synchronization/CMakeFiles/absl_graphcycles_internal.dir/internal/graphcycles.cc.o
[INFO] [stderr]   [ 18%] Linking CXX static library libabsl_strings.a
[INFO] [stderr]   [ 18%] Built target absl_strings
[INFO] [stderr]   Scanning dependencies of target absl_symbolize
[INFO] [stderr]   Scanning dependencies of target absl_hash
[INFO] [stderr]   Scanning dependencies of target absl_cord
[INFO] [stderr]   Scanning dependencies of target absl_time
[INFO] [stderr]   Scanning dependencies of target absl_str_format_internal
[INFO] [stderr]   [ 18%] Building CXX object third_party/abseil-cpp/absl/debugging/CMakeFiles/absl_symbolize.dir/symbolize.cc.o
[INFO] [stderr]   [ 18%] Building CXX object third_party/abseil-cpp/absl/hash/CMakeFiles/absl_hash.dir/internal/hash.cc.o
[INFO] [stderr]   [ 18%] Building CXX object third_party/abseil-cpp/absl/strings/CMakeFiles/absl_cord.dir/cord.cc.o
[INFO] [stderr]   [ 18%] Building CXX object third_party/abseil-cpp/absl/strings/CMakeFiles/absl_str_format_internal.dir/internal/str_format/arg.cc.o
[INFO] [stderr]   [ 18%] Building CXX object third_party/abseil-cpp/absl/strings/CMakeFiles/absl_str_format_internal.dir/internal/str_format/extension.cc.o
[INFO] [stderr]   [ 18%] Building CXX object third_party/abseil-cpp/absl/time/CMakeFiles/absl_time.dir/civil_time.cc.o
[INFO] [stderr]   [ 18%] Building CXX object third_party/abseil-cpp/absl/time/CMakeFiles/absl_time.dir/time.cc.o
[INFO] [stderr]   [ 18%] Building CXX object third_party/abseil-cpp/absl/strings/CMakeFiles/absl_str_format_internal.dir/internal/str_format/bind.cc.o
[INFO] [stderr]   [ 18%] Building CXX object third_party/abseil-cpp/absl/time/CMakeFiles/absl_time.dir/format.cc.o
[INFO] [stderr]   [ 18%] Building CXX object third_party/abseil-cpp/absl/time/CMakeFiles/absl_time.dir/clock.cc.o
[INFO] [stderr]   [ 18%] Building CXX object third_party/abseil-cpp/absl/time/CMakeFiles/absl_time.dir/duration.cc.o
[INFO] [stderr]   [ 20%] Building CXX object third_party/abseil-cpp/absl/strings/CMakeFiles/absl_str_format_internal.dir/internal/str_format/parser.cc.o
[INFO] [stderr]   [ 20%] Building CXX object third_party/abseil-cpp/absl/strings/CMakeFiles/absl_str_format_internal.dir/internal/str_format/output.cc.o
[INFO] [stderr]   [ 20%] Building CXX object third_party/abseil-cpp/absl/strings/CMakeFiles/absl_str_format_internal.dir/internal/str_format/float_conversion.cc.o
[INFO] [stderr]   [ 20%] Linking CXX static library libabsl_graphcycles_internal.a
[INFO] [stderr]   [ 20%] Built target absl_graphcycles_internal
[INFO] [stderr]   [ 20%] Linking CXX static library libabsl_symbolize.a
[INFO] [stderr]   [ 20%] Linking CXX static library libabsl_hash.a
[INFO] [stderr]   [ 20%] Built target absl_symbolize
[INFO] [stderr]   [ 20%] Built target absl_hash
[INFO] [stderr]   [ 22%] Linking CXX static library libabsl_time.a
[INFO] [stderr]   [ 22%] Built target absl_time
[INFO] [stderr]   Scanning dependencies of target absl_synchronization
[INFO] [stderr]   [ 22%] Building CXX object third_party/abseil-cpp/absl/synchronization/CMakeFiles/absl_synchronization.dir/blocking_counter.cc.o
[INFO] [stderr]   [ 22%] Building CXX object third_party/abseil-cpp/absl/synchronization/CMakeFiles/absl_synchronization.dir/internal/waiter.cc.o
[INFO] [stderr]   [ 22%] Building CXX object third_party/abseil-cpp/absl/synchronization/CMakeFiles/absl_synchronization.dir/mutex.cc.o
[INFO] [stderr]   [ 24%] Building CXX object third_party/abseil-cpp/absl/synchronization/CMakeFiles/absl_synchronization.dir/notification.cc.o
[INFO] [stderr]   [ 24%] Building CXX object third_party/abseil-cpp/absl/synchronization/CMakeFiles/absl_synchronization.dir/internal/per_thread_sem.cc.o
[INFO] [stderr]   [ 24%] Building CXX object third_party/abseil-cpp/absl/synchronization/CMakeFiles/absl_synchronization.dir/internal/create_thread_identity.cc.o
[INFO] [stderr]   [ 24%] Building CXX object third_party/abseil-cpp/absl/synchronization/CMakeFiles/absl_synchronization.dir/barrier.cc.o
[INFO] [stderr]   [ 24%] Linking CXX static library libabsl_str_format_internal.a
[INFO] [stderr]   [ 24%] Built target absl_str_format_internal
[INFO] [stderr]   [ 24%] Linking CXX static library libabsl_cord.a
[INFO] [stderr]   [ 24%] Built target absl_cord
[INFO] [stderr]   Scanning dependencies of target absl_status
[INFO] [stderr]   [ 24%] Linking CXX static library libabsl_synchronization.a
[INFO] [stderr]   [ 24%] Building CXX object third_party/abseil-cpp/absl/status/CMakeFiles/absl_status.dir/status.cc.o
[INFO] [stderr]   [ 24%] Building CXX object third_party/abseil-cpp/absl/status/CMakeFiles/absl_status.dir/status_payload_printer.cc.o
[INFO] [stderr]   [ 24%] Built target absl_synchronization
[INFO] [stderr]   Scanning dependencies of target absl_hashtablez_sampler
[INFO] [stderr]   [ 24%] Building CXX object third_party/abseil-cpp/absl/container/CMakeFiles/absl_hashtablez_sampler.dir/internal/hashtablez_sampler.cc.o
[INFO] [stderr]   [ 24%] Building CXX object third_party/abseil-cpp/absl/container/CMakeFiles/absl_hashtablez_sampler.dir/internal/hashtablez_sampler_force_weak_definition.cc.o
[INFO] [stderr]   [ 24%] Linking CXX static library libabsl_hashtablez_sampler.a
[INFO] [stderr]   [ 24%] Built target absl_hashtablez_sampler
[INFO] [stderr]   Scanning dependencies of target absl_raw_hash_set
[INFO] [stderr]   [ 24%] Building CXX object third_party/abseil-cpp/absl/container/CMakeFiles/absl_raw_hash_set.dir/internal/raw_hash_set.cc.o
[INFO] [stderr]   [ 24%] Linking CXX static library libabsl_status.a
[INFO] [stderr]   [ 24%] Built target absl_status
[INFO] [stderr]   Scanning dependencies of target absl_statusor
[INFO] [stderr]   [ 24%] Building CXX object third_party/abseil-cpp/absl/status/CMakeFiles/absl_statusor.dir/statusor.cc.o
[INFO] [stderr]   Scanning dependencies of target gpr
[INFO] [stderr]   [ 24%] Building CXX object CMakeFiles/gpr.dir/src/core/lib/gpr/cpu_iphone.cc.o
[INFO] [stderr]   [ 24%] Building CXX object CMakeFiles/gpr.dir/src/core/lib/gpr/alloc.cc.o
[INFO] [stderr]   [ 24%] Building CXX object CMakeFiles/gpr.dir/src/core/lib/gpr/atm.cc.o
[INFO] [stderr]   [ 24%] Building CXX object CMakeFiles/gpr.dir/src/core/lib/gpr/cpu_linux.cc.o
[INFO] [stderr]   [ 24%] Building CXX object CMakeFiles/gpr.dir/src/core/lib/gpr/cpu_posix.cc.o
[INFO] [stderr]   [ 24%] Building CXX object CMakeFiles/gpr.dir/src/core/lib/gpr/env_windows.cc.o
[INFO] [stderr]   [ 24%] Building CXX object CMakeFiles/gpr.dir/src/core/lib/gpr/log.cc.o
[INFO] [stderr]   [ 24%] Building CXX object CMakeFiles/gpr.dir/src/core/lib/gpr/env_linux.cc.o
[INFO] [stderr]   [ 24%] Building CXX object CMakeFiles/gpr.dir/src/core/lib/gpr/log_android.cc.o
[INFO] [stderr]   [ 25%] Building CXX object CMakeFiles/gpr.dir/src/core/lib/gpr/cpu_windows.cc.o
[INFO] [stderr]   [ 25%] Building CXX object CMakeFiles/gpr.dir/src/core/lib/gpr/log_linux.cc.o
[INFO] [stderr]   [ 25%] Building CXX object CMakeFiles/gpr.dir/src/core/lib/gpr/env_posix.cc.o
[INFO] [stderr]   [ 25%] Building CXX object CMakeFiles/gpr.dir/src/core/lib/gpr/log_windows.cc.o
[INFO] [stderr]   [ 25%] Building CXX object CMakeFiles/gpr.dir/src/core/lib/gpr/murmur_hash.cc.o
[INFO] [stderr]   [ 27%] Building CXX object CMakeFiles/gpr.dir/src/core/lib/gpr/string_util_windows.cc.o
[INFO] [stderr]   [ 27%] Building CXX object CMakeFiles/gpr.dir/src/core/lib/gpr/string.cc.o
[INFO] [stderr]   [ 27%] Building CXX object CMakeFiles/gpr.dir/src/core/lib/gpr/string_windows.cc.o
[INFO] [stderr]   [ 27%] Building CXX object CMakeFiles/gpr.dir/src/core/lib/gpr/log_posix.cc.o
[INFO] [stderr]   [ 27%] Building CXX object CMakeFiles/gpr.dir/src/core/lib/gpr/sync.cc.o
[INFO] [stderr]   [ 27%] Building CXX object CMakeFiles/gpr.dir/src/core/lib/gpr/sync_abseil.cc.o
[INFO] [stderr]   [ 27%] Building CXX object CMakeFiles/gpr.dir/src/core/lib/gpr/string_posix.cc.o
[INFO] [stderr]   [ 27%] Building CXX object CMakeFiles/gpr.dir/src/core/lib/gpr/time.cc.o
[INFO] [stderr]   [ 27%] Building CXX object CMakeFiles/gpr.dir/src/core/lib/gpr/time_posix.cc.o
[INFO] [stderr]   [ 27%] Building CXX object CMakeFiles/gpr.dir/src/core/lib/gpr/sync_posix.cc.o
[INFO] [stderr]   [ 27%] Building CXX object CMakeFiles/gpr.dir/src/core/lib/gpr/tmpfile_msys.cc.o
[INFO] [stderr]   [ 27%] Building CXX object CMakeFiles/gpr.dir/src/core/lib/gpr/time_precise.cc.o
[INFO] [stderr]   [ 27%] Building CXX object CMakeFiles/gpr.dir/src/core/lib/gpr/time_windows.cc.o
[INFO] [stderr]   [ 27%] Building CXX object CMakeFiles/gpr.dir/src/core/lib/gpr/tls_pthread.cc.o
[INFO] [stderr]   [ 27%] Building CXX object CMakeFiles/gpr.dir/src/core/lib/gpr/sync_windows.cc.o
[INFO] [stderr]   [ 27%] Building CXX object CMakeFiles/gpr.dir/src/core/lib/gpr/tmpfile_posix.cc.o
[INFO] [stderr]   [ 27%] Building CXX object CMakeFiles/gpr.dir/src/core/lib/gpr/tmpfile_windows.cc.o
[INFO] [stderr]   [ 29%] Building CXX object CMakeFiles/gpr.dir/src/core/lib/gpr/wrap_memcpy.cc.o
[INFO] [stderr]   [ 29%] Building CXX object CMakeFiles/gpr.dir/src/core/lib/gprpp/arena.cc.o
[INFO] [stderr]   [ 29%] Building CXX object CMakeFiles/gpr.dir/src/core/lib/gprpp/fork.cc.o
[INFO] [stderr]   [ 29%] Building CXX object CMakeFiles/gpr.dir/src/core/lib/gprpp/global_config_env.cc.o
[INFO] [stderr]   [ 29%] Building CXX object CMakeFiles/gpr.dir/src/core/lib/gprpp/examine_stack.cc.o
[INFO] [stderr]   [ 29%] Building CXX object CMakeFiles/gpr.dir/src/core/lib/gprpp/mpscq.cc.o
[INFO] [stderr]   [ 29%] Building CXX object CMakeFiles/gpr.dir/src/core/lib/gprpp/host_port.cc.o
[INFO] [stderr]   [ 29%] Building CXX object CMakeFiles/gpr.dir/src/core/lib/gprpp/stat_posix.cc.o
[INFO] [stderr]   [ 29%] Building CXX object CMakeFiles/gpr.dir/src/core/lib/gprpp/thd_posix.cc.o
[INFO] [stderr]   [ 29%] Building CXX object CMakeFiles/gpr.dir/src/core/lib/profiling/basic_timers.cc.o
[INFO] [stderr]   [ 29%] Building CXX object CMakeFiles/gpr.dir/src/core/lib/profiling/stap_timers.cc.o
[INFO] [stderr]   [ 29%] Building CXX object CMakeFiles/gpr.dir/src/core/lib/gprpp/stat_windows.cc.o
[INFO] [stderr]   [ 29%] Building CXX object CMakeFiles/gpr.dir/src/core/lib/gprpp/thd_windows.cc.o
[INFO] [stderr]   [ 29%] Linking CXX static library libabsl_raw_hash_set.a
[INFO] [stderr]   [ 29%] Built target absl_raw_hash_set
[INFO] [stderr]   [ 29%] Linking CXX static library libabsl_statusor.a
[INFO] [stderr]   [ 29%] Built target absl_statusor
[INFO] [stderr]   [ 31%] Linking CXX static library libgpr.a
[INFO] [stderr]   [ 31%] Built target gpr
[INFO] [stderr]   Scanning dependencies of target grpc
[INFO] [stderr]   [ 31%] Building CXX object CMakeFiles/grpc.dir/src/core/ext/filters/client_channel/backend_metric.cc.o
[INFO] [stderr]   [ 31%] Building CXX object CMakeFiles/grpc.dir/src/core/ext/filters/client_channel/backup_poller.cc.o
[INFO] [stderr]   [ 31%] Building CXX object CMakeFiles/grpc.dir/src/core/ext/filters/census/grpc_context.cc.o
[INFO] [stderr]   [ 31%] Building CXX object CMakeFiles/grpc.dir/src/core/ext/filters/client_channel/channel_connectivity.cc.o
[INFO] [stderr]   [ 31%] Building CXX object CMakeFiles/grpc.dir/src/core/ext/filters/client_channel/client_channel_plugin.cc.o
[INFO] [stderr]   [ 31%] Building CXX object CMakeFiles/grpc.dir/src/core/ext/filters/client_channel/client_channel.cc.o
[INFO] [stderr]   [ 31%] Building CXX object CMakeFiles/grpc.dir/src/core/ext/filters/client_channel/client_channel_channelz.cc.o
[INFO] [stderr]   [ 31%] Building CXX object CMakeFiles/grpc.dir/src/core/ext/filters/client_channel/dynamic_filters.cc.o
[INFO] [stderr]   [ 31%] Building CXX object CMakeFiles/grpc.dir/src/core/ext/filters/client_channel/client_channel_factory.cc.o
[INFO] [stderr]   [ 31%] Building CXX object CMakeFiles/grpc.dir/src/core/ext/filters/client_channel/config_selector.cc.o
[INFO] [stderr]   [ 32%] Building CXX object CMakeFiles/grpc.dir/src/core/ext/filters/client_channel/http_connect_handshaker.cc.o
[INFO] [stderr]   [ 32%] Building CXX object CMakeFiles/grpc.dir/src/core/ext/filters/client_channel/global_subchannel_pool.cc.o
[INFO] [stderr]   [ 32%] Building CXX object CMakeFiles/grpc.dir/src/core/ext/filters/client_channel/http_proxy.cc.o
[INFO] [stderr]   [ 32%] Building CXX object CMakeFiles/grpc.dir/src/core/ext/filters/client_channel/health/health_check_client.cc.o
[INFO] [stderr]   [ 32%] Building CXX object CMakeFiles/grpc.dir/src/core/ext/filters/client_channel/lb_policy/child_policy_handler.cc.o
[INFO] [stderr]   [ 32%] Building CXX object CMakeFiles/grpc.dir/src/core/ext/filters/client_channel/lb_policy/address_filtering.cc.o
[INFO] [stderr]   [ 32%] Building CXX object CMakeFiles/grpc.dir/src/core/ext/filters/client_channel/lb_policy/grpclb/grpclb.cc.o
[INFO] [stderr]   [ 32%] Building CXX object CMakeFiles/grpc.dir/src/core/ext/filters/client_channel/lb_policy/grpclb/client_load_reporting_filter.cc.o
[INFO] [stderr]   [ 32%] Building CXX object CMakeFiles/grpc.dir/src/core/ext/filters/client_channel/lb_policy.cc.o
[INFO] [stderr]   [ 32%] Building CXX object CMakeFiles/grpc.dir/src/core/ext/filters/client_channel/lb_policy/grpclb/grpclb_balancer_addresses.cc.o
[INFO] [stderr]   [ 32%] Building CXX object CMakeFiles/grpc.dir/src/core/ext/filters/client_channel/lb_policy/grpclb/grpclb_client_stats.cc.o
[INFO] [stderr]   [ 32%] Building CXX object CMakeFiles/grpc.dir/src/core/ext/filters/client_channel/lb_policy/grpclb/grpclb_channel_secure.cc.o
[INFO] [stderr]   [ 32%] Building CXX object CMakeFiles/grpc.dir/src/core/ext/filters/client_channel/lb_policy/grpclb/load_balancer_api.cc.o
[INFO] [stderr]   [ 32%] Building CXX object CMakeFiles/grpc.dir/src/core/ext/filters/client_channel/lb_policy/pick_first/pick_first.cc.o
[INFO] [stderr]   [ 32%] Building CXX object CMakeFiles/grpc.dir/src/core/ext/filters/client_channel/lb_policy/priority/priority.cc.o
[INFO] [stderr]   [ 34%] Building CXX object CMakeFiles/grpc.dir/src/core/ext/filters/client_channel/lb_policy/round_robin/round_robin.cc.o
[INFO] [stderr]   [ 34%] Building CXX object CMakeFiles/grpc.dir/src/core/ext/filters/client_channel/lb_policy/weighted_target/weighted_target.cc.o
[INFO] [stderr]   [ 34%] Building CXX object CMakeFiles/grpc.dir/src/core/ext/filters/client_channel/lb_policy/xds/cds.cc.o
[INFO] [stderr]   [ 34%] Building CXX object CMakeFiles/grpc.dir/src/core/ext/filters/client_channel/lb_policy/xds/xds_cluster_impl.cc.o
[INFO] [stderr]   [ 34%] Building CXX object CMakeFiles/grpc.dir/src/core/ext/filters/client_channel/lb_policy/xds/xds_cluster_manager.cc.o
[INFO] [stderr]   [ 34%] Building CXX object CMakeFiles/grpc.dir/src/core/ext/filters/client_channel/lb_policy_registry.cc.o
[INFO] [stderr]   [ 34%] Building CXX object CMakeFiles/grpc.dir/src/core/ext/filters/client_channel/lb_policy/xds/xds_cluster_resolver.cc.o
[INFO] [stderr]   [ 34%] Building CXX object CMakeFiles/grpc.dir/src/core/ext/filters/client_channel/proxy_mapper_registry.cc.o
[INFO] [stderr]   [ 34%] Building CXX object CMakeFiles/grpc.dir/src/core/ext/filters/client_channel/local_subchannel_pool.cc.o
[INFO] [stderr]   [ 34%] Building CXX object CMakeFiles/grpc.dir/src/core/ext/filters/client_channel/resolver.cc.o
[INFO] [stderr]   [ 34%] Building CXX object CMakeFiles/grpc.dir/src/core/ext/filters/client_channel/resolver/dns/c_ares/dns_resolver_ares.cc.o
[INFO] [stderr]   [ 34%] Building CXX object CMakeFiles/grpc.dir/src/core/ext/filters/client_channel/resolver/dns/c_ares/grpc_ares_ev_driver_libuv.cc.o
[INFO] [stderr]   [ 34%] Building CXX object CMakeFiles/grpc.dir/src/core/ext/filters/client_channel/resolver/dns/c_ares/grpc_ares_ev_driver_posix.cc.o
[INFO] [stderr]   [ 36%] Building CXX object CMakeFiles/grpc.dir/src/core/ext/filters/client_channel/resolver/dns/c_ares/grpc_ares_ev_driver_windows.cc.o
[INFO] [stderr]   [ 36%] Building CXX object CMakeFiles/grpc.dir/src/core/ext/filters/client_channel/resolver/dns/c_ares/grpc_ares_wrapper.cc.o
[INFO] [stderr]   [ 36%] Building CXX object CMakeFiles/grpc.dir/src/core/ext/filters/client_channel/resolver/dns/c_ares/grpc_ares_wrapper_windows.cc.o
[INFO] [stderr]   [ 36%] Building CXX object CMakeFiles/grpc.dir/src/core/ext/filters/client_channel/resolver/dns/c_ares/grpc_ares_wrapper_libuv.cc.o
[INFO] [stderr]   [ 36%] Building CXX object CMakeFiles/grpc.dir/src/core/ext/filters/client_channel/resolver/dns/native/dns_resolver.cc.o
[INFO] [stderr]   [ 36%] Building CXX object CMakeFiles/grpc.dir/src/core/ext/filters/client_channel/resolver/fake/fake_resolver.cc.o
[INFO] [stderr]   [ 36%] Building CXX object CMakeFiles/grpc.dir/src/core/ext/filters/client_channel/resolver/dns/c_ares/grpc_ares_wrapper_posix.cc.o
[INFO] [stderr]   [ 36%] Building CXX object CMakeFiles/grpc.dir/src/core/ext/filters/client_channel/resolver/sockaddr/sockaddr_resolver.cc.o
[INFO] [stderr]   [ 36%] Building CXX object CMakeFiles/grpc.dir/src/core/ext/filters/client_channel/resolver/dns/dns_resolver_selection.cc.o
[INFO] [stderr]   [ 36%] Building CXX object CMakeFiles/grpc.dir/src/core/ext/filters/client_channel/resolver/xds/xds_resolver.cc.o
[INFO] [stderr]   [ 36%] Building CXX object CMakeFiles/grpc.dir/src/core/ext/filters/client_channel/resolver_registry.cc.o
[INFO] [stderr]   [ 36%] Building CXX object CMakeFiles/grpc.dir/src/core/ext/filters/client_channel/retry_throttle.cc.o
[INFO] [stderr]   [ 36%] Building CXX object CMakeFiles/grpc.dir/src/core/ext/filters/client_channel/resolver_result_parsing.cc.o
[INFO] [stderr]   [ 37%] Building CXX object CMakeFiles/grpc.dir/src/core/ext/filters/client_channel/server_address.cc.o
[INFO] [stderr]   [ 37%] Building CXX object CMakeFiles/grpc.dir/src/core/ext/filters/client_channel/service_config_channel_arg_filter.cc.o
[INFO] [stderr]   [ 37%] Building CXX object CMakeFiles/grpc.dir/src/core/ext/filters/client_channel/subchannel.cc.o
[INFO] [stderr]   [ 37%] Building CXX object CMakeFiles/grpc.dir/src/core/ext/filters/client_channel/service_config_parser.cc.o
[INFO] [stderr]   [ 37%] Building CXX object CMakeFiles/grpc.dir/src/core/ext/filters/client_channel/subchannel_pool_interface.cc.o
[INFO] [stderr]   [ 37%] Building CXX object CMakeFiles/grpc.dir/src/core/ext/filters/client_channel/service_config.cc.o
[INFO] [stderr]   [ 37%] Building CXX object CMakeFiles/grpc.dir/src/core/ext/filters/deadline/deadline_filter.cc.o
[INFO] [stderr]   [ 37%] Building CXX object CMakeFiles/grpc.dir/src/core/ext/filters/client_idle/client_idle_filter.cc.o
[INFO] [stderr]   [ 37%] Building CXX object CMakeFiles/grpc.dir/src/core/ext/filters/http/client/http_client_filter.cc.o
[INFO] [stderr]   [ 37%] Building CXX object CMakeFiles/grpc.dir/src/core/ext/filters/http/client_authority_filter.cc.o
[INFO] [stderr]   [ 37%] Building CXX object CMakeFiles/grpc.dir/src/core/ext/filters/http/http_filters_plugin.cc.o
[INFO] [stderr]   [ 37%] Building CXX object CMakeFiles/grpc.dir/src/core/ext/filters/http/message_compress/message_compress_filter.cc.o
[INFO] [stderr]   [ 39%] Building CXX object CMakeFiles/grpc.dir/src/core/ext/filters/http/server/http_server_filter.cc.o
[INFO] [stderr]   [ 39%] Building CXX object CMakeFiles/grpc.dir/src/core/ext/filters/http/message_compress/message_decompress_filter.cc.o
[INFO] [stderr]   [ 39%] Building CXX object CMakeFiles/grpc.dir/src/core/ext/filters/max_age/max_age_filter.cc.o
[INFO] [stderr]   [ 39%] Building CXX object CMakeFiles/grpc.dir/src/core/ext/filters/message_size/message_size_filter.cc.o
[INFO] [stderr]   [ 39%] Building CXX object CMakeFiles/grpc.dir/src/core/ext/filters/workarounds/workaround_cronet_compression_filter.cc.o
[INFO] [stderr]   [ 39%] Building CXX object CMakeFiles/grpc.dir/src/core/ext/filters/workarounds/workaround_utils.cc.o
[INFO] [stderr]   [ 39%] Building CXX object CMakeFiles/grpc.dir/src/core/ext/transport/chttp2/alpn/alpn.cc.o
[INFO] [stderr]   [ 39%] Building CXX object CMakeFiles/grpc.dir/src/core/ext/transport/chttp2/client/chttp2_connector.cc.o
[INFO] [stderr]   [ 39%] Building CXX object CMakeFiles/grpc.dir/src/core/ext/transport/chttp2/client/authority.cc.o
[INFO] [stderr]   [ 39%] Building CXX object CMakeFiles/grpc.dir/src/core/ext/transport/chttp2/client/insecure/channel_create.cc.o
[INFO] [stderr]   [ 39%] Building CXX object CMakeFiles/grpc.dir/src/core/ext/transport/chttp2/client/insecure/channel_create_posix.cc.o
[INFO] [stderr]   [ 39%] Building CXX object CMakeFiles/grpc.dir/src/core/ext/transport/chttp2/client/secure/secure_channel_create.cc.o
[INFO] [stderr]   [ 39%] Building CXX object CMakeFiles/grpc.dir/src/core/ext/transport/chttp2/server/chttp2_server.cc.o
[INFO] [stderr]   [ 41%] Building CXX object CMakeFiles/grpc.dir/src/core/ext/transport/chttp2/server/insecure/server_chttp2.cc.o
[INFO] [stderr]   [ 41%] Building CXX object CMakeFiles/grpc.dir/src/core/ext/transport/chttp2/server/insecure/server_chttp2_posix.cc.o
[INFO] [stderr]   [ 41%] Building CXX object CMakeFiles/grpc.dir/src/core/ext/transport/chttp2/transport/chttp2_plugin.cc.o
[INFO] [stderr]   [ 41%] Building CXX object CMakeFiles/grpc.dir/src/core/ext/transport/chttp2/server/secure/server_secure_chttp2.cc.o
[INFO] [stderr]   [ 41%] Building CXX object CMakeFiles/grpc.dir/src/core/ext/transport/chttp2/transport/bin_decoder.cc.o
[INFO] [stderr]   [ 41%] Building CXX object CMakeFiles/grpc.dir/src/core/ext/transport/chttp2/transport/bin_encoder.cc.o
[INFO] [stderr]   [ 41%] Building CXX object CMakeFiles/grpc.dir/src/core/ext/transport/chttp2/transport/context_list.cc.o
[INFO] [stderr]   [ 41%] Building CXX object CMakeFiles/grpc.dir/src/core/ext/transport/chttp2/transport/chttp2_transport.cc.o
[INFO] [stderr]   [ 41%] Building CXX object CMakeFiles/grpc.dir/src/core/ext/transport/chttp2/transport/flow_control.cc.o
[INFO] [stderr]   [ 41%] Building CXX object CMakeFiles/grpc.dir/src/core/ext/transport/chttp2/transport/frame_goaway.cc.o
[INFO] [stderr]   [ 41%] Building CXX object CMakeFiles/grpc.dir/src/core/ext/transport/chttp2/transport/frame_data.cc.o
[INFO] [stderr]   [ 41%] Building CXX object CMakeFiles/grpc.dir/src/core/ext/transport/chttp2/transport/frame_settings.cc.o
[INFO] [stderr]   [ 41%] Building CXX object CMakeFiles/grpc.dir/src/core/ext/transport/chttp2/transport/frame_ping.cc.o
[INFO] [stderr]   [ 41%] Building CXX object CMakeFiles/grpc.dir/src/core/ext/transport/chttp2/transport/frame_rst_stream.cc.o
[INFO] [stderr]   [ 41%] Building CXX object CMakeFiles/grpc.dir/src/core/ext/transport/chttp2/transport/hpack_parser.cc.o
[INFO] [stderr]   [ 41%] Building CXX object CMakeFiles/grpc.dir/src/core/ext/transport/chttp2/transport/http2_settings.cc.o
[INFO] [stderr]   [ 43%] Building CXX object CMakeFiles/grpc.dir/src/core/ext/transport/chttp2/transport/incoming_metadata.cc.o
[INFO] [stderr]   [ 43%] Building CXX object CMakeFiles/grpc.dir/src/core/ext/transport/chttp2/transport/hpack_encoder.cc.o
[INFO] [stderr]   [ 43%] Building CXX object CMakeFiles/grpc.dir/src/core/ext/transport/chttp2/transport/frame_window_update.cc.o
[INFO] [stderr]   [ 43%] Building CXX object CMakeFiles/grpc.dir/src/core/ext/transport/chttp2/transport/hpack_table.cc.o
[INFO] [stderr]   [ 43%] Building CXX object CMakeFiles/grpc.dir/src/core/ext/transport/chttp2/transport/huffsyms.cc.o
[INFO] [stderr]   [ 43%] Building CXX object CMakeFiles/grpc.dir/src/core/ext/transport/chttp2/transport/parsing.cc.o
[INFO] [stderr]   [ 43%] Building CXX object CMakeFiles/grpc.dir/src/core/ext/transport/chttp2/transport/stream_map.cc.o
[INFO] [stderr]   [ 43%] Building CXX object CMakeFiles/grpc.dir/src/core/ext/transport/chttp2/transport/varint.cc.o
[INFO] [stderr]   [ 43%] Building CXX object CMakeFiles/grpc.dir/src/core/ext/transport/chttp2/transport/writing.cc.o
[INFO] [stderr]   [ 43%] Building CXX object CMakeFiles/grpc.dir/src/core/ext/transport/inproc/inproc_plugin.cc.o
[INFO] [stderr]   [ 43%] Building CXX object CMakeFiles/grpc.dir/src/core/ext/transport/chttp2/transport/stream_lists.cc.o
[INFO] [stderr]   [ 44%] Building C object CMakeFiles/grpc.dir/src/core/ext/upb-generated/envoy/annotations/deprecation.upb.c.o
[INFO] [stderr]   [ 44%] Building CXX object CMakeFiles/grpc.dir/src/core/ext/transport/inproc/inproc_transport.cc.o
[INFO] [stderr]   [ 44%] Building C object CMakeFiles/grpc.dir/src/core/ext/upb-generated/envoy/annotations/resource.upb.c.o
[INFO] [stderr]   [ 44%] Building C object CMakeFiles/grpc.dir/src/core/ext/upb-generated/envoy/config/cluster/v3/circuit_breaker.upb.c.o
[INFO] [stderr]   [ 44%] Building C object CMakeFiles/grpc.dir/src/core/ext/upb-generated/envoy/config/accesslog/v3/accesslog.upb.c.o
[INFO] [stderr]   [ 44%] Building C object CMakeFiles/grpc.dir/src/core/ext/upb-generated/envoy/config/cluster/v3/cluster.upb.c.o
[INFO] [stderr]   [ 44%] Building C object CMakeFiles/grpc.dir/src/core/ext/upb-generated/envoy/config/cluster/v3/filter.upb.c.o
[INFO] [stderr]   [ 44%] Building C object CMakeFiles/grpc.dir/src/core/ext/upb-generated/envoy/config/cluster/v3/outlier_detection.upb.c.o
[INFO] [stderr]   [ 44%] Building C object CMakeFiles/grpc.dir/src/core/ext/upb-generated/envoy/config/core/v3/base.upb.c.o
[INFO] [stderr]   [ 44%] Building C object CMakeFiles/grpc.dir/src/core/ext/upb-generated/envoy/config/core/v3/config_source.upb.c.o
[INFO] [stderr]   [ 44%] Building C object CMakeFiles/grpc.dir/src/core/ext/upb-generated/envoy/config/core/v3/address.upb.c.o
[INFO] [stderr]   [ 44%] Building C object CMakeFiles/grpc.dir/src/core/ext/upb-generated/envoy/config/core/v3/event_service_config.upb.c.o
[INFO] [stderr]   [ 44%] Building C object CMakeFiles/grpc.dir/src/core/ext/upb-generated/envoy/config/core/v3/backoff.upb.c.o
[INFO] [stderr]   [ 44%] Building C object CMakeFiles/grpc.dir/src/core/ext/upb-generated/envoy/config/core/v3/grpc_service.upb.c.o
[INFO] [stderr]   [ 46%] Building C object CMakeFiles/grpc.dir/src/core/ext/upb-generated/envoy/config/core/v3/extension.upb.c.o
[INFO] [stderr]   [ 46%] Building C object CMakeFiles/grpc.dir/src/core/ext/upb-generated/envoy/config/core/v3/health_check.upb.c.o
[INFO] [stderr]   [ 46%] Building C object CMakeFiles/grpc.dir/src/core/ext/upb-generated/envoy/config/core/v3/protocol.upb.c.o
[INFO] [stderr]   [ 46%] Building C object CMakeFiles/grpc.dir/src/core/ext/upb-generated/envoy/config/core/v3/http_uri.upb.c.o
[INFO] [stderr]   [ 46%] Building C object CMakeFiles/grpc.dir/src/core/ext/upb-generated/envoy/config/core/v3/proxy_protocol.upb.c.o
[INFO] [stderr]   [ 46%] Building C object CMakeFiles/grpc.dir/src/core/ext/upb-generated/envoy/config/core/v3/socket_option.upb.c.o
[INFO] [stderr]   [ 46%] Building C object CMakeFiles/grpc.dir/src/core/ext/upb-generated/envoy/config/core/v3/substitution_format_string.upb.c.o
[INFO] [stderr]   [ 46%] Building C object CMakeFiles/grpc.dir/src/core/ext/upb-generated/envoy/config/endpoint/v3/endpoint.upb.c.o
[INFO] [stderr]   [ 46%] Building C object CMakeFiles/grpc.dir/src/core/ext/upb-generated/envoy/config/listener/v3/api_listener.upb.c.o
[INFO] [stderr]   [ 46%] Building C object CMakeFiles/grpc.dir/src/core/ext/upb-generated/envoy/config/endpoint/v3/endpoint_components.upb.c.o
[INFO] [stderr]   [ 46%] Building C object CMakeFiles/grpc.dir/src/core/ext/upb-generated/envoy/config/listener/v3/listener.upb.c.o
[INFO] [stderr]   [ 46%] Building C object CMakeFiles/grpc.dir/src/core/ext/upb-generated/envoy/config/endpoint/v3/load_report.upb.c.o
[INFO] [stderr]   [ 48%] Building C object CMakeFiles/grpc.dir/src/core/ext/upb-generated/envoy/config/listener/v3/udp_listener_config.upb.c.o
[INFO] [stderr]   [ 48%] Building C object CMakeFiles/grpc.dir/src/core/ext/upb-generated/envoy/config/listener/v3/listener_components.upb.c.o
[INFO] [stderr]   [ 48%] Building C object CMakeFiles/grpc.dir/src/core/ext/upb-generated/envoy/config/rbac/v3/rbac.upb.c.o
[INFO] [stderr]   [ 48%] Building C object CMakeFiles/grpc.dir/src/core/ext/upb-generated/envoy/config/route/v3/route.upb.c.o
[INFO] [stderr]   [ 48%] Building C object CMakeFiles/grpc.dir/src/core/ext/upb-generated/envoy/config/route/v3/route_components.upb.c.o
[INFO] [stderr]   [ 48%] Building C object CMakeFiles/grpc.dir/src/core/ext/upb-generated/envoy/config/route/v3/scoped_route.upb.c.o
[INFO] [stderr]   [ 48%] Building C object CMakeFiles/grpc.dir/src/core/ext/upb-generated/envoy/config/trace/v3/http_tracer.upb.c.o
[INFO] [stderr]   [ 48%] Building C object CMakeFiles/grpc.dir/src/core/ext/upb-generated/envoy/extensions/filters/network/http_connection_manager/v3/http_connection_manager.upb.c.o
[INFO] [stderr]   [ 48%] Building C object CMakeFiles/grpc.dir/src/core/ext/upb-generated/envoy/extensions/transport_sockets/tls/v3/common.upb.c.o
[INFO] [stderr]   [ 48%] Building C object CMakeFiles/grpc.dir/src/core/ext/upb-generated/envoy/extensions/transport_sockets/tls/v3/cert.upb.c.o
[INFO] [stderr]   [ 48%] Building C object CMakeFiles/grpc.dir/src/core/ext/upb-generated/envoy/extensions/transport_sockets/tls/v3/tls.upb.c.o
[INFO] [stderr]   [ 48%] Building C object CMakeFiles/grpc.dir/src/core/ext/upb-generated/envoy/service/cluster/v3/cds.upb.c.o
[INFO] [stderr]   [ 48%] Building C object CMakeFiles/grpc.dir/src/core/ext/upb-generated/envoy/service/discovery/v3/ads.upb.c.o
[INFO] [stderr]   [ 48%] Building C object CMakeFiles/grpc.dir/src/core/ext/upb-generated/envoy/extensions/transport_sockets/tls/v3/secret.upb.c.o
[INFO] [stderr]   [ 48%] Building C object CMakeFiles/grpc.dir/src/core/ext/upb-generated/envoy/service/load_stats/v3/lrs.upb.c.o
[INFO] [stderr]   [ 48%] Building C object CMakeFiles/grpc.dir/src/core/ext/upb-generated/envoy/service/route/v3/rds.upb.c.o
[INFO] [stderr]   [ 48%] Building C object CMakeFiles/grpc.dir/src/core/ext/upb-generated/envoy/service/endpoint/v3/eds.upb.c.o
[INFO] [stderr]   [ 48%] Building C object CMakeFiles/grpc.dir/src/core/ext/upb-generated/envoy/service/listener/v3/lds.upb.c.o
[INFO] [stderr]   [ 50%] Building C object CMakeFiles/grpc.dir/src/core/ext/upb-generated/envoy/service/discovery/v3/discovery.upb.c.o
[INFO] [stderr]   [ 50%] Building C object CMakeFiles/grpc.dir/src/core/ext/upb-generated/envoy/service/route/v3/srds.upb.c.o
[INFO] [stderr]   [ 50%] Building C object CMakeFiles/grpc.dir/src/core/ext/upb-generated/envoy/type/matcher/v3/number.upb.c.o
[INFO] [stderr]   [ 50%] Building C object CMakeFiles/grpc.dir/src/core/ext/upb-generated/envoy/type/matcher/v3/path.upb.c.o
[INFO] [stderr]   [ 50%] Building C object CMakeFiles/grpc.dir/src/core/ext/upb-generated/envoy/type/matcher/v3/regex.upb.c.o
[INFO] [stderr]   [ 50%] Building C object CMakeFiles/grpc.dir/src/core/ext/upb-generated/envoy/type/matcher/v3/value.upb.c.o
[INFO] [stderr]   [ 50%] Building C object CMakeFiles/grpc.dir/src/core/ext/upb-generated/envoy/type/matcher/v3/metadata.upb.c.o
[INFO] [stderr]   [ 50%] Building C object CMakeFiles/grpc.dir/src/core/ext/upb-generated/envoy/type/metadata/v3/metadata.upb.c.o
[INFO] [stderr]   [ 51%] Building C object CMakeFiles/grpc.dir/src/core/ext/upb-generated/envoy/type/tracing/v3/custom_tag.upb.c.o
[INFO] [stderr]   [ 51%] Building C object CMakeFiles/grpc.dir/src/core/ext/upb-generated/envoy/type/matcher/v3/string.upb.c.o
[INFO] [stderr]   [ 51%] Building C object CMakeFiles/grpc.dir/src/core/ext/upb-generated/envoy/type/v3/http.upb.c.o
[INFO] [stderr]   [ 51%] Building C object CMakeFiles/grpc.dir/src/core/ext/upb-generated/envoy/type/v3/percent.upb.c.o
[INFO] [stderr]   [ 51%] Building C object CMakeFiles/grpc.dir/src/core/ext/upb-generated/envoy/type/v3/range.upb.c.o
[INFO] [stderr]   [ 51%] Building C object CMakeFiles/grpc.dir/src/core/ext/upb-generated/envoy/type/v3/semantic_version.upb.c.o
[INFO] [stderr]   [ 51%] Building C object CMakeFiles/grpc.dir/src/core/ext/upb-generated/google/api/expr/v1alpha1/checked.upb.c.o
[INFO] [stderr]   [ 51%] Building C object CMakeFiles/grpc.dir/src/core/ext/upb-generated/google/api/expr/v1alpha1/syntax.upb.c.o
[INFO] [stderr]   [ 51%] Building C object CMakeFiles/grpc.dir/src/core/ext/upb-generated/google/api/http.upb.c.o
[INFO] [stderr]   [ 51%] Building C object CMakeFiles/grpc.dir/src/core/ext/upb-generated/google/api/annotations.upb.c.o
[INFO] [stderr]   [ 51%] Building C object CMakeFiles/grpc.dir/src/core/ext/upb-generated/google/protobuf/any.upb.c.o
[INFO] [stderr]   [ 51%] Building C object CMakeFiles/grpc.dir/src/core/ext/upb-generated/google/protobuf/empty.upb.c.o
[INFO] [stderr]   [ 51%] Building C object CMakeFiles/grpc.dir/src/core/ext/upb-generated/google/protobuf/duration.upb.c.o
[INFO] [stderr]   [ 51%] Building C object CMakeFiles/grpc.dir/src/core/ext/upb-generated/google/protobuf/struct.upb.c.o
[INFO] [stderr]   [ 51%] Building C object CMakeFiles/grpc.dir/src/core/ext/upb-generated/google/protobuf/wrappers.upb.c.o
[INFO] [stderr]   [ 51%] Building C object CMakeFiles/grpc.dir/src/core/ext/upb-generated/google/rpc/status.upb.c.o
[INFO] [stderr]   [ 53%] Building C object CMakeFiles/grpc.dir/src/core/ext/upb-generated/google/protobuf/timestamp.upb.c.o
[INFO] [stderr]   [ 53%] Building C object CMakeFiles/grpc.dir/src/core/ext/upb-generated/src/proto/grpc/health/v1/health.upb.c.o
[INFO] [stderr]   [ 53%] Building C object CMakeFiles/grpc.dir/src/core/ext/upb-generated/src/proto/grpc/lb/v1/load_balancer.upb.c.o
[INFO] [stderr]   [ 53%] Building C object CMakeFiles/grpc.dir/src/core/ext/upb-generated/src/proto/grpc/gcp/altscontext.upb.c.o
[INFO] [stderr]   [ 53%] Building C object CMakeFiles/grpc.dir/src/core/ext/upb-generated/src/proto/grpc/gcp/transport_security_common.upb.c.o
[INFO] [stderr]   [ 53%] Building C object CMakeFiles/grpc.dir/src/core/ext/upb-generated/src/proto/grpc/gcp/handshaker.upb.c.o
[INFO] [stderr]   [ 53%] Building C object CMakeFiles/grpc.dir/src/core/ext/upb-generated/udpa/annotations/migrate.upb.c.o
[INFO] [stderr] 
[INFO] [stderr]   --- stderr
[INFO] [stderr]   CMake Warning at cmake/protobuf.cmake:51 (message):
[INFO] [stderr]     gRPC_PROTOBUF_PROVIDER is "module" but PROTOBUF_ROOT_DIR is wrong
[INFO] [stderr]   Call Stack (most recent call first):
[INFO] [stderr]     CMakeLists.txt:254 (include)
[INFO] [stderr] 
[INFO] [stderr] 
[INFO] [stderr]   CMake Warning:
[INFO] [stderr]     Manually-specified variables were not used by the project:
[INFO] [stderr] 
[INFO] [stderr]       CMAKE_ASM_COMPILER
[INFO] [stderr]       CMAKE_ASM_FLAGS
[INFO] [stderr] 
[INFO] [stderr] 
[INFO] [stderr]   c++: fatal error: Killed signal terminated program cc1plus
[INFO] [stderr]   compilation terminated.
[INFO] [stderr]   c++: fatal error: Killed signal terminated program cc1plus
[INFO] [stderr]   compilation terminated.
[INFO] [stderr]   make[3]: *** [CMakeFiles/grpc.dir/build.make:622: CMakeFiles/grpc.dir/src/core/ext/filters/client_channel/resolver/dns/dns_resolver_selection.cc.o] Error 1
[INFO] [stderr]   make[3]: *** Waiting for unfinished jobs....
[INFO] [stderr]   make[3]: *** [CMakeFiles/grpc.dir/build.make:310: CMakeFiles/grpc.dir/src/core/ext/filters/client_channel/lb_policy/grpclb/grpclb_balancer_addresses.cc.o] Error 1
[INFO] [stderr]   c++: fatal error: Killed signal terminated program cc1plus
[INFO] [stderr]   compilation terminated.
[INFO] [stderr]   make[3]: *** [CMakeFiles/grpc.dir/build.make:63: CMakeFiles/grpc.dir/src/core/ext/filters/census/grpc_context.cc.o] Error 1
[INFO] [stderr]   c++: fatal error: Killed signal terminated program cc1plus
[INFO] [stderr]   compilation terminated.
[INFO] [stderr]   make[3]: *** [CMakeFiles/grpc.dir/build.make:336: CMakeFiles/grpc.dir/src/core/ext/filters/client_channel/lb_policy/grpclb/grpclb_client_stats.cc.o] Error 1
[INFO] [stderr]   c++: fatal error: Killed signal terminated program cc1plus
[INFO] [stderr]   compilation terminated.
[INFO] [stderr]   make[3]: *** [CMakeFiles/grpc.dir/build.make:895: CMakeFiles/grpc.dir/src/core/ext/filters/http/server/http_server_filter.cc.o] Error 1
[INFO] [stderr]   c++: fatal error: Killed signal terminated program cc1plus
[INFO] [stderr]   compilation terminated.
[INFO] [stderr]   make[3]: *** [CMakeFiles/grpc.dir/build.make:219: CMakeFiles/grpc.dir/src/core/ext/filters/client_channel/http_connect_handshaker.cc.o] Error 1
[INFO] [stderr]   c++: fatal error: Killed signal terminated program cc1plus
[INFO] [stderr]   compilation terminated.
[INFO] [stderr]   c++: fatal error: Killed signal terminated program cc1plus
[INFO] [stderr]   compilation terminated.
[INFO] [stderr]   make[3]: *** [CMakeFiles/grpc.dir/build.make:89: CMakeFiles/grpc.dir/src/core/ext/filters/client_channel/backup_poller.cc.o] Error 1
[INFO] [stderr]   make[3]: *** [CMakeFiles/grpc.dir/build.make:180: CMakeFiles/grpc.dir/src/core/ext/filters/client_channel/dynamic_filters.cc.o] Error 1
[INFO] [stderr]   c++: fatal error: Killed signal terminated program cc1plus
[INFO] [stderr]   compilation terminated.
[INFO] [stderr]   c++: fatal error: Killed signal terminated program cc1plus
[INFO] [stderr]   compilation terminated.
[INFO] [stderr]   make[3]: *** [CMakeFiles/grpc.dir/build.make:232: CMakeFiles/grpc.dir/src/core/ext/filters/client_channel/http_proxy.cc.o] Error 1
[INFO] [stderr]   c++: fatal error: Killed signal terminated program cc1plus
[INFO] [stderr]   compilation terminated.
[INFO] [stderr]   make[3]: *** [CMakeFiles/grpc.dir/build.make:1090: CMakeFiles/grpc.dir/src/core/ext/transport/chttp2/transport/bin_decoder.cc.o] Error 1
[INFO] [stderr]   c++: fatal error: Killed signal terminated program cc1plus
[INFO] [stderr]   compilation terminated.
[INFO] [stderr]   make[3]: *** [CMakeFiles/grpc.dir/build.make:271: CMakeFiles/grpc.dir/src/core/ext/filters/client_channel/lb_policy/child_policy_handler.cc.o] Error 1
[INFO] [stderr]   c++: fatal error: Killed signal terminated program cc1plus
[INFO] [stderr]   compilation terminated.
[INFO] [stderr]   make[3]: *** [CMakeFiles/grpc.dir/build.make:362: CMakeFiles/grpc.dir/src/core/ext/filters/client_channel/lb_policy/pick_first/pick_first.cc.o] Error 1
[INFO] [stderr]   make[3]: *** [CMakeFiles/grpc.dir/build.make:700: CMakeFiles/grpc.dir/src/core/ext/filters/client_channel/resolver_result_parsing.cc.o] Error 1
[INFO] [stderr]   c++: fatal error: Killed signal terminated program cc1plus
[INFO] [stderr]   compilation terminated.
[INFO] [stderr]   c++: fatal error: Killed signal terminated program cc1plus
[INFO] [stderr]   compilation terminated.
[INFO] [stderr]   c++: fatal error: Killed signal terminated program cc1plus
[INFO] [stderr]   compilation terminated.
[INFO] [stderr]   c++: fatal error: Killed signal terminated program cc1plus
[INFO] [stderr]   compilation terminated.
[INFO] [stderr]   c++: fatal error: Killed signal terminated program cc1plus
[INFO] [stderr]   compilation terminated.
[INFO] [stderr]   c++: fatal error: Killed signal terminated program cc1plus
[INFO] [stderr]   compilation terminated.
[INFO] [stderr]   c++: fatal error: Killed signal terminated program cc1plus
[INFO] [stderr]   compilation terminated.
[INFO] [stderr]   c++: fatal error: Killed signal terminated program cc1plus
[INFO] [stderr]   compilation terminated.
[INFO] [stderr]   c++: fatal error: Killed signal terminated program cc1plus
[INFO] [stderr]   compilation terminated.
[INFO] [stderr]   c++: fatal error: Killed signal terminated program cc1plus
[INFO] [stderr]   compilation terminated.
[INFO] [stderr]   c++: fatal error: Killed signal terminated program cc1plus
[INFO] [stderr]   compilation terminated.
[INFO] [stderr]   c++: fatal error: Killed signal terminated program cc1plus
[INFO] [stderr]   compilation terminated.
[INFO] [stderr]   c++: fatal error: Killed signal terminated program cc1plus
[INFO] [stderr]   compilation terminated.
[INFO] [stderr]   c++: fatal error: Killed signal terminated program cc1plus
[INFO] [stderr]   compilation terminated.
[INFO] [stderr]   c++: fatal error: Killed signal terminated program cc1plus
[INFO] [stderr]   compilation terminated.
[INFO] [stderr]   c++: fatal error: Killed signal terminated program cc1plus
[INFO] [stderr]   compilation terminated.
[INFO] [stderr]   c++: fatal error: Killed signal terminated program cc1plus
[INFO] [stderr]   compilation terminated.
[INFO] [stderr]   c++: fatal error: Killed signal terminated program cc1plus
[INFO] [stderr]   compilation terminated.
[INFO] [stderr]   c++: fatal error: Killed signal terminated program cc1plus
[INFO] [stderr]   compilation terminated.
[INFO] [stderr]   make[3]: *** [CMakeFiles/grpc.dir/build.make:1272: CMakeFiles/grpc.dir/src/core/ext/transport/chttp2/transport/hpack_table.cc.o] Error 1
[INFO] [stderr]   make[3]: *** [CMakeFiles/grpc.dir/build.make:817: CMakeFiles/grpc.dir/src/core/ext/filters/deadline/deadline_filter.cc.o] Error 1
[INFO] [stderr]   make[3]: *** [CMakeFiles/grpc.dir/build.make:193: CMakeFiles/grpc.dir/src/core/ext/filters/client_channel/global_subchannel_pool.cc.o] Error 1
[INFO] [stderr]   make[3]: *** [CMakeFiles/grpc.dir/build.make:323: CMakeFiles/grpc.dir/src/core/ext/filters/client_channel/lb_policy/grpclb/grpclb_channel_secure.cc.o] Error 1
[INFO] [stderr]   make[3]: *** [CMakeFiles/grpc.dir/build.make:453: CMakeFiles/grpc.dir/src/core/ext/filters/client_channel/lb_policy/xds/xds_cluster_resolver.cc.o] Error 1
[INFO] [stderr]   make[3]: *** [CMakeFiles/grpc.dir/build.make:505: CMakeFiles/grpc.dir/src/core/ext/filters/client_channel/resolver.cc.o] Error 1
[INFO] [stderr]   make[3]: *** [CMakeFiles/grpc.dir/build.make:1051: CMakeFiles/grpc.dir/src/core/ext/transport/chttp2/server/insecure/server_chttp2.cc.o] Error 1
[INFO] [stderr]   c++: fatal error: Killed signal terminated program cc1plus
[INFO] [stderr]   compilation terminated.
[INFO] [stderr]   make[3]: *** [CMakeFiles/grpc.dir/build.make:102: CMakeFiles/grpc.dir/src/core/ext/filters/client_channel/channel_connectivity.cc.o] Error 1
[INFO] [stderr]   c++: fatal error: Killed signal terminated program cc1plus
[INFO] [stderr]   compilation terminated.
[INFO] [stderr]   make[3]: *** [CMakeFiles/grpc.dir/build.make:1064: CMakeFiles/grpc.dir/src/core/ext/transport/chttp2/server/insecure/server_chttp2_posix.cc.o] Error 1
[INFO] [stderr]   make[3]: *** [CMakeFiles/grpc.dir/build.make:986: CMakeFiles/grpc.dir/src/core/ext/transport/chttp2/client/chttp2_connector.cc.o] Error 1
[INFO] [stderr]   make[3]: *** [CMakeFiles/grpc.dir/build.make:128: CMakeFiles/grpc.dir/src/core/ext/filters/client_channel/client_channel_channelz.cc.o] Error 1
[INFO] [stderr]   make[3]: *** [CMakeFiles/grpc.dir/build.make:518: CMakeFiles/grpc.dir/src/core/ext/filters/client_channel/resolver/dns/c_ares/dns_resolver_ares.cc.o] Error 1
[INFO] [stderr]   make[3]: *** [CMakeFiles/grpc.dir/build.make:726: CMakeFiles/grpc.dir/src/core/ext/filters/client_channel/server_address.cc.o] Error 1
[INFO] [stderr]   make[3]: *** [CMakeFiles/grpc.dir/build.make:934: CMakeFiles/grpc.dir/src/core/ext/filters/workarounds/workaround_cronet_compression_filter.cc.o] Error 1
[INFO] [stderr]   c++: fatal error: Killed signal terminated program cc1plus
[INFO] [stderr]   compilation terminated.
[INFO] [stderr]   make[3]: *** [CMakeFiles/grpc.dir/build.make:999: CMakeFiles/grpc.dir/src/core/ext/transport/chttp2/client/insecure/channel_create.cc.o] Error 1
[INFO] [stderr]   make[3]: *** [CMakeFiles/grpc.dir/build.make:1194: CMakeFiles/grpc.dir/src/core/ext/transport/chttp2/transport/frame_ping.cc.o] Error 1
[INFO] [stderr]   make[3]: *** [CMakeFiles/grpc.dir/build.make:635: CMakeFiles/grpc.dir/src/core/ext/filters/client_channel/resolver/dns/native/dns_resolver.cc.o] Error 1
[INFO] [stderr]   make[3]: *** [CMakeFiles/grpc.dir/build.make:739: CMakeFiles/grpc.dir/src/core/ext/filters/client_channel/service_config.cc.o] Error 1
[INFO] [stderr]   make[3]: *** [CMakeFiles/grpc.dir/build.make:141: CMakeFiles/grpc.dir/src/core/ext/filters/client_channel/client_channel_factory.cc.o] Error 1
[INFO] [stderr]   make[3]: *** [CMakeFiles/grpc.dir/build.make:375: CMakeFiles/grpc.dir/src/core/ext/filters/client_channel/lb_policy/priority/priority.cc.o] Error 1
[INFO] [stderr]   make[3]: *** [CMakeFiles/grpc.dir/build.make:856: CMakeFiles/grpc.dir/src/core/ext/filters/http/http_filters_plugin.cc.o] Error 1
[INFO] [stderr]   make[3]: *** [CMakeFiles/grpc.dir/build.make:258: CMakeFiles/grpc.dir/src/core/ext/filters/client_channel/lb_policy/address_filtering.cc.o] Error 1
[INFO] [stderr]   c++: fatal error: Killed signal terminated program cc1plus
[INFO] [stderr]   compilation terminated.
[INFO] [stderr]   make[3]: *** [CMakeFiles/grpc.dir/build.make:349: CMakeFiles/grpc.dir/src/core/ext/filters/client_channel/lb_policy/grpclb/load_balancer_api.cc.o] Error 1
[INFO] [stderr]   c++: fatal error: Killed signal terminated program cc1plus
[INFO] [stderr]   compilation terminated.
[INFO] [stderr]   c++: fatal error: Killed signal terminated program cc1plus
[INFO] [stderr]   compilation terminated.
[INFO] [stderr]   c++: fatal error: Killed signal terminated program cc1plus
[INFO] [stderr]   compilation terminated.
[INFO] [stderr]   c++: fatal error: Killed signal terminated program cc1plus
[INFO] [stderr]   compilation terminated.
[INFO] [stderr]   c++: fatal error: Killed signal terminated program cc1plus
[INFO] [stderr]   compilation terminated.
[INFO] [stderr]   c++: fatal error: Killed signal terminated program cc1plus
[INFO] [stderr]   compilation terminated.
[INFO] [stderr]   c++: fatal error: Killed signal terminated program cc1plus
[INFO] [stderr]   compilation terminated.
[INFO] [stderr]   make[3]: *** [CMakeFiles/grpc.dir/build.make:1129: CMakeFiles/grpc.dir/src/core/ext/transport/chttp2/transport/chttp2_transport.cc.o] Error 1
[INFO] [stderr]   c++: fatal error: Killed signal terminated program cc1plus
[INFO] [stderr]   compilation terminated.
[INFO] [stderr]   make[3]: *** [CMakeFiles/grpc.dir/build.make:167: CMakeFiles/grpc.dir/src/core/ext/filters/client_channel/config_selector.cc.o] Error 1
[INFO] [stderr]   c++: fatal error: Killed signal terminated program cc1plus
[INFO] [stderr]   compilation terminated.
[INFO] [stderr]   make[3]: *** [CMakeFiles/grpc.dir/build.make:713: CMakeFiles/grpc.dir/src/core/ext/filters/client_channel/retry_throttle.cc.o] Error 1
[INFO] [stderr]   make[3]: *** [CMakeFiles/grpc.dir/build.make:414: CMakeFiles/grpc.dir/src/core/ext/filters/client_channel/lb_policy/xds/cds.cc.o] Error 1
[INFO] [stderr]   make[3]: *** [CMakeFiles/grpc.dir/build.make:674: CMakeFiles/grpc.dir/src/core/ext/filters/client_channel/resolver/xds/xds_resolver.cc.o] Error 1
[INFO] [stderr]   make[3]: *** [CMakeFiles/grpc.dir/build.make:973: CMakeFiles/grpc.dir/src/core/ext/transport/chttp2/client/authority.cc.o] Error 1
[INFO] [stderr]   make[3]: *** [CMakeFiles/grpc.dir/build.make:1025: CMakeFiles/grpc.dir/src/core/ext/transport/chttp2/client/secure/secure_channel_create.cc.o] Error 1
[INFO] [stderr]   make[3]: *** [CMakeFiles/grpc.dir/build.make:1402: CMakeFiles/grpc.dir/src/core/ext/transport/inproc/inproc_transport.cc.o] Error 1
[INFO] [stderr]   make[3]: *** [CMakeFiles/grpc.dir/build.make:284: CMakeFiles/grpc.dir/src/core/ext/filters/client_channel/lb_policy/grpclb/client_load_reporting_filter.cc.o] Error 1
[INFO] [stderr]   c++: fatal error: Killed signal terminated program cc1plus
[INFO] [stderr]   compilation terminated.
[INFO] [stderr]   c++: fatal error: Killed signal terminated program cc1plus
[INFO] [stderr]   c++: fatal error: Killed signal terminated program cc1plus
[INFO] [stderr]   c++: fatal error: Killed signal terminated program cc1plus
[INFO] [stderr]   c++: fatal error: Killed signal terminated program cc1plus
[INFO] [stderr]   c++: fatal error: Killed signal terminated program cc1plus
[INFO] [stderr]   c++: fatal error: Killed signal terminated program cc1plus
[INFO] [stderr]   compilation terminated.
[INFO] [stderr]   compilation terminated.
[INFO] [stderr]   compilation terminated.
[INFO] [stderr]   compilation terminated.
[INFO] [stderr]   compilation terminated.
[INFO] [stderr]   compilation terminated.
[INFO] [stderr]   make[3]: *** [CMakeFiles/grpc.dir/build.make:544: CMakeFiles/grpc.dir/src/core/ext/filters/client_channel/resolver/dns/c_ares/grpc_ares_ev_driver_posix.cc.o] Error 1
[INFO] [stderr]   c++: fatal error: Killed signal terminated program cc1plus
[INFO] [stderr]   compilation terminated.
[INFO] [stderr]   make[3]: *** [CMakeFiles/grpc.dir/build.make:1233: CMakeFiles/grpc.dir/src/core/ext/transport/chttp2/transport/frame_window_update.cc.o] Error 1
[INFO] [stderr]   make[3]: *** [CMakeFiles/grpc.dir/build.make:245: CMakeFiles/grpc.dir/src/core/ext/filters/client_channel/lb_policy.cc.o] Error 1
[INFO] [stderr]   make[3]: *** [CMakeFiles/grpc.dir/build.make:648: CMakeFiles/grpc.dir/src/core/ext/filters/client_channel/resolver/fake/fake_resolver.cc.o] Error 1
[INFO] [stderr]   make[3]: *** [CMakeFiles/grpc.dir/build.make:869: CMakeFiles/grpc.dir/src/core/ext/filters/http/message_compress/message_compress_filter.cc.o] Error 1
[INFO] [stderr]   make[3]: *** [CMakeFiles/grpc.dir/build.make:921: CMakeFiles/grpc.dir/src/core/ext/filters/message_size/message_size_filter.cc.o] Error 1
[INFO] [stderr]   c++: fatal error: Killed signal terminated program cc1plus
[INFO] [stderr]   compilation terminated.
[INFO] [stderr]   make[3]: *** [CMakeFiles/grpc.dir/build.make:297: CMakeFiles/grpc.dir/src/core/ext/filters/client_channel/lb_policy/grpclb/grpclb.cc.o] Error 1
[INFO] [stderr]   make[3]: *** [CMakeFiles/grpc.dir/build.make:115: CMakeFiles/grpc.dir/src/core/ext/filters/client_channel/client_channel.cc.o] Error 1
[INFO] [stderr]   make[3]: *** [CMakeFiles/grpc.dir/build.make:206: CMakeFiles/grpc.dir/src/core/ext/filters/client_channel/health/health_check_client.cc.o] Error 1
[INFO] [stderr]   c++: fatal error: Killed signal terminated program cc1plus
[INFO] [stderr]   compilation terminated.
[INFO] [stderr]   c++: fatal error: Killed signal terminated program cc1plus
[INFO] [stderr]   compilation terminated.
[INFO] [stderr]   c++: fatal error: Killed signal terminated program cc1plus
[INFO] [stderr]   compilation terminated.
[INFO] [stderr]   make[3]: *** [CMakeFiles/grpc.dir/build.make:154: CMakeFiles/grpc.dir/src/core/ext/filters/client_channel/client_channel_plugin.cc.o] Error 1
[INFO] [stderr]   make[3]: *** [CMakeFiles/grpc.dir/build.make:908: CMakeFiles/grpc.dir/src/core/ext/filters/max_age/max_age_filter.cc.o] Error 1
[INFO] [stderr]   c++: fatal error: Killed signal terminated program cc1plus
[INFO] [stderr]   compilation terminated.
[INFO] [stderr]   make[3]: *** [CMakeFiles/grpc.dir/build.make:427: CMakeFiles/grpc.dir/src/core/ext/filters/client_channel/lb_policy/xds/xds_cluster_impl.cc.o] Error 1
[INFO] [stderr]   c++: fatal error: Killed signal terminated program cc1plus
[INFO] [stderr]   compilation terminated.
[INFO] [stderr]   make[3]: *** [CMakeFiles/grpc.dir/build.make:1168: CMakeFiles/grpc.dir/src/core/ext/transport/chttp2/transport/frame_data.cc.o] Error 1
[INFO] [stderr]   c++: fatal error: Killed signal terminated program cc1plus
[INFO] [stderr]   compilation terminated.
[INFO] [stderr]   make[3]: *** [CMakeFiles/grpc.dir/build.make:1207: CMakeFiles/grpc.dir/src/core/ext/transport/chttp2/transport/frame_rst_stream.cc.o] Error 1
[INFO] [stderr]   c++: fatal error: Killed signal terminated program cc1plus
[INFO] [stderr]   compilation terminated.
[INFO] [stderr]   c++: fatal error: Killed signal terminated program cc1plus
[INFO] [stderr]   compilation terminated.
[INFO] [stderr]   make[3]: *** [CMakeFiles/grpc.dir/build.make:401: CMakeFiles/grpc.dir/src/core/ext/filters/client_channel/lb_policy/weighted_target/weighted_target.cc.o] Error 1
[INFO] [stderr]   make[3]: *** [CMakeFiles/grpc.dir/build.make:843: CMakeFiles/grpc.dir/src/core/ext/filters/http/client_authority_filter.cc.o] Error 1
[INFO] [stderr]   make[3]: *** [CMakeFiles/grpc.dir/build.make:1376: CMakeFiles/grpc.dir/src/core/ext/transport/chttp2/transport/writing.cc.o] Error 1
[INFO] [stderr]   c++: fatal error: Killed signal terminated program cc1plus
[INFO] [stderr]   compilation terminated.
[INFO] [stderr]   c++: fatal error: Killed signal terminated program cc1plus
[INFO] [stderr]   compilation terminated.
[INFO] [stderr]   make[3]: *** [CMakeFiles/grpc.dir/build.make:466: CMakeFiles/grpc.dir/src/core/ext/filters/client_channel/lb_policy_registry.cc.o] Error 1
[INFO] [stderr]   make[3]: *** [CMakeFiles/grpc.dir/build.make:778: CMakeFiles/grpc.dir/src/core/ext/filters/client_channel/subchannel.cc.o] Error 1
[INFO] [stderr]   c++: fatal error: Killed signal terminated program cc1plus
[INFO] [stderr]   compilation terminated.
[INFO] [stderr]   make[3]: *** [CMakeFiles/grpc.dir/build.make:570: CMakeFiles/grpc.dir/src/core/ext/filters/client_channel/resolver/dns/c_ares/grpc_ares_wrapper.cc.o] Error 1
[INFO] [stderr]   c++: fatal error: Killed signal terminated program cc1plus
[INFO] [stderr]   compilation terminated.
[INFO] [stderr]   make[3]: *** [CMakeFiles/grpc.dir/build.make:1246: CMakeFiles/grpc.dir/src/core/ext/transport/chttp2/transport/hpack_encoder.cc.o] Error 1
[INFO] [stderr]   c++: fatal error: Killed signal terminated program cc1plus
[INFO] [stderr]   compilation terminated.
[INFO] [stderr]   make[3]: *** [CMakeFiles/grpc.dir/build.make:492: CMakeFiles/grpc.dir/src/core/ext/filters/client_channel/proxy_mapper_registry.cc.o] Error 1
[INFO] [stderr]   c++: fatal error: Killed signal terminated program cc1plus
[INFO] [stderr]   compilation terminated.
[INFO] [stderr]   make[3]: *** [CMakeFiles/grpc.dir/build.make:596: CMakeFiles/grpc.dir/src/core/ext/filters/client_channel/resolver/dns/c_ares/grpc_ares_wrapper_posix.cc.o] Error 1
[INFO] [stderr]   c++: fatal error: Killed signal terminated program cc1plus
[INFO] [stderr]   compilation terminated.
[INFO] [stderr]   make[3]: *** [CMakeFiles/grpc.dir/build.make:388: CMakeFiles/grpc.dir/src/core/ext/filters/client_channel/lb_policy/round_robin/round_robin.cc.o] Error 1
[INFO] [stderr]   c++: fatal error: Killed signal terminated program cc1plus
[INFO] [stderr]   compilation terminated.
[INFO] [stderr]   make[3]: *** [CMakeFiles/grpc.dir/build.make:479: CMakeFiles/grpc.dir/src/core/ext/filters/client_channel/local_subchannel_pool.cc.o] Error 1
[INFO] [stderr]   c++: fatal error: Killed signal terminated program cc1plus
[INFO] [stderr]   compilation terminated.
[INFO] [stderr]   make[3]: *** [CMakeFiles/grpc.dir/build.make:830: CMakeFiles/grpc.dir/src/core/ext/filters/http/client/http_client_filter.cc.o] Error 1
[INFO] [stderr]   c++: fatal error: Killed signal terminated program cc1plus
[INFO] [stderr]   compilation terminated.
[INFO] [stderr]   make[3]: *** [CMakeFiles/grpc.dir/build.make:765: CMakeFiles/grpc.dir/src/core/ext/filters/client_channel/service_config_parser.cc.o] Error 1
[INFO] [stderr]   c++: fatal error: Killed signal terminated program cc1plus
[INFO] [stderr]   compilation terminated.
[INFO] [stderr]   make[3]: *** [CMakeFiles/grpc.dir/build.make:752: CMakeFiles/grpc.dir/src/core/ext/filters/client_channel/service_config_channel_arg_filter.cc.o] Error 1
[INFO] [stderr]   c++: fatal error: Killed signal terminated program cc1plus
[INFO] [stderr]   compilation terminated.
[INFO] [stderr]   c++: fatal error: Killed signal terminated program cc1plus
[INFO] [stderr]   compilation terminated.
[INFO] [stderr]   make[3]: *** [CMakeFiles/grpc.dir/build.make:1142: CMakeFiles/grpc.dir/src/core/ext/transport/chttp2/transport/context_list.cc.o] Error 1
[INFO] [stderr]   make[3]: *** [CMakeFiles/grpc.dir/build.make:1038: CMakeFiles/grpc.dir/src/core/ext/transport/chttp2/server/chttp2_server.cc.o] Error 1
[INFO] [stderr]   c++: fatal error: Killed signal terminated program cc1plus
[INFO] [stderr]   compilation terminated.
[INFO] [stderr]   c++: fatal error: Killed signal terminated program cc1plus
[INFO] [stderr]   compilation terminated.
[INFO] [stderr]   make[3]: *** [CMakeFiles/grpc.dir/build.make:1181: CMakeFiles/grpc.dir/src/core/ext/transport/chttp2/transport/frame_goaway.cc.o] Error 1
[INFO] [stderr]   make[3]: *** [CMakeFiles/grpc.dir/build.make:1220: CMakeFiles/grpc.dir/src/core/ext/transport/chttp2/transport/frame_settings.cc.o] Error 1
[INFO] [stderr]   c++: fatal error: Killed signal terminated program cc1plus
[INFO] [stderr]   compilation terminated.
[INFO] [stderr]   make[3]: *** [CMakeFiles/grpc.dir/build.make:1337: CMakeFiles/grpc.dir/src/core/ext/transport/chttp2/transport/stream_lists.cc.o] Error 1
[INFO] [stderr]   make[2]: *** [CMakeFiles/Makefile2:983: CMakeFiles/grpc.dir/all] Error 2
[INFO] [stderr]   make[1]: *** [CMakeFiles/Makefile2:990: CMakeFiles/grpc.dir/rule] Error 2
[INFO] [stderr]   make: *** [Makefile:242: grpc] Error 2
[INFO] [stderr]   thread 'main' panicked at '
[INFO] [stderr]   command did not execute successfully, got: exit status: 2
[INFO] [stderr] 
[INFO] [stderr]   build script failed, must exit now', /opt/rustwide/cargo-home/registry/src/github.com-1ecc6299db9ec823/cmake-0.1.45/src/lib.rs:894:5
[INFO] [stderr]   stack backtrace:
[INFO] [stderr]      0:     0x5570ca86c500 - std::backtrace_rs::backtrace::libunwind::trace::h34055254b57d8e79
[INFO] [stderr]                                  at /rustc/a178d0322ce20e33eac124758e837cbd80a6f633/library/std/src/../../backtrace/src/backtrace/libunwind.rs:90:5
[INFO] [stderr]      1:     0x5570ca86c500 - std::backtrace_rs::backtrace::trace_unsynchronized::h8f1e3fbd9afff6ec
[INFO] [stderr]                                  at /rustc/a178d0322ce20e33eac124758e837cbd80a6f633/library/std/src/../../backtrace/src/backtrace/mod.rs:66:5
[INFO] [stderr]      2:     0x5570ca86c500 - std::sys_common::backtrace::_print_fmt::h3a99a796b770c360
[INFO] [stderr]                                  at /rustc/a178d0322ce20e33eac124758e837cbd80a6f633/library/std/src/sys_common/backtrace.rs:67:5
[INFO] [stderr]      3:     0x5570ca86c500 - <std::sys_common::backtrace::_print::DisplayBacktrace as core::fmt::Display>::fmt::h32d1f94a80615d18
[INFO] [stderr]                                  at /rustc/a178d0322ce20e33eac124758e837cbd80a6f633/library/std/src/sys_common/backtrace.rs:46:22
[INFO] [stderr]      4:     0x5570ca89305c - core::fmt::write::h306731c068f7162c
[INFO] [stderr]                                  at /rustc/a178d0322ce20e33eac124758e837cbd80a6f633/library/core/src/fmt/mod.rs:1110:17
[INFO] [stderr]      5:     0x5570ca868965 - std::io::Write::write_fmt::hd2fa90334eee2a21
[INFO] [stderr]                                  at /rustc/a178d0322ce20e33eac124758e837cbd80a6f633/library/std/src/io/mod.rs:1588:15
[INFO] [stderr]      6:     0x5570ca86eebb - std::sys_common::backtrace::_print::h5abaa2601a852287
[INFO] [stderr]                                  at /rustc/a178d0322ce20e33eac124758e837cbd80a6f633/library/std/src/sys_common/backtrace.rs:49:5
[INFO] [stderr]      7:     0x5570ca86eebb - std::sys_common::backtrace::print::h8d81445442bb638f
[INFO] [stderr]                                  at /rustc/a178d0322ce20e33eac124758e837cbd80a6f633/library/std/src/sys_common/backtrace.rs:36:9
[INFO] [stderr]      8:     0x5570ca86eebb - std::panicking::default_hook::{{closure}}::hcfe804496a9fa747
[INFO] [stderr]                                  at /rustc/a178d0322ce20e33eac124758e837cbd80a6f633/library/std/src/panicking.rs:208:50
[INFO] [stderr]      9:     0x5570ca86e991 - std::panicking::default_hook::hbea8e3ccf2ba8901
[INFO] [stderr]                                  at /rustc/a178d0322ce20e33eac124758e837cbd80a6f633/library/std/src/panicking.rs:225:9
[INFO] [stderr]     10:     0x5570ca86f584 - std::panicking::rust_panic_with_hook::h7ee9e1a2d0f8975a
[INFO] [stderr]                                  at /rustc/a178d0322ce20e33eac124758e837cbd80a6f633/library/std/src/panicking.rs:622:17
[INFO] [stderr]     11:     0x5570ca86f067 - std::panicking::begin_panic_handler::{{closure}}::h8ab3b4491718b2c7
[INFO] [stderr]                                  at /rustc/a178d0322ce20e33eac124758e837cbd80a6f633/library/std/src/panicking.rs:519:13
[INFO] [stderr]     12:     0x5570ca86c9fc - std::sys_common::backtrace::__rust_end_short_backtrace::hd489062ffa586a9f
[INFO] [stderr]                                  at /rustc/a178d0322ce20e33eac124758e837cbd80a6f633/library/std/src/sys_common/backtrace.rs:141:18
[INFO] [stderr]     13:     0x5570ca86efc9 - rust_begin_unwind
[INFO] [stderr]                                  at /rustc/a178d0322ce20e33eac124758e837cbd80a6f633/library/std/src/panicking.rs:515:5
[INFO] [stderr]     14:     0x5570ca27cd1b - std::panicking::begin_panic_fmt::h5479575e112541f8
[INFO] [stderr]                                  at /rustc/a178d0322ce20e33eac124758e837cbd80a6f633/library/std/src/panicking.rs:457:5
[INFO] [stderr]     15:     0x5570ca7e7293 - cmake::fail::h423478e6e170b1d5
[INFO] [stderr]                                  at /opt/rustwide/cargo-home/registry/src/github.com-1ecc6299db9ec823/cmake-0.1.45/src/lib.rs:894:5
[INFO] [stderr]     16:     0x5570ca7e6ca1 - cmake::run::hfb271a4ef6cab4ec
[INFO] [stderr]                                  at /opt/rustwide/cargo-home/registry/src/github.com-1ecc6299db9ec823/cmake-0.1.45/src/lib.rs:872:9
[INFO] [stderr]     17:     0x5570ca7e46d1 - cmake::Config::build::h84a45ed544c040dd
[INFO] [stderr]                                  at /opt/rustwide/cargo-home/registry/src/github.com-1ecc6299db9ec823/cmake-0.1.45/src/lib.rs:778:9
[INFO] [stderr]     18:     0x5570ca288845 - build_script_build::build_grpc::h92da73198ebc8660
[INFO] [stderr]                                  at /opt/rustwide/cargo-home/registry/src/github.com-1ecc6299db9ec823/grpcio-sys-0.8.1/build.rs:174:9
[INFO] [stderr]     19:     0x5570ca28c1aa - build_script_build::main::h5ad605e9eacb2f2b
[INFO] [stderr]                                  at /opt/rustwide/cargo-home/registry/src/github.com-1ecc6299db9ec823/grpcio-sys-0.8.1/build.rs:441:9
[INFO] [stderr]     20:     0x5570ca28356b - core::ops::function::FnOnce::call_once::h72a66992e9786a64
[INFO] [stderr]                                  at /rustc/a178d0322ce20e33eac124758e837cbd80a6f633/library/core/src/ops/function.rs:227:5
[INFO] [stderr]     21:     0x5570ca29027e - std::sys_common::backtrace::__rust_begin_short_backtrace::h4e811004835b7b16
[INFO] [stderr]                                  at /rustc/a178d0322ce20e33eac124758e837cbd80a6f633/library/std/src/sys_common/backtrace.rs:125:18
[INFO] [stderr]     22:     0x5570ca286191 - std::rt::lang_start::{{closure}}::hf2f86bdf919941f0
[INFO] [stderr]                                  at /rustc/a178d0322ce20e33eac124758e837cbd80a6f633/library/std/src/rt.rs:49:18
[INFO] [stderr]     23:     0x5570ca86fb89 - core::ops::function::impls::<impl core::ops::function::FnOnce<A> for &F>::call_once::h2aabc384aab89b7b
[INFO] [stderr]                                  at /rustc/a178d0322ce20e33eac124758e837cbd80a6f633/library/core/src/ops/function.rs:259:13
[INFO] [stderr]     24:     0x5570ca86fb89 - std::panicking::try::do_call::hc5fcacb7a85fc7b1
[INFO] [stderr]                                  at /rustc/a178d0322ce20e33eac124758e837cbd80a6f633/library/std/src/panicking.rs:401:40
[INFO] [stderr]     25:     0x5570ca86fb89 - std::panicking::try::hb5d9603af3abbe3a
[INFO] [stderr]                                  at /rustc/a178d0322ce20e33eac124758e837cbd80a6f633/library/std/src/panicking.rs:365:19
[INFO] [stderr]     26:     0x5570ca86fb89 - std::panic::catch_unwind::h98fe6ac3925e64b4
[INFO] [stderr]                                  at /rustc/a178d0322ce20e33eac124758e837cbd80a6f633/library/std/src/panic.rs:434:14
[INFO] [stderr]     27:     0x5570ca86fb89 - std::rt::lang_start_internal::h22ac7383c516f93e
[INFO] [stderr]                                  at /rustc/a178d0322ce20e33eac124758e837cbd80a6f633/library/std/src/rt.rs:34:21
[INFO] [stderr]     28:     0x5570ca286170 - std::rt::lang_start::h1c2ddcd643809205
[INFO] [stderr]                                  at /rustc/a178d0322ce20e33eac124758e837cbd80a6f633/library/std/src/rt.rs:48:5
[INFO] [stderr]     29:     0x5570ca28c72c - main
[INFO] [stderr]     30:     0x7f8a9fe940b3 - __libc_start_main
[INFO] [stderr]     31:     0x5570ca27e20e - _start
[INFO] [stderr]     32:                0x0 - <unknown>
[INFO] running `Command { std: "docker" "inspect" "d7d4dffc9e81ab64bd7b5a7a250e1eade71b71a6c4606b205f04d02aafd5b145", kill_on_drop: false }`
[INFO] running `Command { std: "docker" "rm" "-f" "d7d4dffc9e81ab64bd7b5a7a250e1eade71b71a6c4606b205f04d02aafd5b145", kill_on_drop: false }`
[INFO] [stdout] d7d4dffc9e81ab64bd7b5a7a250e1eade71b71a6c4606b205f04d02aafd5b145
