[INFO] cloning repository https://github.com/zekesonxx/advent2019
[INFO] running `Command { std: "git" "-c" "credential.helper=" "-c" "credential.helper=/workspace/cargo-home/bin/git-credential-null" "clone" "--bare" "https://github.com/zekesonxx/advent2019" "/workspace/cache/git-repos/https%3A%2F%2Fgithub.com%2Fzekesonxx%2Fadvent2019", kill_on_drop: false }`
[INFO] [stderr] Cloning into bare repository '/workspace/cache/git-repos/https%3A%2F%2Fgithub.com%2Fzekesonxx%2Fadvent2019'...
[INFO] running `Command { std: "git" "rev-parse" "HEAD", kill_on_drop: false }`
[INFO] [stdout] 3bfa07aaef8cd8d3adee9c077ea1d9084f6fd7dc
[INFO] testing zekesonxx/advent2019 against 1.54.0 for beta-1.55-1
[INFO] running `Command { std: "git" "clone" "/workspace/cache/git-repos/https%3A%2F%2Fgithub.com%2Fzekesonxx%2Fadvent2019" "/workspace/builds/worker-73/source", kill_on_drop: false }`
[INFO] [stderr] Cloning into '/workspace/builds/worker-73/source'...
[INFO] [stderr] done.
[INFO] validating manifest of git repo https://github.com/zekesonxx/advent2019 on toolchain 1.54.0
[INFO] running `Command { std: "/workspace/cargo-home/bin/cargo" "+1.54.0" "metadata" "--manifest-path" "Cargo.toml" "--no-deps", kill_on_drop: false }`
[INFO] started tweaking git repo https://github.com/zekesonxx/advent2019
[INFO] finished tweaking git repo https://github.com/zekesonxx/advent2019
[INFO] tweaked toml for git repo https://github.com/zekesonxx/advent2019 written to /workspace/builds/worker-73/source/Cargo.toml
[INFO] crate git repo https://github.com/zekesonxx/advent2019 already has a lockfile, it will not be regenerated
[INFO] running `Command { std: "/workspace/cargo-home/bin/cargo" "+1.54.0" "fetch" "--manifest-path" "Cargo.toml", kill_on_drop: false }`
[INFO] [stderr]     Blocking waiting for file lock on package cache
[INFO] [stderr]     Blocking waiting for file lock on package cache
[INFO] running `Command { std: "docker" "create" "-v" "/var/lib/crater-agent-workspace/builds/worker-73/target:/opt/rustwide/target:rw,Z" "-v" "/var/lib/crater-agent-workspace/builds/worker-73/source:/opt/rustwide/workdir:ro,Z" "-v" "/var/lib/crater-agent-workspace/cargo-home:/opt/rustwide/cargo-home:ro,Z" "-v" "/var/lib/crater-agent-workspace/rustup-home:/opt/rustwide/rustup-home:ro,Z" "-e" "SOURCE_DIR=/opt/rustwide/workdir" "-e" "CARGO_TARGET_DIR=/opt/rustwide/target" "-e" "CARGO_HOME=/opt/rustwide/cargo-home" "-e" "RUSTUP_HOME=/opt/rustwide/rustup-home" "-w" "/opt/rustwide/workdir" "-m" "1610612736" "--user" "0:0" "--network" "none" "ghcr.io/rust-lang/crates-build-env/linux@sha256:34b6a614d2c27851fe6cbf88fbd1137609cefab8b10d0615aaeb6fd47975d74e" "/opt/rustwide/cargo-home/bin/cargo" "+1.54.0" "metadata" "--no-deps" "--format-version=1", kill_on_drop: false }`
[INFO] [stdout] 4dd8e6abaf0ef9e955f8e4d9498ae985f7b6cad219146c4faeee42a6344e7be9
[INFO] running `Command { std: "docker" "start" "-a" "4dd8e6abaf0ef9e955f8e4d9498ae985f7b6cad219146c4faeee42a6344e7be9", kill_on_drop: false }`
[INFO] running `Command { std: "docker" "inspect" "4dd8e6abaf0ef9e955f8e4d9498ae985f7b6cad219146c4faeee42a6344e7be9", kill_on_drop: false }`
[INFO] running `Command { std: "docker" "rm" "-f" "4dd8e6abaf0ef9e955f8e4d9498ae985f7b6cad219146c4faeee42a6344e7be9", kill_on_drop: false }`
[INFO] [stdout] 4dd8e6abaf0ef9e955f8e4d9498ae985f7b6cad219146c4faeee42a6344e7be9
[INFO] running `Command { std: "docker" "create" "-v" "/var/lib/crater-agent-workspace/builds/worker-73/target:/opt/rustwide/target:rw,Z" "-v" "/var/lib/crater-agent-workspace/builds/worker-73/source:/opt/rustwide/workdir:ro,Z" "-v" "/var/lib/crater-agent-workspace/cargo-home:/opt/rustwide/cargo-home:ro,Z" "-v" "/var/lib/crater-agent-workspace/rustup-home:/opt/rustwide/rustup-home:ro,Z" "-e" "SOURCE_DIR=/opt/rustwide/workdir" "-e" "CARGO_TARGET_DIR=/opt/rustwide/target" "-e" "CARGO_INCREMENTAL=0" "-e" "RUST_BACKTRACE=full" "-e" "RUSTFLAGS=--cap-lints=warn" "-e" "CARGO_HOME=/opt/rustwide/cargo-home" "-e" "RUSTUP_HOME=/opt/rustwide/rustup-home" "-w" "/opt/rustwide/workdir" "-m" "1610612736" "--user" "0:0" "--network" "none" "ghcr.io/rust-lang/crates-build-env/linux@sha256:34b6a614d2c27851fe6cbf88fbd1137609cefab8b10d0615aaeb6fd47975d74e" "/opt/rustwide/cargo-home/bin/cargo" "+1.54.0" "build" "--frozen" "--message-format=json", kill_on_drop: false }`
[INFO] [stdout] 52aed681a0bfa10f7f4911bf745a66156959dca37b2a6b3922f4e90a997a309b
[INFO] running `Command { std: "docker" "start" "-a" "52aed681a0bfa10f7f4911bf745a66156959dca37b2a6b3922f4e90a997a309b", kill_on_drop: false }`
[INFO] [stderr]     Blocking waiting for file lock on package cache
[INFO] [stderr]    Compiling advent2019 v0.1.0 (/opt/rustwide/workdir)
[INFO] [stdout] warning: value assigned to `result` is never read
[INFO] [stdout]   --> src/main.rs:66:17
[INFO] [stdout]    |
[INFO] [stdout] 66 |         let mut result = 0;
[INFO] [stdout]    |                 ^^^^^^
[INFO] [stdout]    |
[INFO] [stdout]    = note: `#[warn(unused_assignments)]` on by default
[INFO] [stdout]    = help: maybe it is overwritten before being read?
[INFO] [stdout] 
[INFO] [stdout] 
[INFO] [stdout] warning: associated function is never used: `new`
[INFO] [stdout]   --> src/main.rs:13:12
[INFO] [stdout]    |
[INFO] [stdout] 13 |     pub fn new(program: Vec<usize>) -> Self {
[INFO] [stdout]    |            ^^^
[INFO] [stdout]    |
[INFO] [stdout]    = note: `#[warn(dead_code)]` on by default
[INFO] [stdout] 
[INFO] [stdout] 
[INFO] [stdout] warning: associated function is never used: `is_halted`
[INFO] [stdout]   --> src/main.rs:29:12
[INFO] [stdout]    |
[INFO] [stdout] 29 |     pub fn is_halted(&self) -> bool {
[INFO] [stdout]    |            ^^^^^^^^^
[INFO] [stdout] 
[INFO] [stdout] 
[INFO] [stdout] warning: 3 warnings emitted
[INFO] [stdout] 
[INFO] [stdout] 
[INFO] [stderr]     Finished dev [unoptimized + debuginfo] target(s) in 1.27s
[INFO] running `Command { std: "docker" "inspect" "52aed681a0bfa10f7f4911bf745a66156959dca37b2a6b3922f4e90a997a309b", kill_on_drop: false }`
[INFO] running `Command { std: "docker" "rm" "-f" "52aed681a0bfa10f7f4911bf745a66156959dca37b2a6b3922f4e90a997a309b", kill_on_drop: false }`
[INFO] [stdout] 52aed681a0bfa10f7f4911bf745a66156959dca37b2a6b3922f4e90a997a309b
[INFO] running `Command { std: "docker" "create" "-v" "/var/lib/crater-agent-workspace/builds/worker-73/target:/opt/rustwide/target:rw,Z" "-v" "/var/lib/crater-agent-workspace/builds/worker-73/source:/opt/rustwide/workdir:ro,Z" "-v" "/var/lib/crater-agent-workspace/cargo-home:/opt/rustwide/cargo-home:ro,Z" "-v" "/var/lib/crater-agent-workspace/rustup-home:/opt/rustwide/rustup-home:ro,Z" "-e" "SOURCE_DIR=/opt/rustwide/workdir" "-e" "CARGO_TARGET_DIR=/opt/rustwide/target" "-e" "CARGO_INCREMENTAL=0" "-e" "RUST_BACKTRACE=full" "-e" "RUSTFLAGS=--cap-lints=warn" "-e" "CARGO_HOME=/opt/rustwide/cargo-home" "-e" "RUSTUP_HOME=/opt/rustwide/rustup-home" "-w" "/opt/rustwide/workdir" "-m" "1610612736" "--user" "0:0" "--network" "none" "ghcr.io/rust-lang/crates-build-env/linux@sha256:34b6a614d2c27851fe6cbf88fbd1137609cefab8b10d0615aaeb6fd47975d74e" "/opt/rustwide/cargo-home/bin/cargo" "+1.54.0" "test" "--frozen" "--no-run" "--message-format=json", kill_on_drop: false }`
[INFO] [stdout] b92345a9a7615532824ce0288f780e8a584c6d8b82df94e0e74cd3128c3a8ebb
[INFO] running `Command { std: "docker" "start" "-a" "b92345a9a7615532824ce0288f780e8a584c6d8b82df94e0e74cd3128c3a8ebb", kill_on_drop: false }`
[INFO] [stderr]     Blocking waiting for file lock on package cache
[INFO] [stderr]    Compiling advent2019 v0.1.0 (/opt/rustwide/workdir)
[INFO] [stdout] error[E0425]: cannot find function `fuel` in this scope
[INFO] [stdout]   --> src/main.rs:93:20
[INFO] [stdout]    |
[INFO] [stdout] 93 |         assert_eq!(fuel(14), 2);
[INFO] [stdout]    |                    ^^^^ not found in this scope
[INFO] [stdout] 
[INFO] [stdout] 
[INFO] [stdout] error[E0425]: cannot find function `fuel` in this scope
[INFO] [stdout]   --> src/main.rs:94:20
[INFO] [stdout]    |
[INFO] [stdout] 94 |         assert_eq!(fuel(1969), 966);
[INFO] [stdout]    |                    ^^^^ not found in this scope
[INFO] [stdout] 
[INFO] [stdout] 
[INFO] [stdout] error[E0425]: cannot find function `fuel` in this scope
[INFO] [stdout]   --> src/main.rs:95:20
[INFO] [stdout]    |
[INFO] [stdout] 95 |         assert_eq!(fuel(100756), 50346);
[INFO] [stdout]    |                    ^^^^ not found in this scope
[INFO] [stdout] 
[INFO] [stdout] 
[INFO] [stdout] warning: unused import: `super::*`
[INFO] [stdout]   --> src/main.rs:90:9
[INFO] [stdout]    |
[INFO] [stdout] 90 |     use super::*;
[INFO] [stdout]    |         ^^^^^^^^
[INFO] [stdout]    |
[INFO] [stdout]    = note: `#[warn(unused_imports)]` on by default
[INFO] [stdout] 
[INFO] [stdout] 
[INFO] [stdout] error: aborting due to 3 previous errors; 1 warning emitted
[INFO] [stdout] 
[INFO] [stdout] 
[INFO] [stdout] For more information about this error, try `rustc --explain E0425`.
[INFO] [stdout] 
[INFO] [stderr] error: could not compile `advent2019`
[INFO] [stderr] 
[INFO] [stderr] To learn more, run the command again with --verbose.
[INFO] running `Command { std: "docker" "inspect" "b92345a9a7615532824ce0288f780e8a584c6d8b82df94e0e74cd3128c3a8ebb", kill_on_drop: false }`
[INFO] running `Command { std: "docker" "rm" "-f" "b92345a9a7615532824ce0288f780e8a584c6d8b82df94e0e74cd3128c3a8ebb", kill_on_drop: false }`
[INFO] [stdout] b92345a9a7615532824ce0288f780e8a584c6d8b82df94e0e74cd3128c3a8ebb
