[INFO] cloning repository https://github.com/yukimakura/pcl_stair_detection_ros
[INFO] running `Command { std: "git" "-c" "credential.helper=" "-c" "credential.helper=/workspace/cargo-home/bin/git-credential-null" "clone" "--bare" "https://github.com/yukimakura/pcl_stair_detection_ros" "/workspace/cache/git-repos/https%3A%2F%2Fgithub.com%2Fyukimakura%2Fpcl_stair_detection_ros", kill_on_drop: false }`
[INFO] [stderr] Cloning into bare repository '/workspace/cache/git-repos/https%3A%2F%2Fgithub.com%2Fyukimakura%2Fpcl_stair_detection_ros'...
[INFO] running `Command { std: "git" "rev-parse" "HEAD", kill_on_drop: false }`
[INFO] [stdout] eadf4179ac8cd07465af4d8e53e90905ce2700f1
[INFO] testing yukimakura/pcl_stair_detection_ros against 1.54.0 for beta-1.55-1
[INFO] running `Command { std: "git" "clone" "/workspace/cache/git-repos/https%3A%2F%2Fgithub.com%2Fyukimakura%2Fpcl_stair_detection_ros" "/workspace/builds/worker-6/source", kill_on_drop: false }`
[INFO] [stderr] Cloning into '/workspace/builds/worker-6/source'...
[INFO] [stderr] done.
[INFO] validating manifest of git repo https://github.com/yukimakura/pcl_stair_detection_ros on toolchain 1.54.0
[INFO] running `Command { std: "/workspace/cargo-home/bin/cargo" "+1.54.0" "metadata" "--manifest-path" "Cargo.toml" "--no-deps", kill_on_drop: false }`
[INFO] started tweaking git repo https://github.com/yukimakura/pcl_stair_detection_ros
[INFO] finished tweaking git repo https://github.com/yukimakura/pcl_stair_detection_ros
[INFO] tweaked toml for git repo https://github.com/yukimakura/pcl_stair_detection_ros written to /workspace/builds/worker-6/source/Cargo.toml
[INFO] crate git repo https://github.com/yukimakura/pcl_stair_detection_ros already has a lockfile, it will not be regenerated
[INFO] running `Command { std: "/workspace/cargo-home/bin/cargo" "+1.54.0" "fetch" "--manifest-path" "Cargo.toml", kill_on_drop: false }`
[INFO] running `Command { std: "docker" "create" "-v" "/var/lib/crater-agent-workspace/builds/worker-6/target:/opt/rustwide/target:rw,Z" "-v" "/var/lib/crater-agent-workspace/builds/worker-6/source:/opt/rustwide/workdir:ro,Z" "-v" "/var/lib/crater-agent-workspace/cargo-home:/opt/rustwide/cargo-home:ro,Z" "-v" "/var/lib/crater-agent-workspace/rustup-home:/opt/rustwide/rustup-home:ro,Z" "-e" "SOURCE_DIR=/opt/rustwide/workdir" "-e" "CARGO_TARGET_DIR=/opt/rustwide/target" "-e" "CARGO_HOME=/opt/rustwide/cargo-home" "-e" "RUSTUP_HOME=/opt/rustwide/rustup-home" "-w" "/opt/rustwide/workdir" "-m" "1610612736" "--user" "0:0" "--network" "none" "ghcr.io/rust-lang/crates-build-env/linux@sha256:34b6a614d2c27851fe6cbf88fbd1137609cefab8b10d0615aaeb6fd47975d74e" "/opt/rustwide/cargo-home/bin/cargo" "+1.54.0" "metadata" "--no-deps" "--format-version=1", kill_on_drop: false }`
[INFO] [stderr] WARNING: Your kernel does not support swap limit capabilities or the cgroup is not mounted. Memory limited without swap.
[INFO] [stdout] 498a9aa0ff40a64d7523b3eaecba043c58b0558bf4ebac724d9d8d83f636285a
[INFO] running `Command { std: "docker" "start" "-a" "498a9aa0ff40a64d7523b3eaecba043c58b0558bf4ebac724d9d8d83f636285a", kill_on_drop: false }`
[INFO] running `Command { std: "docker" "inspect" "498a9aa0ff40a64d7523b3eaecba043c58b0558bf4ebac724d9d8d83f636285a", kill_on_drop: false }`
[INFO] running `Command { std: "docker" "rm" "-f" "498a9aa0ff40a64d7523b3eaecba043c58b0558bf4ebac724d9d8d83f636285a", kill_on_drop: false }`
[INFO] [stdout] 498a9aa0ff40a64d7523b3eaecba043c58b0558bf4ebac724d9d8d83f636285a
[INFO] running `Command { std: "docker" "create" "-v" "/var/lib/crater-agent-workspace/builds/worker-6/target:/opt/rustwide/target:rw,Z" "-v" "/var/lib/crater-agent-workspace/builds/worker-6/source:/opt/rustwide/workdir:ro,Z" "-v" "/var/lib/crater-agent-workspace/cargo-home:/opt/rustwide/cargo-home:ro,Z" "-v" "/var/lib/crater-agent-workspace/rustup-home:/opt/rustwide/rustup-home:ro,Z" "-e" "SOURCE_DIR=/opt/rustwide/workdir" "-e" "CARGO_TARGET_DIR=/opt/rustwide/target" "-e" "CARGO_INCREMENTAL=0" "-e" "RUST_BACKTRACE=full" "-e" "RUSTFLAGS=--cap-lints=warn" "-e" "CARGO_HOME=/opt/rustwide/cargo-home" "-e" "RUSTUP_HOME=/opt/rustwide/rustup-home" "-w" "/opt/rustwide/workdir" "-m" "1610612736" "--user" "0:0" "--network" "none" "ghcr.io/rust-lang/crates-build-env/linux@sha256:34b6a614d2c27851fe6cbf88fbd1137609cefab8b10d0615aaeb6fd47975d74e" "/opt/rustwide/cargo-home/bin/cargo" "+1.54.0" "build" "--frozen" "--message-format=json", kill_on_drop: false }`
[INFO] [stdout] c1fd40e2e33ac22fdd34fe53449c1f9f2b9912633852f9499a4533deaee9769e
[INFO] [stderr] WARNING: Your kernel does not support swap limit capabilities or the cgroup is not mounted. Memory limited without swap.
[INFO] running `Command { std: "docker" "start" "-a" "c1fd40e2e33ac22fdd34fe53449c1f9f2b9912633852f9499a4533deaee9769e", kill_on_drop: false }`
[INFO] [stderr]    Compiling libc v0.2.66
[INFO] [stderr]    Compiling ucd-util v0.1.7
[INFO] [stderr]    Compiling hex v0.4.0
[INFO] [stderr]    Compiling idna v0.1.5
[INFO] [stderr]    Compiling buf_redux v0.8.4
[INFO] [stderr]    Compiling twoway v0.1.8
[INFO] [stderr]    Compiling aho-corasick v0.6.10
[INFO] [stderr]    Compiling serde_bytes v0.10.5
[INFO] [stderr]    Compiling gzip-header v0.3.0
[INFO] [stderr]    Compiling serde_json v1.0.46
[INFO] [stderr]    Compiling serde-xml-rs v0.2.1
[INFO] [stderr]    Compiling block-buffer v0.7.3
[INFO] [stderr]    Compiling crossbeam-channel v0.4.0
[INFO] [stderr]    Compiling regex-syntax v0.5.6
[INFO] [stderr]    Compiling md-5 v0.8.0
[INFO] [stderr]    Compiling deflate v0.7.20
[INFO] [stderr]    Compiling url v1.7.2
[INFO] [stderr]    Compiling crossbeam v0.7.3
[INFO] [stderr]    Compiling rand_os v0.1.3
[INFO] [stderr]    Compiling backtrace-sys v0.1.32
[INFO] [stderr]    Compiling time v0.1.42
[INFO] [stderr]    Compiling rand v0.4.6
[INFO] [stderr]    Compiling num_cpus v1.12.0
[INFO] [stderr]    Compiling dirs v1.0.5
[INFO] [stderr]    Compiling brotli-sys v0.3.2
[INFO] [stderr]    Compiling filetime v0.2.8
[INFO] [stderr]    Compiling rand v0.5.6
[INFO] [stderr]    Compiling atty v0.2.14
[INFO] [stderr]    Compiling nix v0.14.1
[INFO] [stderr]    Compiling nix v0.15.0
[INFO] [stderr]    Compiling net2 v0.2.33
[INFO] [stderr]    Compiling backtrace v0.3.43
[INFO] [stderr]    Compiling term v0.5.2
[INFO] [stderr]    Compiling brotli2 v0.3.2
[INFO] [stderr]    Compiling colored v1.9.2
[INFO] [stderr]    Compiling threadpool v1.7.1
[INFO] [stderr]    Compiling rand v0.6.5
[INFO] [stderr]    Compiling error-chain v0.10.0
[INFO] [stderr]    Compiling error-chain v0.12.1
[INFO] [stderr]    Compiling chrono v0.4.10
[INFO] [stderr]    Compiling hyper v0.10.16
[INFO] [stderr]    Compiling regex v0.2.11
[INFO] [stderr]    Compiling tempdir v0.3.7
[INFO] [stderr]    Compiling rosrust_codegen v0.9.1
[INFO] [stderr]    Compiling phf_generator v0.7.24
[INFO] [stderr]    Compiling phf_codegen v0.7.24
[INFO] [stderr]    Compiling tiny_http v0.6.2
[INFO] [stderr]    Compiling mime_guess v1.8.7
[INFO] [stderr]    Compiling ctrlc v3.1.3
[INFO] [stderr]    Compiling multipart v0.15.4
[INFO] [stderr]    Compiling rouille v3.0.0
[INFO] [stderr]    Compiling xml-rpc v0.0.12
[INFO] [stderr]    Compiling rosrust v0.9.2
[INFO] [stderr]    Compiling octree_voxel_stair_detection_ros v0.1.0 (/opt/rustwide/workdir)
[INFO] [stdout] error: proc macro panicked
[INFO] [stdout]  --> src/main.rs:4:5
[INFO] [stdout]   |
[INFO] [stdout] 4 |     rosrust::rosmsg_include!(visualization_msgs/Marker);
[INFO] [stdout]   |     ^^^^^^^^^^^^^^^^^^^^^^^^^^^^^^^^^^^^^^^^^^^^^^^^^^^^
[INFO] [stdout]   |
[INFO] [stdout]   = help: message: message visualization_msgs/Marker not found in provided directories
[INFO] [stdout]           Directories:
[INFO] [stdout]           
[INFO] [stdout] 
[INFO] [stdout] 
[INFO] [stdout] error: proc macro panicked
[INFO] [stdout]  --> src/main.rs:8:5
[INFO] [stdout]   |
[INFO] [stdout] 8 |     rosrust::rosmsg_include!(std_msgs/Float64);
[INFO] [stdout]   |     ^^^^^^^^^^^^^^^^^^^^^^^^^^^^^^^^^^^^^^^^^^^
[INFO] [stdout]   |
[INFO] [stdout]   = help: message: message std_msgs/Float64 not found in provided directories
[INFO] [stdout]           Directories:
[INFO] [stdout]           
[INFO] [stdout] 
[INFO] [stdout] 
[INFO] [stdout] error[E0433]: failed to resolve: could not find `visualization_msgs` in `v_msg`
[INFO] [stdout]   --> src/main.rs:44:76
[INFO] [stdout]    |
[INFO] [stdout] 44 |     let marker_sub = rosrust::subscribe("/jsk/marker", 10, move |v: v_msg::visualization_msgs::Marker| {
[INFO] [stdout]    |                                                                            ^^^^^^^^^^^^^^^^^^ could not find `visualization_msgs` in `v_msg`
[INFO] [stdout] 
[INFO] [stdout] 
[INFO] [stdout] error[E0433]: failed to resolve: could not find `std_msgs` in `f_msg`
[INFO] [stdout]   --> src/main.rs:48:34
[INFO] [stdout]    |
[INFO] [stdout] 48 |         let mut delta_z = f_msg::std_msgs::Float64::default();
[INFO] [stdout]    |                                  ^^^^^^^^ could not find `std_msgs` in `f_msg`
[INFO] [stdout] 
[INFO] [stdout] 
[INFO] [stdout] error[E0433]: failed to resolve: could not find `geometry_msgs` in `v_msg`
[INFO] [stdout]   --> src/main.rs:49:40
[INFO] [stdout]    |
[INFO] [stdout] 49 |         let mut x0_points : Vec<v_msg::geometry_msgs::Point> = Vec::new();
[INFO] [stdout]    |                                        ^^^^^^^^^^^^^ could not find `geometry_msgs` in `v_msg`
[INFO] [stdout] 
[INFO] [stdout] 
[INFO] [stdout] error[E0433]: failed to resolve: could not find `std_msgs` in `v_msg`
[INFO] [stdout]   --> src/main.rs:51:40
[INFO] [stdout]    |
[INFO] [stdout] 51 |         let mut x0_colors : Vec<v_msg::std_msgs::ColorRGBA> = Vec::new();
[INFO] [stdout]    |                                        ^^^^^^^^ could not find `std_msgs` in `v_msg`
[INFO] [stdout] 
[INFO] [stdout] 
[INFO] [stdout] error[E0433]: failed to resolve: could not find `geometry_msgs` in `v_msg`
[INFO] [stdout]   --> src/main.rs:54:32
[INFO] [stdout]    |
[INFO] [stdout] 54 |         let mut min_y = v_msg::geometry_msgs::Point{x:0.0,y:0.0,z:100.0};
[INFO] [stdout]    |                                ^^^^^^^^^^^^^ could not find `geometry_msgs` in `v_msg`
[INFO] [stdout] 
[INFO] [stdout] 
[INFO] [stdout] error[E0433]: failed to resolve: could not find `geometry_msgs` in `v_msg`
[INFO] [stdout]   --> src/main.rs:55:40
[INFO] [stdout]    |
[INFO] [stdout] 55 |         let mut delta_y_point = v_msg::geometry_msgs::Point::default();
[INFO] [stdout]    |                                        ^^^^^^^^^^^^^ could not find `geometry_msgs` in `v_msg`
[INFO] [stdout] 
[INFO] [stdout] 
[INFO] [stdout] error[E0433]: failed to resolve: could not find `std_msgs` in `v_msg`
[INFO] [stdout]   --> src/main.rs:58:34
[INFO] [stdout]    |
[INFO] [stdout] 58 |                 let red = v_msg::std_msgs::ColorRGBA{r:1.0,g:0.0,b:0.0,a:1.0,};
[INFO] [stdout]    |                                  ^^^^^^^^ could not find `std_msgs` in `v_msg`
[INFO] [stdout] 
[INFO] [stdout] 
[INFO] [stdout] error[E0433]: failed to resolve: could not find `geometry_msgs` in `v_msg`
[INFO] [stdout]   --> src/main.rs:59:39
[INFO] [stdout]    |
[INFO] [stdout] 59 |                 x0_points.push(v_msg::geometry_msgs::Point::clone(item));
[INFO] [stdout]    |                                       ^^^^^^^^^^^^^ could not find `geometry_msgs` in `v_msg`
[INFO] [stdout] 
[INFO] [stdout] 
[INFO] [stdout] error[E0433]: failed to resolve: could not find `geometry_msgs` in `v_msg`
[INFO] [stdout]   --> src/main.rs:63:36
[INFO] [stdout]    |
[INFO] [stdout] 63 |                     min_y = v_msg::geometry_msgs::Point::clone(item);
[INFO] [stdout]    |                                    ^^^^^^^^^^^^^ could not find `geometry_msgs` in `v_msg`
[INFO] [stdout] 
[INFO] [stdout] 
[INFO] [stdout] error[E0433]: failed to resolve: could not find `geometry_msgs` in `v_msg`
[INFO] [stdout]   --> src/main.rs:69:40
[INFO] [stdout]    |
[INFO] [stdout] 69 |                 delta_y_point = v_msg::geometry_msgs::Point::clone(item);
[INFO] [stdout]    |                                        ^^^^^^^^^^^^^ could not find `geometry_msgs` in `v_msg`
[INFO] [stdout] 
[INFO] [stdout] 
[INFO] [stdout] error[E0433]: failed to resolve: could not find `std_msgs` in `f_msg`
[INFO] [stdout]   --> src/main.rs:74:37
[INFO] [stdout]    |
[INFO] [stdout] 74 |         let mut plane_prob : f_msg::std_msgs::Float64 = f_msg::std_msgs::Float64::default();
[INFO] [stdout]    |                                     ^^^^^^^^ could not find `std_msgs` in `f_msg`
[INFO] [stdout] 
[INFO] [stdout] 
[INFO] [stdout] error[E0433]: failed to resolve: could not find `std_msgs` in `f_msg`
[INFO] [stdout]   --> src/main.rs:74:64
[INFO] [stdout]    |
[INFO] [stdout] 74 |         let mut plane_prob : f_msg::std_msgs::Float64 = f_msg::std_msgs::Float64::default();
[INFO] [stdout]    |                                                                ^^^^^^^^ could not find `std_msgs` in `f_msg`
[INFO] [stdout] 
[INFO] [stdout] 
[INFO] [stdout] error: aborting due to 14 previous errors
[INFO] [stdout] 
[INFO] [stdout] 
[INFO] [stdout] For more information about this error, try `rustc --explain E0433`.
[INFO] [stdout] 
[INFO] [stderr] error: could not compile `octree_voxel_stair_detection_ros`
[INFO] [stderr] 
[INFO] [stderr] To learn more, run the command again with --verbose.
[INFO] running `Command { std: "docker" "inspect" "c1fd40e2e33ac22fdd34fe53449c1f9f2b9912633852f9499a4533deaee9769e", kill_on_drop: false }`
[INFO] running `Command { std: "docker" "rm" "-f" "c1fd40e2e33ac22fdd34fe53449c1f9f2b9912633852f9499a4533deaee9769e", kill_on_drop: false }`
[INFO] [stdout] c1fd40e2e33ac22fdd34fe53449c1f9f2b9912633852f9499a4533deaee9769e
