[INFO] cloning repository https://github.com/ytitov/tokio_echo
[INFO] running `Command { std: "git" "-c" "credential.helper=" "-c" "credential.helper=/workspace/cargo-home/bin/git-credential-null" "clone" "--bare" "https://github.com/ytitov/tokio_echo" "/workspace/cache/git-repos/https%3A%2F%2Fgithub.com%2Fytitov%2Ftokio_echo", kill_on_drop: false }`
[INFO] [stderr] Cloning into bare repository '/workspace/cache/git-repos/https%3A%2F%2Fgithub.com%2Fytitov%2Ftokio_echo'...
[INFO] running `Command { std: "git" "rev-parse" "HEAD", kill_on_drop: false }`
[INFO] [stdout] 7a8a77147899b96486a9dbdc951705602958875f
[INFO] testing ytitov/tokio_echo against 1.54.0 for beta-1.55-1
[INFO] running `Command { std: "git" "clone" "/workspace/cache/git-repos/https%3A%2F%2Fgithub.com%2Fytitov%2Ftokio_echo" "/workspace/builds/worker-2/source", kill_on_drop: false }`
[INFO] [stderr] Cloning into '/workspace/builds/worker-2/source'...
[INFO] [stderr] done.
[INFO] validating manifest of git repo https://github.com/ytitov/tokio_echo on toolchain 1.54.0
[INFO] running `Command { std: "/workspace/cargo-home/bin/cargo" "+1.54.0" "metadata" "--manifest-path" "Cargo.toml" "--no-deps", kill_on_drop: false }`
[INFO] started tweaking git repo https://github.com/ytitov/tokio_echo
[INFO] removed 0 missing tests
[INFO] finished tweaking git repo https://github.com/ytitov/tokio_echo
[INFO] tweaked toml for git repo https://github.com/ytitov/tokio_echo written to /workspace/builds/worker-2/source/Cargo.toml
[INFO] crate git repo https://github.com/ytitov/tokio_echo already has a lockfile, it will not be regenerated
[INFO] running `Command { std: "/workspace/cargo-home/bin/cargo" "+1.54.0" "fetch" "--manifest-path" "Cargo.toml", kill_on_drop: false }`
[INFO] [stderr]     Blocking waiting for file lock on package cache
[INFO] running `Command { std: "docker" "create" "-v" "/var/lib/crater-agent-workspace/builds/worker-2/target:/opt/rustwide/target:rw,Z" "-v" "/var/lib/crater-agent-workspace/builds/worker-2/source:/opt/rustwide/workdir:ro,Z" "-v" "/var/lib/crater-agent-workspace/cargo-home:/opt/rustwide/cargo-home:ro,Z" "-v" "/var/lib/crater-agent-workspace/rustup-home:/opt/rustwide/rustup-home:ro,Z" "-e" "SOURCE_DIR=/opt/rustwide/workdir" "-e" "CARGO_TARGET_DIR=/opt/rustwide/target" "-e" "CARGO_HOME=/opt/rustwide/cargo-home" "-e" "RUSTUP_HOME=/opt/rustwide/rustup-home" "-w" "/opt/rustwide/workdir" "-m" "1610612736" "--user" "0:0" "--network" "none" "ghcr.io/rust-lang/crates-build-env/linux@sha256:34b6a614d2c27851fe6cbf88fbd1137609cefab8b10d0615aaeb6fd47975d74e" "/opt/rustwide/cargo-home/bin/cargo" "+1.54.0" "metadata" "--no-deps" "--format-version=1", kill_on_drop: false }`
[INFO] [stdout] f82a72466b70cc84d55ee7111a8ebd1f953807a8ff5d8e559bfd296286bca019
[INFO] [stderr] WARNING: Your kernel does not support swap limit capabilities or the cgroup is not mounted. Memory limited without swap.
[INFO] running `Command { std: "docker" "start" "-a" "f82a72466b70cc84d55ee7111a8ebd1f953807a8ff5d8e559bfd296286bca019", kill_on_drop: false }`
[INFO] running `Command { std: "docker" "inspect" "f82a72466b70cc84d55ee7111a8ebd1f953807a8ff5d8e559bfd296286bca019", kill_on_drop: false }`
[INFO] running `Command { std: "docker" "rm" "-f" "f82a72466b70cc84d55ee7111a8ebd1f953807a8ff5d8e559bfd296286bca019", kill_on_drop: false }`
[INFO] [stdout] f82a72466b70cc84d55ee7111a8ebd1f953807a8ff5d8e559bfd296286bca019
[INFO] running `Command { std: "docker" "create" "-v" "/var/lib/crater-agent-workspace/builds/worker-2/target:/opt/rustwide/target:rw,Z" "-v" "/var/lib/crater-agent-workspace/builds/worker-2/source:/opt/rustwide/workdir:ro,Z" "-v" "/var/lib/crater-agent-workspace/cargo-home:/opt/rustwide/cargo-home:ro,Z" "-v" "/var/lib/crater-agent-workspace/rustup-home:/opt/rustwide/rustup-home:ro,Z" "-e" "SOURCE_DIR=/opt/rustwide/workdir" "-e" "CARGO_TARGET_DIR=/opt/rustwide/target" "-e" "CARGO_INCREMENTAL=0" "-e" "RUST_BACKTRACE=full" "-e" "RUSTFLAGS=--cap-lints=warn" "-e" "CARGO_HOME=/opt/rustwide/cargo-home" "-e" "RUSTUP_HOME=/opt/rustwide/rustup-home" "-w" "/opt/rustwide/workdir" "-m" "1610612736" "--user" "0:0" "--network" "none" "ghcr.io/rust-lang/crates-build-env/linux@sha256:34b6a614d2c27851fe6cbf88fbd1137609cefab8b10d0615aaeb6fd47975d74e" "/opt/rustwide/cargo-home/bin/cargo" "+1.54.0" "build" "--frozen" "--message-format=json", kill_on_drop: false }`
[INFO] [stdout] 983cd3d36cb5399f98c21b004d4e686f5cedb908496fcaa0fef3467f5168e5d2
[INFO] [stderr] WARNING: Your kernel does not support swap limit capabilities or the cgroup is not mounted. Memory limited without swap.
[INFO] running `Command { std: "docker" "start" "-a" "983cd3d36cb5399f98c21b004d4e686f5cedb908496fcaa0fef3467f5168e5d2", kill_on_drop: false }`
[INFO] [stderr]    Compiling futures v0.1.27
[INFO] [stderr]    Compiling syn v0.15.36
[INFO] [stderr]    Compiling serde v1.0.92
[INFO] [stderr]    Compiling crossbeam-utils v0.6.5
[INFO] [stderr]    Compiling backtrace v0.3.30
[INFO] [stderr]    Compiling tokio-trace-core v0.2.0
[INFO] [stderr]    Compiling backtrace-sys v0.1.28
[INFO] [stderr]    Compiling bytes v0.4.12
[INFO] [stderr]    Compiling clap v2.33.0
[INFO] [stderr]    Compiling crossbeam-epoch v0.7.1
[INFO] [stderr]    Compiling crossbeam-queue v0.1.2
[INFO] [stderr]    Compiling crossbeam-deque v0.7.1
[INFO] [stderr]    Compiling tokio-executor v0.1.7
[INFO] [stderr]    Compiling tokio-io v0.1.12
[INFO] [stderr]    Compiling tokio-sync v0.1.6
[INFO] [stderr]    Compiling tokio-threadpool v0.1.14
[INFO] [stderr]    Compiling tokio-current-thread v0.1.6
[INFO] [stderr]    Compiling tokio-timer v0.2.11
[INFO] [stderr]    Compiling serde_json v1.0.39
[INFO] [stderr]    Compiling toml v0.5.1
[INFO] [stderr]    Compiling tokio-reactor v0.1.9
[INFO] [stderr]    Compiling tokio-codec v0.1.1
[INFO] [stderr]    Compiling tokio-fs v0.1.6
[INFO] [stderr]    Compiling tokio-udp v0.1.3
[INFO] [stderr]    Compiling tokio-uds v0.2.5
[INFO] [stderr]    Compiling tokio-tcp v0.1.3
[INFO] [stderr]    Compiling tokio v0.1.21
[INFO] [stderr]    Compiling synstructure v0.10.2
[INFO] [stderr]    Compiling failure_derive v0.1.5
[INFO] [stderr]    Compiling serde_derive v1.0.92
[INFO] [stderr]    Compiling failure v0.1.5
[INFO] [stderr]    Compiling tokio_echo v0.0.1 (/opt/rustwide/workdir)
[INFO] [stdout] warning: field is never read: `name`
[INFO] [stdout]    --> src/lib.rs:127:5
[INFO] [stdout]     |
[INFO] [stdout] 127 |     name: BytesMut,
[INFO] [stdout]     |     ^^^^^^^^^^^^^^
[INFO] [stdout]     |
[INFO] [stdout]     = note: `#[warn(dead_code)]` on by default
[INFO] [stdout] 
[INFO] [stdout] 
[INFO] [stdout] warning: 1 warning emitted
[INFO] [stdout] 
[INFO] [stdout] 
[INFO] [stderr]     Finished dev [unoptimized + debuginfo] target(s) in 26.19s
[INFO] running `Command { std: "docker" "inspect" "983cd3d36cb5399f98c21b004d4e686f5cedb908496fcaa0fef3467f5168e5d2", kill_on_drop: false }`
[INFO] running `Command { std: "docker" "rm" "-f" "983cd3d36cb5399f98c21b004d4e686f5cedb908496fcaa0fef3467f5168e5d2", kill_on_drop: false }`
[INFO] [stdout] 983cd3d36cb5399f98c21b004d4e686f5cedb908496fcaa0fef3467f5168e5d2
[INFO] running `Command { std: "docker" "create" "-v" "/var/lib/crater-agent-workspace/builds/worker-2/target:/opt/rustwide/target:rw,Z" "-v" "/var/lib/crater-agent-workspace/builds/worker-2/source:/opt/rustwide/workdir:ro,Z" "-v" "/var/lib/crater-agent-workspace/cargo-home:/opt/rustwide/cargo-home:ro,Z" "-v" "/var/lib/crater-agent-workspace/rustup-home:/opt/rustwide/rustup-home:ro,Z" "-e" "SOURCE_DIR=/opt/rustwide/workdir" "-e" "CARGO_TARGET_DIR=/opt/rustwide/target" "-e" "CARGO_INCREMENTAL=0" "-e" "RUST_BACKTRACE=full" "-e" "RUSTFLAGS=--cap-lints=warn" "-e" "CARGO_HOME=/opt/rustwide/cargo-home" "-e" "RUSTUP_HOME=/opt/rustwide/rustup-home" "-w" "/opt/rustwide/workdir" "-m" "1610612736" "--user" "0:0" "--network" "none" "ghcr.io/rust-lang/crates-build-env/linux@sha256:34b6a614d2c27851fe6cbf88fbd1137609cefab8b10d0615aaeb6fd47975d74e" "/opt/rustwide/cargo-home/bin/cargo" "+1.54.0" "test" "--frozen" "--no-run" "--message-format=json", kill_on_drop: false }`
[INFO] [stdout] e733d0b40c71b3e68312d8c0098d248987360a761093e564eaf08ca694953723
[INFO] [stderr] WARNING: Your kernel does not support swap limit capabilities or the cgroup is not mounted. Memory limited without swap.
[INFO] running `Command { std: "docker" "start" "-a" "e733d0b40c71b3e68312d8c0098d248987360a761093e564eaf08ca694953723", kill_on_drop: false }`
[INFO] [stderr]     Blocking waiting for file lock on package cache
[INFO] [stderr]    Compiling named_type v0.1.6
[INFO] [stdout] warning: field is never read: `name`
[INFO] [stdout]    --> src/lib.rs:127:5
[INFO] [stdout]     |
[INFO] [stdout] 127 |     name: BytesMut,
[INFO] [stdout]     |     ^^^^^^^^^^^^^^
[INFO] [stdout]     |
[INFO] [stdout]     = note: `#[warn(dead_code)]` on by default
[INFO] [stdout] 
[INFO] [stdout] 
[INFO] [stdout] warning: 1 warning emitted
[INFO] [stdout] 
[INFO] [stdout] 
[INFO] [stderr]    Compiling named_type_derive v0.2.1
[INFO] [stderr]    Compiling tokio_echo v0.0.1 (/opt/rustwide/workdir)
[INFO] [stdout] error[E0432]: unresolved import `tokio_echo::cfg`
[INFO] [stdout]   --> src/test/cfg.rs:12:21
[INFO] [stdout]    |
[INFO] [stdout] 12 |     use tokio_echo::cfg::*;
[INFO] [stdout]    |                     ^^^ could not find `cfg` in `tokio_echo`
[INFO] [stdout] 
[INFO] [stdout] 
[INFO] [stdout] error[E0432]: unresolved import `named_type`
[INFO] [stdout]   --> src/test/cfg.rs:11:9
[INFO] [stdout]    |
[INFO] [stdout] 11 |     use named_type::NamedType;
[INFO] [stdout]    |         ^^^^^^^^^^ use of undeclared crate or module `named_type`
[INFO] [stdout] 
[INFO] [stdout] 
[INFO] [stdout] error: cannot determine resolution for the derive macro `NamedType`
[INFO] [stdout]   --> src/test/cfg.rs:15:45
[INFO] [stdout]    |
[INFO] [stdout] 15 |     #[derive(Debug, Serialize, Deserialize, NamedType)]
[INFO] [stdout]    |                                             ^^^^^^^^^
[INFO] [stdout]    |
[INFO] [stdout]    = note: import resolution is stuck, try simplifying macro imports
[INFO] [stdout] 
[INFO] [stdout] 
[INFO] [stdout] error[E0433]: failed to resolve: use of undeclared type `Configuration`
[INFO] [stdout]   --> src/test/cfg.rs:22:19
[INFO] [stdout]    |
[INFO] [stdout] 22 |         let cfg = Configuration::new("src/test/test.toml");
[INFO] [stdout]    |                   ^^^^^^^^^^^^^ use of undeclared type `Configuration`
[INFO] [stdout] 
[INFO] [stdout] 
[INFO] [stdout] error: aborting due to 4 previous errors
[INFO] [stdout] 
[INFO] [stdout] 
[INFO] [stdout] Some errors have detailed explanations: E0432, E0433.
[INFO] [stdout] 
[INFO] [stdout] For more information about an error, try `rustc --explain E0432`.
[INFO] [stdout] 
[INFO] [stdout] warning: unnecessary parentheses around pattern
[INFO] [stdout]   --> examples/client.rs:53:47
[INFO] [stdout]    |
[INFO] [stdout] 53 |                 from_remote_rx.for_each(move |(b)| {
[INFO] [stdout]    |                                               ^^^ help: remove these parentheses
[INFO] [stdout]    |
[INFO] [stdout]    = note: `#[warn(unused_parens)]` on by default
[INFO] [stdout] 
[INFO] [stdout] 
[INFO] [stderr] error: could not compile `tokio_echo`
[INFO] [stderr] 
[INFO] [stderr] To learn more, run the command again with --verbose.
[INFO] [stderr] warning: build failed, waiting for other jobs to finish...
[INFO] [stdout] warning: field is never read: `name`
[INFO] [stdout]    --> src/lib.rs:127:5
[INFO] [stdout]     |
[INFO] [stdout] 127 |     name: BytesMut,
[INFO] [stdout]     |     ^^^^^^^^^^^^^^
[INFO] [stdout]     |
[INFO] [stdout]     = note: `#[warn(dead_code)]` on by default
[INFO] [stdout] 
[INFO] [stdout] 
[INFO] [stdout] warning: 1 warning emitted
[INFO] [stdout] 
[INFO] [stdout] 
[INFO] [stdout] warning: 1 warning emitted
[INFO] [stdout] 
[INFO] [stdout] 
[INFO] [stderr] error: build failed
[INFO] running `Command { std: "docker" "inspect" "e733d0b40c71b3e68312d8c0098d248987360a761093e564eaf08ca694953723", kill_on_drop: false }`
[INFO] running `Command { std: "docker" "rm" "-f" "e733d0b40c71b3e68312d8c0098d248987360a761093e564eaf08ca694953723", kill_on_drop: false }`
[INFO] [stdout] e733d0b40c71b3e68312d8c0098d248987360a761093e564eaf08ca694953723
