[INFO] cloning repository https://github.com/ytitov/cbor-action-server
[INFO] running `Command { std: "git" "-c" "credential.helper=" "-c" "credential.helper=/workspace/cargo-home/bin/git-credential-null" "clone" "--bare" "https://github.com/ytitov/cbor-action-server" "/workspace/cache/git-repos/https%3A%2F%2Fgithub.com%2Fytitov%2Fcbor-action-server", kill_on_drop: false }`
[INFO] [stderr] Cloning into bare repository '/workspace/cache/git-repos/https%3A%2F%2Fgithub.com%2Fytitov%2Fcbor-action-server'...
[INFO] running `Command { std: "git" "rev-parse" "HEAD", kill_on_drop: false }`
[INFO] [stdout] f5fbfc166fe3c147f1ca30f3e6698c129b92d29e
[INFO] testing ytitov/cbor-action-server against 1.54.0 for beta-1.55-1
[INFO] running `Command { std: "git" "clone" "/workspace/cache/git-repos/https%3A%2F%2Fgithub.com%2Fytitov%2Fcbor-action-server" "/workspace/builds/worker-0/source", kill_on_drop: false }`
[INFO] [stderr] Cloning into '/workspace/builds/worker-0/source'...
[INFO] [stderr] done.
[INFO] validating manifest of git repo https://github.com/ytitov/cbor-action-server on toolchain 1.54.0
[INFO] running `Command { std: "/workspace/cargo-home/bin/cargo" "+1.54.0" "metadata" "--manifest-path" "Cargo.toml" "--no-deps", kill_on_drop: false }`
[INFO] started tweaking git repo https://github.com/ytitov/cbor-action-server
[INFO] finished tweaking git repo https://github.com/ytitov/cbor-action-server
[INFO] tweaked toml for git repo https://github.com/ytitov/cbor-action-server written to /workspace/builds/worker-0/source/Cargo.toml
[INFO] crate git repo https://github.com/ytitov/cbor-action-server already has a lockfile, it will not be regenerated
[INFO] running `Command { std: "/workspace/cargo-home/bin/cargo" "+1.54.0" "fetch" "--manifest-path" "Cargo.toml", kill_on_drop: false }`
[INFO] [stderr]     Blocking waiting for file lock on package cache
[INFO] running `Command { std: "docker" "create" "-v" "/var/lib/crater-agent-workspace/builds/worker-0/target:/opt/rustwide/target:rw,Z" "-v" "/var/lib/crater-agent-workspace/builds/worker-0/source:/opt/rustwide/workdir:ro,Z" "-v" "/var/lib/crater-agent-workspace/cargo-home:/opt/rustwide/cargo-home:ro,Z" "-v" "/var/lib/crater-agent-workspace/rustup-home:/opt/rustwide/rustup-home:ro,Z" "-e" "SOURCE_DIR=/opt/rustwide/workdir" "-e" "CARGO_TARGET_DIR=/opt/rustwide/target" "-e" "CARGO_HOME=/opt/rustwide/cargo-home" "-e" "RUSTUP_HOME=/opt/rustwide/rustup-home" "-w" "/opt/rustwide/workdir" "-m" "1610612736" "--user" "0:0" "--network" "none" "ghcr.io/rust-lang/crates-build-env/linux@sha256:34b6a614d2c27851fe6cbf88fbd1137609cefab8b10d0615aaeb6fd47975d74e" "/opt/rustwide/cargo-home/bin/cargo" "+1.54.0" "metadata" "--no-deps" "--format-version=1", kill_on_drop: false }`
[INFO] [stdout] 379feba7a79a9c892e14276406f28ec393dfb69919f6ebc62bca62f7654a4293
[INFO] [stderr] WARNING: Your kernel does not support swap limit capabilities or the cgroup is not mounted. Memory limited without swap.
[INFO] running `Command { std: "docker" "start" "-a" "379feba7a79a9c892e14276406f28ec393dfb69919f6ebc62bca62f7654a4293", kill_on_drop: false }`
[INFO] running `Command { std: "docker" "inspect" "379feba7a79a9c892e14276406f28ec393dfb69919f6ebc62bca62f7654a4293", kill_on_drop: false }`
[INFO] running `Command { std: "docker" "rm" "-f" "379feba7a79a9c892e14276406f28ec393dfb69919f6ebc62bca62f7654a4293", kill_on_drop: false }`
[INFO] [stdout] 379feba7a79a9c892e14276406f28ec393dfb69919f6ebc62bca62f7654a4293
[INFO] running `Command { std: "docker" "create" "-v" "/var/lib/crater-agent-workspace/builds/worker-0/target:/opt/rustwide/target:rw,Z" "-v" "/var/lib/crater-agent-workspace/builds/worker-0/source:/opt/rustwide/workdir:ro,Z" "-v" "/var/lib/crater-agent-workspace/cargo-home:/opt/rustwide/cargo-home:ro,Z" "-v" "/var/lib/crater-agent-workspace/rustup-home:/opt/rustwide/rustup-home:ro,Z" "-e" "SOURCE_DIR=/opt/rustwide/workdir" "-e" "CARGO_TARGET_DIR=/opt/rustwide/target" "-e" "CARGO_INCREMENTAL=0" "-e" "RUST_BACKTRACE=full" "-e" "RUSTFLAGS=--cap-lints=warn" "-e" "CARGO_HOME=/opt/rustwide/cargo-home" "-e" "RUSTUP_HOME=/opt/rustwide/rustup-home" "-w" "/opt/rustwide/workdir" "-m" "1610612736" "--user" "0:0" "--network" "none" "ghcr.io/rust-lang/crates-build-env/linux@sha256:34b6a614d2c27851fe6cbf88fbd1137609cefab8b10d0615aaeb6fd47975d74e" "/opt/rustwide/cargo-home/bin/cargo" "+1.54.0" "build" "--frozen" "--message-format=json", kill_on_drop: false }`
[INFO] [stderr] WARNING: Your kernel does not support swap limit capabilities or the cgroup is not mounted. Memory limited without swap.
[INFO] [stdout] b3bff07a9b1c7c35b46795c64f27bf0825f2da93ffd36074f5fd085fc814ef98
[INFO] running `Command { std: "docker" "start" "-a" "b3bff07a9b1c7c35b46795c64f27bf0825f2da93ffd36074f5fd085fc814ef98", kill_on_drop: false }`
[INFO] [stderr]    Compiling futures-core-preview v0.3.0-alpha.18
[INFO] [stderr]    Compiling proc-macro2 v1.0.1
[INFO] [stderr]    Compiling syn v1.0.3
[INFO] [stderr]    Compiling futures-io-preview v0.3.0-alpha.18
[INFO] [stderr]    Compiling lazy_static v1.3.0
[INFO] [stderr]    Compiling parking_lot_core v0.6.2
[INFO] [stderr]    Compiling backtrace v0.3.34
[INFO] [stderr]    Compiling crossbeam-utils v0.6.6
[INFO] [stderr]    Compiling tracing-core v0.1.5
[INFO] [stderr]    Compiling futures-sink-preview v0.3.0-alpha.18
[INFO] [stderr]    Compiling tokio-io v0.2.0-alpha.4
[INFO] [stderr]    Compiling parking_lot v0.9.0
[INFO] [stderr]    Compiling failure v0.1.5
[INFO] [stderr]    Compiling futures-channel-preview v0.3.0-alpha.18
[INFO] [stderr]    Compiling tokio-codec v0.2.0-alpha.4
[INFO] [stderr]    Compiling crossbeam-epoch v0.7.2
[INFO] [stderr]    Compiling crossbeam-channel v0.3.9
[INFO] [stderr]    Compiling crossbeam-queue v0.1.2
[INFO] [stderr]    Compiling futures-util-preview v0.3.0-alpha.18
[INFO] [stderr]    Compiling quote v1.0.2
[INFO] [stderr]    Compiling crossbeam-deque v0.7.1
[INFO] [stderr]    Compiling tokio-sync v0.2.0-alpha.4
[INFO] [stderr]    Compiling futures-executor-preview v0.3.0-alpha.18
[INFO] [stderr]    Compiling futures-preview v0.3.0-alpha.18
[INFO] [stderr]    Compiling tracing-attributes v0.1.2
[INFO] [stderr]    Compiling tokio-macros v0.2.0-alpha.4
[INFO] [stderr]    Compiling tracing v0.1.8
[INFO] [stderr]    Compiling tokio-executor v0.2.0-alpha.4
[INFO] [stderr]    Compiling tokio-timer v0.3.0-alpha.4
[INFO] [stderr]    Compiling tokio-net v0.2.0-alpha.4
[INFO] [stderr]    Compiling tokio-fs v0.2.0-alpha.4
[INFO] [stderr]    Compiling tokio v0.2.0-alpha.4
[INFO] [stderr]    Compiling cbor-action-server v0.1.0 (/opt/rustwide/workdir)
[INFO] [stdout] warning: unused import: `tokio::sync::mpsc::UnboundedSender`
[INFO] [stdout]  --> src/server/mod.rs:5:5
[INFO] [stdout]   |
[INFO] [stdout] 5 | use tokio::sync::mpsc::UnboundedSender;
[INFO] [stdout]   |     ^^^^^^^^^^^^^^^^^^^^^^^^^^^^^^^^^^
[INFO] [stdout]   |
[INFO] [stdout]   = note: `#[warn(unused_imports)]` on by default
[INFO] [stdout] 
[INFO] [stdout] 
[INFO] [stdout] warning: unused import: `crate::Message`
[INFO] [stdout]  --> src/server/mod.rs:6:5
[INFO] [stdout]   |
[INFO] [stdout] 6 | use crate::Message;
[INFO] [stdout]   |     ^^^^^^^^^^^^^^
[INFO] [stdout] 
[INFO] [stdout] 
[INFO] [stdout] warning: unused import: `Buf`
[INFO] [stdout]  --> src/server/mod.rs:8:23
[INFO] [stdout]   |
[INFO] [stdout] 8 | use bytes::{BytesMut, Buf};
[INFO] [stdout]   |                       ^^^
[INFO] [stdout] 
[INFO] [stdout] 
[INFO] [stdout] warning: field is never read: `socket`
[INFO] [stdout]   --> src/server/mod.rs:38:5
[INFO] [stdout]    |
[INFO] [stdout] 38 |     socket: TcpStream,
[INFO] [stdout]    |     ^^^^^^^^^^^^^^^^^
[INFO] [stdout]    |
[INFO] [stdout]    = note: `#[warn(dead_code)]` on by default
[INFO] [stdout] 
[INFO] [stdout] 
[INFO] [stdout] warning: field is never read: `rx_buf`
[INFO] [stdout]   --> src/server/mod.rs:40:5
[INFO] [stdout]    |
[INFO] [stdout] 40 |     rx_buf: BytesMut,
[INFO] [stdout]    |     ^^^^^^^^^^^^^^^^
[INFO] [stdout] 
[INFO] [stdout] 
[INFO] [stdout] warning: 5 warnings emitted
[INFO] [stdout] 
[INFO] [stdout] 
[INFO] [stderr]     Finished dev [unoptimized + debuginfo] target(s) in 25.39s
[INFO] running `Command { std: "docker" "inspect" "b3bff07a9b1c7c35b46795c64f27bf0825f2da93ffd36074f5fd085fc814ef98", kill_on_drop: false }`
[INFO] running `Command { std: "docker" "rm" "-f" "b3bff07a9b1c7c35b46795c64f27bf0825f2da93ffd36074f5fd085fc814ef98", kill_on_drop: false }`
[INFO] [stdout] b3bff07a9b1c7c35b46795c64f27bf0825f2da93ffd36074f5fd085fc814ef98
[INFO] running `Command { std: "docker" "create" "-v" "/var/lib/crater-agent-workspace/builds/worker-0/target:/opt/rustwide/target:rw,Z" "-v" "/var/lib/crater-agent-workspace/builds/worker-0/source:/opt/rustwide/workdir:ro,Z" "-v" "/var/lib/crater-agent-workspace/cargo-home:/opt/rustwide/cargo-home:ro,Z" "-v" "/var/lib/crater-agent-workspace/rustup-home:/opt/rustwide/rustup-home:ro,Z" "-e" "SOURCE_DIR=/opt/rustwide/workdir" "-e" "CARGO_TARGET_DIR=/opt/rustwide/target" "-e" "CARGO_INCREMENTAL=0" "-e" "RUST_BACKTRACE=full" "-e" "RUSTFLAGS=--cap-lints=warn" "-e" "CARGO_HOME=/opt/rustwide/cargo-home" "-e" "RUSTUP_HOME=/opt/rustwide/rustup-home" "-w" "/opt/rustwide/workdir" "-m" "1610612736" "--user" "0:0" "--network" "none" "ghcr.io/rust-lang/crates-build-env/linux@sha256:34b6a614d2c27851fe6cbf88fbd1137609cefab8b10d0615aaeb6fd47975d74e" "/opt/rustwide/cargo-home/bin/cargo" "+1.54.0" "test" "--frozen" "--no-run" "--message-format=json", kill_on_drop: false }`
[INFO] [stdout] 2c9179615b7a0f302ccd7edb83d37a7f8d53e906c760693dc1c4ec27d247322a
[INFO] [stderr] WARNING: Your kernel does not support swap limit capabilities or the cgroup is not mounted. Memory limited without swap.
[INFO] running `Command { std: "docker" "start" "-a" "2c9179615b7a0f302ccd7edb83d37a7f8d53e906c760693dc1c4ec27d247322a", kill_on_drop: false }`
[INFO] [stderr]     Blocking waiting for file lock on package cache
[INFO] [stderr]     Blocking waiting for file lock on package cache
[INFO] [stderr]    Compiling cbor-action-server v0.1.0 (/opt/rustwide/workdir)
[INFO] [stdout] warning: unused import: `tokio::sync::mpsc::UnboundedSender`
[INFO] [stdout]  --> src/server/mod.rs:5:5
[INFO] [stdout]   |
[INFO] [stdout] 5 | use tokio::sync::mpsc::UnboundedSender;
[INFO] [stdout]   |     ^^^^^^^^^^^^^^^^^^^^^^^^^^^^^^^^^^
[INFO] [stdout]   |
[INFO] [stdout]   = note: `#[warn(unused_imports)]` on by default
[INFO] [stdout] 
[INFO] [stdout] 
[INFO] [stdout] warning: unused import: `crate::Message`
[INFO] [stdout]  --> src/server/mod.rs:6:5
[INFO] [stdout]   |
[INFO] [stdout] 6 | use crate::Message;
[INFO] [stdout]   |     ^^^^^^^^^^^^^^
[INFO] [stdout] 
[INFO] [stdout] 
[INFO] [stdout] warning: unused import: `Buf`
[INFO] [stdout]  --> src/server/mod.rs:8:23
[INFO] [stdout]   |
[INFO] [stdout] 8 | use bytes::{BytesMut, Buf};
[INFO] [stdout]   |                       ^^^
[INFO] [stdout] 
[INFO] [stdout] 
[INFO] [stdout] warning: field is never read: `socket`
[INFO] [stdout]   --> src/server/mod.rs:38:5
[INFO] [stdout]    |
[INFO] [stdout] 38 |     socket: TcpStream,
[INFO] [stdout]    |     ^^^^^^^^^^^^^^^^^
[INFO] [stdout]    |
[INFO] [stdout]    = note: `#[warn(dead_code)]` on by default
[INFO] [stdout] 
[INFO] [stdout] 
[INFO] [stdout] warning: field is never read: `rx_buf`
[INFO] [stdout]   --> src/server/mod.rs:40:5
[INFO] [stdout]    |
[INFO] [stdout] 40 |     rx_buf: BytesMut,
[INFO] [stdout]    |     ^^^^^^^^^^^^^^^^
[INFO] [stdout] 
[INFO] [stdout] 
[INFO] [stdout] warning: 5 warnings emitted
[INFO] [stdout] 
[INFO] [stdout] 
[INFO] [stdout] error[E0554]: `#![feature]` may not be used on the stable release channel
[INFO] [stdout]  --> examples/client.rs:1:1
[INFO] [stdout]   |
[INFO] [stdout] 1 | #![feature(async_await)]
[INFO] [stdout]   | ^^^^^^^^^^^^^^^^^^^^^^^^ help: remove the attribute
[INFO] [stdout]   |
[INFO] [stdout]   = help: the feature `async_await` has been stable since 1.39.0 and no longer requires an attribute to enable
[INFO] [stdout] 
[INFO] [stdout] 
[INFO] [stdout] warning: unused import: `tokio::net::TcpStream`
[INFO] [stdout]  --> examples/client.rs:3:5
[INFO] [stdout]   |
[INFO] [stdout] 3 | use tokio::net::TcpStream;
[INFO] [stdout]   |     ^^^^^^^^^^^^^^^^^^^^^
[INFO] [stdout]   |
[INFO] [stdout]   = note: `#[warn(unused_imports)]` on by default
[INFO] [stdout] 
[INFO] [stdout] 
[INFO] [stdout] warning: unused import: `tokio::prelude::*`
[INFO] [stdout]  --> examples/client.rs:4:5
[INFO] [stdout]   |
[INFO] [stdout] 4 | use tokio::prelude::*;
[INFO] [stdout]   |     ^^^^^^^^^^^^^^^^^
[INFO] [stdout] 
[INFO] [stdout] 
[INFO] [stdout] error[E0061]: this function takes 2 arguments but 1 argument was supplied
[INFO] [stdout]   --> examples/client.rs:16:17
[INFO] [stdout]    |
[INFO] [stdout] 16 |     let mut c = client::Connection::new(addr);
[INFO] [stdout]    |                 ^^^^^^^^^^^^^^^^^^^^^^^ ---- supplied 1 argument
[INFO] [stdout]    |                 |
[INFO] [stdout]    |                 expected 2 arguments
[INFO] [stdout]    |
[INFO] [stdout] note: associated function defined here
[INFO] [stdout]   --> /opt/rustwide/workdir/src/client/mod.rs:47:12
[INFO] [stdout]    |
[INFO] [stdout] 47 |     pub fn new(addr: SocketAddr, rx: RxMessage) -> Self {
[INFO] [stdout]    |            ^^^
[INFO] [stdout] 
[INFO] [stdout] 
[INFO] [stdout] error: aborting due to 2 previous errors; 2 warnings emitted
[INFO] [stdout] 
[INFO] [stdout] 
[INFO] [stdout] Some errors have detailed explanations: E0061, E0554.
[INFO] [stdout] 
[INFO] [stdout] For more information about an error, try `rustc --explain E0061`.
[INFO] [stdout] 
[INFO] [stderr] error: could not compile `cbor-action-server`
[INFO] [stdout] error[E0554]: `#![feature]` may not be used on the stable release channel
[INFO] [stdout]  --> examples/server.rs:1:1
[INFO] [stdout]   |
[INFO] [stdout] 1 | #![feature(async_await)]
[INFO] [stdout]   | ^^^^^^^^^^^^^^^^^^^^^^^^ help: remove the attribute
[INFO] [stdout]   |
[INFO] [stdout]   = help: the feature `async_await` has been stable since 1.39.0 and no longer requires an attribute to enable
[INFO] [stdout] 
[INFO] [stdout] 
[INFO] [stderr] 
[INFO] [stderr] To learn more, run the command again with --verbose.
[INFO] [stderr] warning: build failed, waiting for other jobs to finish...
[INFO] [stdout] warning: unused imports: `BufMut`, `Buf`, `BytesMut`
[INFO] [stdout]  --> examples/server.rs:6:20
[INFO] [stdout]   |
[INFO] [stdout] 6 | use bytes::{Bytes, BytesMut, BufMut, Buf};
[INFO] [stdout]   |                    ^^^^^^^^  ^^^^^^  ^^^
[INFO] [stdout]   |
[INFO] [stdout]   = note: `#[warn(unused_imports)]` on by default
[INFO] [stdout] 
[INFO] [stdout] 
[INFO] [stdout] error: aborting due to previous error; 1 warning emitted
[INFO] [stdout] 
[INFO] [stdout] 
[INFO] [stdout] For more information about this error, try `rustc --explain E0554`.
[INFO] [stdout] 
[INFO] [stdout] warning: unused import: `tokio::sync::mpsc::UnboundedSender`
[INFO] [stdout]  --> src/server/mod.rs:5:5
[INFO] [stdout]   |
[INFO] [stdout] 5 | use tokio::sync::mpsc::UnboundedSender;
[INFO] [stdout]   |     ^^^^^^^^^^^^^^^^^^^^^^^^^^^^^^^^^^
[INFO] [stdout]   |
[INFO] [stdout]   = note: `#[warn(unused_imports)]` on by default
[INFO] [stdout] 
[INFO] [stdout] 
[INFO] [stdout] warning: unused import: `crate::Message`
[INFO] [stdout]  --> src/server/mod.rs:6:5
[INFO] [stdout]   |
[INFO] [stdout] 6 | use crate::Message;
[INFO] [stdout]   |     ^^^^^^^^^^^^^^
[INFO] [stdout] 
[INFO] [stdout] 
[INFO] [stdout] warning: unused import: `Buf`
[INFO] [stdout]  --> src/server/mod.rs:8:23
[INFO] [stdout]   |
[INFO] [stdout] 8 | use bytes::{BytesMut, Buf};
[INFO] [stdout]   |                       ^^^
[INFO] [stdout] 
[INFO] [stdout] 
[INFO] [stdout] warning: field is never read: `socket`
[INFO] [stdout]   --> src/server/mod.rs:38:5
[INFO] [stdout]    |
[INFO] [stdout] 38 |     socket: TcpStream,
[INFO] [stdout]    |     ^^^^^^^^^^^^^^^^^
[INFO] [stdout]    |
[INFO] [stdout]    = note: `#[warn(dead_code)]` on by default
[INFO] [stdout] 
[INFO] [stdout] 
[INFO] [stdout] warning: field is never read: `rx_buf`
[INFO] [stdout]   --> src/server/mod.rs:40:5
[INFO] [stdout]    |
[INFO] [stdout] 40 |     rx_buf: BytesMut,
[INFO] [stdout]    |     ^^^^^^^^^^^^^^^^
[INFO] [stdout] 
[INFO] [stdout] 
[INFO] [stdout] warning: 5 warnings emitted
[INFO] [stdout] 
[INFO] [stdout] 
[INFO] [stderr] error: build failed
[INFO] running `Command { std: "docker" "inspect" "2c9179615b7a0f302ccd7edb83d37a7f8d53e906c760693dc1c4ec27d247322a", kill_on_drop: false }`
[INFO] running `Command { std: "docker" "rm" "-f" "2c9179615b7a0f302ccd7edb83d37a7f8d53e906c760693dc1c4ec27d247322a", kill_on_drop: false }`
[INFO] [stdout] 2c9179615b7a0f302ccd7edb83d37a7f8d53e906c760693dc1c4ec27d247322a
