[INFO] cloning repository https://github.com/ysgard/conway-rs
[INFO] running `Command { std: "git" "-c" "credential.helper=" "-c" "credential.helper=/workspace/cargo-home/bin/git-credential-null" "clone" "--bare" "https://github.com/ysgard/conway-rs" "/workspace/cache/git-repos/https%3A%2F%2Fgithub.com%2Fysgard%2Fconway-rs", kill_on_drop: false }`
[INFO] [stderr] Cloning into bare repository '/workspace/cache/git-repos/https%3A%2F%2Fgithub.com%2Fysgard%2Fconway-rs'...
[INFO] running `Command { std: "git" "rev-parse" "HEAD", kill_on_drop: false }`
[INFO] [stdout] 4be8e8fc91d756115c99c1f49ca3c2e92f67bf30
[INFO] testing ysgard/conway-rs against 1.54.0 for beta-1.55-1
[INFO] running `Command { std: "git" "clone" "/workspace/cache/git-repos/https%3A%2F%2Fgithub.com%2Fysgard%2Fconway-rs" "/workspace/builds/worker-2/source", kill_on_drop: false }`
[INFO] [stderr] Cloning into '/workspace/builds/worker-2/source'...
[INFO] [stderr] done.
[INFO] validating manifest of git repo https://github.com/ysgard/conway-rs on toolchain 1.54.0
[INFO] running `Command { std: "/workspace/cargo-home/bin/cargo" "+1.54.0" "metadata" "--manifest-path" "Cargo.toml" "--no-deps", kill_on_drop: false }`
[INFO] started tweaking git repo https://github.com/ysgard/conway-rs
[INFO] finished tweaking git repo https://github.com/ysgard/conway-rs
[INFO] tweaked toml for git repo https://github.com/ysgard/conway-rs written to /workspace/builds/worker-2/source/Cargo.toml
[INFO] crate git repo https://github.com/ysgard/conway-rs already has a lockfile, it will not be regenerated
[INFO] running `Command { std: "/workspace/cargo-home/bin/cargo" "+1.54.0" "fetch" "--manifest-path" "Cargo.toml", kill_on_drop: false }`
[INFO] running `Command { std: "docker" "create" "-v" "/var/lib/crater-agent-workspace/builds/worker-2/target:/opt/rustwide/target:rw,Z" "-v" "/var/lib/crater-agent-workspace/builds/worker-2/source:/opt/rustwide/workdir:ro,Z" "-v" "/var/lib/crater-agent-workspace/cargo-home:/opt/rustwide/cargo-home:ro,Z" "-v" "/var/lib/crater-agent-workspace/rustup-home:/opt/rustwide/rustup-home:ro,Z" "-e" "SOURCE_DIR=/opt/rustwide/workdir" "-e" "CARGO_TARGET_DIR=/opt/rustwide/target" "-e" "CARGO_HOME=/opt/rustwide/cargo-home" "-e" "RUSTUP_HOME=/opt/rustwide/rustup-home" "-w" "/opt/rustwide/workdir" "-m" "1610612736" "--user" "0:0" "--network" "none" "ghcr.io/rust-lang/crates-build-env/linux@sha256:34b6a614d2c27851fe6cbf88fbd1137609cefab8b10d0615aaeb6fd47975d74e" "/opt/rustwide/cargo-home/bin/cargo" "+1.54.0" "metadata" "--no-deps" "--format-version=1", kill_on_drop: false }`
[INFO] [stderr] WARNING: Your kernel does not support swap limit capabilities or the cgroup is not mounted. Memory limited without swap.
[INFO] [stdout] 8f39be21245befac1f6bb907c5b38250a2fbc1793dbedd6cf814abc10a2bcfbf
[INFO] running `Command { std: "docker" "start" "-a" "8f39be21245befac1f6bb907c5b38250a2fbc1793dbedd6cf814abc10a2bcfbf", kill_on_drop: false }`
[INFO] running `Command { std: "docker" "inspect" "8f39be21245befac1f6bb907c5b38250a2fbc1793dbedd6cf814abc10a2bcfbf", kill_on_drop: false }`
[INFO] running `Command { std: "docker" "rm" "-f" "8f39be21245befac1f6bb907c5b38250a2fbc1793dbedd6cf814abc10a2bcfbf", kill_on_drop: false }`
[INFO] [stdout] 8f39be21245befac1f6bb907c5b38250a2fbc1793dbedd6cf814abc10a2bcfbf
[INFO] running `Command { std: "docker" "create" "-v" "/var/lib/crater-agent-workspace/builds/worker-2/target:/opt/rustwide/target:rw,Z" "-v" "/var/lib/crater-agent-workspace/builds/worker-2/source:/opt/rustwide/workdir:ro,Z" "-v" "/var/lib/crater-agent-workspace/cargo-home:/opt/rustwide/cargo-home:ro,Z" "-v" "/var/lib/crater-agent-workspace/rustup-home:/opt/rustwide/rustup-home:ro,Z" "-e" "SOURCE_DIR=/opt/rustwide/workdir" "-e" "CARGO_TARGET_DIR=/opt/rustwide/target" "-e" "CARGO_INCREMENTAL=0" "-e" "RUST_BACKTRACE=full" "-e" "RUSTFLAGS=--cap-lints=warn" "-e" "CARGO_HOME=/opt/rustwide/cargo-home" "-e" "RUSTUP_HOME=/opt/rustwide/rustup-home" "-w" "/opt/rustwide/workdir" "-m" "1610612736" "--user" "0:0" "--network" "none" "ghcr.io/rust-lang/crates-build-env/linux@sha256:34b6a614d2c27851fe6cbf88fbd1137609cefab8b10d0615aaeb6fd47975d74e" "/opt/rustwide/cargo-home/bin/cargo" "+1.54.0" "build" "--frozen" "--message-format=json", kill_on_drop: false }`
[INFO] [stdout] f0925ba7864481519090d6d62635afd1e6a7ebf134afd9f38e7df5c32e226864
[INFO] [stderr] WARNING: Your kernel does not support swap limit capabilities or the cgroup is not mounted. Memory limited without swap.
[INFO] running `Command { std: "docker" "start" "-a" "f0925ba7864481519090d6d62635afd1e6a7ebf134afd9f38e7df5c32e226864", kill_on_drop: false }`
[INFO] [stderr]    Compiling tcod-sys v4.1.0
[INFO] [stderr] The following warnings were emitted during compilation:
[INFO] [stderr] 
[INFO] [stderr] warning: libtcod/src/sys_opengl_c.c:35:10: fatal error: SDL/SDL.h: No such file or directory
[INFO] [stderr] warning:    35 | #include <SDL/SDL.h>
[INFO] [stderr] warning:       |          ^~~~~~~~~~~
[INFO] [stderr] warning: compilation terminated.
[INFO] [stderr] 
[INFO] [stderr] error: failed to run custom build command for `tcod-sys v4.1.0`
[INFO] [stderr] 
[INFO] [stderr] Caused by:
[INFO] [stderr]   process didn't exit successfully: `/opt/rustwide/target/debug/build/tcod-sys-02ea75fd3a3c1947/build-script-build` (exit status: 101)
[INFO] [stderr]   --- stdout
[INFO] [stderr]   TARGET = Some("x86_64-unknown-linux-gnu")
[INFO] [stderr]   OPT_LEVEL = Some("0")
[INFO] [stderr]   TARGET = Some("x86_64-unknown-linux-gnu")
[INFO] [stderr]   HOST = Some("x86_64-unknown-linux-gnu")
[INFO] [stderr]   TARGET = Some("x86_64-unknown-linux-gnu")
[INFO] [stderr]   TARGET = Some("x86_64-unknown-linux-gnu")
[INFO] [stderr]   HOST = Some("x86_64-unknown-linux-gnu")
[INFO] [stderr]   CC_x86_64-unknown-linux-gnu = None
[INFO] [stderr]   CC_x86_64_unknown_linux_gnu = None
[INFO] [stderr]   HOST_CC = None
[INFO] [stderr]   CC = None
[INFO] [stderr]   HOST = Some("x86_64-unknown-linux-gnu")
[INFO] [stderr]   TARGET = Some("x86_64-unknown-linux-gnu")
[INFO] [stderr]   HOST = Some("x86_64-unknown-linux-gnu")
[INFO] [stderr]   CFLAGS_x86_64-unknown-linux-gnu = None
[INFO] [stderr]   CFLAGS_x86_64_unknown_linux_gnu = None
[INFO] [stderr]   HOST_CFLAGS = None
[INFO] [stderr]   CFLAGS = None
[INFO] [stderr]   DEBUG = Some("true")
[INFO] [stderr]   running: "cc" "-O0" "-ffunction-sections" "-fdata-sections" "-fPIC" "-g" "-m64" "-w" "-Wall" "-Wextra" "-o" "/opt/rustwide/target/debug/build/tcod-sys-afa41c1506559b84/out/libtcod/src/zlib/adler32.o" "-c" "libtcod/src/zlib/adler32.c"
[INFO] [stderr]   exit status: 0
[INFO] [stderr]   TARGET = Some("x86_64-unknown-linux-gnu")
[INFO] [stderr]   OPT_LEVEL = Some("0")
[INFO] [stderr]   TARGET = Some("x86_64-unknown-linux-gnu")
[INFO] [stderr]   HOST = Some("x86_64-unknown-linux-gnu")
[INFO] [stderr]   TARGET = Some("x86_64-unknown-linux-gnu")
[INFO] [stderr]   TARGET = Some("x86_64-unknown-linux-gnu")
[INFO] [stderr]   HOST = Some("x86_64-unknown-linux-gnu")
[INFO] [stderr]   CC_x86_64-unknown-linux-gnu = None
[INFO] [stderr]   CC_x86_64_unknown_linux_gnu = None
[INFO] [stderr]   HOST_CC = None
[INFO] [stderr]   CC = None
[INFO] [stderr]   HOST = Some("x86_64-unknown-linux-gnu")
[INFO] [stderr]   TARGET = Some("x86_64-unknown-linux-gnu")
[INFO] [stderr]   HOST = Some("x86_64-unknown-linux-gnu")
[INFO] [stderr]   CFLAGS_x86_64-unknown-linux-gnu = None
[INFO] [stderr]   CFLAGS_x86_64_unknown_linux_gnu = None
[INFO] [stderr]   HOST_CFLAGS = None
[INFO] [stderr]   CFLAGS = None
[INFO] [stderr]   DEBUG = Some("true")
[INFO] [stderr]   running: "cc" "-O0" "-ffunction-sections" "-fdata-sections" "-fPIC" "-g" "-m64" "-w" "-Wall" "-Wextra" "-o" "/opt/rustwide/target/debug/build/tcod-sys-afa41c1506559b84/out/libtcod/src/zlib/crc32.o" "-c" "libtcod/src/zlib/crc32.c"
[INFO] [stderr]   exit status: 0
[INFO] [stderr]   TARGET = Some("x86_64-unknown-linux-gnu")
[INFO] [stderr]   OPT_LEVEL = Some("0")
[INFO] [stderr]   TARGET = Some("x86_64-unknown-linux-gnu")
[INFO] [stderr]   HOST = Some("x86_64-unknown-linux-gnu")
[INFO] [stderr]   TARGET = Some("x86_64-unknown-linux-gnu")
[INFO] [stderr]   TARGET = Some("x86_64-unknown-linux-gnu")
[INFO] [stderr]   HOST = Some("x86_64-unknown-linux-gnu")
[INFO] [stderr]   CC_x86_64-unknown-linux-gnu = None
[INFO] [stderr]   CC_x86_64_unknown_linux_gnu = None
[INFO] [stderr]   HOST_CC = None
[INFO] [stderr]   CC = None
[INFO] [stderr]   HOST = Some("x86_64-unknown-linux-gnu")
[INFO] [stderr]   TARGET = Some("x86_64-unknown-linux-gnu")
[INFO] [stderr]   HOST = Some("x86_64-unknown-linux-gnu")
[INFO] [stderr]   CFLAGS_x86_64-unknown-linux-gnu = None
[INFO] [stderr]   CFLAGS_x86_64_unknown_linux_gnu = None
[INFO] [stderr]   HOST_CFLAGS = None
[INFO] [stderr]   CFLAGS = None
[INFO] [stderr]   DEBUG = Some("true")
[INFO] [stderr]   running: "cc" "-O0" "-ffunction-sections" "-fdata-sections" "-fPIC" "-g" "-m64" "-w" "-Wall" "-Wextra" "-o" "/opt/rustwide/target/debug/build/tcod-sys-afa41c1506559b84/out/libtcod/src/zlib/deflate.o" "-c" "libtcod/src/zlib/deflate.c"
[INFO] [stderr]   exit status: 0
[INFO] [stderr]   TARGET = Some("x86_64-unknown-linux-gnu")
[INFO] [stderr]   OPT_LEVEL = Some("0")
[INFO] [stderr]   TARGET = Some("x86_64-unknown-linux-gnu")
[INFO] [stderr]   HOST = Some("x86_64-unknown-linux-gnu")
[INFO] [stderr]   TARGET = Some("x86_64-unknown-linux-gnu")
[INFO] [stderr]   TARGET = Some("x86_64-unknown-linux-gnu")
[INFO] [stderr]   HOST = Some("x86_64-unknown-linux-gnu")
[INFO] [stderr]   CC_x86_64-unknown-linux-gnu = None
[INFO] [stderr]   CC_x86_64_unknown_linux_gnu = None
[INFO] [stderr]   HOST_CC = None
[INFO] [stderr]   CC = None
[INFO] [stderr]   HOST = Some("x86_64-unknown-linux-gnu")
[INFO] [stderr]   TARGET = Some("x86_64-unknown-linux-gnu")
[INFO] [stderr]   HOST = Some("x86_64-unknown-linux-gnu")
[INFO] [stderr]   CFLAGS_x86_64-unknown-linux-gnu = None
[INFO] [stderr]   CFLAGS_x86_64_unknown_linux_gnu = None
[INFO] [stderr]   HOST_CFLAGS = None
[INFO] [stderr]   CFLAGS = None
[INFO] [stderr]   DEBUG = Some("true")
[INFO] [stderr]   running: "cc" "-O0" "-ffunction-sections" "-fdata-sections" "-fPIC" "-g" "-m64" "-w" "-Wall" "-Wextra" "-o" "/opt/rustwide/target/debug/build/tcod-sys-afa41c1506559b84/out/libtcod/src/zlib/infback.o" "-c" "libtcod/src/zlib/infback.c"
[INFO] [stderr]   exit status: 0
[INFO] [stderr]   TARGET = Some("x86_64-unknown-linux-gnu")
[INFO] [stderr]   OPT_LEVEL = Some("0")
[INFO] [stderr]   TARGET = Some("x86_64-unknown-linux-gnu")
[INFO] [stderr]   HOST = Some("x86_64-unknown-linux-gnu")
[INFO] [stderr]   TARGET = Some("x86_64-unknown-linux-gnu")
[INFO] [stderr]   TARGET = Some("x86_64-unknown-linux-gnu")
[INFO] [stderr]   HOST = Some("x86_64-unknown-linux-gnu")
[INFO] [stderr]   CC_x86_64-unknown-linux-gnu = None
[INFO] [stderr]   CC_x86_64_unknown_linux_gnu = None
[INFO] [stderr]   HOST_CC = None
[INFO] [stderr]   CC = None
[INFO] [stderr]   HOST = Some("x86_64-unknown-linux-gnu")
[INFO] [stderr]   TARGET = Some("x86_64-unknown-linux-gnu")
[INFO] [stderr]   HOST = Some("x86_64-unknown-linux-gnu")
[INFO] [stderr]   CFLAGS_x86_64-unknown-linux-gnu = None
[INFO] [stderr]   CFLAGS_x86_64_unknown_linux_gnu = None
[INFO] [stderr]   HOST_CFLAGS = None
[INFO] [stderr]   CFLAGS = None
[INFO] [stderr]   DEBUG = Some("true")
[INFO] [stderr]   running: "cc" "-O0" "-ffunction-sections" "-fdata-sections" "-fPIC" "-g" "-m64" "-w" "-Wall" "-Wextra" "-o" "/opt/rustwide/target/debug/build/tcod-sys-afa41c1506559b84/out/libtcod/src/zlib/inffast.o" "-c" "libtcod/src/zlib/inffast.c"
[INFO] [stderr]   exit status: 0
[INFO] [stderr]   TARGET = Some("x86_64-unknown-linux-gnu")
[INFO] [stderr]   OPT_LEVEL = Some("0")
[INFO] [stderr]   TARGET = Some("x86_64-unknown-linux-gnu")
[INFO] [stderr]   HOST = Some("x86_64-unknown-linux-gnu")
[INFO] [stderr]   TARGET = Some("x86_64-unknown-linux-gnu")
[INFO] [stderr]   TARGET = Some("x86_64-unknown-linux-gnu")
[INFO] [stderr]   HOST = Some("x86_64-unknown-linux-gnu")
[INFO] [stderr]   CC_x86_64-unknown-linux-gnu = None
[INFO] [stderr]   CC_x86_64_unknown_linux_gnu = None
[INFO] [stderr]   HOST_CC = None
[INFO] [stderr]   CC = None
[INFO] [stderr]   HOST = Some("x86_64-unknown-linux-gnu")
[INFO] [stderr]   TARGET = Some("x86_64-unknown-linux-gnu")
[INFO] [stderr]   HOST = Some("x86_64-unknown-linux-gnu")
[INFO] [stderr]   CFLAGS_x86_64-unknown-linux-gnu = None
[INFO] [stderr]   CFLAGS_x86_64_unknown_linux_gnu = None
[INFO] [stderr]   HOST_CFLAGS = None
[INFO] [stderr]   CFLAGS = None
[INFO] [stderr]   DEBUG = Some("true")
[INFO] [stderr]   running: "cc" "-O0" "-ffunction-sections" "-fdata-sections" "-fPIC" "-g" "-m64" "-w" "-Wall" "-Wextra" "-o" "/opt/rustwide/target/debug/build/tcod-sys-afa41c1506559b84/out/libtcod/src/zlib/inflate.o" "-c" "libtcod/src/zlib/inflate.c"
[INFO] [stderr]   exit status: 0
[INFO] [stderr]   TARGET = Some("x86_64-unknown-linux-gnu")
[INFO] [stderr]   OPT_LEVEL = Some("0")
[INFO] [stderr]   TARGET = Some("x86_64-unknown-linux-gnu")
[INFO] [stderr]   HOST = Some("x86_64-unknown-linux-gnu")
[INFO] [stderr]   TARGET = Some("x86_64-unknown-linux-gnu")
[INFO] [stderr]   TARGET = Some("x86_64-unknown-linux-gnu")
[INFO] [stderr]   HOST = Some("x86_64-unknown-linux-gnu")
[INFO] [stderr]   CC_x86_64-unknown-linux-gnu = None
[INFO] [stderr]   CC_x86_64_unknown_linux_gnu = None
[INFO] [stderr]   HOST_CC = None
[INFO] [stderr]   CC = None
[INFO] [stderr]   HOST = Some("x86_64-unknown-linux-gnu")
[INFO] [stderr]   TARGET = Some("x86_64-unknown-linux-gnu")
[INFO] [stderr]   HOST = Some("x86_64-unknown-linux-gnu")
[INFO] [stderr]   CFLAGS_x86_64-unknown-linux-gnu = None
[INFO] [stderr]   CFLAGS_x86_64_unknown_linux_gnu = None
[INFO] [stderr]   HOST_CFLAGS = None
[INFO] [stderr]   CFLAGS = None
[INFO] [stderr]   DEBUG = Some("true")
[INFO] [stderr]   running: "cc" "-O0" "-ffunction-sections" "-fdata-sections" "-fPIC" "-g" "-m64" "-w" "-Wall" "-Wextra" "-o" "/opt/rustwide/target/debug/build/tcod-sys-afa41c1506559b84/out/libtcod/src/zlib/inftrees.o" "-c" "libtcod/src/zlib/inftrees.c"
[INFO] [stderr]   exit status: 0
[INFO] [stderr]   TARGET = Some("x86_64-unknown-linux-gnu")
[INFO] [stderr]   OPT_LEVEL = Some("0")
[INFO] [stderr]   TARGET = Some("x86_64-unknown-linux-gnu")
[INFO] [stderr]   HOST = Some("x86_64-unknown-linux-gnu")
[INFO] [stderr]   TARGET = Some("x86_64-unknown-linux-gnu")
[INFO] [stderr]   TARGET = Some("x86_64-unknown-linux-gnu")
[INFO] [stderr]   HOST = Some("x86_64-unknown-linux-gnu")
[INFO] [stderr]   CC_x86_64-unknown-linux-gnu = None
[INFO] [stderr]   CC_x86_64_unknown_linux_gnu = None
[INFO] [stderr]   HOST_CC = None
[INFO] [stderr]   CC = None
[INFO] [stderr]   HOST = Some("x86_64-unknown-linux-gnu")
[INFO] [stderr]   TARGET = Some("x86_64-unknown-linux-gnu")
[INFO] [stderr]   HOST = Some("x86_64-unknown-linux-gnu")
[INFO] [stderr]   CFLAGS_x86_64-unknown-linux-gnu = None
[INFO] [stderr]   CFLAGS_x86_64_unknown_linux_gnu = None
[INFO] [stderr]   HOST_CFLAGS = None
[INFO] [stderr]   CFLAGS = None
[INFO] [stderr]   DEBUG = Some("true")
[INFO] [stderr]   running: "cc" "-O0" "-ffunction-sections" "-fdata-sections" "-fPIC" "-g" "-m64" "-w" "-Wall" "-Wextra" "-o" "/opt/rustwide/target/debug/build/tcod-sys-afa41c1506559b84/out/libtcod/src/zlib/trees.o" "-c" "libtcod/src/zlib/trees.c"
[INFO] [stderr]   exit status: 0
[INFO] [stderr]   TARGET = Some("x86_64-unknown-linux-gnu")
[INFO] [stderr]   OPT_LEVEL = Some("0")
[INFO] [stderr]   TARGET = Some("x86_64-unknown-linux-gnu")
[INFO] [stderr]   HOST = Some("x86_64-unknown-linux-gnu")
[INFO] [stderr]   TARGET = Some("x86_64-unknown-linux-gnu")
[INFO] [stderr]   TARGET = Some("x86_64-unknown-linux-gnu")
[INFO] [stderr]   HOST = Some("x86_64-unknown-linux-gnu")
[INFO] [stderr]   CC_x86_64-unknown-linux-gnu = None
[INFO] [stderr]   CC_x86_64_unknown_linux_gnu = None
[INFO] [stderr]   HOST_CC = None
[INFO] [stderr]   CC = None
[INFO] [stderr]   HOST = Some("x86_64-unknown-linux-gnu")
[INFO] [stderr]   TARGET = Some("x86_64-unknown-linux-gnu")
[INFO] [stderr]   HOST = Some("x86_64-unknown-linux-gnu")
[INFO] [stderr]   CFLAGS_x86_64-unknown-linux-gnu = None
[INFO] [stderr]   CFLAGS_x86_64_unknown_linux_gnu = None
[INFO] [stderr]   HOST_CFLAGS = None
[INFO] [stderr]   CFLAGS = None
[INFO] [stderr]   DEBUG = Some("true")
[INFO] [stderr]   running: "cc" "-O0" "-ffunction-sections" "-fdata-sections" "-fPIC" "-g" "-m64" "-w" "-Wall" "-Wextra" "-o" "/opt/rustwide/target/debug/build/tcod-sys-afa41c1506559b84/out/libtcod/src/zlib/zutil.o" "-c" "libtcod/src/zlib/zutil.c"
[INFO] [stderr]   exit status: 0
[INFO] [stderr]   TARGET = Some("x86_64-unknown-linux-gnu")
[INFO] [stderr]   OPT_LEVEL = Some("0")
[INFO] [stderr]   TARGET = Some("x86_64-unknown-linux-gnu")
[INFO] [stderr]   HOST = Some("x86_64-unknown-linux-gnu")
[INFO] [stderr]   TARGET = Some("x86_64-unknown-linux-gnu")
[INFO] [stderr]   TARGET = Some("x86_64-unknown-linux-gnu")
[INFO] [stderr]   HOST = Some("x86_64-unknown-linux-gnu")
[INFO] [stderr]   CC_x86_64-unknown-linux-gnu = None
[INFO] [stderr]   CC_x86_64_unknown_linux_gnu = None
[INFO] [stderr]   HOST_CC = None
[INFO] [stderr]   CC = None
[INFO] [stderr]   HOST = Some("x86_64-unknown-linux-gnu")
[INFO] [stderr]   TARGET = Some("x86_64-unknown-linux-gnu")
[INFO] [stderr]   HOST = Some("x86_64-unknown-linux-gnu")
[INFO] [stderr]   CFLAGS_x86_64-unknown-linux-gnu = None
[INFO] [stderr]   CFLAGS_x86_64_unknown_linux_gnu = None
[INFO] [stderr]   HOST_CFLAGS = None
[INFO] [stderr]   CFLAGS = None
[INFO] [stderr]   DEBUG = Some("true")
[INFO] [stderr]   running: "cc" "-O0" "-ffunction-sections" "-fdata-sections" "-fPIC" "-g" "-m64" "-w" "-Wall" "-Wextra" "-o" "/opt/rustwide/target/debug/build/tcod-sys-afa41c1506559b84/out/libtcod/src/zlib/compress.o" "-c" "libtcod/src/zlib/compress.c"
[INFO] [stderr]   exit status: 0
[INFO] [stderr]   TARGET = Some("x86_64-unknown-linux-gnu")
[INFO] [stderr]   OPT_LEVEL = Some("0")
[INFO] [stderr]   TARGET = Some("x86_64-unknown-linux-gnu")
[INFO] [stderr]   HOST = Some("x86_64-unknown-linux-gnu")
[INFO] [stderr]   TARGET = Some("x86_64-unknown-linux-gnu")
[INFO] [stderr]   TARGET = Some("x86_64-unknown-linux-gnu")
[INFO] [stderr]   HOST = Some("x86_64-unknown-linux-gnu")
[INFO] [stderr]   CC_x86_64-unknown-linux-gnu = None
[INFO] [stderr]   CC_x86_64_unknown_linux_gnu = None
[INFO] [stderr]   HOST_CC = None
[INFO] [stderr]   CC = None
[INFO] [stderr]   HOST = Some("x86_64-unknown-linux-gnu")
[INFO] [stderr]   TARGET = Some("x86_64-unknown-linux-gnu")
[INFO] [stderr]   HOST = Some("x86_64-unknown-linux-gnu")
[INFO] [stderr]   CFLAGS_x86_64-unknown-linux-gnu = None
[INFO] [stderr]   CFLAGS_x86_64_unknown_linux_gnu = None
[INFO] [stderr]   HOST_CFLAGS = None
[INFO] [stderr]   CFLAGS = None
[INFO] [stderr]   DEBUG = Some("true")
[INFO] [stderr]   running: "cc" "-O0" "-ffunction-sections" "-fdata-sections" "-fPIC" "-g" "-m64" "-w" "-Wall" "-Wextra" "-o" "/opt/rustwide/target/debug/build/tcod-sys-afa41c1506559b84/out/libtcod/src/zlib/uncompr.o" "-c" "libtcod/src/zlib/uncompr.c"
[INFO] [stderr]   exit status: 0
[INFO] [stderr]   TARGET = Some("x86_64-unknown-linux-gnu")
[INFO] [stderr]   OPT_LEVEL = Some("0")
[INFO] [stderr]   TARGET = Some("x86_64-unknown-linux-gnu")
[INFO] [stderr]   HOST = Some("x86_64-unknown-linux-gnu")
[INFO] [stderr]   TARGET = Some("x86_64-unknown-linux-gnu")
[INFO] [stderr]   TARGET = Some("x86_64-unknown-linux-gnu")
[INFO] [stderr]   HOST = Some("x86_64-unknown-linux-gnu")
[INFO] [stderr]   CC_x86_64-unknown-linux-gnu = None
[INFO] [stderr]   CC_x86_64_unknown_linux_gnu = None
[INFO] [stderr]   HOST_CC = None
[INFO] [stderr]   CC = None
[INFO] [stderr]   HOST = Some("x86_64-unknown-linux-gnu")
[INFO] [stderr]   TARGET = Some("x86_64-unknown-linux-gnu")
[INFO] [stderr]   HOST = Some("x86_64-unknown-linux-gnu")
[INFO] [stderr]   CFLAGS_x86_64-unknown-linux-gnu = None
[INFO] [stderr]   CFLAGS_x86_64_unknown_linux_gnu = None
[INFO] [stderr]   HOST_CFLAGS = None
[INFO] [stderr]   CFLAGS = None
[INFO] [stderr]   DEBUG = Some("true")
[INFO] [stderr]   running: "cc" "-O0" "-ffunction-sections" "-fdata-sections" "-fPIC" "-g" "-m64" "-w" "-Wall" "-Wextra" "-o" "/opt/rustwide/target/debug/build/tcod-sys-afa41c1506559b84/out/libtcod/src/zlib/gzclose.o" "-c" "libtcod/src/zlib/gzclose.c"
[INFO] [stderr]   exit status: 0
[INFO] [stderr]   TARGET = Some("x86_64-unknown-linux-gnu")
[INFO] [stderr]   OPT_LEVEL = Some("0")
[INFO] [stderr]   TARGET = Some("x86_64-unknown-linux-gnu")
[INFO] [stderr]   HOST = Some("x86_64-unknown-linux-gnu")
[INFO] [stderr]   TARGET = Some("x86_64-unknown-linux-gnu")
[INFO] [stderr]   TARGET = Some("x86_64-unknown-linux-gnu")
[INFO] [stderr]   HOST = Some("x86_64-unknown-linux-gnu")
[INFO] [stderr]   CC_x86_64-unknown-linux-gnu = None
[INFO] [stderr]   CC_x86_64_unknown_linux_gnu = None
[INFO] [stderr]   HOST_CC = None
[INFO] [stderr]   CC = None
[INFO] [stderr]   HOST = Some("x86_64-unknown-linux-gnu")
[INFO] [stderr]   TARGET = Some("x86_64-unknown-linux-gnu")
[INFO] [stderr]   HOST = Some("x86_64-unknown-linux-gnu")
[INFO] [stderr]   CFLAGS_x86_64-unknown-linux-gnu = None
[INFO] [stderr]   CFLAGS_x86_64_unknown_linux_gnu = None
[INFO] [stderr]   HOST_CFLAGS = None
[INFO] [stderr]   CFLAGS = None
[INFO] [stderr]   DEBUG = Some("true")
[INFO] [stderr]   running: "cc" "-O0" "-ffunction-sections" "-fdata-sections" "-fPIC" "-g" "-m64" "-w" "-Wall" "-Wextra" "-o" "/opt/rustwide/target/debug/build/tcod-sys-afa41c1506559b84/out/libtcod/src/zlib/gzlib.o" "-c" "libtcod/src/zlib/gzlib.c"
[INFO] [stderr]   exit status: 0
[INFO] [stderr]   TARGET = Some("x86_64-unknown-linux-gnu")
[INFO] [stderr]   OPT_LEVEL = Some("0")
[INFO] [stderr]   TARGET = Some("x86_64-unknown-linux-gnu")
[INFO] [stderr]   HOST = Some("x86_64-unknown-linux-gnu")
[INFO] [stderr]   TARGET = Some("x86_64-unknown-linux-gnu")
[INFO] [stderr]   TARGET = Some("x86_64-unknown-linux-gnu")
[INFO] [stderr]   HOST = Some("x86_64-unknown-linux-gnu")
[INFO] [stderr]   CC_x86_64-unknown-linux-gnu = None
[INFO] [stderr]   CC_x86_64_unknown_linux_gnu = None
[INFO] [stderr]   HOST_CC = None
[INFO] [stderr]   CC = None
[INFO] [stderr]   HOST = Some("x86_64-unknown-linux-gnu")
[INFO] [stderr]   TARGET = Some("x86_64-unknown-linux-gnu")
[INFO] [stderr]   HOST = Some("x86_64-unknown-linux-gnu")
[INFO] [stderr]   CFLAGS_x86_64-unknown-linux-gnu = None
[INFO] [stderr]   CFLAGS_x86_64_unknown_linux_gnu = None
[INFO] [stderr]   HOST_CFLAGS = None
[INFO] [stderr]   CFLAGS = None
[INFO] [stderr]   DEBUG = Some("true")
[INFO] [stderr]   running: "cc" "-O0" "-ffunction-sections" "-fdata-sections" "-fPIC" "-g" "-m64" "-w" "-Wall" "-Wextra" "-o" "/opt/rustwide/target/debug/build/tcod-sys-afa41c1506559b84/out/libtcod/src/zlib/gzread.o" "-c" "libtcod/src/zlib/gzread.c"
[INFO] [stderr]   exit status: 0
[INFO] [stderr]   TARGET = Some("x86_64-unknown-linux-gnu")
[INFO] [stderr]   OPT_LEVEL = Some("0")
[INFO] [stderr]   TARGET = Some("x86_64-unknown-linux-gnu")
[INFO] [stderr]   HOST = Some("x86_64-unknown-linux-gnu")
[INFO] [stderr]   TARGET = Some("x86_64-unknown-linux-gnu")
[INFO] [stderr]   TARGET = Some("x86_64-unknown-linux-gnu")
[INFO] [stderr]   HOST = Some("x86_64-unknown-linux-gnu")
[INFO] [stderr]   CC_x86_64-unknown-linux-gnu = None
[INFO] [stderr]   CC_x86_64_unknown_linux_gnu = None
[INFO] [stderr]   HOST_CC = None
[INFO] [stderr]   CC = None
[INFO] [stderr]   HOST = Some("x86_64-unknown-linux-gnu")
[INFO] [stderr]   TARGET = Some("x86_64-unknown-linux-gnu")
[INFO] [stderr]   HOST = Some("x86_64-unknown-linux-gnu")
[INFO] [stderr]   CFLAGS_x86_64-unknown-linux-gnu = None
[INFO] [stderr]   CFLAGS_x86_64_unknown_linux_gnu = None
[INFO] [stderr]   HOST_CFLAGS = None
[INFO] [stderr]   CFLAGS = None
[INFO] [stderr]   DEBUG = Some("true")
[INFO] [stderr]   running: "cc" "-O0" "-ffunction-sections" "-fdata-sections" "-fPIC" "-g" "-m64" "-w" "-Wall" "-Wextra" "-o" "/opt/rustwide/target/debug/build/tcod-sys-afa41c1506559b84/out/libtcod/src/zlib/gzwrite.o" "-c" "libtcod/src/zlib/gzwrite.c"
[INFO] [stderr]   exit status: 0
[INFO] [stderr]   TARGET = Some("x86_64-unknown-linux-gnu")
[INFO] [stderr]   TARGET = Some("x86_64-unknown-linux-gnu")
[INFO] [stderr]   HOST = Some("x86_64-unknown-linux-gnu")
[INFO] [stderr]   AR_x86_64-unknown-linux-gnu = None
[INFO] [stderr]   AR_x86_64_unknown_linux_gnu = None
[INFO] [stderr]   HOST_AR = None
[INFO] [stderr]   AR = None
[INFO] [stderr]   TARGET = Some("x86_64-unknown-linux-gnu")
[INFO] [stderr]   TARGET = Some("x86_64-unknown-linux-gnu")
[INFO] [stderr]   running: "ar" "crs" "/opt/rustwide/target/debug/build/tcod-sys-afa41c1506559b84/out/libz.a" "/opt/rustwide/target/debug/build/tcod-sys-afa41c1506559b84/out/libtcod/src/zlib/adler32.o" "/opt/rustwide/target/debug/build/tcod-sys-afa41c1506559b84/out/libtcod/src/zlib/crc32.o" "/opt/rustwide/target/debug/build/tcod-sys-afa41c1506559b84/out/libtcod/src/zlib/deflate.o" "/opt/rustwide/target/debug/build/tcod-sys-afa41c1506559b84/out/libtcod/src/zlib/infback.o" "/opt/rustwide/target/debug/build/tcod-sys-afa41c1506559b84/out/libtcod/src/zlib/inffast.o" "/opt/rustwide/target/debug/build/tcod-sys-afa41c1506559b84/out/libtcod/src/zlib/inflate.o" "/opt/rustwide/target/debug/build/tcod-sys-afa41c1506559b84/out/libtcod/src/zlib/inftrees.o" "/opt/rustwide/target/debug/build/tcod-sys-afa41c1506559b84/out/libtcod/src/zlib/trees.o" "/opt/rustwide/target/debug/build/tcod-sys-afa41c1506559b84/out/libtcod/src/zlib/zutil.o" "/opt/rustwide/target/debug/build/tcod-sys-afa41c1506559b84/out/libtcod/src/zlib/compress.o" "/opt/rustwide/target/debug/build/tcod-sys-afa41c1506559b84/out/libtcod/src/zlib/uncompr.o" "/opt/rustwide/target/debug/build/tcod-sys-afa41c1506559b84/out/libtcod/src/zlib/gzclose.o" "/opt/rustwide/target/debug/build/tcod-sys-afa41c1506559b84/out/libtcod/src/zlib/gzlib.o" "/opt/rustwide/target/debug/build/tcod-sys-afa41c1506559b84/out/libtcod/src/zlib/gzread.o" "/opt/rustwide/target/debug/build/tcod-sys-afa41c1506559b84/out/libtcod/src/zlib/gzwrite.o"
[INFO] [stderr]   exit status: 0
[INFO] [stderr]   TARGET = Some("x86_64-unknown-linux-gnu")
[INFO] [stderr]   cargo:rustc-link-lib=static=z
[INFO] [stderr]   cargo:rustc-link-search=native=/opt/rustwide/target/debug/build/tcod-sys-afa41c1506559b84/out
[INFO] [stderr]   running: "cc" "-O0" "-ffunction-sections" "-fdata-sections" "-fPIC" "-g" "-m64" "-I" "libtcod/include" "-I" "libtcod/src/zlib" "-fno-strict-aliasing" "-ansi" "-w" "-Wall" "-Wextra" "-o" "/opt/rustwide/target/debug/build/tcod-sys-afa41c1506559b84/out/libtcod/src/bresenham_c.o" "-c" "libtcod/src/bresenham_c.c"
[INFO] [stderr]   exit status: 0
[INFO] [stderr]   running: "cc" "-O0" "-ffunction-sections" "-fdata-sections" "-fPIC" "-g" "-m64" "-I" "libtcod/include" "-I" "libtcod/src/zlib" "-fno-strict-aliasing" "-ansi" "-w" "-Wall" "-Wextra" "-o" "/opt/rustwide/target/debug/build/tcod-sys-afa41c1506559b84/out/libtcod/src/bsp_c.o" "-c" "libtcod/src/bsp_c.c"
[INFO] [stderr]   exit status: 0
[INFO] [stderr]   running: "cc" "-O0" "-ffunction-sections" "-fdata-sections" "-fPIC" "-g" "-m64" "-I" "libtcod/include" "-I" "libtcod/src/zlib" "-fno-strict-aliasing" "-ansi" "-w" "-Wall" "-Wextra" "-o" "/opt/rustwide/target/debug/build/tcod-sys-afa41c1506559b84/out/libtcod/src/color_c.o" "-c" "libtcod/src/color_c.c"
[INFO] [stderr]   exit status: 0
[INFO] [stderr]   running: "cc" "-O0" "-ffunction-sections" "-fdata-sections" "-fPIC" "-g" "-m64" "-I" "libtcod/include" "-I" "libtcod/src/zlib" "-fno-strict-aliasing" "-ansi" "-w" "-Wall" "-Wextra" "-o" "/opt/rustwide/target/debug/build/tcod-sys-afa41c1506559b84/out/libtcod/src/console_c.o" "-c" "libtcod/src/console_c.c"
[INFO] [stderr]   exit status: 0
[INFO] [stderr]   running: "cc" "-O0" "-ffunction-sections" "-fdata-sections" "-fPIC" "-g" "-m64" "-I" "libtcod/include" "-I" "libtcod/src/zlib" "-fno-strict-aliasing" "-ansi" "-w" "-Wall" "-Wextra" "-o" "/opt/rustwide/target/debug/build/tcod-sys-afa41c1506559b84/out/libtcod/src/fov_c.o" "-c" "libtcod/src/fov_c.c"
[INFO] [stderr]   exit status: 0
[INFO] [stderr]   running: "cc" "-O0" "-ffunction-sections" "-fdata-sections" "-fPIC" "-g" "-m64" "-I" "libtcod/include" "-I" "libtcod/src/zlib" "-fno-strict-aliasing" "-ansi" "-w" "-Wall" "-Wextra" "-o" "/opt/rustwide/target/debug/build/tcod-sys-afa41c1506559b84/out/libtcod/src/fov_circular_raycasting.o" "-c" "libtcod/src/fov_circular_raycasting.c"
[INFO] [stderr]   exit status: 0
[INFO] [stderr]   running: "cc" "-O0" "-ffunction-sections" "-fdata-sections" "-fPIC" "-g" "-m64" "-I" "libtcod/include" "-I" "libtcod/src/zlib" "-fno-strict-aliasing" "-ansi" "-w" "-Wall" "-Wextra" "-o" "/opt/rustwide/target/debug/build/tcod-sys-afa41c1506559b84/out/libtcod/src/fov_diamond_raycasting.o" "-c" "libtcod/src/fov_diamond_raycasting.c"
[INFO] [stderr]   exit status: 0
[INFO] [stderr]   running: "cc" "-O0" "-ffunction-sections" "-fdata-sections" "-fPIC" "-g" "-m64" "-I" "libtcod/include" "-I" "libtcod/src/zlib" "-fno-strict-aliasing" "-ansi" "-w" "-Wall" "-Wextra" "-o" "/opt/rustwide/target/debug/build/tcod-sys-afa41c1506559b84/out/libtcod/src/fov_recursive_shadowcasting.o" "-c" "libtcod/src/fov_recursive_shadowcasting.c"
[INFO] [stderr]   exit status: 0
[INFO] [stderr]   running: "cc" "-O0" "-ffunction-sections" "-fdata-sections" "-fPIC" "-g" "-m64" "-I" "libtcod/include" "-I" "libtcod/src/zlib" "-fno-strict-aliasing" "-ansi" "-w" "-Wall" "-Wextra" "-o" "/opt/rustwide/target/debug/build/tcod-sys-afa41c1506559b84/out/libtcod/src/fov_permissive2.o" "-c" "libtcod/src/fov_permissive2.c"
[INFO] [stderr]   exit status: 0
[INFO] [stderr]   running: "cc" "-O0" "-ffunction-sections" "-fdata-sections" "-fPIC" "-g" "-m64" "-I" "libtcod/include" "-I" "libtcod/src/zlib" "-fno-strict-aliasing" "-ansi" "-w" "-Wall" "-Wextra" "-o" "/opt/rustwide/target/debug/build/tcod-sys-afa41c1506559b84/out/libtcod/src/fov_restrictive.o" "-c" "libtcod/src/fov_restrictive.c"
[INFO] [stderr]   exit status: 0
[INFO] [stderr]   running: "cc" "-O0" "-ffunction-sections" "-fdata-sections" "-fPIC" "-g" "-m64" "-I" "libtcod/include" "-I" "libtcod/src/zlib" "-fno-strict-aliasing" "-ansi" "-w" "-Wall" "-Wextra" "-o" "/opt/rustwide/target/debug/build/tcod-sys-afa41c1506559b84/out/libtcod/src/heightmap_c.o" "-c" "libtcod/src/heightmap_c.c"
[INFO] [stderr]   exit status: 0
[INFO] [stderr]   running: "cc" "-O0" "-ffunction-sections" "-fdata-sections" "-fPIC" "-g" "-m64" "-I" "libtcod/include" "-I" "libtcod/src/zlib" "-fno-strict-aliasing" "-ansi" "-w" "-Wall" "-Wextra" "-o" "/opt/rustwide/target/debug/build/tcod-sys-afa41c1506559b84/out/libtcod/src/image_c.o" "-c" "libtcod/src/image_c.c"
[INFO] [stderr]   exit status: 0
[INFO] [stderr]   running: "cc" "-O0" "-ffunction-sections" "-fdata-sections" "-fPIC" "-g" "-m64" "-I" "libtcod/include" "-I" "libtcod/src/zlib" "-fno-strict-aliasing" "-ansi" "-w" "-Wall" "-Wextra" "-o" "/opt/rustwide/target/debug/build/tcod-sys-afa41c1506559b84/out/libtcod/src/lex_c.o" "-c" "libtcod/src/lex_c.c"
[INFO] [stderr]   exit status: 0
[INFO] [stderr]   running: "cc" "-O0" "-ffunction-sections" "-fdata-sections" "-fPIC" "-g" "-m64" "-I" "libtcod/include" "-I" "libtcod/src/zlib" "-fno-strict-aliasing" "-ansi" "-w" "-Wall" "-Wextra" "-o" "/opt/rustwide/target/debug/build/tcod-sys-afa41c1506559b84/out/libtcod/src/list_c.o" "-c" "libtcod/src/list_c.c"
[INFO] [stderr]   exit status: 0
[INFO] [stderr]   running: "cc" "-O0" "-ffunction-sections" "-fdata-sections" "-fPIC" "-g" "-m64" "-I" "libtcod/include" "-I" "libtcod/src/zlib" "-fno-strict-aliasing" "-ansi" "-w" "-Wall" "-Wextra" "-o" "/opt/rustwide/target/debug/build/tcod-sys-afa41c1506559b84/out/libtcod/src/mersenne_c.o" "-c" "libtcod/src/mersenne_c.c"
[INFO] [stderr]   exit status: 0
[INFO] [stderr]   running: "cc" "-O0" "-ffunction-sections" "-fdata-sections" "-fPIC" "-g" "-m64" "-I" "libtcod/include" "-I" "libtcod/src/zlib" "-fno-strict-aliasing" "-ansi" "-w" "-Wall" "-Wextra" "-o" "/opt/rustwide/target/debug/build/tcod-sys-afa41c1506559b84/out/libtcod/src/noise_c.o" "-c" "libtcod/src/noise_c.c"
[INFO] [stderr]   exit status: 0
[INFO] [stderr]   running: "cc" "-O0" "-ffunction-sections" "-fdata-sections" "-fPIC" "-g" "-m64" "-I" "libtcod/include" "-I" "libtcod/src/zlib" "-fno-strict-aliasing" "-ansi" "-w" "-Wall" "-Wextra" "-o" "/opt/rustwide/target/debug/build/tcod-sys-afa41c1506559b84/out/libtcod/src/parser_c.o" "-c" "libtcod/src/parser_c.c"
[INFO] [stderr]   exit status: 0
[INFO] [stderr]   running: "cc" "-O0" "-ffunction-sections" "-fdata-sections" "-fPIC" "-g" "-m64" "-I" "libtcod/include" "-I" "libtcod/src/zlib" "-fno-strict-aliasing" "-ansi" "-w" "-Wall" "-Wextra" "-o" "/opt/rustwide/target/debug/build/tcod-sys-afa41c1506559b84/out/libtcod/src/path_c.o" "-c" "libtcod/src/path_c.c"
[INFO] [stderr]   exit status: 0
[INFO] [stderr]   running: "cc" "-O0" "-ffunction-sections" "-fdata-sections" "-fPIC" "-g" "-m64" "-I" "libtcod/include" "-I" "libtcod/src/zlib" "-fno-strict-aliasing" "-ansi" "-w" "-Wall" "-Wextra" "-o" "/opt/rustwide/target/debug/build/tcod-sys-afa41c1506559b84/out/libtcod/src/sys_c.o" "-c" "libtcod/src/sys_c.c"
[INFO] [stderr]   exit status: 0
[INFO] [stderr]   running: "cc" "-O0" "-ffunction-sections" "-fdata-sections" "-fPIC" "-g" "-m64" "-I" "libtcod/include" "-I" "libtcod/src/zlib" "-fno-strict-aliasing" "-ansi" "-w" "-Wall" "-Wextra" "-o" "/opt/rustwide/target/debug/build/tcod-sys-afa41c1506559b84/out/libtcod/src/sys_opengl_c.o" "-c" "libtcod/src/sys_opengl_c.c"
[INFO] [stderr]   cargo:warning=libtcod/src/sys_opengl_c.c:35:10: fatal error: SDL/SDL.h: No such file or directory
[INFO] [stderr]   cargo:warning=   35 | #include <SDL/SDL.h>
[INFO] [stderr]   cargo:warning=      |          ^~~~~~~~~~~
[INFO] [stderr]   cargo:warning=compilation terminated.
[INFO] [stderr]   exit status: 1
[INFO] [stderr] 
[INFO] [stderr]   --- stderr
[INFO] [stderr]   thread 'main' panicked at '
[INFO] [stderr] 
[INFO] [stderr]   Internal error occurred: Command "cc" "-O0" "-ffunction-sections" "-fdata-sections" "-fPIC" "-g" "-m64" "-I" "libtcod/include" "-I" "libtcod/src/zlib" "-fno-strict-aliasing" "-ansi" "-w" "-Wall" "-Wextra" "-o" "/opt/rustwide/target/debug/build/tcod-sys-afa41c1506559b84/out/libtcod/src/sys_opengl_c.o" "-c" "libtcod/src/sys_opengl_c.c" with args "cc" did not execute successfully (status code exit status: 1).
[INFO] [stderr] 
[INFO] [stderr]   ', /opt/rustwide/cargo-home/registry/src/github.com-1ecc6299db9ec823/gcc-0.3.54/src/lib.rs:1670:5
[INFO] [stderr]   stack backtrace:
[INFO] [stderr]      0:     0x55f2a438d7b0 - std::backtrace_rs::backtrace::libunwind::trace::h34055254b57d8e79
[INFO] [stderr]                                  at /rustc/a178d0322ce20e33eac124758e837cbd80a6f633/library/std/src/../../backtrace/src/backtrace/libunwind.rs:90:5
[INFO] [stderr]      1:     0x55f2a438d7b0 - std::backtrace_rs::backtrace::trace_unsynchronized::h8f1e3fbd9afff6ec
[INFO] [stderr]                                  at /rustc/a178d0322ce20e33eac124758e837cbd80a6f633/library/std/src/../../backtrace/src/backtrace/mod.rs:66:5
[INFO] [stderr]      2:     0x55f2a438d7b0 - std::sys_common::backtrace::_print_fmt::h3a99a796b770c360
[INFO] [stderr]                                  at /rustc/a178d0322ce20e33eac124758e837cbd80a6f633/library/std/src/sys_common/backtrace.rs:67:5
[INFO] [stderr]      3:     0x55f2a438d7b0 - <std::sys_common::backtrace::_print::DisplayBacktrace as core::fmt::Display>::fmt::h32d1f94a80615d18
[INFO] [stderr]                                  at /rustc/a178d0322ce20e33eac124758e837cbd80a6f633/library/std/src/sys_common/backtrace.rs:46:22
[INFO] [stderr]      4:     0x55f2a43acddc - core::fmt::write::h306731c068f7162c
[INFO] [stderr]                                  at /rustc/a178d0322ce20e33eac124758e837cbd80a6f633/library/core/src/fmt/mod.rs:1110:17
[INFO] [stderr]      5:     0x55f2a438a315 - std::io::Write::write_fmt::hd2fa90334eee2a21
[INFO] [stderr]                                  at /rustc/a178d0322ce20e33eac124758e837cbd80a6f633/library/std/src/io/mod.rs:1588:15
[INFO] [stderr]      6:     0x55f2a438f73b - std::sys_common::backtrace::_print::h5abaa2601a852287
[INFO] [stderr]                                  at /rustc/a178d0322ce20e33eac124758e837cbd80a6f633/library/std/src/sys_common/backtrace.rs:49:5
[INFO] [stderr]      7:     0x55f2a438f73b - std::sys_common::backtrace::print::h8d81445442bb638f
[INFO] [stderr]                                  at /rustc/a178d0322ce20e33eac124758e837cbd80a6f633/library/std/src/sys_common/backtrace.rs:36:9
[INFO] [stderr]      8:     0x55f2a438f73b - std::panicking::default_hook::{{closure}}::hcfe804496a9fa747
[INFO] [stderr]                                  at /rustc/a178d0322ce20e33eac124758e837cbd80a6f633/library/std/src/panicking.rs:208:50
[INFO] [stderr]      9:     0x55f2a438f211 - std::panicking::default_hook::hbea8e3ccf2ba8901
[INFO] [stderr]                                  at /rustc/a178d0322ce20e33eac124758e837cbd80a6f633/library/std/src/panicking.rs:225:9
[INFO] [stderr]     10:     0x55f2a438fe04 - std::panicking::rust_panic_with_hook::h7ee9e1a2d0f8975a
[INFO] [stderr]                                  at /rustc/a178d0322ce20e33eac124758e837cbd80a6f633/library/std/src/panicking.rs:622:17
[INFO] [stderr]     11:     0x55f2a438f8e7 - std::panicking::begin_panic_handler::{{closure}}::h8ab3b4491718b2c7
[INFO] [stderr]                                  at /rustc/a178d0322ce20e33eac124758e837cbd80a6f633/library/std/src/panicking.rs:519:13
[INFO] [stderr]     12:     0x55f2a438dcac - std::sys_common::backtrace::__rust_end_short_backtrace::hd489062ffa586a9f
[INFO] [stderr]                                  at /rustc/a178d0322ce20e33eac124758e837cbd80a6f633/library/std/src/sys_common/backtrace.rs:141:18
[INFO] [stderr]     13:     0x55f2a438f849 - rust_begin_unwind
[INFO] [stderr]                                  at /rustc/a178d0322ce20e33eac124758e837cbd80a6f633/library/std/src/panicking.rs:515:5
[INFO] [stderr]     14:     0x55f2a430cc3b - std::panicking::begin_panic_fmt::h5479575e112541f8
[INFO] [stderr]                                  at /rustc/a178d0322ce20e33eac124758e837cbd80a6f633/library/std/src/panicking.rs:457:5
[INFO] [stderr]     15:     0x55f2a43507e3 - gcc::fail::hacc37a20f00ef74c
[INFO] [stderr]                                  at /opt/rustwide/cargo-home/registry/src/github.com-1ecc6299db9ec823/gcc-0.3.54/src/lib.rs:1670:5
[INFO] [stderr]     16:     0x55f2a434283f - gcc::Build::compile::h58c6a4756eb4c6de
[INFO] [stderr]                                  at /opt/rustwide/cargo-home/registry/src/github.com-1ecc6299db9ec823/gcc-0.3.54/src/lib.rs:783:13
[INFO] [stderr]     17:     0x55f2a430deb9 - build_script_build::build_libtcod_objects::h0a95230117417e02
[INFO] [stderr]                                  at /opt/rustwide/cargo-home/registry/src/github.com-1ecc6299db9ec823/tcod-sys-4.1.0/build.rs:26:5
[INFO] [stderr]     18:     0x55f2a430ea43 - build_script_build::main::h7c798cc1a10be69a
[INFO] [stderr]                                  at /opt/rustwide/cargo-home/registry/src/github.com-1ecc6299db9ec823/tcod-sys-4.1.0/build.rs:122:13
[INFO] [stderr]     19:     0x55f2a431421b - core::ops::function::FnOnce::call_once::h1ca05190be7c315a
[INFO] [stderr]                                  at /rustc/a178d0322ce20e33eac124758e837cbd80a6f633/library/core/src/ops/function.rs:227:5
[INFO] [stderr]     20:     0x55f2a4312b3e - std::sys_common::backtrace::__rust_begin_short_backtrace::h0d5837a4746fcbd2
[INFO] [stderr]                                  at /rustc/a178d0322ce20e33eac124758e837cbd80a6f633/library/std/src/sys_common/backtrace.rs:125:18
[INFO] [stderr]     21:     0x55f2a4314641 - std::rt::lang_start::{{closure}}::h94d456dcd813a8f0
[INFO] [stderr]                                  at /rustc/a178d0322ce20e33eac124758e837cbd80a6f633/library/std/src/rt.rs:49:18
[INFO] [stderr]     22:     0x55f2a4390309 - core::ops::function::impls::<impl core::ops::function::FnOnce<A> for &F>::call_once::h2aabc384aab89b7b
[INFO] [stderr]                                  at /rustc/a178d0322ce20e33eac124758e837cbd80a6f633/library/core/src/ops/function.rs:259:13
[INFO] [stderr]     23:     0x55f2a4390309 - std::panicking::try::do_call::hc5fcacb7a85fc7b1
[INFO] [stderr]                                  at /rustc/a178d0322ce20e33eac124758e837cbd80a6f633/library/std/src/panicking.rs:401:40
[INFO] [stderr]     24:     0x55f2a4390309 - std::panicking::try::hb5d9603af3abbe3a
[INFO] [stderr]                                  at /rustc/a178d0322ce20e33eac124758e837cbd80a6f633/library/std/src/panicking.rs:365:19
[INFO] [stderr]     25:     0x55f2a4390309 - std::panic::catch_unwind::h98fe6ac3925e64b4
[INFO] [stderr]                                  at /rustc/a178d0322ce20e33eac124758e837cbd80a6f633/library/std/src/panic.rs:434:14
[INFO] [stderr]     26:     0x55f2a4390309 - std::rt::lang_start_internal::h22ac7383c516f93e
[INFO] [stderr]                                  at /rustc/a178d0322ce20e33eac124758e837cbd80a6f633/library/std/src/rt.rs:34:21
[INFO] [stderr]     27:     0x55f2a4314620 - std::rt::lang_start::h8da33ac3762e56f6
[INFO] [stderr]                                  at /rustc/a178d0322ce20e33eac124758e837cbd80a6f633/library/std/src/rt.rs:48:5
[INFO] [stderr]     28:     0x55f2a431230c - main
[INFO] [stderr]     29:     0x7f2e831e60b3 - __libc_start_main
[INFO] [stderr]     30:     0x55f2a430db4e - _start
[INFO] [stderr]     31:                0x0 - <unknown>
[INFO] running `Command { std: "docker" "inspect" "f0925ba7864481519090d6d62635afd1e6a7ebf134afd9f38e7df5c32e226864", kill_on_drop: false }`
[INFO] running `Command { std: "docker" "rm" "-f" "f0925ba7864481519090d6d62635afd1e6a7ebf134afd9f38e7df5c32e226864", kill_on_drop: false }`
[INFO] [stdout] f0925ba7864481519090d6d62635afd1e6a7ebf134afd9f38e7df5c32e226864
