[INFO] cloning repository https://github.com/ximon18/kmip-client
[INFO] running `Command { std: "git" "-c" "credential.helper=" "-c" "credential.helper=/workspace/cargo-home/bin/git-credential-null" "clone" "--bare" "https://github.com/ximon18/kmip-client" "/workspace/cache/git-repos/https%3A%2F%2Fgithub.com%2Fximon18%2Fkmip-client", kill_on_drop: false }`
[INFO] [stderr] Cloning into bare repository '/workspace/cache/git-repos/https%3A%2F%2Fgithub.com%2Fximon18%2Fkmip-client'...
[INFO] running `Command { std: "git" "rev-parse" "HEAD", kill_on_drop: false }`
[INFO] [stdout] a2904e1374f9106fd054e51e4dff0646ddf78e1a
[INFO] testing ximon18/kmip-client against 1.54.0 for beta-1.55-1
[INFO] running `Command { std: "git" "clone" "/workspace/cache/git-repos/https%3A%2F%2Fgithub.com%2Fximon18%2Fkmip-client" "/workspace/builds/worker-92/source", kill_on_drop: false }`
[INFO] [stderr] Cloning into '/workspace/builds/worker-92/source'...
[INFO] [stderr] done.
[INFO] validating manifest of git repo https://github.com/ximon18/kmip-client on toolchain 1.54.0
[INFO] running `Command { std: "/workspace/cargo-home/bin/cargo" "+1.54.0" "metadata" "--manifest-path" "Cargo.toml" "--no-deps", kill_on_drop: false }`
[INFO] started tweaking git repo https://github.com/ximon18/kmip-client
[INFO] finished tweaking git repo https://github.com/ximon18/kmip-client
[INFO] tweaked toml for git repo https://github.com/ximon18/kmip-client written to /workspace/builds/worker-92/source/Cargo.toml
[INFO] crate git repo https://github.com/ximon18/kmip-client already has a lockfile, it will not be regenerated
[INFO] running `Command { std: "/workspace/cargo-home/bin/cargo" "+1.54.0" "fetch" "--manifest-path" "Cargo.toml", kill_on_drop: false }`
[INFO] [stderr]     Blocking waiting for file lock on package cache
[INFO] [stderr]     Blocking waiting for file lock on package cache
[INFO] running `Command { std: "docker" "create" "-v" "/var/lib/crater-agent-workspace/builds/worker-92/target:/opt/rustwide/target:rw,Z" "-v" "/var/lib/crater-agent-workspace/builds/worker-92/source:/opt/rustwide/workdir:ro,Z" "-v" "/var/lib/crater-agent-workspace/cargo-home:/opt/rustwide/cargo-home:ro,Z" "-v" "/var/lib/crater-agent-workspace/rustup-home:/opt/rustwide/rustup-home:ro,Z" "-e" "SOURCE_DIR=/opt/rustwide/workdir" "-e" "CARGO_TARGET_DIR=/opt/rustwide/target" "-e" "CARGO_HOME=/opt/rustwide/cargo-home" "-e" "RUSTUP_HOME=/opt/rustwide/rustup-home" "-w" "/opt/rustwide/workdir" "-m" "1610612736" "--user" "0:0" "--network" "none" "ghcr.io/rust-lang/crates-build-env/linux@sha256:34b6a614d2c27851fe6cbf88fbd1137609cefab8b10d0615aaeb6fd47975d74e" "/opt/rustwide/cargo-home/bin/cargo" "+1.54.0" "metadata" "--no-deps" "--format-version=1", kill_on_drop: false }`
[INFO] [stdout] a1a5aad7fda71cf67e0c16061c7a6926d139f3c3bc9caedaa827afcefcce5a99
[INFO] running `Command { std: "docker" "start" "-a" "a1a5aad7fda71cf67e0c16061c7a6926d139f3c3bc9caedaa827afcefcce5a99", kill_on_drop: false }`
[INFO] running `Command { std: "docker" "inspect" "a1a5aad7fda71cf67e0c16061c7a6926d139f3c3bc9caedaa827afcefcce5a99", kill_on_drop: false }`
[INFO] running `Command { std: "docker" "rm" "-f" "a1a5aad7fda71cf67e0c16061c7a6926d139f3c3bc9caedaa827afcefcce5a99", kill_on_drop: false }`
[INFO] [stdout] a1a5aad7fda71cf67e0c16061c7a6926d139f3c3bc9caedaa827afcefcce5a99
[INFO] running `Command { std: "docker" "create" "-v" "/var/lib/crater-agent-workspace/builds/worker-92/target:/opt/rustwide/target:rw,Z" "-v" "/var/lib/crater-agent-workspace/builds/worker-92/source:/opt/rustwide/workdir:ro,Z" "-v" "/var/lib/crater-agent-workspace/cargo-home:/opt/rustwide/cargo-home:ro,Z" "-v" "/var/lib/crater-agent-workspace/rustup-home:/opt/rustwide/rustup-home:ro,Z" "-e" "SOURCE_DIR=/opt/rustwide/workdir" "-e" "CARGO_TARGET_DIR=/opt/rustwide/target" "-e" "CARGO_INCREMENTAL=0" "-e" "RUST_BACKTRACE=full" "-e" "RUSTFLAGS=--cap-lints=warn" "-e" "CARGO_HOME=/opt/rustwide/cargo-home" "-e" "RUSTUP_HOME=/opt/rustwide/rustup-home" "-w" "/opt/rustwide/workdir" "-m" "1610612736" "--user" "0:0" "--network" "none" "ghcr.io/rust-lang/crates-build-env/linux@sha256:34b6a614d2c27851fe6cbf88fbd1137609cefab8b10d0615aaeb6fd47975d74e" "/opt/rustwide/cargo-home/bin/cargo" "+1.54.0" "build" "--frozen" "--message-format=json", kill_on_drop: false }`
[INFO] [stdout] cb12f690f5d6fe91d6b781e98d3ae06906a1a329338a1471836c6c80fe9cc0b3
[INFO] running `Command { std: "docker" "start" "-a" "cb12f690f5d6fe91d6b781e98d3ae06906a1a329338a1471836c6c80fe9cc0b3", kill_on_drop: false }`
[INFO] [stderr]    Compiling proc-macro2 v1.0.26
[INFO] [stderr]    Compiling syn v1.0.72
[INFO] [stderr]    Compiling pkg-config v0.3.19
[INFO] [stderr]    Compiling cc v1.0.67
[INFO] [stderr]    Compiling libc v0.2.94
[INFO] [stderr]    Compiling foreign-types-shared v0.1.1
[INFO] [stderr]    Compiling openssl v0.10.34
[INFO] [stderr]    Compiling log v0.4.14
[INFO] [stderr]    Compiling once_cell v1.7.2
[INFO] [stderr]    Compiling hex v0.4.3
[INFO] [stderr]    Compiling num-traits v0.2.14
[INFO] [stderr]    Compiling num-integer v0.1.44
[INFO] [stderr]    Compiling num-bigint v0.4.0
[INFO] [stderr]    Compiling num-rational v0.4.0
[INFO] [stderr]    Compiling num-iter v0.1.42
[INFO] [stderr]    Compiling bitflags v1.2.1
[INFO] [stderr]    Compiling scroll v0.9.2
[INFO] [stderr]    Compiling foreign-types v0.3.2
[INFO] [stderr]    Compiling openssl-sys v0.9.62
[INFO] [stderr]    Compiling quote v1.0.9
[INFO] [stderr]    Compiling num-complex v0.4.0
[INFO] [stderr]    Compiling num v0.4.0
[INFO] [stderr]    Compiling enumflags2_derive v0.7.0
[INFO] [stderr]    Compiling num-derive v0.3.3
[INFO] [stderr]    Compiling enumflags2 v0.7.1
[INFO] [stderr]    Compiling kmip-ttlv v0.2.1 (https://github.com/ximon18/ttlv?tag=v0.2.1#00edd4ed)
[INFO] [stderr]    Compiling kmip v0.2.1 (https://github.com/ximon18/kmip?tag=v0.2.1#39527ca7)
[INFO] [stdout] error[E0433]: failed to resolve: use of undeclared crate or module `ttlv`
[INFO] [stdout]  --> /opt/rustwide/cargo-home/git/checkouts/kmip-e472d2e65c5ee513/39527ca/src/kmip.rs:9:5
[INFO] [stdout]   |
[INFO] [stdout] 9 | use ttlv::{Error as TtlvError, Ttlv, Value::*};
[INFO] [stdout]   |     ^^^^ use of undeclared crate or module `ttlv`
[INFO] [stdout] 
[INFO] [stdout] 
[INFO] [stdout] error[E0432]: unresolved import `ttlv`
[INFO] [stdout]   --> /opt/rustwide/cargo-home/git/checkouts/kmip-e472d2e65c5ee513/39527ca/src/lib.rs:14:9
[INFO] [stdout]    |
[INFO] [stdout] 14 | pub use ttlv;
[INFO] [stdout]    |         ^^^^ no external crate `ttlv`
[INFO] [stdout] 
[INFO] [stdout] 
[INFO] [stdout] error[E0432]: unresolved import `ttlv`
[INFO] [stdout]  --> /opt/rustwide/cargo-home/git/checkouts/kmip-e472d2e65c5ee513/39527ca/src/kmip.rs:9:5
[INFO] [stdout]   |
[INFO] [stdout] 9 | use ttlv::{Error as TtlvError, Ttlv, Value::*};
[INFO] [stdout]   |     ^^^^ use of undeclared crate or module `ttlv`
[INFO] [stdout] 
[INFO] [stdout] 
[INFO] [stdout] error[E0425]: cannot find function, tuple struct or tuple variant `Structure` in this scope
[INFO] [stdout]   --> /opt/rustwide/cargo-home/git/checkouts/kmip-e472d2e65c5ee513/39527ca/src/kmip.rs:40:9
[INFO] [stdout]    |
[INFO] [stdout] 40 |         Structure(vec![
[INFO] [stdout]    |         ^^^^^^^^^ not found in this scope
[INFO] [stdout]    |
[INFO] [stdout] help: consider importing this tuple variant
[INFO] [stdout]    |
[INFO] [stdout] 5  | use kmip_ttlv::Value::Structure;
[INFO] [stdout]    |
[INFO] [stdout] 
[INFO] [stdout] 
[INFO] [stdout] error[E0425]: cannot find function, tuple struct or tuple variant `Integer` in this scope
[INFO] [stdout]   --> /opt/rustwide/cargo-home/git/checkouts/kmip-e472d2e65c5ee513/39527ca/src/kmip.rs:41:50
[INFO] [stdout]    |
[INFO] [stdout] 41 |             Ttlv::new(Tag::ProtocolVersionMajor, Integer(KMIP_PROTOCOL_VERSION.0)),
[INFO] [stdout]    |                                                  ^^^^^^^ not found in this scope
[INFO] [stdout]    |
[INFO] [stdout] help: consider importing this tuple variant
[INFO] [stdout]    |
[INFO] [stdout] 5  | use kmip_ttlv::Value::Integer;
[INFO] [stdout]    |
[INFO] [stdout] 
[INFO] [stdout] 
[INFO] [stdout] error[E0425]: cannot find function, tuple struct or tuple variant `Integer` in this scope
[INFO] [stdout]   --> /opt/rustwide/cargo-home/git/checkouts/kmip-e472d2e65c5ee513/39527ca/src/kmip.rs:42:50
[INFO] [stdout]    |
[INFO] [stdout] 42 |             Ttlv::new(Tag::ProtocolVersionMinor, Integer(KMIP_PROTOCOL_VERSION.1)),
[INFO] [stdout]    |                                                  ^^^^^^^ not found in this scope
[INFO] [stdout]    |
[INFO] [stdout] help: consider importing this tuple variant
[INFO] [stdout]    |
[INFO] [stdout] 5  | use kmip_ttlv::Value::Integer;
[INFO] [stdout]    |
[INFO] [stdout] 
[INFO] [stdout] 
[INFO] [stdout] error[E0425]: cannot find function, tuple struct or tuple variant `Structure` in this scope
[INFO] [stdout]   --> /opt/rustwide/cargo-home/git/checkouts/kmip-e472d2e65c5ee513/39527ca/src/kmip.rs:49:13
[INFO] [stdout]    |
[INFO] [stdout] 49 |             Structure(vec![Ttlv::new(
[INFO] [stdout]    |             ^^^^^^^^^ not found in this scope
[INFO] [stdout]    |
[INFO] [stdout] help: consider importing this tuple variant
[INFO] [stdout]    |
[INFO] [stdout] 5  | use kmip_ttlv::Value::Structure;
[INFO] [stdout]    |
[INFO] [stdout] 
[INFO] [stdout] 
[INFO] [stdout] error[E0425]: cannot find function, tuple struct or tuple variant `Structure` in this scope
[INFO] [stdout]   --> /opt/rustwide/cargo-home/git/checkouts/kmip-e472d2e65c5ee513/39527ca/src/kmip.rs:51:17
[INFO] [stdout]    |
[INFO] [stdout] 51 |                 Structure(vec![
[INFO] [stdout]    |                 ^^^^^^^^^ not found in this scope
[INFO] [stdout]    |
[INFO] [stdout] help: consider importing this tuple variant
[INFO] [stdout]    |
[INFO] [stdout] 5  | use kmip_ttlv::Value::Structure;
[INFO] [stdout]    |
[INFO] [stdout] 
[INFO] [stdout] 
[INFO] [stdout] error[E0425]: cannot find function, tuple struct or tuple variant `Enumeration` in this scope
[INFO] [stdout]   --> /opt/rustwide/cargo-home/git/checkouts/kmip-e472d2e65c5ee513/39527ca/src/kmip.rs:54:25
[INFO] [stdout]    |
[INFO] [stdout] 54 |                         Enumeration(CredentialType::UsernamePassword as u32),
[INFO] [stdout]    |                         ^^^^^^^^^^^ not found in this scope
[INFO] [stdout]    |
[INFO] [stdout] help: consider importing this tuple variant
[INFO] [stdout]    |
[INFO] [stdout] 5  | use kmip_ttlv::Value::Enumeration;
[INFO] [stdout]    |
[INFO] [stdout] 
[INFO] [stdout] 
[INFO] [stdout] error[E0425]: cannot find function, tuple struct or tuple variant `Structure` in this scope
[INFO] [stdout]   --> /opt/rustwide/cargo-home/git/checkouts/kmip-e472d2e65c5ee513/39527ca/src/kmip.rs:58:25
[INFO] [stdout]    |
[INFO] [stdout] 58 |                         Structure(vec![
[INFO] [stdout]    |                         ^^^^^^^^^ not found in this scope
[INFO] [stdout]    |
[INFO] [stdout] help: consider importing this tuple variant
[INFO] [stdout]    |
[INFO] [stdout] 5  | use kmip_ttlv::Value::Structure;
[INFO] [stdout]    |
[INFO] [stdout] 
[INFO] [stdout] 
[INFO] [stdout] error[E0425]: cannot find function, tuple struct or tuple variant `TextString` in this scope
[INFO] [stdout]   --> /opt/rustwide/cargo-home/git/checkouts/kmip-e472d2e65c5ee513/39527ca/src/kmip.rs:59:54
[INFO] [stdout]    |
[INFO] [stdout] 59 | ...                   Ttlv::new(Tag::Username, TextString(username)),
[INFO] [stdout]    |                                                ^^^^^^^^^^ not found in this scope
[INFO] [stdout]    |
[INFO] [stdout] help: consider importing this tuple variant
[INFO] [stdout]    |
[INFO] [stdout] 5  | use kmip_ttlv::Value::TextString;
[INFO] [stdout]    |
[INFO] [stdout] 
[INFO] [stdout] 
[INFO] [stdout] error[E0425]: cannot find function, tuple struct or tuple variant `TextString` in this scope
[INFO] [stdout]   --> /opt/rustwide/cargo-home/git/checkouts/kmip-e472d2e65c5ee513/39527ca/src/kmip.rs:60:54
[INFO] [stdout]    |
[INFO] [stdout] 60 | ...                   Ttlv::new(Tag::Password, TextString(password)),
[INFO] [stdout]    |                                                ^^^^^^^^^^ not found in this scope
[INFO] [stdout]    |
[INFO] [stdout] help: consider importing this tuple variant
[INFO] [stdout]    |
[INFO] [stdout] 5  | use kmip_ttlv::Value::TextString;
[INFO] [stdout]    |
[INFO] [stdout] 
[INFO] [stdout] 
[INFO] [stdout] error[E0425]: cannot find function, tuple struct or tuple variant `Integer` in this scope
[INFO] [stdout]   --> /opt/rustwide/cargo-home/git/checkouts/kmip-e472d2e65c5ee513/39527ca/src/kmip.rs:68:52
[INFO] [stdout]    |
[INFO] [stdout] 68 |     request_header.push(Ttlv::new(Tag::BatchCount, Integer(1)));
[INFO] [stdout]    |                                                    ^^^^^^^ not found in this scope
[INFO] [stdout]    |
[INFO] [stdout] help: consider importing this tuple variant
[INFO] [stdout]    |
[INFO] [stdout] 5  | use kmip_ttlv::Value::Integer;
[INFO] [stdout]    |
[INFO] [stdout] 
[INFO] [stdout] 
[INFO] [stdout] error[E0425]: cannot find function, tuple struct or tuple variant `Structure` in this scope
[INFO] [stdout]   --> /opt/rustwide/cargo-home/git/checkouts/kmip-e472d2e65c5ee513/39527ca/src/kmip.rs:72:9
[INFO] [stdout]    |
[INFO] [stdout] 72 |         Structure(vec![
[INFO] [stdout]    |         ^^^^^^^^^ not found in this scope
[INFO] [stdout]    |
[INFO] [stdout] help: consider importing this tuple variant
[INFO] [stdout]    |
[INFO] [stdout] 5  | use kmip_ttlv::Value::Structure;
[INFO] [stdout]    |
[INFO] [stdout] 
[INFO] [stdout] 
[INFO] [stdout] error[E0425]: cannot find function, tuple struct or tuple variant `Structure` in this scope
[INFO] [stdout]   --> /opt/rustwide/cargo-home/git/checkouts/kmip-e472d2e65c5ee513/39527ca/src/kmip.rs:73:43
[INFO] [stdout]    |
[INFO] [stdout] 73 |             Ttlv::new(Tag::RequestHeader, Structure(request_header)),
[INFO] [stdout]    |                                           ^^^^^^^^^ not found in this scope
[INFO] [stdout]    |
[INFO] [stdout] help: consider importing this tuple variant
[INFO] [stdout]    |
[INFO] [stdout] 5  | use kmip_ttlv::Value::Structure;
[INFO] [stdout]    |
[INFO] [stdout] 
[INFO] [stdout] 
[INFO] [stdout] error[E0425]: cannot find function, tuple struct or tuple variant `Structure` in this scope
[INFO] [stdout]   --> /opt/rustwide/cargo-home/git/checkouts/kmip-e472d2e65c5ee513/39527ca/src/kmip.rs:76:17
[INFO] [stdout]    |
[INFO] [stdout] 76 |                 Structure(vec![
[INFO] [stdout]    |                 ^^^^^^^^^ not found in this scope
[INFO] [stdout]    |
[INFO] [stdout] help: consider importing this tuple variant
[INFO] [stdout]    |
[INFO] [stdout] 5  | use kmip_ttlv::Value::Structure;
[INFO] [stdout]    |
[INFO] [stdout] 
[INFO] [stdout] 
[INFO] [stdout] error[E0425]: cannot find function, tuple struct or tuple variant `Enumeration` in this scope
[INFO] [stdout]   --> /opt/rustwide/cargo-home/git/checkouts/kmip-e472d2e65c5ee513/39527ca/src/kmip.rs:77:47
[INFO] [stdout]    |
[INFO] [stdout] 77 |                     Ttlv::new(Tag::Operation, Enumeration(operation as u32)),
[INFO] [stdout]    |                                               ^^^^^^^^^^^ not found in this scope
[INFO] [stdout]    |
[INFO] [stdout] help: consider importing this tuple variant
[INFO] [stdout]    |
[INFO] [stdout] 5  | use kmip_ttlv::Value::Enumeration;
[INFO] [stdout]    |
[INFO] [stdout] 
[INFO] [stdout] 
[INFO] [stdout] error[E0425]: cannot find function, tuple struct or tuple variant `Structure` in this scope
[INFO] [stdout]   --> /opt/rustwide/cargo-home/git/checkouts/kmip-e472d2e65c5ee513/39527ca/src/kmip.rs:91:13
[INFO] [stdout]    |
[INFO] [stdout] 91 |             Structure(vec![
[INFO] [stdout]    |             ^^^^^^^^^ not found in this scope
[INFO] [stdout]    |
[INFO] [stdout] help: consider importing this tuple variant
[INFO] [stdout]    |
[INFO] [stdout] 5  | use kmip_ttlv::Value::Structure;
[INFO] [stdout]    |
[INFO] [stdout] 
[INFO] [stdout] 
[INFO] [stdout] error[E0425]: cannot find function, tuple struct or tuple variant `TextString` in this scope
[INFO] [stdout]   --> /opt/rustwide/cargo-home/git/checkouts/kmip-e472d2e65c5ee513/39527ca/src/kmip.rs:92:47
[INFO] [stdout]    |
[INFO] [stdout] 92 |                 Ttlv::new(Tag::AttributeName, TextString(ATTR_NAME_NAME)),
[INFO] [stdout]    |                                               ^^^^^^^^^^ not found in this scope
[INFO] [stdout]    |
[INFO] [stdout] help: consider importing this tuple variant
[INFO] [stdout]    |
[INFO] [stdout] 5  | use kmip_ttlv::Value::TextString;
[INFO] [stdout]    |
[INFO] [stdout] 
[INFO] [stdout] 
[INFO] [stdout] error[E0425]: cannot find function, tuple struct or tuple variant `Structure` in this scope
[INFO] [stdout]   --> /opt/rustwide/cargo-home/git/checkouts/kmip-e472d2e65c5ee513/39527ca/src/kmip.rs:95:21
[INFO] [stdout]    |
[INFO] [stdout] 95 |                     Structure(vec![
[INFO] [stdout]    |                     ^^^^^^^^^ not found in this scope
[INFO] [stdout]    |
[INFO] [stdout] help: consider importing this tuple variant
[INFO] [stdout]    |
[INFO] [stdout] 5  | use kmip_ttlv::Value::Structure;
[INFO] [stdout]    |
[INFO] [stdout] 
[INFO] [stdout] 
[INFO] [stdout] error[E0425]: cannot find function, tuple struct or tuple variant `TextString` in this scope
[INFO] [stdout]   --> /opt/rustwide/cargo-home/git/checkouts/kmip-e472d2e65c5ee513/39527ca/src/kmip.rs:96:51
[INFO] [stdout]    |
[INFO] [stdout] 96 |                         Ttlv::new(Tag::NameValue, TextString(key_name)),
[INFO] [stdout]    |                                                   ^^^^^^^^^^ not found in this scope
[INFO] [stdout]    |
[INFO] [stdout] help: consider importing this tuple variant
[INFO] [stdout]    |
[INFO] [stdout] 5  | use kmip_ttlv::Value::TextString;
[INFO] [stdout]    |
[INFO] [stdout] 
[INFO] [stdout] 
[INFO] [stdout] error[E0425]: cannot find function, tuple struct or tuple variant `Enumeration` in this scope
[INFO] [stdout]   --> /opt/rustwide/cargo-home/git/checkouts/kmip-e472d2e65c5ee513/39527ca/src/kmip.rs:99:29
[INFO] [stdout]    |
[INFO] [stdout] 99 | ...                   Enumeration(Name::UninterpretedTextString as u32),
[INFO] [stdout]    |                       ^^^^^^^^^^^ not found in this scope
[INFO] [stdout]    |
[INFO] [stdout] help: consider importing this tuple variant
[INFO] [stdout]    |
[INFO] [stdout] 5  | use kmip_ttlv::Value::Enumeration;
[INFO] [stdout]    |
[INFO] [stdout] 
[INFO] [stdout] 
[INFO] [stdout] error[E0425]: cannot find function, tuple struct or tuple variant `Structure` in this scope
[INFO] [stdout]    --> /opt/rustwide/cargo-home/git/checkouts/kmip-e472d2e65c5ee513/39527ca/src/kmip.rs:110:13
[INFO] [stdout]     |
[INFO] [stdout] 110 |             Structure(vec![
[INFO] [stdout]     |             ^^^^^^^^^ not found in this scope
[INFO] [stdout]     |
[INFO] [stdout] help: consider importing this tuple variant
[INFO] [stdout]     |
[INFO] [stdout] 5   | use kmip_ttlv::Value::Structure;
[INFO] [stdout]     |
[INFO] [stdout] 
[INFO] [stdout] 
[INFO] [stdout] error[E0425]: cannot find function, tuple struct or tuple variant `TextString` in this scope
[INFO] [stdout]    --> /opt/rustwide/cargo-home/git/checkouts/kmip-e472d2e65c5ee513/39527ca/src/kmip.rs:111:47
[INFO] [stdout]     |
[INFO] [stdout] 111 |                 Ttlv::new(Tag::AttributeName, TextString(ATTR_NAME_OBJECT_TYPE)),
[INFO] [stdout]     |                                               ^^^^^^^^^^ not found in this scope
[INFO] [stdout]     |
[INFO] [stdout] help: consider importing this tuple variant
[INFO] [stdout]     |
[INFO] [stdout] 5   | use kmip_ttlv::Value::TextString;
[INFO] [stdout]     |
[INFO] [stdout] 
[INFO] [stdout] 
[INFO] [stdout] error[E0425]: cannot find function, tuple struct or tuple variant `Enumeration` in this scope
[INFO] [stdout]    --> /opt/rustwide/cargo-home/git/checkouts/kmip-e472d2e65c5ee513/39527ca/src/kmip.rs:114:21
[INFO] [stdout]     |
[INFO] [stdout] 114 |                     Enumeration(object_type as u32)
[INFO] [stdout]     |                     ^^^^^^^^^^^ not found in this scope
[INFO] [stdout]     |
[INFO] [stdout] help: consider importing this tuple variant
[INFO] [stdout]     |
[INFO] [stdout] 5   | use kmip_ttlv::Value::Enumeration;
[INFO] [stdout]     |
[INFO] [stdout] 
[INFO] [stdout] 
[INFO] [stdout] error[E0425]: cannot find function, tuple struct or tuple variant `Structure` in this scope
[INFO] [stdout]    --> /opt/rustwide/cargo-home/git/checkouts/kmip-e472d2e65c5ee513/39527ca/src/kmip.rs:122:9
[INFO] [stdout]     |
[INFO] [stdout] 122 |         Structure(payload),
[INFO] [stdout]     |         ^^^^^^^^^ not found in this scope
[INFO] [stdout]     |
[INFO] [stdout] help: consider importing this tuple variant
[INFO] [stdout]     |
[INFO] [stdout] 5   | use kmip_ttlv::Value::Structure;
[INFO] [stdout]     |
[INFO] [stdout] 
[INFO] [stdout] 
[INFO] [stdout] error[E0425]: cannot find function, tuple struct or tuple variant `Structure` in this scope
[INFO] [stdout]    --> /opt/rustwide/cargo-home/git/checkouts/kmip-e472d2e65c5ee513/39527ca/src/kmip.rs:131:9
[INFO] [stdout]     |
[INFO] [stdout] 131 |         Structure(vec![
[INFO] [stdout]     |         ^^^^^^^^^ not found in this scope
[INFO] [stdout]     |
[INFO] [stdout] help: consider importing this tuple variant
[INFO] [stdout]     |
[INFO] [stdout] 5   | use kmip_ttlv::Value::Structure;
[INFO] [stdout]     |
[INFO] [stdout] 
[INFO] [stdout] 
[INFO] [stdout] error[E0425]: cannot find function, tuple struct or tuple variant `Enumeration` in this scope
[INFO] [stdout]    --> /opt/rustwide/cargo-home/git/checkouts/kmip-e472d2e65c5ee513/39527ca/src/kmip.rs:132:43
[INFO] [stdout]     |
[INFO] [stdout] 132 |             Ttlv::new(Tag::QueryFunction, Enumeration(QueryFunction::QueryOperations as u32)),
[INFO] [stdout]     |                                           ^^^^^^^^^^^ not found in this scope
[INFO] [stdout]     |
[INFO] [stdout] help: consider importing this tuple variant
[INFO] [stdout]     |
[INFO] [stdout] 5   | use kmip_ttlv::Value::Enumeration;
[INFO] [stdout]     |
[INFO] [stdout] 
[INFO] [stdout] 
[INFO] [stdout] error[E0425]: cannot find function, tuple struct or tuple variant `Enumeration` in this scope
[INFO] [stdout]    --> /opt/rustwide/cargo-home/git/checkouts/kmip-e472d2e65c5ee513/39527ca/src/kmip.rs:133:43
[INFO] [stdout]     |
[INFO] [stdout] 133 |             Ttlv::new(Tag::QueryFunction, Enumeration(QueryFunction::QueryServerInformation as u32))
[INFO] [stdout]     |                                           ^^^^^^^^^^^ not found in this scope
[INFO] [stdout]     |
[INFO] [stdout] help: consider importing this tuple variant
[INFO] [stdout]     |
[INFO] [stdout] 5   | use kmip_ttlv::Value::Enumeration;
[INFO] [stdout]     |
[INFO] [stdout] 
[INFO] [stdout] 
[INFO] [stdout] error[E0425]: cannot find function, tuple struct or tuple variant `Structure` in this scope
[INFO] [stdout]    --> /opt/rustwide/cargo-home/git/checkouts/kmip-e472d2e65c5ee513/39527ca/src/kmip.rs:145:50
[INFO] [stdout]     |
[INFO] [stdout] 145 |     let payload = Ttlv::new(Tag::RequestPayload, Structure(vec![]));
[INFO] [stdout]     |                                                  ^^^^^^^^^ not found in this scope
[INFO] [stdout]     |
[INFO] [stdout] help: consider importing this tuple variant
[INFO] [stdout]     |
[INFO] [stdout] 5   | use kmip_ttlv::Value::Structure;
[INFO] [stdout]     |
[INFO] [stdout] 
[INFO] [stdout] 
[INFO] [stdout] error[E0425]: cannot find function, tuple struct or tuple variant `Structure` in this scope
[INFO] [stdout]    --> /opt/rustwide/cargo-home/git/checkouts/kmip-e472d2e65c5ee513/39527ca/src/kmip.rs:152:9
[INFO] [stdout]     |
[INFO] [stdout] 152 |         Structure(vec![Ttlv::new(Tag::UniqueIdentifier, TextString(id))]),
[INFO] [stdout]     |         ^^^^^^^^^ not found in this scope
[INFO] [stdout]     |
[INFO] [stdout] help: consider importing this tuple variant
[INFO] [stdout]     |
[INFO] [stdout] 5   | use kmip_ttlv::Value::Structure;
[INFO] [stdout]     |
[INFO] [stdout] 
[INFO] [stdout] 
[INFO] [stdout] error[E0425]: cannot find function, tuple struct or tuple variant `TextString` in this scope
[INFO] [stdout]    --> /opt/rustwide/cargo-home/git/checkouts/kmip-e472d2e65c5ee513/39527ca/src/kmip.rs:152:57
[INFO] [stdout]     |
[INFO] [stdout] 152 |         Structure(vec![Ttlv::new(Tag::UniqueIdentifier, TextString(id))]),
[INFO] [stdout]     |                                                         ^^^^^^^^^^ not found in this scope
[INFO] [stdout]     |
[INFO] [stdout] help: consider importing this tuple variant
[INFO] [stdout]     |
[INFO] [stdout] 5   | use kmip_ttlv::Value::TextString;
[INFO] [stdout]     |
[INFO] [stdout] 
[INFO] [stdout] 
[INFO] [stdout] error[E0425]: cannot find function, tuple struct or tuple variant `Structure` in this scope
[INFO] [stdout]    --> /opt/rustwide/cargo-home/git/checkouts/kmip-e472d2e65c5ee513/39527ca/src/kmip.rs:160:9
[INFO] [stdout]     |
[INFO] [stdout] 160 |         Structure(vec![Ttlv::new(Tag::UniqueIdentifier, TextString(id))]),
[INFO] [stdout]     |         ^^^^^^^^^ not found in this scope
[INFO] [stdout]     |
[INFO] [stdout] help: consider importing this tuple variant
[INFO] [stdout]     |
[INFO] [stdout] 5   | use kmip_ttlv::Value::Structure;
[INFO] [stdout]     |
[INFO] [stdout] 
[INFO] [stdout] 
[INFO] [stdout] error[E0425]: cannot find function, tuple struct or tuple variant `TextString` in this scope
[INFO] [stdout]    --> /opt/rustwide/cargo-home/git/checkouts/kmip-e472d2e65c5ee513/39527ca/src/kmip.rs:160:57
[INFO] [stdout]     |
[INFO] [stdout] 160 |         Structure(vec![Ttlv::new(Tag::UniqueIdentifier, TextString(id))]),
[INFO] [stdout]     |                                                         ^^^^^^^^^^ not found in this scope
[INFO] [stdout]     |
[INFO] [stdout] help: consider importing this tuple variant
[INFO] [stdout]     |
[INFO] [stdout] 5   | use kmip_ttlv::Value::TextString;
[INFO] [stdout]     |
[INFO] [stdout] 
[INFO] [stdout] 
[INFO] [stdout] error[E0425]: cannot find function, tuple struct or tuple variant `Structure` in this scope
[INFO] [stdout]    --> /opt/rustwide/cargo-home/git/checkouts/kmip-e472d2e65c5ee513/39527ca/src/kmip.rs:169:9
[INFO] [stdout]     |
[INFO] [stdout] 169 |         Structure(vec![
[INFO] [stdout]     |         ^^^^^^^^^ not found in this scope
[INFO] [stdout]     |
[INFO] [stdout] help: consider importing this tuple variant
[INFO] [stdout]     |
[INFO] [stdout] 5   | use kmip_ttlv::Value::Structure;
[INFO] [stdout]     |
[INFO] [stdout] 
[INFO] [stdout] 
[INFO] [stdout] error[E0425]: cannot find function, tuple struct or tuple variant `TextString` in this scope
[INFO] [stdout]    --> /opt/rustwide/cargo-home/git/checkouts/kmip-e472d2e65c5ee513/39527ca/src/kmip.rs:170:46
[INFO] [stdout]     |
[INFO] [stdout] 170 |             Ttlv::new(Tag::UniqueIdentifier, TextString(id)),
[INFO] [stdout]     |                                              ^^^^^^^^^^ not found in this scope
[INFO] [stdout]     |
[INFO] [stdout] help: consider importing this tuple variant
[INFO] [stdout]     |
[INFO] [stdout] 5   | use kmip_ttlv::Value::TextString;
[INFO] [stdout]     |
[INFO] [stdout] 
[INFO] [stdout] 
[INFO] [stdout] error[E0425]: cannot find function, tuple struct or tuple variant `TextString` in this scope
[INFO] [stdout]    --> /opt/rustwide/cargo-home/git/checkouts/kmip-e472d2e65c5ee513/39527ca/src/kmip.rs:171:43
[INFO] [stdout]     |
[INFO] [stdout] 171 |             Ttlv::new(Tag::AttributeName, TextString(attr_name)),
[INFO] [stdout]     |                                           ^^^^^^^^^^ not found in this scope
[INFO] [stdout]     |
[INFO] [stdout] help: consider importing this tuple variant
[INFO] [stdout]     |
[INFO] [stdout] 5   | use kmip_ttlv::Value::TextString;
[INFO] [stdout]     |
[INFO] [stdout] 
[INFO] [stdout] 
[INFO] [stdout] error[E0425]: cannot find function, tuple struct or tuple variant `Structure` in this scope
[INFO] [stdout]    --> /opt/rustwide/cargo-home/git/checkouts/kmip-e472d2e65c5ee513/39527ca/src/kmip.rs:180:9
[INFO] [stdout]     |
[INFO] [stdout] 180 |         Structure(vec![
[INFO] [stdout]     |         ^^^^^^^^^ not found in this scope
[INFO] [stdout]     |
[INFO] [stdout] help: consider importing this tuple variant
[INFO] [stdout]     |
[INFO] [stdout] 5   | use kmip_ttlv::Value::Structure;
[INFO] [stdout]     |
[INFO] [stdout] 
[INFO] [stdout] 
[INFO] [stdout] error[E0425]: cannot find function, tuple struct or tuple variant `TextString` in this scope
[INFO] [stdout]    --> /opt/rustwide/cargo-home/git/checkouts/kmip-e472d2e65c5ee513/39527ca/src/kmip.rs:181:46
[INFO] [stdout]     |
[INFO] [stdout] 181 |             Ttlv::new(Tag::UniqueIdentifier, TextString(id)),
[INFO] [stdout]     |                                              ^^^^^^^^^^ not found in this scope
[INFO] [stdout]     |
[INFO] [stdout] help: consider importing this tuple variant
[INFO] [stdout]     |
[INFO] [stdout] 5   | use kmip_ttlv::Value::TextString;
[INFO] [stdout]     |
[INFO] [stdout] 
[INFO] [stdout] 
[INFO] [stdout] error[E0425]: cannot find function, tuple struct or tuple variant `Structure` in this scope
[INFO] [stdout]    --> /opt/rustwide/cargo-home/git/checkouts/kmip-e472d2e65c5ee513/39527ca/src/kmip.rs:184:17
[INFO] [stdout]     |
[INFO] [stdout] 184 |                 Structure(vec![
[INFO] [stdout]     |                 ^^^^^^^^^ not found in this scope
[INFO] [stdout]     |
[INFO] [stdout] help: consider importing this tuple variant
[INFO] [stdout]     |
[INFO] [stdout] 5   | use kmip_ttlv::Value::Structure;
[INFO] [stdout]     |
[INFO] [stdout] 
[INFO] [stdout] 
[INFO] [stdout] error[E0425]: cannot find function, tuple struct or tuple variant `TextString` in this scope
[INFO] [stdout]    --> /opt/rustwide/cargo-home/git/checkouts/kmip-e472d2e65c5ee513/39527ca/src/kmip.rs:185:51
[INFO] [stdout]     |
[INFO] [stdout] 185 |                     Ttlv::new(Tag::AttributeName, TextString(ATTR_NAME_NAME)),
[INFO] [stdout]     |                                                   ^^^^^^^^^^ not found in this scope
[INFO] [stdout]     |
[INFO] [stdout] help: consider importing this tuple variant
[INFO] [stdout]     |
[INFO] [stdout] 5   | use kmip_ttlv::Value::TextString;
[INFO] [stdout]     |
[INFO] [stdout] 
[INFO] [stdout] 
[INFO] [stdout] error[E0425]: cannot find function, tuple struct or tuple variant `Structure` in this scope
[INFO] [stdout]    --> /opt/rustwide/cargo-home/git/checkouts/kmip-e472d2e65c5ee513/39527ca/src/kmip.rs:188:25
[INFO] [stdout]     |
[INFO] [stdout] 188 |                         Structure(vec![
[INFO] [stdout]     |                         ^^^^^^^^^ not found in this scope
[INFO] [stdout]     |
[INFO] [stdout] help: consider importing this tuple variant
[INFO] [stdout]     |
[INFO] [stdout] 5   | use kmip_ttlv::Value::Structure;
[INFO] [stdout]     |
[INFO] [stdout] 
[INFO] [stdout] 
[INFO] [stdout] error[E0425]: cannot find function, tuple struct or tuple variant `TextString` in this scope
[INFO] [stdout]    --> /opt/rustwide/cargo-home/git/checkouts/kmip-e472d2e65c5ee513/39527ca/src/kmip.rs:189:55
[INFO] [stdout]     |
[INFO] [stdout] 189 | ...                   Ttlv::new(Tag::NameValue, TextString(name)),
[INFO] [stdout]     |                                                 ^^^^^^^^^^ not found in this scope
[INFO] [stdout]     |
[INFO] [stdout] help: consider importing this tuple variant
[INFO] [stdout]     |
[INFO] [stdout] 5   | use kmip_ttlv::Value::TextString;
[INFO] [stdout]     |
[INFO] [stdout] 
[INFO] [stdout] 
[INFO] [stdout] error[E0425]: cannot find function, tuple struct or tuple variant `Enumeration` in this scope
[INFO] [stdout]    --> /opt/rustwide/cargo-home/git/checkouts/kmip-e472d2e65c5ee513/39527ca/src/kmip.rs:190:54
[INFO] [stdout]     |
[INFO] [stdout] 190 | ...                   Ttlv::new(Tag::NameType, Enumeration(Name::UninterpretedTextString as u32))
[INFO] [stdout]     |                                                ^^^^^^^^^^^ not found in this scope
[INFO] [stdout]     |
[INFO] [stdout] help: consider importing this tuple variant
[INFO] [stdout]     |
[INFO] [stdout] 5   | use kmip_ttlv::Value::Enumeration;
[INFO] [stdout]     |
[INFO] [stdout] 
[INFO] [stdout] 
[INFO] [stdout] error[E0425]: cannot find function, tuple struct or tuple variant `Enumeration` in this scope
[INFO] [stdout]    --> /opt/rustwide/cargo-home/git/checkouts/kmip-e472d2e65c5ee513/39527ca/src/kmip.rs:220:41
[INFO] [stdout]     |
[INFO] [stdout] 220 |         Ttlv::new(Tag::BlockCipherMode, Enumeration(cipher_mode as u32)),
[INFO] [stdout]     |                                         ^^^^^^^^^^^ not found in this scope
[INFO] [stdout]     |
[INFO] [stdout] help: consider importing this tuple variant
[INFO] [stdout]     |
[INFO] [stdout] 5   | use kmip_ttlv::Value::Enumeration;
[INFO] [stdout]     |
[INFO] [stdout] 
[INFO] [stdout] 
[INFO] [stdout] error[E0425]: cannot find function, tuple struct or tuple variant `Enumeration` in this scope
[INFO] [stdout]    --> /opt/rustwide/cargo-home/git/checkouts/kmip-e472d2e65c5ee513/39527ca/src/kmip.rs:221:39
[INFO] [stdout]     |
[INFO] [stdout] 221 |         Ttlv::new(Tag::PaddingMethod, Enumeration(padding as u32)),
[INFO] [stdout]     |                                       ^^^^^^^^^^^ not found in this scope
[INFO] [stdout]     |
[INFO] [stdout] help: consider importing this tuple variant
[INFO] [stdout]     |
[INFO] [stdout] 5   | use kmip_ttlv::Value::Enumeration;
[INFO] [stdout]     |
[INFO] [stdout] 
[INFO] [stdout] 
[INFO] [stdout] error[E0425]: cannot find function, tuple struct or tuple variant `Structure` in this scope
[INFO] [stdout]    --> /opt/rustwide/cargo-home/git/checkouts/kmip-e472d2e65c5ee513/39527ca/src/kmip.rs:225:9
[INFO] [stdout]     |
[INFO] [stdout] 225 |         Structure(vec![
[INFO] [stdout]     |         ^^^^^^^^^ not found in this scope
[INFO] [stdout]     |
[INFO] [stdout] help: consider importing this tuple variant
[INFO] [stdout]     |
[INFO] [stdout] 5   | use kmip_ttlv::Value::Structure;
[INFO] [stdout]     |
[INFO] [stdout] 
[INFO] [stdout] 
[INFO] [stdout] error[E0425]: cannot find function, tuple struct or tuple variant `TextString` in this scope
[INFO] [stdout]    --> /opt/rustwide/cargo-home/git/checkouts/kmip-e472d2e65c5ee513/39527ca/src/kmip.rs:226:46
[INFO] [stdout]     |
[INFO] [stdout] 226 |             Ttlv::new(Tag::UniqueIdentifier, TextString(id)),
[INFO] [stdout]     |                                              ^^^^^^^^^^ not found in this scope
[INFO] [stdout]     |
[INFO] [stdout] help: consider importing this tuple variant
[INFO] [stdout]     |
[INFO] [stdout] 5   | use kmip_ttlv::Value::TextString;
[INFO] [stdout]     |
[INFO] [stdout] 
[INFO] [stdout] 
[INFO] [stdout] error[E0425]: cannot find function, tuple struct or tuple variant `Structure` in this scope
[INFO] [stdout]    --> /opt/rustwide/cargo-home/git/checkouts/kmip-e472d2e65c5ee513/39527ca/src/kmip.rs:227:53
[INFO] [stdout]     |
[INFO] [stdout] 227 |             Ttlv::new(Tag::CryptographicParameters, Structure(crypto_params)),
[INFO] [stdout]     |                                                     ^^^^^^^^^ not found in this scope
[INFO] [stdout]     |
[INFO] [stdout] help: consider importing this tuple variant
[INFO] [stdout]     |
[INFO] [stdout] 5   | use kmip_ttlv::Value::Structure;
[INFO] [stdout]     |
[INFO] [stdout] 
[INFO] [stdout] 
[INFO] [stdout] error[E0425]: cannot find function, tuple struct or tuple variant `ByteString` in this scope
[INFO] [stdout]    --> /opt/rustwide/cargo-home/git/checkouts/kmip-e472d2e65c5ee513/39527ca/src/kmip.rs:228:34
[INFO] [stdout]     |
[INFO] [stdout] 228 |             Ttlv::new(Tag::Data, ByteString(data)),
[INFO] [stdout]     |                                  ^^^^^^^^^^ not found in this scope
[INFO] [stdout]     |
[INFO] [stdout] help: consider importing this tuple variant
[INFO] [stdout]     |
[INFO] [stdout] 5   | use kmip_ttlv::Value::ByteString;
[INFO] [stdout]     |
[INFO] [stdout] 
[INFO] [stdout] 
[INFO] [stdout] error[E0425]: cannot find function, tuple struct or tuple variant `ByteString` in this scope
[INFO] [stdout]    --> /opt/rustwide/cargo-home/git/checkouts/kmip-e472d2e65c5ee513/39527ca/src/kmip.rs:229:44
[INFO] [stdout]     |
[INFO] [stdout] 229 |             Ttlv::new(Tag::IvCounterNonce, ByteString(iv)),
[INFO] [stdout]     |                                            ^^^^^^^^^^ not found in this scope
[INFO] [stdout]     |
[INFO] [stdout] help: consider importing this tuple variant
[INFO] [stdout]     |
[INFO] [stdout] 5   | use kmip_ttlv::Value::ByteString;
[INFO] [stdout]     |
[INFO] [stdout] 
[INFO] [stdout] 
[INFO] [stdout] error[E0425]: cannot find function, tuple struct or tuple variant `Enumeration` in this scope
[INFO] [stdout]    --> /opt/rustwide/cargo-home/git/checkouts/kmip-e472d2e65c5ee513/39527ca/src/kmip.rs:253:13
[INFO] [stdout]     |
[INFO] [stdout] 253 |             Enumeration(BlockCipherMode::Gcm as u32),
[INFO] [stdout]     |             ^^^^^^^^^^^ not found in this scope
[INFO] [stdout]     |
[INFO] [stdout] help: consider importing this tuple variant
[INFO] [stdout]     |
[INFO] [stdout] 5   | use kmip_ttlv::Value::Enumeration;
[INFO] [stdout]     |
[INFO] [stdout] 
[INFO] [stdout] 
[INFO] [stdout] error[E0425]: cannot find function, tuple struct or tuple variant `Integer` in this scope
[INFO] [stdout]    --> /opt/rustwide/cargo-home/git/checkouts/kmip-e472d2e65c5ee513/39527ca/src/kmip.rs:255:35
[INFO] [stdout]     |
[INFO] [stdout] 255 |         Ttlv::new(Tag::TagLength, Integer(tag_length as i32)),
[INFO] [stdout]     |                                   ^^^^^^^ not found in this scope
[INFO] [stdout]     |
[INFO] [stdout] help: consider importing this tuple variant
[INFO] [stdout]     |
[INFO] [stdout] 5   | use kmip_ttlv::Value::Integer;
[INFO] [stdout]     |
[INFO] [stdout] 
[INFO] [stdout] 
[INFO] [stdout] error[E0425]: cannot find function, tuple struct or tuple variant `TextString` in this scope
[INFO] [stdout]    --> /opt/rustwide/cargo-home/git/checkouts/kmip-e472d2e65c5ee513/39527ca/src/kmip.rs:258:42
[INFO] [stdout]     |
[INFO] [stdout] 258 |         Ttlv::new(Tag::UniqueIdentifier, TextString(id)),
[INFO] [stdout]     |                                          ^^^^^^^^^^ not found in this scope
[INFO] [stdout]     |
[INFO] [stdout] help: consider importing this tuple variant
[INFO] [stdout]     |
[INFO] [stdout] 5   | use kmip_ttlv::Value::TextString;
[INFO] [stdout]     |
[INFO] [stdout] 
[INFO] [stdout] 
[INFO] [stdout] error[E0425]: cannot find function, tuple struct or tuple variant `Structure` in this scope
[INFO] [stdout]    --> /opt/rustwide/cargo-home/git/checkouts/kmip-e472d2e65c5ee513/39527ca/src/kmip.rs:259:49
[INFO] [stdout]     |
[INFO] [stdout] 259 |         Ttlv::new(Tag::CryptographicParameters, Structure(crypto_params)),
[INFO] [stdout]     |                                                 ^^^^^^^^^ not found in this scope
[INFO] [stdout]     |
[INFO] [stdout] help: consider importing this tuple variant
[INFO] [stdout]     |
[INFO] [stdout] 5   | use kmip_ttlv::Value::Structure;
[INFO] [stdout]     |
[INFO] [stdout] 
[INFO] [stdout] 
[INFO] [stdout] error[E0425]: cannot find function, tuple struct or tuple variant `ByteString` in this scope
[INFO] [stdout]    --> /opt/rustwide/cargo-home/git/checkouts/kmip-e472d2e65c5ee513/39527ca/src/kmip.rs:260:30
[INFO] [stdout]     |
[INFO] [stdout] 260 |         Ttlv::new(Tag::Data, ByteString(data)),
[INFO] [stdout]     |                              ^^^^^^^^^^ not found in this scope
[INFO] [stdout]     |
[INFO] [stdout] help: consider importing this tuple variant
[INFO] [stdout]     |
[INFO] [stdout] 5   | use kmip_ttlv::Value::ByteString;
[INFO] [stdout]     |
[INFO] [stdout] 
[INFO] [stdout] 
[INFO] [stdout] error[E0425]: cannot find function, tuple struct or tuple variant `ByteString` in this scope
[INFO] [stdout]    --> /opt/rustwide/cargo-home/git/checkouts/kmip-e472d2e65c5ee513/39527ca/src/kmip.rs:261:40
[INFO] [stdout]     |
[INFO] [stdout] 261 |         Ttlv::new(Tag::IvCounterNonce, ByteString(iv)),
[INFO] [stdout]     |                                        ^^^^^^^^^^ not found in this scope
[INFO] [stdout]     |
[INFO] [stdout] help: consider importing this tuple variant
[INFO] [stdout]     |
[INFO] [stdout] 5   | use kmip_ttlv::Value::ByteString;
[INFO] [stdout]     |
[INFO] [stdout] 
[INFO] [stdout] 
[INFO] [stdout] error[E0425]: cannot find function, tuple struct or tuple variant `ByteString` in this scope
[INFO] [stdout]    --> /opt/rustwide/cargo-home/git/checkouts/kmip-e472d2e65c5ee513/39527ca/src/kmip.rs:266:13
[INFO] [stdout]     |
[INFO] [stdout] 266 |             ByteString(ad),
[INFO] [stdout]     |             ^^^^^^^^^^ not found in this scope
[INFO] [stdout]     |
[INFO] [stdout] help: consider importing this tuple variant
[INFO] [stdout]     |
[INFO] [stdout] 5   | use kmip_ttlv::Value::ByteString;
[INFO] [stdout]     |
[INFO] [stdout] 
[INFO] [stdout] 
[INFO] [stdout] error[E0425]: cannot find function, tuple struct or tuple variant `ByteString` in this scope
[INFO] [stdout]    --> /opt/rustwide/cargo-home/git/checkouts/kmip-e472d2e65c5ee513/39527ca/src/kmip.rs:272:71
[INFO] [stdout]     |
[INFO] [stdout] 272 |         payload_items.push(Ttlv::new(Tag::AuthenticatedEncryptionTag, ByteString(tag)));
[INFO] [stdout]     |                                                                       ^^^^^^^^^^ not found in this scope
[INFO] [stdout]     |
[INFO] [stdout] help: consider importing this tuple variant
[INFO] [stdout]     |
[INFO] [stdout] 5   | use kmip_ttlv::Value::ByteString;
[INFO] [stdout]     |
[INFO] [stdout] 
[INFO] [stdout] 
[INFO] [stdout] error[E0425]: cannot find function, tuple struct or tuple variant `Structure` in this scope
[INFO] [stdout]    --> /opt/rustwide/cargo-home/git/checkouts/kmip-e472d2e65c5ee513/39527ca/src/kmip.rs:277:40
[INFO] [stdout]     |
[INFO] [stdout] 277 |         Ttlv::new(Tag::RequestPayload, Structure(payload_items)),
[INFO] [stdout]     |                                        ^^^^^^^^^ not found in this scope
[INFO] [stdout]     |
[INFO] [stdout] help: consider importing this tuple variant
[INFO] [stdout]     |
[INFO] [stdout] 5   | use kmip_ttlv::Value::Structure;
[INFO] [stdout]     |
[INFO] [stdout] 
[INFO] [stdout] 
[INFO] [stdout] error[E0425]: cannot find function, tuple struct or tuple variant `Structure` in this scope
[INFO] [stdout]    --> /opt/rustwide/cargo-home/git/checkouts/kmip-e472d2e65c5ee513/39527ca/src/kmip.rs:284:9
[INFO] [stdout]     |
[INFO] [stdout] 284 |         Structure(vec![
[INFO] [stdout]     |         ^^^^^^^^^ not found in this scope
[INFO] [stdout]     |
[INFO] [stdout] help: consider importing this tuple variant
[INFO] [stdout]     |
[INFO] [stdout] 5   | use kmip_ttlv::Value::Structure;
[INFO] [stdout]     |
[INFO] [stdout] 
[INFO] [stdout] 
[INFO] [stdout] error[E0425]: cannot find function, tuple struct or tuple variant `TextString` in this scope
[INFO] [stdout]    --> /opt/rustwide/cargo-home/git/checkouts/kmip-e472d2e65c5ee513/39527ca/src/kmip.rs:285:46
[INFO] [stdout]     |
[INFO] [stdout] 285 |             Ttlv::new(Tag::UniqueIdentifier, TextString(id)),
[INFO] [stdout]     |                                              ^^^^^^^^^^ not found in this scope
[INFO] [stdout]     |
[INFO] [stdout] help: consider importing this tuple variant
[INFO] [stdout]     |
[INFO] [stdout] 5   | use kmip_ttlv::Value::TextString;
[INFO] [stdout]     |
[INFO] [stdout] 
[INFO] [stdout] 
[INFO] [stdout] error[E0425]: cannot find function, tuple struct or tuple variant `Structure` in this scope
[INFO] [stdout]    --> /opt/rustwide/cargo-home/git/checkouts/kmip-e472d2e65c5ee513/39527ca/src/kmip.rs:288:17
[INFO] [stdout]     |
[INFO] [stdout] 288 |                 Structure(vec![
[INFO] [stdout]     |                 ^^^^^^^^^ not found in this scope
[INFO] [stdout]     |
[INFO] [stdout] help: consider importing this tuple variant
[INFO] [stdout]     |
[INFO] [stdout] 5   | use kmip_ttlv::Value::Structure;
[INFO] [stdout]     |
[INFO] [stdout] 
[INFO] [stdout] 
[INFO] [stdout] error[E0425]: cannot find function, tuple struct or tuple variant `Enumeration` in this scope
[INFO] [stdout]    --> /opt/rustwide/cargo-home/git/checkouts/kmip-e472d2e65c5ee513/39527ca/src/kmip.rs:291:25
[INFO] [stdout]     |
[INFO] [stdout] 291 |                         Enumeration(CryptographicAlgorithm::HmacSha256 as u32),
[INFO] [stdout]     |                         ^^^^^^^^^^^ not found in this scope
[INFO] [stdout]     |
[INFO] [stdout] help: consider importing this tuple variant
[INFO] [stdout]     |
[INFO] [stdout] 5   | use kmip_ttlv::Value::Enumeration;
[INFO] [stdout]     |
[INFO] [stdout] 
[INFO] [stdout] 
[INFO] [stdout] error[E0425]: cannot find function, tuple struct or tuple variant `ByteString` in this scope
[INFO] [stdout]    --> /opt/rustwide/cargo-home/git/checkouts/kmip-e472d2e65c5ee513/39527ca/src/kmip.rs:295:34
[INFO] [stdout]     |
[INFO] [stdout] 295 |             Ttlv::new(Tag::Data, ByteString(data)),
[INFO] [stdout]     |                                  ^^^^^^^^^^ not found in this scope
[INFO] [stdout]     |
[INFO] [stdout] help: consider importing this tuple variant
[INFO] [stdout]     |
[INFO] [stdout] 5   | use kmip_ttlv::Value::ByteString;
[INFO] [stdout]     |
[INFO] [stdout] 
[INFO] [stdout] 
[INFO] [stdout] error[E0425]: cannot find function, tuple struct or tuple variant `Structure` in this scope
[INFO] [stdout]    --> /opt/rustwide/cargo-home/git/checkouts/kmip-e472d2e65c5ee513/39527ca/src/kmip.rs:304:9
[INFO] [stdout]     |
[INFO] [stdout] 304 |         Structure(vec![
[INFO] [stdout]     |         ^^^^^^^^^ not found in this scope
[INFO] [stdout]     |
[INFO] [stdout] help: consider importing this tuple variant
[INFO] [stdout]     |
[INFO] [stdout] 5   | use kmip_ttlv::Value::Structure;
[INFO] [stdout]     |
[INFO] [stdout] 
[INFO] [stdout] 
[INFO] [stdout] error[E0425]: cannot find function, tuple struct or tuple variant `Structure` in this scope
[INFO] [stdout]    --> /opt/rustwide/cargo-home/git/checkouts/kmip-e472d2e65c5ee513/39527ca/src/kmip.rs:307:17
[INFO] [stdout]     |
[INFO] [stdout] 307 |                 Structure(vec![
[INFO] [stdout]     |                 ^^^^^^^^^ not found in this scope
[INFO] [stdout]     |
[INFO] [stdout] help: consider importing this tuple variant
[INFO] [stdout]     |
[INFO] [stdout] 5   | use kmip_ttlv::Value::Structure;
[INFO] [stdout]     |
[INFO] [stdout] 
[INFO] [stdout] 
[INFO] [stdout] error[E0425]: cannot find function, tuple struct or tuple variant `Structure` in this scope
[INFO] [stdout]    --> /opt/rustwide/cargo-home/git/checkouts/kmip-e472d2e65c5ee513/39527ca/src/kmip.rs:310:25
[INFO] [stdout]     |
[INFO] [stdout] 310 |                         Structure(vec![
[INFO] [stdout]     |                         ^^^^^^^^^ not found in this scope
[INFO] [stdout]     |
[INFO] [stdout] help: consider importing this tuple variant
[INFO] [stdout]     |
[INFO] [stdout] 5   | use kmip_ttlv::Value::Structure;
[INFO] [stdout]     |
[INFO] [stdout] 
[INFO] [stdout] 
[INFO] [stdout] error[E0425]: cannot find function, tuple struct or tuple variant `TextString` in this scope
[INFO] [stdout]    --> /opt/rustwide/cargo-home/git/checkouts/kmip-e472d2e65c5ee513/39527ca/src/kmip.rs:311:59
[INFO] [stdout]     |
[INFO] [stdout] 311 | ...                   Ttlv::new(Tag::AttributeName, TextString(ATTR_NAME_CRYPTOGRAPHIC_ALGORITHM)),
[INFO] [stdout]     |                                                     ^^^^^^^^^^ not found in this scope
[INFO] [stdout]     |
[INFO] [stdout] help: consider importing this tuple variant
[INFO] [stdout]     |
[INFO] [stdout] 5   | use kmip_ttlv::Value::TextString;
[INFO] [stdout]     |
[INFO] [stdout] 
[INFO] [stdout] 
[INFO] [stdout] error[E0425]: cannot find function, tuple struct or tuple variant `Enumeration` in this scope
[INFO] [stdout]    --> /opt/rustwide/cargo-home/git/checkouts/kmip-e472d2e65c5ee513/39527ca/src/kmip.rs:312:60
[INFO] [stdout]     |
[INFO] [stdout] 312 | ...                   Ttlv::new(Tag::AttributeValue, Enumeration(CryptographicAlgorithm::Rsa as u32))
[INFO] [stdout]     |                                                      ^^^^^^^^^^^ not found in this scope
[INFO] [stdout]     |
[INFO] [stdout] help: consider importing this tuple variant
[INFO] [stdout]     |
[INFO] [stdout] 5   | use kmip_ttlv::Value::Enumeration;
[INFO] [stdout]     |
[INFO] [stdout] 
[INFO] [stdout] 
[INFO] [stdout] error[E0425]: cannot find function, tuple struct or tuple variant `Structure` in this scope
[INFO] [stdout]    --> /opt/rustwide/cargo-home/git/checkouts/kmip-e472d2e65c5ee513/39527ca/src/kmip.rs:317:25
[INFO] [stdout]     |
[INFO] [stdout] 317 |                         Structure(vec![
[INFO] [stdout]     |                         ^^^^^^^^^ not found in this scope
[INFO] [stdout]     |
[INFO] [stdout] help: consider importing this tuple variant
[INFO] [stdout]     |
[INFO] [stdout] 5   | use kmip_ttlv::Value::Structure;
[INFO] [stdout]     |
[INFO] [stdout] 
[INFO] [stdout] 
[INFO] [stdout] error[E0425]: cannot find function, tuple struct or tuple variant `TextString` in this scope
[INFO] [stdout]    --> /opt/rustwide/cargo-home/git/checkouts/kmip-e472d2e65c5ee513/39527ca/src/kmip.rs:318:59
[INFO] [stdout]     |
[INFO] [stdout] 318 | ...                   Ttlv::new(Tag::AttributeName, TextString(ATTR_NAME_CRYPTOGRAPHIC_LENGTH)),
[INFO] [stdout]     |                                                     ^^^^^^^^^^ not found in this scope
[INFO] [stdout]     |
[INFO] [stdout] help: consider importing this tuple variant
[INFO] [stdout]     |
[INFO] [stdout] 5   | use kmip_ttlv::Value::TextString;
[INFO] [stdout]     |
[INFO] [stdout] 
[INFO] [stdout] 
[INFO] [stdout] error[E0425]: cannot find function, tuple struct or tuple variant `Integer` in this scope
[INFO] [stdout]    --> /opt/rustwide/cargo-home/git/checkouts/kmip-e472d2e65c5ee513/39527ca/src/kmip.rs:319:60
[INFO] [stdout]     |
[INFO] [stdout] 319 | ...                   Ttlv::new(Tag::AttributeValue, Integer(num_modulus_bits.into()))
[INFO] [stdout]     |                                                      ^^^^^^^ not found in this scope
[INFO] [stdout]     |
[INFO] [stdout] help: consider importing this tuple variant
[INFO] [stdout]     |
[INFO] [stdout] 5   | use kmip_ttlv::Value::Integer;
[INFO] [stdout]     |
[INFO] [stdout] 
[INFO] [stdout] 
[INFO] [stdout] error[E0425]: cannot find function, tuple struct or tuple variant `Structure` in this scope
[INFO] [stdout]    --> /opt/rustwide/cargo-home/git/checkouts/kmip-e472d2e65c5ee513/39527ca/src/kmip.rs:326:17
[INFO] [stdout]     |
[INFO] [stdout] 326 |                 Structure(vec![
[INFO] [stdout]     |                 ^^^^^^^^^ not found in this scope
[INFO] [stdout]     |
[INFO] [stdout] help: consider importing this tuple variant
[INFO] [stdout]     |
[INFO] [stdout] 5   | use kmip_ttlv::Value::Structure;
[INFO] [stdout]     |
[INFO] [stdout] 
[INFO] [stdout] 
[INFO] [stdout] error[E0425]: cannot find function, tuple struct or tuple variant `Structure` in this scope
[INFO] [stdout]    --> /opt/rustwide/cargo-home/git/checkouts/kmip-e472d2e65c5ee513/39527ca/src/kmip.rs:329:25
[INFO] [stdout]     |
[INFO] [stdout] 329 |                         Structure(vec![
[INFO] [stdout]     |                         ^^^^^^^^^ not found in this scope
[INFO] [stdout]     |
[INFO] [stdout] help: consider importing this tuple variant
[INFO] [stdout]     |
[INFO] [stdout] 5   | use kmip_ttlv::Value::Structure;
[INFO] [stdout]     |
[INFO] [stdout] 
[INFO] [stdout] 
[INFO] [stdout] error[E0425]: cannot find function, tuple struct or tuple variant `TextString` in this scope
[INFO] [stdout]    --> /opt/rustwide/cargo-home/git/checkouts/kmip-e472d2e65c5ee513/39527ca/src/kmip.rs:330:59
[INFO] [stdout]     |
[INFO] [stdout] 330 | ...                   Ttlv::new(Tag::AttributeName, TextString(ATTR_NAME_CRYPTOGRAPHIC_USAGE_MASK)),
[INFO] [stdout]     |                                                     ^^^^^^^^^^ not found in this scope
[INFO] [stdout]     |
[INFO] [stdout] help: consider importing this tuple variant
[INFO] [stdout]     |
[INFO] [stdout] 5   | use kmip_ttlv::Value::TextString;
[INFO] [stdout]     |
[INFO] [stdout] 
[INFO] [stdout] 
[INFO] [stdout] error[E0425]: cannot find function, tuple struct or tuple variant `Integer` in this scope
[INFO] [stdout]    --> /opt/rustwide/cargo-home/git/checkouts/kmip-e472d2e65c5ee513/39527ca/src/kmip.rs:333:33
[INFO] [stdout]     |
[INFO] [stdout] 333 | ...                   Integer(CryptographicUsageMask::Sign as i32),
[INFO] [stdout]     |                       ^^^^^^^ not found in this scope
[INFO] [stdout]     |
[INFO] [stdout] help: consider importing this tuple variant
[INFO] [stdout]     |
[INFO] [stdout] 5   | use kmip_ttlv::Value::Integer;
[INFO] [stdout]     |
[INFO] [stdout] 
[INFO] [stdout] 
[INFO] [stdout] error[E0425]: cannot find function, tuple struct or tuple variant `Structure` in this scope
[INFO] [stdout]    --> /opt/rustwide/cargo-home/git/checkouts/kmip-e472d2e65c5ee513/39527ca/src/kmip.rs:339:25
[INFO] [stdout]     |
[INFO] [stdout] 339 |                         Structure(vec![
[INFO] [stdout]     |                         ^^^^^^^^^ not found in this scope
[INFO] [stdout]     |
[INFO] [stdout] help: consider importing this tuple variant
[INFO] [stdout]     |
[INFO] [stdout] 5   | use kmip_ttlv::Value::Structure;
[INFO] [stdout]     |
[INFO] [stdout] 
[INFO] [stdout] 
[INFO] [stdout] error[E0425]: cannot find function, tuple struct or tuple variant `TextString` in this scope
[INFO] [stdout]    --> /opt/rustwide/cargo-home/git/checkouts/kmip-e472d2e65c5ee513/39527ca/src/kmip.rs:340:59
[INFO] [stdout]     |
[INFO] [stdout] 340 | ...                   Ttlv::new(Tag::AttributeName, TextString(ATTR_NAME_NAME)),
[INFO] [stdout]     |                                                     ^^^^^^^^^^ not found in this scope
[INFO] [stdout]     |
[INFO] [stdout] help: consider importing this tuple variant
[INFO] [stdout]     |
[INFO] [stdout] 5   | use kmip_ttlv::Value::TextString;
[INFO] [stdout]     |
[INFO] [stdout] 
[INFO] [stdout] 
[INFO] [stdout] error[E0425]: cannot find function, tuple struct or tuple variant `Structure` in this scope
[INFO] [stdout]    --> /opt/rustwide/cargo-home/git/checkouts/kmip-e472d2e65c5ee513/39527ca/src/kmip.rs:343:33
[INFO] [stdout]     |
[INFO] [stdout] 343 | ...                   Structure(vec![
[INFO] [stdout]     |                       ^^^^^^^^^ not found in this scope
[INFO] [stdout]     |
[INFO] [stdout] help: consider importing this tuple variant
[INFO] [stdout]     |
[INFO] [stdout] 5   | use kmip_ttlv::Value::Structure;
[INFO] [stdout]     |
[INFO] [stdout] 
[INFO] [stdout] 
[INFO] [stdout] error[E0425]: cannot find function, tuple struct or tuple variant `TextString` in this scope
[INFO] [stdout]    --> /opt/rustwide/cargo-home/git/checkouts/kmip-e472d2e65c5ee513/39527ca/src/kmip.rs:344:63
[INFO] [stdout]     |
[INFO] [stdout] 344 | ...                   Ttlv::new(Tag::NameValue, TextString(priv_key_name)),
[INFO] [stdout]     |                                                 ^^^^^^^^^^ not found in this scope
[INFO] [stdout]     |
[INFO] [stdout] help: consider importing this tuple variant
[INFO] [stdout]     |
[INFO] [stdout] 5   | use kmip_ttlv::Value::TextString;
[INFO] [stdout]     |
[INFO] [stdout] 
[INFO] [stdout] 
[INFO] [stdout] error[E0425]: cannot find function, tuple struct or tuple variant `Enumeration` in this scope
[INFO] [stdout]    --> /opt/rustwide/cargo-home/git/checkouts/kmip-e472d2e65c5ee513/39527ca/src/kmip.rs:345:62
[INFO] [stdout]     |
[INFO] [stdout] 345 | ...                   Ttlv::new(Tag::NameType, Enumeration(Name::UninterpretedTextString as u32))
[INFO] [stdout]     |                                                ^^^^^^^^^^^ not found in this scope
[INFO] [stdout]     |
[INFO] [stdout] help: consider importing this tuple variant
[INFO] [stdout]     |
[INFO] [stdout] 5   | use kmip_ttlv::Value::Enumeration;
[INFO] [stdout]     |
[INFO] [stdout] 
[INFO] [stdout] 
[INFO] [stdout] error[E0425]: cannot find function, tuple struct or tuple variant `Structure` in this scope
[INFO] [stdout]    --> /opt/rustwide/cargo-home/git/checkouts/kmip-e472d2e65c5ee513/39527ca/src/kmip.rs:354:17
[INFO] [stdout]     |
[INFO] [stdout] 354 |                 Structure(vec![
[INFO] [stdout]     |                 ^^^^^^^^^ not found in this scope
[INFO] [stdout]     |
[INFO] [stdout] help: consider importing this tuple variant
[INFO] [stdout]     |
[INFO] [stdout] 5   | use kmip_ttlv::Value::Structure;
[INFO] [stdout]     |
[INFO] [stdout] 
[INFO] [stdout] 
[INFO] [stdout] error[E0425]: cannot find function, tuple struct or tuple variant `Structure` in this scope
[INFO] [stdout]    --> /opt/rustwide/cargo-home/git/checkouts/kmip-e472d2e65c5ee513/39527ca/src/kmip.rs:357:25
[INFO] [stdout]     |
[INFO] [stdout] 357 |                         Structure(vec![
[INFO] [stdout]     |                         ^^^^^^^^^ not found in this scope
[INFO] [stdout]     |
[INFO] [stdout] help: consider importing this tuple variant
[INFO] [stdout]     |
[INFO] [stdout] 5   | use kmip_ttlv::Value::Structure;
[INFO] [stdout]     |
[INFO] [stdout] 
[INFO] [stdout] 
[INFO] [stdout] error[E0425]: cannot find function, tuple struct or tuple variant `TextString` in this scope
[INFO] [stdout]    --> /opt/rustwide/cargo-home/git/checkouts/kmip-e472d2e65c5ee513/39527ca/src/kmip.rs:358:59
[INFO] [stdout]     |
[INFO] [stdout] 358 | ...                   Ttlv::new(Tag::AttributeName, TextString(ATTR_NAME_CRYPTOGRAPHIC_USAGE_MASK)),
[INFO] [stdout]     |                                                     ^^^^^^^^^^ not found in this scope
[INFO] [stdout]     |
[INFO] [stdout] help: consider importing this tuple variant
[INFO] [stdout]     |
[INFO] [stdout] 5   | use kmip_ttlv::Value::TextString;
[INFO] [stdout]     |
[INFO] [stdout] 
[INFO] [stdout] 
[INFO] [stdout] error[E0425]: cannot find function, tuple struct or tuple variant `Integer` in this scope
[INFO] [stdout]    --> /opt/rustwide/cargo-home/git/checkouts/kmip-e472d2e65c5ee513/39527ca/src/kmip.rs:361:33
[INFO] [stdout]     |
[INFO] [stdout] 361 | ...                   Integer(CryptographicUsageMask::Verify as i32),
[INFO] [stdout]     |                       ^^^^^^^ not found in this scope
[INFO] [stdout]     |
[INFO] [stdout] help: consider importing this tuple variant
[INFO] [stdout]     |
[INFO] [stdout] 5   | use kmip_ttlv::Value::Integer;
[INFO] [stdout]     |
[INFO] [stdout] 
[INFO] [stdout] 
[INFO] [stdout] error[E0425]: cannot find function, tuple struct or tuple variant `Structure` in this scope
[INFO] [stdout]    --> /opt/rustwide/cargo-home/git/checkouts/kmip-e472d2e65c5ee513/39527ca/src/kmip.rs:367:25
[INFO] [stdout]     |
[INFO] [stdout] 367 |                         Structure(vec![
[INFO] [stdout]     |                         ^^^^^^^^^ not found in this scope
[INFO] [stdout]     |
[INFO] [stdout] help: consider importing this tuple variant
[INFO] [stdout]     |
[INFO] [stdout] 5   | use kmip_ttlv::Value::Structure;
[INFO] [stdout]     |
[INFO] [stdout] 
[INFO] [stdout] 
[INFO] [stdout] error[E0425]: cannot find function, tuple struct or tuple variant `TextString` in this scope
[INFO] [stdout]    --> /opt/rustwide/cargo-home/git/checkouts/kmip-e472d2e65c5ee513/39527ca/src/kmip.rs:368:59
[INFO] [stdout]     |
[INFO] [stdout] 368 | ...                   Ttlv::new(Tag::AttributeName, TextString(ATTR_NAME_NAME)),
[INFO] [stdout]     |                                                     ^^^^^^^^^^ not found in this scope
[INFO] [stdout]     |
[INFO] [stdout] help: consider importing this tuple variant
[INFO] [stdout]     |
[INFO] [stdout] 5   | use kmip_ttlv::Value::TextString;
[INFO] [stdout]     |
[INFO] [stdout] 
[INFO] [stdout] 
[INFO] [stdout] error[E0425]: cannot find function, tuple struct or tuple variant `Structure` in this scope
[INFO] [stdout]    --> /opt/rustwide/cargo-home/git/checkouts/kmip-e472d2e65c5ee513/39527ca/src/kmip.rs:371:33
[INFO] [stdout]     |
[INFO] [stdout] 371 | ...                   Structure(vec![
[INFO] [stdout]     |                       ^^^^^^^^^ not found in this scope
[INFO] [stdout]     |
[INFO] [stdout] help: consider importing this tuple variant
[INFO] [stdout]     |
[INFO] [stdout] 5   | use kmip_ttlv::Value::Structure;
[INFO] [stdout]     |
[INFO] [stdout] 
[INFO] [stdout] 
[INFO] [stdout] error[E0425]: cannot find function, tuple struct or tuple variant `TextString` in this scope
[INFO] [stdout]    --> /opt/rustwide/cargo-home/git/checkouts/kmip-e472d2e65c5ee513/39527ca/src/kmip.rs:372:63
[INFO] [stdout]     |
[INFO] [stdout] 372 | ...                   Ttlv::new(Tag::NameValue, TextString(pub_key_name)),
[INFO] [stdout]     |                                                 ^^^^^^^^^^ not found in this scope
[INFO] [stdout]     |
[INFO] [stdout] help: consider importing this tuple variant
[INFO] [stdout]     |
[INFO] [stdout] 5   | use kmip_ttlv::Value::TextString;
[INFO] [stdout]     |
[INFO] [stdout] 
[INFO] [stdout] 
[INFO] [stdout] error[E0425]: cannot find function, tuple struct or tuple variant `Enumeration` in this scope
[INFO] [stdout]    --> /opt/rustwide/cargo-home/git/checkouts/kmip-e472d2e65c5ee513/39527ca/src/kmip.rs:373:62
[INFO] [stdout]     |
[INFO] [stdout] 373 | ...                   Ttlv::new(Tag::NameType, Enumeration(Name::UninterpretedTextString as u32))
[INFO] [stdout]     |                                                ^^^^^^^^^^^ not found in this scope
[INFO] [stdout]     |
[INFO] [stdout] help: consider importing this tuple variant
[INFO] [stdout]     |
[INFO] [stdout] 5   | use kmip_ttlv::Value::Enumeration;
[INFO] [stdout]     |
[INFO] [stdout] 
[INFO] [stdout] 
[INFO] [stdout] error[E0425]: cannot find function, tuple struct or tuple variant `Structure` in this scope
[INFO] [stdout]    --> /opt/rustwide/cargo-home/git/checkouts/kmip-e472d2e65c5ee513/39527ca/src/kmip.rs:445:9
[INFO] [stdout]     |
[INFO] [stdout] 445 |         Structure(vec![
[INFO] [stdout]     |         ^^^^^^^^^ not found in this scope
[INFO] [stdout]     |
[INFO] [stdout] help: consider importing this tuple variant
[INFO] [stdout]     |
[INFO] [stdout] 5   | use kmip_ttlv::Value::Structure;
[INFO] [stdout]     |
[INFO] [stdout] 
[INFO] [stdout] 
[INFO] [stdout] error[E0425]: cannot find function, tuple struct or tuple variant `TextString` in this scope
[INFO] [stdout]    --> /opt/rustwide/cargo-home/git/checkouts/kmip-e472d2e65c5ee513/39527ca/src/kmip.rs:446:46
[INFO] [stdout]     |
[INFO] [stdout] 446 |             Ttlv::new(Tag::UniqueIdentifier, TextString(key_id)),
[INFO] [stdout]     |                                              ^^^^^^^^^^ not found in this scope
[INFO] [stdout]     |
[INFO] [stdout] help: consider importing this tuple variant
[INFO] [stdout]     |
[INFO] [stdout] 5   | use kmip_ttlv::Value::TextString;
[INFO] [stdout]     |
[INFO] [stdout] 
[INFO] [stdout] 
[INFO] [stdout] error[E0425]: cannot find function, tuple struct or tuple variant `Structure` in this scope
[INFO] [stdout]    --> /opt/rustwide/cargo-home/git/checkouts/kmip-e472d2e65c5ee513/39527ca/src/kmip.rs:456:9
[INFO] [stdout]     |
[INFO] [stdout] 456 |         Structure(vec![
[INFO] [stdout]     |         ^^^^^^^^^ not found in this scope
[INFO] [stdout]     |
[INFO] [stdout] help: consider importing this tuple variant
[INFO] [stdout]     |
[INFO] [stdout] 5   | use kmip_ttlv::Value::Structure;
[INFO] [stdout]     |
[INFO] [stdout] 
[INFO] [stdout] 
[INFO] [stdout] error[E0425]: cannot find function, tuple struct or tuple variant `TextString` in this scope
[INFO] [stdout]    --> /opt/rustwide/cargo-home/git/checkouts/kmip-e472d2e65c5ee513/39527ca/src/kmip.rs:457:46
[INFO] [stdout]     |
[INFO] [stdout] 457 |             Ttlv::new(Tag::UniqueIdentifier, TextString(key_id)),
[INFO] [stdout]     |                                              ^^^^^^^^^^ not found in this scope
[INFO] [stdout]     |
[INFO] [stdout] help: consider importing this tuple variant
[INFO] [stdout]     |
[INFO] [stdout] 5   | use kmip_ttlv::Value::TextString;
[INFO] [stdout]     |
[INFO] [stdout] 
[INFO] [stdout] 
[INFO] [stdout] error[E0425]: cannot find function, tuple struct or tuple variant `Structure` in this scope
[INFO] [stdout]    --> /opt/rustwide/cargo-home/git/checkouts/kmip-e472d2e65c5ee513/39527ca/src/kmip.rs:460:17
[INFO] [stdout]     |
[INFO] [stdout] 460 |                 Structure(vec![
[INFO] [stdout]     |                 ^^^^^^^^^ not found in this scope
[INFO] [stdout]     |
[INFO] [stdout] help: consider importing this tuple variant
[INFO] [stdout]     |
[INFO] [stdout] 5   | use kmip_ttlv::Value::Structure;
[INFO] [stdout]     |
[INFO] [stdout] 
[INFO] [stdout] 
[INFO] [stdout] error[E0425]: cannot find function, tuple struct or tuple variant `Enumeration` in this scope
[INFO] [stdout]    --> /opt/rustwide/cargo-home/git/checkouts/kmip-e472d2e65c5ee513/39527ca/src/kmip.rs:461:58
[INFO] [stdout]     |
[INFO] [stdout] 461 |                     Ttlv::new(Tag::RevocationReasonCode, Enumeration(RevocationReasonCode::Unspecified as u32))
[INFO] [stdout]     |                                                          ^^^^^^^^^^^ not found in this scope
[INFO] [stdout]     |
[INFO] [stdout] help: consider importing this tuple variant
[INFO] [stdout]     |
[INFO] [stdout] 5   | use kmip_ttlv::Value::Enumeration;
[INFO] [stdout]     |
[INFO] [stdout] 
[INFO] [stdout] 
[INFO] [stdout] error[E0425]: cannot find function, tuple struct or tuple variant `Structure` in this scope
[INFO] [stdout]    --> /opt/rustwide/cargo-home/git/checkouts/kmip-e472d2e65c5ee513/39527ca/src/kmip.rs:472:9
[INFO] [stdout]     |
[INFO] [stdout] 472 |         Structure(vec![
[INFO] [stdout]     |         ^^^^^^^^^ not found in this scope
[INFO] [stdout]     |
[INFO] [stdout] help: consider importing this tuple variant
[INFO] [stdout]     |
[INFO] [stdout] 5   | use kmip_ttlv::Value::Structure;
[INFO] [stdout]     |
[INFO] [stdout] 
[INFO] [stdout] 
[INFO] [stdout] error[E0425]: cannot find function, tuple struct or tuple variant `TextString` in this scope
[INFO] [stdout]    --> /opt/rustwide/cargo-home/git/checkouts/kmip-e472d2e65c5ee513/39527ca/src/kmip.rs:473:46
[INFO] [stdout]     |
[INFO] [stdout] 473 |             Ttlv::new(Tag::UniqueIdentifier, TextString(key_id)),
[INFO] [stdout]     |                                              ^^^^^^^^^^ not found in this scope
[INFO] [stdout]     |
[INFO] [stdout] help: consider importing this tuple variant
[INFO] [stdout]     |
[INFO] [stdout] 5   | use kmip_ttlv::Value::TextString;
[INFO] [stdout]     |
[INFO] [stdout] 
[INFO] [stdout] 
[INFO] [stdout] error[E0425]: cannot find function, tuple struct or tuple variant `Structure` in this scope
[INFO] [stdout]    --> /opt/rustwide/cargo-home/git/checkouts/kmip-e472d2e65c5ee513/39527ca/src/kmip.rs:476:17
[INFO] [stdout]     |
[INFO] [stdout] 476 |                 Structure(vec![
[INFO] [stdout]     |                 ^^^^^^^^^ not found in this scope
[INFO] [stdout]     |
[INFO] [stdout] help: consider importing this tuple variant
[INFO] [stdout]     |
[INFO] [stdout] 5   | use kmip_ttlv::Value::Structure;
[INFO] [stdout]     |
[INFO] [stdout] 
[INFO] [stdout] 
[INFO] [stdout] error[E0425]: cannot find function, tuple struct or tuple variant `Enumeration` in this scope
[INFO] [stdout]    --> /opt/rustwide/cargo-home/git/checkouts/kmip-e472d2e65c5ee513/39527ca/src/kmip.rs:479:25
[INFO] [stdout]     |
[INFO] [stdout] 479 |                         Enumeration(PaddingMethod::Pkcs1V15 as u32),
[INFO] [stdout]     |                         ^^^^^^^^^^^ not found in this scope
[INFO] [stdout]     |
[INFO] [stdout] help: consider importing this tuple variant
[INFO] [stdout]     |
[INFO] [stdout] 5   | use kmip_ttlv::Value::Enumeration;
[INFO] [stdout]     |
[INFO] [stdout] 
[INFO] [stdout] 
[INFO] [stdout] error[E0425]: cannot find function, tuple struct or tuple variant `Enumeration` in this scope
[INFO] [stdout]    --> /opt/rustwide/cargo-home/git/checkouts/kmip-e472d2e65c5ee513/39527ca/src/kmip.rs:483:25
[INFO] [stdout]     |
[INFO] [stdout] 483 |                         Enumeration(HashingAlgorithm::Sha256 as u32),
[INFO] [stdout]     |                         ^^^^^^^^^^^ not found in this scope
[INFO] [stdout]     |
[INFO] [stdout] help: consider importing this tuple variant
[INFO] [stdout]     |
[INFO] [stdout] 5   | use kmip_ttlv::Value::Enumeration;
[INFO] [stdout]     |
[INFO] [stdout] 
[INFO] [stdout] 
[INFO] [stdout] error[E0425]: cannot find function, tuple struct or tuple variant `Enumeration` in this scope
[INFO] [stdout]    --> /opt/rustwide/cargo-home/git/checkouts/kmip-e472d2e65c5ee513/39527ca/src/kmip.rs:487:25
[INFO] [stdout]     |
[INFO] [stdout] 487 |                         Enumeration(CryptographicAlgorithm::Rsa as u32),
[INFO] [stdout]     |                         ^^^^^^^^^^^ not found in this scope
[INFO] [stdout]     |
[INFO] [stdout] help: consider importing this tuple variant
[INFO] [stdout]     |
[INFO] [stdout] 5   | use kmip_ttlv::Value::Enumeration;
[INFO] [stdout]     |
[INFO] [stdout] 
[INFO] [stdout] 
[INFO] [stdout] error[E0425]: cannot find function, tuple struct or tuple variant `ByteString` in this scope
[INFO] [stdout]    --> /opt/rustwide/cargo-home/git/checkouts/kmip-e472d2e65c5ee513/39527ca/src/kmip.rs:491:34
[INFO] [stdout]     |
[INFO] [stdout] 491 |             Ttlv::new(Tag::Data, ByteString(data)),
[INFO] [stdout]     |                                  ^^^^^^^^^^ not found in this scope
[INFO] [stdout]     |
[INFO] [stdout] help: consider importing this tuple variant
[INFO] [stdout]     |
[INFO] [stdout] 5   | use kmip_ttlv::Value::ByteString;
[INFO] [stdout]     |
[INFO] [stdout] 
[INFO] [stdout] 
[INFO] [stdout] error[E0425]: cannot find function, tuple struct or tuple variant `Structure` in this scope
[INFO] [stdout]    --> /opt/rustwide/cargo-home/git/checkouts/kmip-e472d2e65c5ee513/39527ca/src/kmip.rs:500:9
[INFO] [stdout]     |
[INFO] [stdout] 500 |         Structure(vec![Ttlv::new(Tag::UniqueIdentifier, TextString(key_id))]),
[INFO] [stdout]     |         ^^^^^^^^^ not found in this scope
[INFO] [stdout]     |
[INFO] [stdout] help: consider importing this tuple variant
[INFO] [stdout]     |
[INFO] [stdout] 5   | use kmip_ttlv::Value::Structure;
[INFO] [stdout]     |
[INFO] [stdout] 
[INFO] [stdout] 
[INFO] [stdout] error[E0425]: cannot find function, tuple struct or tuple variant `TextString` in this scope
[INFO] [stdout]    --> /opt/rustwide/cargo-home/git/checkouts/kmip-e472d2e65c5ee513/39527ca/src/kmip.rs:500:57
[INFO] [stdout]     |
[INFO] [stdout] 500 |         Structure(vec![Ttlv::new(Tag::UniqueIdentifier, TextString(key_id))]),
[INFO] [stdout]     |                                                         ^^^^^^^^^^ not found in this scope
[INFO] [stdout]     |
[INFO] [stdout] help: consider importing this tuple variant
[INFO] [stdout]     |
[INFO] [stdout] 5   | use kmip_ttlv::Value::TextString;
[INFO] [stdout]     |
[INFO] [stdout] 
[INFO] [stdout] 
[INFO] [stdout] error[E0425]: cannot find function, tuple struct or tuple variant `Structure` in this scope
[INFO] [stdout]    --> /opt/rustwide/cargo-home/git/checkouts/kmip-e472d2e65c5ee513/39527ca/src/kmip.rs:508:9
[INFO] [stdout]     |
[INFO] [stdout] 508 |         Structure(vec![Ttlv::new(Tag::DataLength, Integer(data_length))]),
[INFO] [stdout]     |         ^^^^^^^^^ not found in this scope
[INFO] [stdout]     |
[INFO] [stdout] help: consider importing this tuple variant
[INFO] [stdout]     |
[INFO] [stdout] 5   | use kmip_ttlv::Value::Structure;
[INFO] [stdout]     |
[INFO] [stdout] 
[INFO] [stdout] 
[INFO] [stdout] error[E0425]: cannot find function, tuple struct or tuple variant `Integer` in this scope
[INFO] [stdout]    --> /opt/rustwide/cargo-home/git/checkouts/kmip-e472d2e65c5ee513/39527ca/src/kmip.rs:508:51
[INFO] [stdout]     |
[INFO] [stdout] 508 |         Structure(vec![Ttlv::new(Tag::DataLength, Integer(data_length))]),
[INFO] [stdout]     |                                                   ^^^^^^^ not found in this scope
[INFO] [stdout]     |
[INFO] [stdout] help: consider importing this tuple variant
[INFO] [stdout]     |
[INFO] [stdout] 5   | use kmip_ttlv::Value::Integer;
[INFO] [stdout]     |
[INFO] [stdout] 
[INFO] [stdout] 
[INFO] [stdout] error: aborting due to 108 previous errors
[INFO] [stdout] 
[INFO] [stdout] 
[INFO] [stdout] Some errors have detailed explanations: E0425, E0432, E0433.
[INFO] [stdout] 
[INFO] [stdout] For more information about an error, try `rustc --explain E0425`.
[INFO] [stdout] 
[INFO] [stderr] error: could not compile `kmip`
[INFO] [stderr] 
[INFO] [stderr] To learn more, run the command again with --verbose.
[INFO] running `Command { std: "docker" "inspect" "cb12f690f5d6fe91d6b781e98d3ae06906a1a329338a1471836c6c80fe9cc0b3", kill_on_drop: false }`
[INFO] running `Command { std: "docker" "rm" "-f" "cb12f690f5d6fe91d6b781e98d3ae06906a1a329338a1471836c6c80fe9cc0b3", kill_on_drop: false }`
[INFO] [stdout] cb12f690f5d6fe91d6b781e98d3ae06906a1a329338a1471836c6c80fe9cc0b3
