[INFO] cloning repository https://github.com/xcshuan/simple-social-token
[INFO] running `Command { std: "git" "-c" "credential.helper=" "-c" "credential.helper=/workspace/cargo-home/bin/git-credential-null" "clone" "--bare" "https://github.com/xcshuan/simple-social-token" "/workspace/cache/git-repos/https%3A%2F%2Fgithub.com%2Fxcshuan%2Fsimple-social-token", kill_on_drop: false }`
[INFO] [stderr] Cloning into bare repository '/workspace/cache/git-repos/https%3A%2F%2Fgithub.com%2Fxcshuan%2Fsimple-social-token'...
[INFO] running `Command { std: "git" "rev-parse" "HEAD", kill_on_drop: false }`
[INFO] [stdout] 036346b767e62fab95809c5f15b4a811b7a10741
[INFO] testing xcshuan/simple-social-token against beta-2021-08-01 for beta-1.55-1
[INFO] running `Command { std: "git" "clone" "/workspace/cache/git-repos/https%3A%2F%2Fgithub.com%2Fxcshuan%2Fsimple-social-token" "/workspace/builds/worker-91/source", kill_on_drop: false }`
[INFO] [stderr] Cloning into '/workspace/builds/worker-91/source'...
[INFO] [stderr] done.
[INFO] validating manifest of git repo https://github.com/xcshuan/simple-social-token on toolchain beta-2021-08-01
[INFO] running `Command { std: "/workspace/cargo-home/bin/cargo" "+beta-2021-08-01" "metadata" "--manifest-path" "Cargo.toml" "--no-deps", kill_on_drop: false }`
[INFO] started tweaking git repo https://github.com/xcshuan/simple-social-token
[INFO] finished tweaking git repo https://github.com/xcshuan/simple-social-token
[INFO] tweaked toml for git repo https://github.com/xcshuan/simple-social-token written to /workspace/builds/worker-91/source/Cargo.toml
[INFO] crate git repo https://github.com/xcshuan/simple-social-token already has a lockfile, it will not be regenerated
[INFO] running `Command { std: "/workspace/cargo-home/bin/cargo" "+beta-2021-08-01" "fetch" "--manifest-path" "Cargo.toml", kill_on_drop: false }`
[INFO] [stderr]     Blocking waiting for file lock on package cache
[INFO] [stderr]     Blocking waiting for file lock on package cache
[INFO] [stderr]  Downloading crates ...
[INFO] [stderr]   Downloaded ckb-db v0.40.0
[INFO] [stderr]   Downloaded ckb-spawn v0.40.0
[INFO] [stderr]   Downloaded ckb-async-runtime v0.40.0
[INFO] [stderr]   Downloaded ckb-store v0.40.0
[INFO] [stderr]   Downloaded ckb-resource v0.40.0
[INFO] [stderr]   Downloaded ckb-db-schema v0.40.0
[INFO] [stderr]   Downloaded ckb-metrics v0.40.0
[INFO] [stderr]   Downloaded ckb-logger v0.40.0
[INFO] [stderr]   Downloaded sparse-merkle-tree v0.4.0-rc1
[INFO] [stderr]   Downloaded ckb-logger-config v0.40.0
[INFO] [stderr]   Downloaded ckb-dao v0.40.0
[INFO] [stderr]   Downloaded ckb-pow v0.40.0
[INFO] [stderr]   Downloaded ckb-reward-calculator v0.40.0
[INFO] [stderr]   Downloaded ckb-metrics-config v0.40.0
[INFO] [stderr]   Downloaded ckb-dao-utils v0.40.0
[INFO] [stderr]   Downloaded ckb-freezer v0.40.0
[INFO] [stderr]   Downloaded ckb-stop-handler v0.40.0
[INFO] [stderr]   Downloaded ckb-traits v0.40.0
[INFO] [stderr]   Downloaded ckb-verification v0.40.0
[INFO] [stderr]   Downloaded ckb-std v0.7.4
[INFO] [stderr]   Downloaded ckb-script v0.40.0
[INFO] [stderr]   Downloaded ckb-chain-spec v0.40.0
[INFO] [stderr]   Downloaded ckb-util v0.40.0
[INFO] [stderr]   Downloaded ckb-build-info v0.40.0
[INFO] [stderr]   Downloaded ckb-app-config v0.40.0
[INFO] [stderr]   Downloaded ckb-testtool v0.4.1
[INFO] running `Command { std: "docker" "create" "-v" "/var/lib/crater-agent-workspace/builds/worker-91/target:/opt/rustwide/target:rw,Z" "-v" "/var/lib/crater-agent-workspace/builds/worker-91/source:/opt/rustwide/workdir:ro,Z" "-v" "/var/lib/crater-agent-workspace/cargo-home:/opt/rustwide/cargo-home:ro,Z" "-v" "/var/lib/crater-agent-workspace/rustup-home:/opt/rustwide/rustup-home:ro,Z" "-e" "SOURCE_DIR=/opt/rustwide/workdir" "-e" "CARGO_TARGET_DIR=/opt/rustwide/target" "-e" "CARGO_HOME=/opt/rustwide/cargo-home" "-e" "RUSTUP_HOME=/opt/rustwide/rustup-home" "-w" "/opt/rustwide/workdir" "-m" "1610612736" "--user" "0:0" "--network" "none" "ghcr.io/rust-lang/crates-build-env/linux@sha256:34b6a614d2c27851fe6cbf88fbd1137609cefab8b10d0615aaeb6fd47975d74e" "/opt/rustwide/cargo-home/bin/cargo" "+beta-2021-08-01" "metadata" "--no-deps" "--format-version=1", kill_on_drop: false }`
[INFO] [stdout] b7c4a1b46aa5a8397bb0fa141a87be8f33f3c0e9b37e6f558547d68e94c5b068
[INFO] running `Command { std: "docker" "start" "-a" "b7c4a1b46aa5a8397bb0fa141a87be8f33f3c0e9b37e6f558547d68e94c5b068", kill_on_drop: false }`
[INFO] running `Command { std: "docker" "inspect" "b7c4a1b46aa5a8397bb0fa141a87be8f33f3c0e9b37e6f558547d68e94c5b068", kill_on_drop: false }`
[INFO] running `Command { std: "docker" "rm" "-f" "b7c4a1b46aa5a8397bb0fa141a87be8f33f3c0e9b37e6f558547d68e94c5b068", kill_on_drop: false }`
[INFO] [stdout] b7c4a1b46aa5a8397bb0fa141a87be8f33f3c0e9b37e6f558547d68e94c5b068
[INFO] running `Command { std: "docker" "create" "-v" "/var/lib/crater-agent-workspace/builds/worker-91/target:/opt/rustwide/target:rw,Z" "-v" "/var/lib/crater-agent-workspace/builds/worker-91/source:/opt/rustwide/workdir:ro,Z" "-v" "/var/lib/crater-agent-workspace/cargo-home:/opt/rustwide/cargo-home:ro,Z" "-v" "/var/lib/crater-agent-workspace/rustup-home:/opt/rustwide/rustup-home:ro,Z" "-e" "SOURCE_DIR=/opt/rustwide/workdir" "-e" "CARGO_TARGET_DIR=/opt/rustwide/target" "-e" "CARGO_INCREMENTAL=0" "-e" "RUST_BACKTRACE=full" "-e" "RUSTFLAGS=--cap-lints=warn" "-e" "CARGO_HOME=/opt/rustwide/cargo-home" "-e" "RUSTUP_HOME=/opt/rustwide/rustup-home" "-w" "/opt/rustwide/workdir" "-m" "1610612736" "--user" "0:0" "--network" "none" "ghcr.io/rust-lang/crates-build-env/linux@sha256:34b6a614d2c27851fe6cbf88fbd1137609cefab8b10d0615aaeb6fd47975d74e" "/opt/rustwide/cargo-home/bin/cargo" "+beta-2021-08-01" "build" "--frozen" "--message-format=json", kill_on_drop: false }`
[INFO] [stdout] b0557abd1a7156668b0e52e8d56f52a43fd66c2238f169ad22a0e0550452bed9
[INFO] running `Command { std: "docker" "start" "-a" "b0557abd1a7156668b0e52e8d56f52a43fd66c2238f169ad22a0e0550452bed9", kill_on_drop: false }`
[INFO] [stderr]    Compiling syn v1.0.72
[INFO] [stderr]    Compiling serde_derive v1.0.126
[INFO] [stderr]    Compiling serde v1.0.126
[INFO] [stderr]    Compiling getrandom v0.1.16
[INFO] [stderr]    Compiling faster-hex v0.4.1
[INFO] [stderr]    Compiling log v0.4.14
[INFO] [stderr]    Compiling heapsize v0.4.2
[INFO] [stderr]    Compiling convert_case v0.4.0
[INFO] [stderr]    Compiling memchr v2.4.0
[INFO] [stderr]    Compiling siphasher v0.2.3
[INFO] [stderr]    Compiling bit-vec v0.5.1
[INFO] [stderr]    Compiling adler v1.0.2
[INFO] [stderr]    Compiling futures-core v0.3.15
[INFO] [stderr]    Compiling same-file v1.0.6
[INFO] [stderr]    Compiling faster-hex v0.3.1
[INFO] [stderr]    Compiling proc-macro-hack v0.5.19
[INFO] [stderr]    Compiling futures-channel v0.3.15
[INFO] [stderr]    Compiling futures-task v0.3.15
[INFO] [stderr]    Compiling proc-macro-nested v0.1.7
[INFO] [stderr]    Compiling futures v0.1.31
[INFO] [stderr]    Compiling futures-sink v0.3.15
[INFO] [stderr]    Compiling pin-project-lite v0.1.12
[INFO] [stderr]    Compiling itoa v0.4.7
[INFO] [stderr]    Compiling byteorder v1.4.3
[INFO] [stderr]    Compiling futures-io v0.3.15
[INFO] [stderr]    Compiling glob v0.2.11
[INFO] [stderr]    Compiling eaglesong v0.1.0
[INFO] [stderr]    Compiling cpufeatures v0.1.4
[INFO] [stderr]    Compiling tentacle-secio v0.4.5
[INFO] [stderr]    Compiling bs58 v0.3.1
[INFO] [stderr]    Compiling smallvec v1.6.1
[INFO] [stderr]    Compiling metrics v0.12.1
[INFO] [stderr]    Compiling unsigned-varint v0.3.3
[INFO] [stderr]    Compiling snap v1.0.5
[INFO] [stderr]    Compiling ahash v0.4.7
[INFO] [stderr]    Compiling linked-hash-map v0.5.4
[INFO] [stderr]    Compiling metrics-core v0.5.2
[INFO] [stderr]    Compiling regex-syntax v0.6.25
[INFO] [stderr]    Compiling path-clean v0.1.0
[INFO] [stderr]    Compiling ckb-build-info v0.40.0
[INFO] [stderr]    Compiling rayon-core v1.9.0
[INFO] [stderr]    Compiling ckb-db-schema v0.40.0
[INFO] [stderr]    Compiling plain v0.2.3
[INFO] [stderr]    Compiling ckb-script v0.40.0
[INFO] [stderr]    Compiling ckb-vm-definitions v0.19.3
[INFO] [stderr]    Compiling buddy-alloc v0.4.1
[INFO] [stderr]    Compiling ckb-spawn v0.40.0
[INFO] [stderr]    Compiling ckb-always-success-script v0.0.1
[INFO] [stderr]    Compiling blake2b-ref v0.1.0
[INFO] [stderr]    Compiling miniz_oxide v0.4.4
[INFO] [stderr]    Compiling merkle-cbt v0.3.0
[INFO] [stderr]    Compiling crc32fast v1.2.1
[INFO] [stderr]    Compiling futures-macro v0.3.15
[INFO] [stderr]    Compiling futures-util v0.3.15
[INFO] [stderr]    Compiling crossbeam-utils v0.8.4
[INFO] [stderr]    Compiling memoffset v0.6.3
[INFO] [stderr]    Compiling lock_api v0.3.4
[INFO] [stderr]    Compiling owning_ref v0.4.1
[INFO] [stderr]    Compiling rayon v1.5.0
[INFO] [stderr]    Compiling jobserver v0.1.22
[INFO] [stderr]    Compiling crossbeam-channel v0.3.9
[INFO] [stderr]    Compiling rand_os v0.1.3
[INFO] [stderr]    Compiling num_cpus v1.13.0
[INFO] [stderr]    Compiling net2 v0.2.37
[INFO] [stderr]    Compiling iovec v0.1.4
[INFO] [stderr]    Compiling signal-hook-registry v1.3.0
[INFO] [stderr]    Compiling atty v0.2.14
[INFO] [stderr]    Compiling fs2 v0.4.3
[INFO] [stderr]    Compiling mapr v0.8.0
[INFO] [stderr]    Compiling parking_lot_core v0.4.0
[INFO] [stderr]    Compiling smallvec v0.6.14
[INFO] [stderr]    Compiling walkdir v2.3.2
[INFO] [stderr]    Compiling sha2 v0.9.5
[INFO] [stderr]    Compiling phf_shared v0.7.24
[INFO] [stdout] error[E0061]: this function takes 1 argument but 2 arguments were supplied
[INFO] [stdout]     --> /opt/rustwide/cargo-home/registry/src/github.com-1ecc6299db9ec823/blake2b-ref-0.1.0/src/blake2b_ref.rs:88:7
[INFO] [stdout]      |
[INFO] [stdout] 88   |     v.fill(0, n);
[INFO] [stdout]      |       ^^^^ -  - supplied 2 arguments
[INFO] [stdout]      |       |
[INFO] [stdout]      |       expected 1 argument
[INFO] [stdout]      |
[INFO] [stdout] note: associated function defined here
[INFO] [stdout] 
[INFO] [stdout] 
[INFO] [stdout] error[E0061]: this function takes 1 argument but 2 arguments were supplied
[INFO] [stdout]     --> /opt/rustwide/cargo-home/registry/src/github.com-1ecc6299db9ec823/blake2b-ref-0.1.0/src/blake2b_ref.rs:425:10
[INFO] [stdout]      |
[INFO] [stdout] 425  |         .fill(0, ::core::mem::size_of::<[uint8_t; 14]>());
[INFO] [stdout]      |          ^^^^ -  --------------------------------------- supplied 2 arguments
[INFO] [stdout]      |          |
[INFO] [stdout]      |          expected 1 argument
[INFO] [stdout]      |
[INFO] [stdout] note: associated function defined here
[INFO] [stdout] 
[INFO] [stdout] 
[INFO] [stdout] error[E0061]: this function takes 1 argument but 2 arguments were supplied
[INFO] [stdout]     --> /opt/rustwide/cargo-home/registry/src/github.com-1ecc6299db9ec823/blake2b-ref-0.1.0/src/blake2b_ref.rs:428:10
[INFO] [stdout]      |
[INFO] [stdout] 428  |         .fill(0, ::core::mem::size_of::<[uint8_t; 16]>());
[INFO] [stdout]      |          ^^^^ -  --------------------------------------- supplied 2 arguments
[INFO] [stdout]      |          |
[INFO] [stdout]      |          expected 1 argument
[INFO] [stdout]      |
[INFO] [stdout] note: associated function defined here
[INFO] [stdout] 
[INFO] [stdout] 
[INFO] [stdout] error[E0061]: this function takes 1 argument but 2 arguments were supplied
[INFO] [stdout]     --> /opt/rustwide/cargo-home/registry/src/github.com-1ecc6299db9ec823/blake2b-ref-0.1.0/src/blake2b_ref.rs:431:10
[INFO] [stdout]      |
[INFO] [stdout] 431  |         .fill(0, ::core::mem::size_of::<[uint8_t; 16]>());
[INFO] [stdout]      |          ^^^^ -  --------------------------------------- supplied 2 arguments
[INFO] [stdout]      |          |
[INFO] [stdout]      |          expected 1 argument
[INFO] [stdout]      |
[INFO] [stdout] note: associated function defined here
[INFO] [stdout] 
[INFO] [stdout] 
[INFO] [stdout] error[E0061]: this function takes 1 argument but 2 arguments were supplied
[INFO] [stdout]     --> /opt/rustwide/cargo-home/registry/src/github.com-1ecc6299db9ec823/blake2b-ref-0.1.0/src/blake2b_ref.rs:482:10
[INFO] [stdout]      |
[INFO] [stdout] 482  |         .fill(0, ::core::mem::size_of::<[uint8_t; 14]>());
[INFO] [stdout]      |          ^^^^ -  --------------------------------------- supplied 2 arguments
[INFO] [stdout]      |          |
[INFO] [stdout]      |          expected 1 argument
[INFO] [stdout]      |
[INFO] [stdout] note: associated function defined here
[INFO] [stdout] 
[INFO] [stdout] 
[INFO] [stdout] error[E0061]: this function takes 1 argument but 2 arguments were supplied
[INFO] [stdout]     --> /opt/rustwide/cargo-home/registry/src/github.com-1ecc6299db9ec823/blake2b-ref-0.1.0/src/blake2b_ref.rs:485:10
[INFO] [stdout]      |
[INFO] [stdout] 485  |         .fill(0, ::core::mem::size_of::<[uint8_t; 16]>());
[INFO] [stdout]      |          ^^^^ -  --------------------------------------- supplied 2 arguments
[INFO] [stdout]      |          |
[INFO] [stdout]      |          expected 1 argument
[INFO] [stdout]      |
[INFO] [stdout] note: associated function defined here
[INFO] [stdout] 
[INFO] [stdout] 
[INFO] [stderr]    Compiling rand v0.6.5
[INFO] [stdout] error[E0061]: this function takes 1 argument but 2 arguments were supplied
[INFO] [stdout]     --> /opt/rustwide/cargo-home/registry/src/github.com-1ecc6299db9ec823/blake2b-ref-0.1.0/src/blake2b_ref.rs:488:10
[INFO] [stdout]      |
[INFO] [stdout] 488  |         .fill(0, ::core::mem::size_of::<[uint8_t; 16]>());
[INFO] [stdout]      |          ^^^^ -  --------------------------------------- supplied 2 arguments
[INFO] [stdout]      |          |
[INFO] [stdout]      |          expected 1 argument
[INFO] [stdout]      |
[INFO] [stdout] note: associated function defined here
[INFO] [stdout] 
[INFO] [stdout] 
[INFO] [stderr]    Compiling clap v2.33.3
[INFO] [stderr]    Compiling linked_hash_set v0.1.4
[INFO] [stdout] error[E0061]: this function takes 1 argument but 2 arguments were supplied
[INFO] [stdout]     --> /opt/rustwide/cargo-home/registry/src/github.com-1ecc6299db9ec823/blake2b-ref-0.1.0/src/blake2b_ref.rs:3950:38
[INFO] [stdout]      |
[INFO] [stdout] 3950 |     (*S).buf[(*S).buflen as usize..].fill(
[INFO] [stdout]      |                                      ^^^^ expected 1 argument
[INFO] [stdout] 3951 |         0,
[INFO] [stdout]      |         -
[INFO] [stdout] 3952 |         (BLAKE2B_BLOCKBYTES as libc::c_int as libc::c_ulong).wrapping_sub((*S).buflen) as usize,
[INFO] [stdout]      |         --------------------------------------------------------------------------------------- supplied 2 arguments
[INFO] [stdout]      |
[INFO] [stdout] note: associated function defined here
[INFO] [stdout] 
[INFO] [stdout] 
[INFO] [stdout] error: aborting due to 8 previous errors
[INFO] [stdout] 
[INFO] [stdout] 
[INFO] [stdout] For more information about this error, try `rustc --explain E0061`.
[INFO] [stdout] 
[INFO] [stderr] error: could not compile `blake2b-ref` due to 9 previous errors
[INFO] [stderr] warning: build failed, waiting for other jobs to finish...
[INFO] [stderr] error: build failed
[INFO] running `Command { std: "docker" "inspect" "b0557abd1a7156668b0e52e8d56f52a43fd66c2238f169ad22a0e0550452bed9", kill_on_drop: false }`
[INFO] running `Command { std: "docker" "rm" "-f" "b0557abd1a7156668b0e52e8d56f52a43fd66c2238f169ad22a0e0550452bed9", kill_on_drop: false }`
[INFO] [stdout] b0557abd1a7156668b0e52e8d56f52a43fd66c2238f169ad22a0e0550452bed9
