[INFO] cloning repository https://github.com/xFA25E/mal
[INFO] running `Command { std: "git" "-c" "credential.helper=" "-c" "credential.helper=/workspace/cargo-home/bin/git-credential-null" "clone" "--bare" "https://github.com/xFA25E/mal" "/workspace/cache/git-repos/https%3A%2F%2Fgithub.com%2FxFA25E%2Fmal", kill_on_drop: false }`
[INFO] [stderr] Cloning into bare repository '/workspace/cache/git-repos/https%3A%2F%2Fgithub.com%2FxFA25E%2Fmal'...
[INFO] running `Command { std: "git" "rev-parse" "HEAD", kill_on_drop: false }`
[INFO] [stdout] 1fd267f6c5a8aa9501a1dc564e143e80d02870d6
[INFO] testing xFA25E/mal against beta-2021-08-01 for beta-1.55-1
[INFO] running `Command { std: "git" "clone" "/workspace/cache/git-repos/https%3A%2F%2Fgithub.com%2FxFA25E%2Fmal" "/workspace/builds/worker-23/source", kill_on_drop: false }`
[INFO] [stderr] Cloning into '/workspace/builds/worker-23/source'...
[INFO] [stderr] done.
[INFO] validating manifest of git repo https://github.com/xFA25E/mal on toolchain beta-2021-08-01
[INFO] running `Command { std: "/workspace/cargo-home/bin/cargo" "+beta-2021-08-01" "metadata" "--manifest-path" "Cargo.toml" "--no-deps", kill_on_drop: false }`
[INFO] started tweaking git repo https://github.com/xFA25E/mal
[INFO] finished tweaking git repo https://github.com/xFA25E/mal
[INFO] tweaked toml for git repo https://github.com/xFA25E/mal written to /workspace/builds/worker-23/source/Cargo.toml
[INFO] crate git repo https://github.com/xFA25E/mal already has a lockfile, it will not be regenerated
[INFO] running `Command { std: "/workspace/cargo-home/bin/cargo" "+beta-2021-08-01" "fetch" "--manifest-path" "Cargo.toml", kill_on_drop: false }`
[INFO] [stderr]     Blocking waiting for file lock on package cache
[INFO] [stderr]     Blocking waiting for file lock on package cache
[INFO] [stderr]  Downloading crates ...
[INFO] [stderr]   Downloaded memchr v2.2.1
[INFO] [stderr]   Downloaded aho-corasick v0.7.6
[INFO] [stderr]   Downloaded typenum v1.11.2
[INFO] [stderr]   Downloaded version_check v0.9.1
[INFO] [stderr]   Downloaded im-rc v14.0.0
[INFO] [stderr]   Downloaded regex v1.3.1
[INFO] [stderr]   Downloaded rand_xoshiro v0.4.0
[INFO] [stderr]   Downloaded bitmaps v2.0.0
[INFO] [stderr]   Downloaded sized-chunks v0.5.0
[INFO] [stderr]   Downloaded regex-syntax v0.6.12
[INFO] running `Command { std: "docker" "create" "-v" "/var/lib/crater-agent-workspace/builds/worker-23/target:/opt/rustwide/target:rw,Z" "-v" "/var/lib/crater-agent-workspace/builds/worker-23/source:/opt/rustwide/workdir:ro,Z" "-v" "/var/lib/crater-agent-workspace/cargo-home:/opt/rustwide/cargo-home:ro,Z" "-v" "/var/lib/crater-agent-workspace/rustup-home:/opt/rustwide/rustup-home:ro,Z" "-e" "SOURCE_DIR=/opt/rustwide/workdir" "-e" "CARGO_TARGET_DIR=/opt/rustwide/target" "-e" "CARGO_HOME=/opt/rustwide/cargo-home" "-e" "RUSTUP_HOME=/opt/rustwide/rustup-home" "-w" "/opt/rustwide/workdir" "-m" "1610612736" "--user" "0:0" "--network" "none" "ghcr.io/rust-lang/crates-build-env/linux@sha256:34b6a614d2c27851fe6cbf88fbd1137609cefab8b10d0615aaeb6fd47975d74e" "/opt/rustwide/cargo-home/bin/cargo" "+beta-2021-08-01" "metadata" "--no-deps" "--format-version=1", kill_on_drop: false }`
[INFO] [stdout] 0cfd9fe9d779581e6c687720b9a8da53da77b56766757580ed2fb6f17ed188c8
[INFO] running `Command { std: "docker" "start" "-a" "0cfd9fe9d779581e6c687720b9a8da53da77b56766757580ed2fb6f17ed188c8", kill_on_drop: false }`
[INFO] running `Command { std: "docker" "inspect" "0cfd9fe9d779581e6c687720b9a8da53da77b56766757580ed2fb6f17ed188c8", kill_on_drop: false }`
[INFO] running `Command { std: "docker" "rm" "-f" "0cfd9fe9d779581e6c687720b9a8da53da77b56766757580ed2fb6f17ed188c8", kill_on_drop: false }`
[INFO] [stdout] 0cfd9fe9d779581e6c687720b9a8da53da77b56766757580ed2fb6f17ed188c8
[INFO] running `Command { std: "docker" "create" "-v" "/var/lib/crater-agent-workspace/builds/worker-23/target:/opt/rustwide/target:rw,Z" "-v" "/var/lib/crater-agent-workspace/builds/worker-23/source:/opt/rustwide/workdir:ro,Z" "-v" "/var/lib/crater-agent-workspace/cargo-home:/opt/rustwide/cargo-home:ro,Z" "-v" "/var/lib/crater-agent-workspace/rustup-home:/opt/rustwide/rustup-home:ro,Z" "-e" "SOURCE_DIR=/opt/rustwide/workdir" "-e" "CARGO_TARGET_DIR=/opt/rustwide/target" "-e" "CARGO_INCREMENTAL=0" "-e" "RUST_BACKTRACE=full" "-e" "RUSTFLAGS=--cap-lints=warn" "-e" "CARGO_HOME=/opt/rustwide/cargo-home" "-e" "RUSTUP_HOME=/opt/rustwide/rustup-home" "-w" "/opt/rustwide/workdir" "-m" "1610612736" "--user" "0:0" "--network" "none" "ghcr.io/rust-lang/crates-build-env/linux@sha256:34b6a614d2c27851fe6cbf88fbd1137609cefab8b10d0615aaeb6fd47975d74e" "/opt/rustwide/cargo-home/bin/cargo" "+beta-2021-08-01" "build" "--frozen" "--message-format=json", kill_on_drop: false }`
[INFO] [stdout] c712d69b760a89c51de45e465039f98f67c757f396143c7087e9aa74cb36cc8e
[INFO] running `Command { std: "docker" "start" "-a" "c712d69b760a89c51de45e465039f98f67c757f396143c7087e9aa74cb36cc8e", kill_on_drop: false }`
[INFO] [stderr]     Blocking waiting for file lock on package cache
[INFO] [stderr]    Compiling typenum v1.11.2
[INFO] [stderr]    Compiling memchr v2.2.1
[INFO] [stderr]    Compiling version_check v0.9.1
[INFO] [stderr]    Compiling rand_core v0.5.1
[INFO] [stderr]    Compiling regex-syntax v0.6.12
[INFO] [stderr]    Compiling thread_local v0.3.6
[INFO] [stderr]    Compiling rand_xoshiro v0.4.0
[INFO] [stderr]    Compiling im-rc v14.0.0
[INFO] [stderr]    Compiling aho-corasick v0.7.6
[INFO] [stderr]    Compiling bitmaps v2.0.0
[INFO] [stderr]    Compiling regex v1.3.1
[INFO] [stderr]    Compiling sized-chunks v0.5.0
[INFO] [stderr]    Compiling mal v0.1.0 (/opt/rustwide/workdir)
[INFO] [stderr]     Finished dev [unoptimized + debuginfo] target(s) in 44.53s
[INFO] running `Command { std: "docker" "inspect" "c712d69b760a89c51de45e465039f98f67c757f396143c7087e9aa74cb36cc8e", kill_on_drop: false }`
[INFO] running `Command { std: "docker" "rm" "-f" "c712d69b760a89c51de45e465039f98f67c757f396143c7087e9aa74cb36cc8e", kill_on_drop: false }`
[INFO] [stdout] c712d69b760a89c51de45e465039f98f67c757f396143c7087e9aa74cb36cc8e
[INFO] running `Command { std: "docker" "create" "-v" "/var/lib/crater-agent-workspace/builds/worker-23/target:/opt/rustwide/target:rw,Z" "-v" "/var/lib/crater-agent-workspace/builds/worker-23/source:/opt/rustwide/workdir:ro,Z" "-v" "/var/lib/crater-agent-workspace/cargo-home:/opt/rustwide/cargo-home:ro,Z" "-v" "/var/lib/crater-agent-workspace/rustup-home:/opt/rustwide/rustup-home:ro,Z" "-e" "SOURCE_DIR=/opt/rustwide/workdir" "-e" "CARGO_TARGET_DIR=/opt/rustwide/target" "-e" "CARGO_INCREMENTAL=0" "-e" "RUST_BACKTRACE=full" "-e" "RUSTFLAGS=--cap-lints=warn" "-e" "CARGO_HOME=/opt/rustwide/cargo-home" "-e" "RUSTUP_HOME=/opt/rustwide/rustup-home" "-w" "/opt/rustwide/workdir" "-m" "1610612736" "--user" "0:0" "--network" "none" "ghcr.io/rust-lang/crates-build-env/linux@sha256:34b6a614d2c27851fe6cbf88fbd1137609cefab8b10d0615aaeb6fd47975d74e" "/opt/rustwide/cargo-home/bin/cargo" "+beta-2021-08-01" "test" "--frozen" "--no-run" "--message-format=json", kill_on_drop: false }`
[INFO] [stdout] 8c16f40f41db2d6a94b703538a24d11db60a6c965d70ea0136cd321a19690515
[INFO] running `Command { std: "docker" "start" "-a" "8c16f40f41db2d6a94b703538a24d11db60a6c965d70ea0136cd321a19690515", kill_on_drop: false }`
[INFO] [stderr]     Blocking waiting for file lock on package cache
[INFO] [stderr]    Compiling mal v0.1.0 (/opt/rustwide/workdir)
[INFO] [stdout] error[E0599]: no method named `make` found for struct `env::Env` in the current scope
[INFO] [stdout]    --> src/env.rs:207:42
[INFO] [stdout]     |
[INFO] [stdout] 11  | pub struct Env(Rc<LispEnv>);
[INFO] [stdout]     | ---------------------------- method `make` not found for this
[INFO] [stdout] ...
[INFO] [stdout] 207 |         let env = Env::new().with_core().make();
[INFO] [stdout]     |                                          ^^^^ method not found in `env::Env`
[INFO] [stdout] 
[INFO] [stdout] 
[INFO] [stdout] error[E0023]: this pattern has 1 field, but the corresponding tuple variant has 2 fields
[INFO] [stdout]    --> src/env.rs:210:16
[INFO] [stdout]     |
[INFO] [stdout] 210 |             Ok(Value::Function(f)) => println!(
[INFO] [stdout]     |                ^^^^^^^^^^^^^^^^^^ expected 2 fields, found 1
[INFO] [stdout]     | 
[INFO] [stdout]    ::: src/value.rs:28:5
[INFO] [stdout]     |
[INFO] [stdout] 28  |     Function(BuiltinFunction, Rc<Value>),
[INFO] [stdout]     |     ------------------------------------ tuple variant defined here
[INFO] [stdout]     |
[INFO] [stdout] help: use `_` to explicitly ignore each field
[INFO] [stdout]     |
[INFO] [stdout] 210 |             Ok(Value::Function(f, _)) => println!(
[INFO] [stdout]     |                                 ^^^
[INFO] [stdout] 
[INFO] [stdout] 
[INFO] [stdout] error[E0277]: the trait bound `Rc<String>: From<&str>` is not satisfied
[INFO] [stdout]    --> src/value.rs:423:34
[INFO] [stdout]     |
[INFO] [stdout] 423 |         assert_eq!(Value::Symbol("sym".into()).to_string(), "sym".to_string(),);
[INFO] [stdout]     |                                  ^^^^^^^^^^^^ the trait `From<&str>` is not implemented for `Rc<String>`
[INFO] [stdout]     |
[INFO] [stdout]     = help: the following implementations were found:
[INFO] [stdout]               <Rc<B> as From<Cow<'a, B>>>
[INFO] [stdout]               <Rc<CStr> as From<&CStr>>
[INFO] [stdout]               <Rc<CStr> as From<CString>>
[INFO] [stdout]               <Rc<OsStr> as From<&OsStr>>
[INFO] [stdout]             and 9 others
[INFO] [stdout]     = note: required because of the requirements on the impl of `Into<Rc<String>>` for `&str`
[INFO] [stdout] 
[INFO] [stdout] 
[INFO] [stdout] error[E0061]: this enum variant takes 2 arguments but 1 argument was supplied
[INFO] [stdout]    --> src/value.rs:425:13
[INFO] [stdout]     |
[INFO] [stdout] 425 |               Value::List(
[INFO] [stdout]     |               ^^^^^^^^^^^ expected 2 arguments
[INFO] [stdout] 426 | /                 vec![Value::Number(123), Value::Symbol("sym".into())]
[INFO] [stdout] 427 | |                     .into_iter()
[INFO] [stdout] 428 | |                     .collect()
[INFO] [stdout]     | |______________________________- supplied 1 argument
[INFO] [stdout] 
[INFO] [stdout] 
[INFO] [stdout] error[E0277]: the trait bound `Rc<String>: From<&str>` is not satisfied
[INFO] [stdout]    --> src/value.rs:426:56
[INFO] [stdout]     |
[INFO] [stdout] 426 |                 vec![Value::Number(123), Value::Symbol("sym".into())]
[INFO] [stdout]     |                                                        ^^^^^^^^^^^^ the trait `From<&str>` is not implemented for `Rc<String>`
[INFO] [stdout]     |
[INFO] [stdout]     = help: the following implementations were found:
[INFO] [stdout]               <Rc<B> as From<Cow<'a, B>>>
[INFO] [stdout]               <Rc<CStr> as From<&CStr>>
[INFO] [stdout]               <Rc<CStr> as From<CString>>
[INFO] [stdout]               <Rc<OsStr> as From<&OsStr>>
[INFO] [stdout]             and 9 others
[INFO] [stdout]     = note: required because of the requirements on the impl of `Into<Rc<String>>` for `&str`
[INFO] [stdout] 
[INFO] [stdout] 
[INFO] [stdout] error[E0061]: this enum variant takes 2 arguments but 1 argument was supplied
[INFO] [stdout]    --> src/value.rs:435:13
[INFO] [stdout]     |
[INFO] [stdout] 435 |               Value::List(
[INFO] [stdout]     |               ^^^^^^^^^^^ expected 2 arguments
[INFO] [stdout] 436 | /                 vec![
[INFO] [stdout] 437 | |                     Value::Number(123),
[INFO] [stdout] 438 | |                     Value::Symbol("sym".into()),
[INFO] [stdout] 439 | |                     Value::List(
[INFO] [stdout] ...   |
[INFO] [stdout] 445 | |                 .into_iter()
[INFO] [stdout] 446 | |                 .collect()
[INFO] [stdout]     | |__________________________- supplied 1 argument
[INFO] [stdout] 
[INFO] [stdout] 
[INFO] [stdout] error[E0277]: the trait bound `Rc<String>: From<&str>` is not satisfied
[INFO] [stdout]    --> src/value.rs:438:35
[INFO] [stdout]     |
[INFO] [stdout] 438 |                     Value::Symbol("sym".into()),
[INFO] [stdout]     |                                   ^^^^^^^^^^^^ the trait `From<&str>` is not implemented for `Rc<String>`
[INFO] [stdout]     |
[INFO] [stdout]     = help: the following implementations were found:
[INFO] [stdout]               <Rc<B> as From<Cow<'a, B>>>
[INFO] [stdout]               <Rc<CStr> as From<&CStr>>
[INFO] [stdout]               <Rc<CStr> as From<CString>>
[INFO] [stdout]               <Rc<OsStr> as From<&OsStr>>
[INFO] [stdout]             and 9 others
[INFO] [stdout]     = note: required because of the requirements on the impl of `Into<Rc<String>>` for `&str`
[INFO] [stdout] 
[INFO] [stdout] 
[INFO] [stdout] error[E0061]: this enum variant takes 2 arguments but 1 argument was supplied
[INFO] [stdout]    --> src/value.rs:439:21
[INFO] [stdout]     |
[INFO] [stdout] 439 |                       Value::List(
[INFO] [stdout]     |                       ^^^^^^^^^^^ expected 2 arguments
[INFO] [stdout] 440 | /                         vec![Value::Number(123), Value::Symbol("sym".into())]
[INFO] [stdout] 441 | |                             .into_iter()
[INFO] [stdout] 442 | |                             .collect()
[INFO] [stdout]     | |______________________________________- supplied 1 argument
[INFO] [stdout] 
[INFO] [stdout] 
[INFO] [stdout] error[E0277]: the trait bound `Rc<String>: From<&str>` is not satisfied
[INFO] [stdout]    --> src/value.rs:440:64
[INFO] [stdout]     |
[INFO] [stdout] 440 |                         vec![Value::Number(123), Value::Symbol("sym".into())]
[INFO] [stdout]     |                                                                ^^^^^^^^^^^^ the trait `From<&str>` is not implemented for `Rc<String>`
[INFO] [stdout]     |
[INFO] [stdout]     = help: the following implementations were found:
[INFO] [stdout]               <Rc<B> as From<Cow<'a, B>>>
[INFO] [stdout]               <Rc<CStr> as From<&CStr>>
[INFO] [stdout]               <Rc<CStr> as From<CString>>
[INFO] [stdout]               <Rc<OsStr> as From<&OsStr>>
[INFO] [stdout]             and 9 others
[INFO] [stdout]     = note: required because of the requirements on the impl of `Into<Rc<String>>` for `&str`
[INFO] [stdout] 
[INFO] [stdout] 
[INFO] [stdout] error: aborting due to 9 previous errors
[INFO] [stdout] 
[INFO] [stdout] 
[INFO] [stdout] Some errors have detailed explanations: E0023, E0061, E0277, E0599.
[INFO] [stdout] 
[INFO] [stdout] For more information about an error, try `rustc --explain E0023`.
[INFO] [stdout] 
[INFO] [stderr] error: could not compile `mal` due to 10 previous errors
[INFO] running `Command { std: "docker" "inspect" "8c16f40f41db2d6a94b703538a24d11db60a6c965d70ea0136cd321a19690515", kill_on_drop: false }`
[INFO] running `Command { std: "docker" "rm" "-f" "8c16f40f41db2d6a94b703538a24d11db60a6c965d70ea0136cd321a19690515", kill_on_drop: false }`
[INFO] [stdout] 8c16f40f41db2d6a94b703538a24d11db60a6c965d70ea0136cd321a19690515
