[INFO] cloning repository https://github.com/wonderwoman13/rustbridge-pittsburgh
[INFO] running `Command { std: "git" "-c" "credential.helper=" "-c" "credential.helper=/workspace/cargo-home/bin/git-credential-null" "clone" "--bare" "https://github.com/wonderwoman13/rustbridge-pittsburgh" "/workspace/cache/git-repos/https%3A%2F%2Fgithub.com%2Fwonderwoman13%2Frustbridge-pittsburgh", kill_on_drop: false }`
[INFO] [stderr] Cloning into bare repository '/workspace/cache/git-repos/https%3A%2F%2Fgithub.com%2Fwonderwoman13%2Frustbridge-pittsburgh'...
[INFO] running `Command { std: "git" "rev-parse" "HEAD", kill_on_drop: false }`
[INFO] [stdout] b65a22a680f03fd5d1640f3203bc6156e55a1c02
[INFO] testing wonderwoman13/rustbridge-pittsburgh against beta-2021-08-01 for beta-1.55-1
[INFO] running `Command { std: "git" "clone" "/workspace/cache/git-repos/https%3A%2F%2Fgithub.com%2Fwonderwoman13%2Frustbridge-pittsburgh" "/workspace/builds/worker-55/source", kill_on_drop: false }`
[INFO] [stderr] Cloning into '/workspace/builds/worker-55/source'...
[INFO] [stderr] done.
[INFO] validating manifest of git repo https://github.com/wonderwoman13/rustbridge-pittsburgh on toolchain beta-2021-08-01
[INFO] running `Command { std: "/workspace/cargo-home/bin/cargo" "+beta-2021-08-01" "metadata" "--manifest-path" "Cargo.toml" "--no-deps", kill_on_drop: false }`
[INFO] started tweaking git repo https://github.com/wonderwoman13/rustbridge-pittsburgh
[INFO] finished tweaking git repo https://github.com/wonderwoman13/rustbridge-pittsburgh
[INFO] tweaked toml for git repo https://github.com/wonderwoman13/rustbridge-pittsburgh written to /workspace/builds/worker-55/source/Cargo.toml
[INFO] crate git repo https://github.com/wonderwoman13/rustbridge-pittsburgh already has a lockfile, it will not be regenerated
[INFO] running `Command { std: "/workspace/cargo-home/bin/cargo" "+beta-2021-08-01" "fetch" "--manifest-path" "Cargo.toml", kill_on_drop: false }`
[INFO] [stderr]     Blocking waiting for file lock on package cache
[INFO] running `Command { std: "docker" "create" "-v" "/var/lib/crater-agent-workspace/builds/worker-55/target:/opt/rustwide/target:rw,Z" "-v" "/var/lib/crater-agent-workspace/builds/worker-55/source:/opt/rustwide/workdir:ro,Z" "-v" "/var/lib/crater-agent-workspace/cargo-home:/opt/rustwide/cargo-home:ro,Z" "-v" "/var/lib/crater-agent-workspace/rustup-home:/opt/rustwide/rustup-home:ro,Z" "-e" "SOURCE_DIR=/opt/rustwide/workdir" "-e" "CARGO_TARGET_DIR=/opt/rustwide/target" "-e" "CARGO_HOME=/opt/rustwide/cargo-home" "-e" "RUSTUP_HOME=/opt/rustwide/rustup-home" "-w" "/opt/rustwide/workdir" "-m" "1610612736" "--user" "0:0" "--network" "none" "ghcr.io/rust-lang/crates-build-env/linux@sha256:34b6a614d2c27851fe6cbf88fbd1137609cefab8b10d0615aaeb6fd47975d74e" "/opt/rustwide/cargo-home/bin/cargo" "+beta-2021-08-01" "metadata" "--no-deps" "--format-version=1", kill_on_drop: false }`
[INFO] [stdout] 47a60435335e0ffb5bec12525d1d2969923ddcf37714b3a9933dc6b2d24e9ff9
[INFO] running `Command { std: "docker" "start" "-a" "47a60435335e0ffb5bec12525d1d2969923ddcf37714b3a9933dc6b2d24e9ff9", kill_on_drop: false }`
[INFO] running `Command { std: "docker" "inspect" "47a60435335e0ffb5bec12525d1d2969923ddcf37714b3a9933dc6b2d24e9ff9", kill_on_drop: false }`
[INFO] running `Command { std: "docker" "rm" "-f" "47a60435335e0ffb5bec12525d1d2969923ddcf37714b3a9933dc6b2d24e9ff9", kill_on_drop: false }`
[INFO] [stdout] 47a60435335e0ffb5bec12525d1d2969923ddcf37714b3a9933dc6b2d24e9ff9
[INFO] running `Command { std: "docker" "create" "-v" "/var/lib/crater-agent-workspace/builds/worker-55/target:/opt/rustwide/target:rw,Z" "-v" "/var/lib/crater-agent-workspace/builds/worker-55/source:/opt/rustwide/workdir:ro,Z" "-v" "/var/lib/crater-agent-workspace/cargo-home:/opt/rustwide/cargo-home:ro,Z" "-v" "/var/lib/crater-agent-workspace/rustup-home:/opt/rustwide/rustup-home:ro,Z" "-e" "SOURCE_DIR=/opt/rustwide/workdir" "-e" "CARGO_TARGET_DIR=/opt/rustwide/target" "-e" "CARGO_INCREMENTAL=0" "-e" "RUST_BACKTRACE=full" "-e" "RUSTFLAGS=--cap-lints=warn" "-e" "CARGO_HOME=/opt/rustwide/cargo-home" "-e" "RUSTUP_HOME=/opt/rustwide/rustup-home" "-w" "/opt/rustwide/workdir" "-m" "1610612736" "--user" "0:0" "--network" "none" "ghcr.io/rust-lang/crates-build-env/linux@sha256:34b6a614d2c27851fe6cbf88fbd1137609cefab8b10d0615aaeb6fd47975d74e" "/opt/rustwide/cargo-home/bin/cargo" "+beta-2021-08-01" "build" "--frozen" "--message-format=json", kill_on_drop: false }`
[INFO] [stdout] bff33f5154e1697d23980a582aab483da4e09dc04f36be7c9d491e6047d7c4f4
[INFO] running `Command { std: "docker" "start" "-a" "bff33f5154e1697d23980a582aab483da4e09dc04f36be7c9d491e6047d7c4f4", kill_on_drop: false }`
[INFO] [stderr]     Blocking waiting for file lock on package cache
[INFO] [stderr]    Compiling rustbridge-pittsburgh v0.1.0 (/opt/rustwide/workdir)
[INFO] [stdout] error[E0428]: the name `main` is defined multiple times
[INFO] [stdout]   --> src/main.rs:14:1
[INFO] [stdout]    |
[INFO] [stdout] 3  | fn main() {
[INFO] [stdout]    | --------- previous definition of the value `main` here
[INFO] [stdout] ...
[INFO] [stdout] 14 | fn main() {
[INFO] [stdout]    | ^^^^^^^^^ `main` redefined here
[INFO] [stdout]    |
[INFO] [stdout]    = note: `main` must be defined only once in the value namespace of this module
[INFO] [stdout] 
[INFO] [stdout] 
[INFO] [stdout] error[E0428]: the name `main` is defined multiple times
[INFO] [stdout]   --> src/main.rs:20:1
[INFO] [stdout]    |
[INFO] [stdout] 3  | fn main() {
[INFO] [stdout]    | --------- previous definition of the value `main` here
[INFO] [stdout] ...
[INFO] [stdout] 20 | fn main() {
[INFO] [stdout]    | ^^^^^^^^^ `main` redefined here
[INFO] [stdout]    |
[INFO] [stdout]    = note: `main` must be defined only once in the value namespace of this module
[INFO] [stdout] 
[INFO] [stdout] 
[INFO] [stdout] error[E0428]: the name `main` is defined multiple times
[INFO] [stdout]   --> src/main.rs:35:1
[INFO] [stdout]    |
[INFO] [stdout] 3  | fn main() {
[INFO] [stdout]    | --------- previous definition of the value `main` here
[INFO] [stdout] ...
[INFO] [stdout] 35 | fn main() {
[INFO] [stdout]    | ^^^^^^^^^ `main` redefined here
[INFO] [stdout]    |
[INFO] [stdout]    = note: `main` must be defined only once in the value namespace of this module
[INFO] [stdout] 
[INFO] [stdout] 
[INFO] [stdout] error[E0428]: the name `main` is defined multiple times
[INFO] [stdout]   --> src/main.rs:50:1
[INFO] [stdout]    |
[INFO] [stdout] 3  | fn main() {
[INFO] [stdout]    | --------- previous definition of the value `main` here
[INFO] [stdout] ...
[INFO] [stdout] 50 | fn main () {
[INFO] [stdout]    | ^^^^^^^^^^ `main` redefined here
[INFO] [stdout]    |
[INFO] [stdout]    = note: `main` must be defined only once in the value namespace of this module
[INFO] [stdout] 
[INFO] [stdout] 
[INFO] [stdout] error[E0428]: the name `main` is defined multiple times
[INFO] [stdout]   --> src/main.rs:58:1
[INFO] [stdout]    |
[INFO] [stdout] 3  | fn main() {
[INFO] [stdout]    | --------- previous definition of the value `main` here
[INFO] [stdout] ...
[INFO] [stdout] 58 | fn main() {
[INFO] [stdout]    | ^^^^^^^^^ `main` redefined here
[INFO] [stdout]    |
[INFO] [stdout]    = note: `main` must be defined only once in the value namespace of this module
[INFO] [stdout] 
[INFO] [stdout] 
[INFO] [stdout] error[E0428]: the name `main` is defined multiple times
[INFO] [stdout]   --> src/main.rs:64:1
[INFO] [stdout]    |
[INFO] [stdout] 3  | fn main() {
[INFO] [stdout]    | --------- previous definition of the value `main` here
[INFO] [stdout] ...
[INFO] [stdout] 64 | fn main () {
[INFO] [stdout]    | ^^^^^^^^^^ `main` redefined here
[INFO] [stdout]    |
[INFO] [stdout]    = note: `main` must be defined only once in the value namespace of this module
[INFO] [stdout] 
[INFO] [stdout] 
[INFO] [stdout] error[E0428]: the name `main` is defined multiple times
[INFO] [stdout]   --> src/main.rs:72:1
[INFO] [stdout]    |
[INFO] [stdout] 3  | fn main() {
[INFO] [stdout]    | --------- previous definition of the value `main` here
[INFO] [stdout] ...
[INFO] [stdout] 72 | fn main () {
[INFO] [stdout]    | ^^^^^^^^^^ `main` redefined here
[INFO] [stdout]    |
[INFO] [stdout]    = note: `main` must be defined only once in the value namespace of this module
[INFO] [stdout] 
[INFO] [stdout] 
[INFO] [stdout] error[E0428]: the name `main` is defined multiple times
[INFO] [stdout]   --> src/main.rs:81:1
[INFO] [stdout]    |
[INFO] [stdout] 3  | fn main() {
[INFO] [stdout]    | --------- previous definition of the value `main` here
[INFO] [stdout] ...
[INFO] [stdout] 81 | fn main () {
[INFO] [stdout]    | ^^^^^^^^^^ `main` redefined here
[INFO] [stdout]    |
[INFO] [stdout]    = note: `main` must be defined only once in the value namespace of this module
[INFO] [stdout] 
[INFO] [stdout] 
[INFO] [stdout] error[E0428]: the name `main` is defined multiple times
[INFO] [stdout]   --> src/main.rs:90:1
[INFO] [stdout]    |
[INFO] [stdout] 3  | fn main() {
[INFO] [stdout]    | --------- previous definition of the value `main` here
[INFO] [stdout] ...
[INFO] [stdout] 90 | fn main () {
[INFO] [stdout]    | ^^^^^^^^^^ `main` redefined here
[INFO] [stdout]    |
[INFO] [stdout]    = note: `main` must be defined only once in the value namespace of this module
[INFO] [stdout] 
[INFO] [stdout] 
[INFO] [stdout] error[E0428]: the name `main` is defined multiple times
[INFO] [stdout]    --> src/main.rs:111:1
[INFO] [stdout]     |
[INFO] [stdout] 3   | fn main() {
[INFO] [stdout]     | --------- previous definition of the value `main` here
[INFO] [stdout] ...
[INFO] [stdout] 111 | fn main () {
[INFO] [stdout]     | ^^^^^^^^^^ `main` redefined here
[INFO] [stdout]     |
[INFO] [stdout]     = note: `main` must be defined only once in the value namespace of this module
[INFO] [stdout] 
[INFO] [stdout] 
[INFO] [stdout] error[E0428]: the name `main` is defined multiple times
[INFO] [stdout]    --> src/main.rs:127:1
[INFO] [stdout]     |
[INFO] [stdout] 3   | fn main() {
[INFO] [stdout]     | --------- previous definition of the value `main` here
[INFO] [stdout] ...
[INFO] [stdout] 127 | fn main () {
[INFO] [stdout]     | ^^^^^^^^^^ `main` redefined here
[INFO] [stdout]     |
[INFO] [stdout]     = note: `main` must be defined only once in the value namespace of this module
[INFO] [stdout] 
[INFO] [stdout] 
[INFO] [stdout] error[E0428]: the name `main` is defined multiple times
[INFO] [stdout]    --> src/main.rs:145:1
[INFO] [stdout]     |
[INFO] [stdout] 3   | fn main() {
[INFO] [stdout]     | --------- previous definition of the value `main` here
[INFO] [stdout] ...
[INFO] [stdout] 145 | fn main () {
[INFO] [stdout]     | ^^^^^^^^^^ `main` redefined here
[INFO] [stdout]     |
[INFO] [stdout]     = note: `main` must be defined only once in the value namespace of this module
[INFO] [stdout] 
[INFO] [stdout] 
[INFO] [stdout] error[E0428]: the name `main` is defined multiple times
[INFO] [stdout]    --> src/main.rs:160:1
[INFO] [stdout]     |
[INFO] [stdout] 3   | fn main() {
[INFO] [stdout]     | --------- previous definition of the value `main` here
[INFO] [stdout] ...
[INFO] [stdout] 160 | fn main () {
[INFO] [stdout]     | ^^^^^^^^^^ `main` redefined here
[INFO] [stdout]     |
[INFO] [stdout]     = note: `main` must be defined only once in the value namespace of this module
[INFO] [stdout] 
[INFO] [stdout] 
[INFO] [stdout] error[E0428]: the name `main` is defined multiple times
[INFO] [stdout]    --> src/main.rs:173:1
[INFO] [stdout]     |
[INFO] [stdout] 3   | fn main() {
[INFO] [stdout]     | --------- previous definition of the value `main` here
[INFO] [stdout] ...
[INFO] [stdout] 173 | fn main () {
[INFO] [stdout]     | ^^^^^^^^^^ `main` redefined here
[INFO] [stdout]     |
[INFO] [stdout]     = note: `main` must be defined only once in the value namespace of this module
[INFO] [stdout] 
[INFO] [stdout] 
[INFO] [stdout] error[E0428]: the name `main` is defined multiple times
[INFO] [stdout]    --> src/main.rs:183:1
[INFO] [stdout]     |
[INFO] [stdout] 3   | fn main() {
[INFO] [stdout]     | --------- previous definition of the value `main` here
[INFO] [stdout] ...
[INFO] [stdout] 183 | fn main () {
[INFO] [stdout]     | ^^^^^^^^^^ `main` redefined here
[INFO] [stdout]     |
[INFO] [stdout]     = note: `main` must be defined only once in the value namespace of this module
[INFO] [stdout] 
[INFO] [stdout] 
[INFO] [stdout] error[E0428]: the name `main` is defined multiple times
[INFO] [stdout]    --> src/main.rs:198:1
[INFO] [stdout]     |
[INFO] [stdout] 3   | fn main() {
[INFO] [stdout]     | --------- previous definition of the value `main` here
[INFO] [stdout] ...
[INFO] [stdout] 198 | fn main () {
[INFO] [stdout]     | ^^^^^^^^^^ `main` redefined here
[INFO] [stdout]     |
[INFO] [stdout]     = note: `main` must be defined only once in the value namespace of this module
[INFO] [stdout] 
[INFO] [stdout] 
[INFO] [stdout] error[E0428]: the name `main` is defined multiple times
[INFO] [stdout]    --> src/main.rs:206:1
[INFO] [stdout]     |
[INFO] [stdout] 3   | fn main() {
[INFO] [stdout]     | --------- previous definition of the value `main` here
[INFO] [stdout] ...
[INFO] [stdout] 206 | fn main() {
[INFO] [stdout]     | ^^^^^^^^^ `main` redefined here
[INFO] [stdout]     |
[INFO] [stdout]     = note: `main` must be defined only once in the value namespace of this module
[INFO] [stdout] 
[INFO] [stdout] 
[INFO] [stdout] error[E0428]: the name `main` is defined multiple times
[INFO] [stdout]    --> src/main.rs:213:1
[INFO] [stdout]     |
[INFO] [stdout] 3   | fn main() {
[INFO] [stdout]     | --------- previous definition of the value `main` here
[INFO] [stdout] ...
[INFO] [stdout] 213 | fn main() {
[INFO] [stdout]     | ^^^^^^^^^ `main` redefined here
[INFO] [stdout]     |
[INFO] [stdout]     = note: `main` must be defined only once in the value namespace of this module
[INFO] [stdout] 
[INFO] [stdout] 
[INFO] [stdout] error[E0428]: the name `main` is defined multiple times
[INFO] [stdout]    --> src/main.rs:226:1
[INFO] [stdout]     |
[INFO] [stdout] 3   | fn main() {
[INFO] [stdout]     | --------- previous definition of the value `main` here
[INFO] [stdout] ...
[INFO] [stdout] 226 | fn main() {
[INFO] [stdout]     | ^^^^^^^^^ `main` redefined here
[INFO] [stdout]     |
[INFO] [stdout]     = note: `main` must be defined only once in the value namespace of this module
[INFO] [stdout] 
[INFO] [stdout] 
[INFO] [stdout] error[E0428]: the name `print_vec` is defined multiple times
[INFO] [stdout]    --> src/main.rs:231:1
[INFO] [stdout]     |
[INFO] [stdout] 220 | fn print_vec(v: Vec<i32>) {
[INFO] [stdout]     | ------------------------- previous definition of the value `print_vec` here
[INFO] [stdout] ...
[INFO] [stdout] 231 | fn print_vec(v: &[i32]) {
[INFO] [stdout]     | ^^^^^^^^^^^^^^^^^^^^^^^ `print_vec` redefined here
[INFO] [stdout]     |
[INFO] [stdout]     = note: `print_vec` must be defined only once in the value namespace of this module
[INFO] [stdout] 
[INFO] [stdout] 
[INFO] [stdout] error[E0428]: the name `main` is defined multiple times
[INFO] [stdout]    --> src/main.rs:237:1
[INFO] [stdout]     |
[INFO] [stdout] 3   | fn main() {
[INFO] [stdout]     | --------- previous definition of the value `main` here
[INFO] [stdout] ...
[INFO] [stdout] 237 | fn main() {
[INFO] [stdout]     | ^^^^^^^^^ `main` redefined here
[INFO] [stdout]     |
[INFO] [stdout]     = note: `main` must be defined only once in the value namespace of this module
[INFO] [stdout] 
[INFO] [stdout] 
[INFO] [stdout] error[E0428]: the name `main` is defined multiple times
[INFO] [stdout]    --> src/main.rs:249:1
[INFO] [stdout]     |
[INFO] [stdout] 3   | fn main() {
[INFO] [stdout]     | --------- previous definition of the value `main` here
[INFO] [stdout] ...
[INFO] [stdout] 249 | fn main() {
[INFO] [stdout]     | ^^^^^^^^^ `main` redefined here
[INFO] [stdout]     |
[INFO] [stdout]     = note: `main` must be defined only once in the value namespace of this module
[INFO] [stdout] 
[INFO] [stdout] 
[INFO] [stdout] warning: `...` range patterns are deprecated
[INFO] [stdout]   --> src/main.rs:38:10
[INFO] [stdout]    |
[INFO] [stdout] 38 |         0...12 => println!("You may see G or PG movies"),
[INFO] [stdout]    |          ^^^ help: use `..=` for an inclusive range
[INFO] [stdout]    |
[INFO] [stdout]    = note: `#[warn(ellipsis_inclusive_range_patterns)]` on by default
[INFO] [stdout]    = warning: this is accepted in the current edition (Rust 2015) but is a hard error in Rust 2021!
[INFO] [stdout]    = note: for more information, see issue #80165 <https://github.com/rust-lang/rust/issues/80165>
[INFO] [stdout] 
[INFO] [stdout] 
[INFO] [stdout] warning: `...` range patterns are deprecated
[INFO] [stdout]   --> src/main.rs:39:11
[INFO] [stdout]    |
[INFO] [stdout] 39 |         13...16 => println!("You may see G, PG, or PG-13 movies"),
[INFO] [stdout]    |           ^^^ help: use `..=` for an inclusive range
[INFO] [stdout]    |
[INFO] [stdout]    = warning: this is accepted in the current edition (Rust 2015) but is a hard error in Rust 2021!
[INFO] [stdout]    = note: for more information, see issue #80165 <https://github.com/rust-lang/rust/issues/80165>
[INFO] [stdout] 
[INFO] [stdout] 
[INFO] [stdout] warning: use of deprecated macro `try`: use the `?` operator instead
[INFO] [stdout]    --> src/main.rs:176:19
[INFO] [stdout]     |
[INFO] [stdout] 176 |         let ans = try!(s.parse::<i32>()) + 5;
[INFO] [stdout]     |                   ^^^
[INFO] [stdout]     |
[INFO] [stdout]     = note: `#[warn(deprecated)]` on by default
[INFO] [stdout] 
[INFO] [stdout] 
[INFO] [stdout] error[E0308]: mismatched types
[INFO] [stdout]    --> src/main.rs:228:15
[INFO] [stdout]     |
[INFO] [stdout] 228 |     print_vec(&v[..]);
[INFO] [stdout]     |               ^^^^^^
[INFO] [stdout]     |               |
[INFO] [stdout]     |               expected struct `Vec`, found `&[{integer}]`
[INFO] [stdout]     |               help: try using a conversion method: `(&v[..]).to_vec()`
[INFO] [stdout]     |
[INFO] [stdout]     = note: expected struct `Vec<i32>`
[INFO] [stdout]             found reference `&[{integer}]`
[INFO] [stdout] 
[INFO] [stdout] 
[INFO] [stdout] error[E0308]: mismatched types
[INFO] [stdout]    --> src/main.rs:229:15
[INFO] [stdout]     |
[INFO] [stdout] 229 |     print_vec(&v[..]);
[INFO] [stdout]     |               ^^^^^^
[INFO] [stdout]     |               |
[INFO] [stdout]     |               expected struct `Vec`, found `&[{integer}]`
[INFO] [stdout]     |               help: try using a conversion method: `(&v[..]).to_vec()`
[INFO] [stdout]     |
[INFO] [stdout]     = note: expected struct `Vec<i32>`
[INFO] [stdout]             found reference `&[{integer}]`
[INFO] [stdout] 
[INFO] [stdout] 
[INFO] [stdout] error: aborting due to 24 previous errors; 3 warnings emitted
[INFO] [stdout] 
[INFO] [stdout] 
[INFO] [stdout] Some errors have detailed explanations: E0308, E0428.
[INFO] [stdout] 
[INFO] [stdout] For more information about an error, try `rustc --explain E0308`.
[INFO] [stdout] 
[INFO] [stderr] error: could not compile `rustbridge-pittsburgh` due to 25 previous errors; 3 warnings emitted
[INFO] running `Command { std: "docker" "inspect" "bff33f5154e1697d23980a582aab483da4e09dc04f36be7c9d491e6047d7c4f4", kill_on_drop: false }`
[INFO] running `Command { std: "docker" "rm" "-f" "bff33f5154e1697d23980a582aab483da4e09dc04f36be7c9d491e6047d7c4f4", kill_on_drop: false }`
[INFO] [stdout] bff33f5154e1697d23980a582aab483da4e09dc04f36be7c9d491e6047d7c4f4
