[INFO] cloning repository https://github.com/whothey/lexan
[INFO] running `Command { std: "git" "-c" "credential.helper=" "-c" "credential.helper=/workspace/cargo-home/bin/git-credential-null" "clone" "--bare" "https://github.com/whothey/lexan" "/workspace/cache/git-repos/https%3A%2F%2Fgithub.com%2Fwhothey%2Flexan", kill_on_drop: false }`
[INFO] [stderr] Cloning into bare repository '/workspace/cache/git-repos/https%3A%2F%2Fgithub.com%2Fwhothey%2Flexan'...
[INFO] running `Command { std: "git" "rev-parse" "HEAD", kill_on_drop: false }`
[INFO] [stdout] 79fbdd8f0c15eb9fba516c500a5c34eb33aa218e
[INFO] testing whothey/lexan against 1.54.0 for beta-1.55-1
[INFO] running `Command { std: "git" "clone" "/workspace/cache/git-repos/https%3A%2F%2Fgithub.com%2Fwhothey%2Flexan" "/workspace/builds/worker-1/source", kill_on_drop: false }`
[INFO] [stderr] Cloning into '/workspace/builds/worker-1/source'...
[INFO] [stderr] done.
[INFO] validating manifest of git repo https://github.com/whothey/lexan on toolchain 1.54.0
[INFO] running `Command { std: "/workspace/cargo-home/bin/cargo" "+1.54.0" "metadata" "--manifest-path" "Cargo.toml" "--no-deps", kill_on_drop: false }`
[INFO] started tweaking git repo https://github.com/whothey/lexan
[INFO] finished tweaking git repo https://github.com/whothey/lexan
[INFO] tweaked toml for git repo https://github.com/whothey/lexan written to /workspace/builds/worker-1/source/Cargo.toml
[INFO] crate git repo https://github.com/whothey/lexan already has a lockfile, it will not be regenerated
[INFO] running `Command { std: "/workspace/cargo-home/bin/cargo" "+1.54.0" "fetch" "--manifest-path" "Cargo.toml", kill_on_drop: false }`
[INFO] running `Command { std: "docker" "create" "-v" "/var/lib/crater-agent-workspace/builds/worker-1/target:/opt/rustwide/target:rw,Z" "-v" "/var/lib/crater-agent-workspace/builds/worker-1/source:/opt/rustwide/workdir:ro,Z" "-v" "/var/lib/crater-agent-workspace/cargo-home:/opt/rustwide/cargo-home:ro,Z" "-v" "/var/lib/crater-agent-workspace/rustup-home:/opt/rustwide/rustup-home:ro,Z" "-e" "SOURCE_DIR=/opt/rustwide/workdir" "-e" "CARGO_TARGET_DIR=/opt/rustwide/target" "-e" "CARGO_HOME=/opt/rustwide/cargo-home" "-e" "RUSTUP_HOME=/opt/rustwide/rustup-home" "-w" "/opt/rustwide/workdir" "-m" "1610612736" "--user" "0:0" "--network" "none" "ghcr.io/rust-lang/crates-build-env/linux@sha256:34b6a614d2c27851fe6cbf88fbd1137609cefab8b10d0615aaeb6fd47975d74e" "/opt/rustwide/cargo-home/bin/cargo" "+1.54.0" "metadata" "--no-deps" "--format-version=1", kill_on_drop: false }`
[INFO] [stdout] d994c8ab7210adda8c3b8189afca932a8ebadcfd78b7874e240d2bfa63be2ccb
[INFO] [stderr] WARNING: Your kernel does not support swap limit capabilities or the cgroup is not mounted. Memory limited without swap.
[INFO] running `Command { std: "docker" "start" "-a" "d994c8ab7210adda8c3b8189afca932a8ebadcfd78b7874e240d2bfa63be2ccb", kill_on_drop: false }`
[INFO] running `Command { std: "docker" "inspect" "d994c8ab7210adda8c3b8189afca932a8ebadcfd78b7874e240d2bfa63be2ccb", kill_on_drop: false }`
[INFO] running `Command { std: "docker" "rm" "-f" "d994c8ab7210adda8c3b8189afca932a8ebadcfd78b7874e240d2bfa63be2ccb", kill_on_drop: false }`
[INFO] [stdout] d994c8ab7210adda8c3b8189afca932a8ebadcfd78b7874e240d2bfa63be2ccb
[INFO] running `Command { std: "docker" "create" "-v" "/var/lib/crater-agent-workspace/builds/worker-1/target:/opt/rustwide/target:rw,Z" "-v" "/var/lib/crater-agent-workspace/builds/worker-1/source:/opt/rustwide/workdir:ro,Z" "-v" "/var/lib/crater-agent-workspace/cargo-home:/opt/rustwide/cargo-home:ro,Z" "-v" "/var/lib/crater-agent-workspace/rustup-home:/opt/rustwide/rustup-home:ro,Z" "-e" "SOURCE_DIR=/opt/rustwide/workdir" "-e" "CARGO_TARGET_DIR=/opt/rustwide/target" "-e" "CARGO_INCREMENTAL=0" "-e" "RUST_BACKTRACE=full" "-e" "RUSTFLAGS=--cap-lints=warn" "-e" "CARGO_HOME=/opt/rustwide/cargo-home" "-e" "RUSTUP_HOME=/opt/rustwide/rustup-home" "-w" "/opt/rustwide/workdir" "-m" "1610612736" "--user" "0:0" "--network" "none" "ghcr.io/rust-lang/crates-build-env/linux@sha256:34b6a614d2c27851fe6cbf88fbd1137609cefab8b10d0615aaeb6fd47975d74e" "/opt/rustwide/cargo-home/bin/cargo" "+1.54.0" "build" "--frozen" "--message-format=json", kill_on_drop: false }`
[INFO] [stdout] 6ad9067935cb42e5d23a21e92a5b2112a5e3b0daccf51e073e8d2fbe38bd072e
[INFO] [stderr] WARNING: Your kernel does not support swap limit capabilities or the cgroup is not mounted. Memory limited without swap.
[INFO] running `Command { std: "docker" "start" "-a" "6ad9067935cb42e5d23a21e92a5b2112a5e3b0daccf51e073e8d2fbe38bd072e", kill_on_drop: false }`
[INFO] [stderr]    Compiling libc v0.2.24
[INFO] [stderr]    Compiling thread_local v0.3.4
[INFO] [stderr]    Compiling memchr v1.0.1
[INFO] [stderr]    Compiling term_size v0.3.0
[INFO] [stderr]    Compiling atty v0.2.2
[INFO] [stderr]    Compiling textwrap v0.6.0
[INFO] [stderr]    Compiling aho-corasick v0.6.3
[INFO] [stderr]    Compiling clap v2.25.0
[INFO] [stderr]    Compiling regex v0.2.2
[INFO] [stderr]    Compiling env_logger v0.4.3
[INFO] [stderr]    Compiling lexan v0.1.0 (/opt/rustwide/workdir)
[INFO] [stdout] error[E0554]: `#![feature]` may not be used on the stable release channel
[INFO] [stdout]  --> src/main.rs:1:1
[INFO] [stdout]   |
[INFO] [stdout] 1 | #![feature(vec_remove_item)]
[INFO] [stdout]   | ^^^^^^^^^^^^^^^^^^^^^^^^^^^^
[INFO] [stdout] 
[INFO] [stdout] 
[INFO] [stdout] error[E0599]: no method named `remove_item` found for struct `Vec<usize>` in the current scope
[INFO] [stdout]    --> src/dfa.rs:384:23
[INFO] [stdout]     |
[INFO] [stdout] 384 |             unreached.remove_item(&current);
[INFO] [stdout]     |                       ^^^^^^^^^^^ method not found in `Vec<usize>`
[INFO] [stdout] 
[INFO] [stdout] 
[INFO] [stdout] error[E0599]: no method named `remove_item` found for struct `Vec<usize>` in the current scope
[INFO] [stdout]    --> src/dfa.rs:421:30
[INFO] [stdout]     |
[INFO] [stdout] 421 |                         dead.remove_item(&t.1);
[INFO] [stdout]     |                              ^^^^^^^^^^^ method not found in `Vec<usize>`
[INFO] [stdout] 
[INFO] [stdout] 
[INFO] [stdout] error[E0599]: no method named `remove_item` found for struct `Vec<usize>` in the current scope
[INFO] [stdout]    --> src/dfa.rs:422:47
[INFO] [stdout]     |
[INFO] [stdout] 422 |                         for s in &path { dead.remove_item(s); }
[INFO] [stdout]     |                                               ^^^^^^^^^^^ method not found in `Vec<usize>`
[INFO] [stdout] 
[INFO] [stdout] 
[INFO] [stdout] error[E0599]: no method named `remove_item` found for struct `Vec<usize>` in the current scope
[INFO] [stdout]    --> src/dfa.rs:427:35
[INFO] [stdout]     |
[INFO] [stdout] 427 |                         unvisited.remove_item(&t.1);
[INFO] [stdout]     |                                   ^^^^^^^^^^^ method not found in `Vec<usize>`
[INFO] [stdout] 
[INFO] [stdout] 
[INFO] [stdout] error: aborting due to 5 previous errors
[INFO] [stdout] 
[INFO] [stdout] 
[INFO] [stdout] Some errors have detailed explanations: E0554, E0599.
[INFO] [stdout] 
[INFO] [stdout] For more information about an error, try `rustc --explain E0554`.
[INFO] [stdout] 
[INFO] [stderr] error: could not compile `lexan`
[INFO] [stderr] 
[INFO] [stderr] To learn more, run the command again with --verbose.
[INFO] running `Command { std: "docker" "inspect" "6ad9067935cb42e5d23a21e92a5b2112a5e3b0daccf51e073e8d2fbe38bd072e", kill_on_drop: false }`
[INFO] running `Command { std: "docker" "rm" "-f" "6ad9067935cb42e5d23a21e92a5b2112a5e3b0daccf51e073e8d2fbe38bd072e", kill_on_drop: false }`
[INFO] [stdout] 6ad9067935cb42e5d23a21e92a5b2112a5e3b0daccf51e073e8d2fbe38bd072e
