[INFO] cloning repository https://github.com/weiznich/bad_rustc_messages_for_diesel
[INFO] running `Command { std: "git" "-c" "credential.helper=" "-c" "credential.helper=/workspace/cargo-home/bin/git-credential-null" "clone" "--bare" "https://github.com/weiznich/bad_rustc_messages_for_diesel" "/workspace/cache/git-repos/https%3A%2F%2Fgithub.com%2Fweiznich%2Fbad_rustc_messages_for_diesel", kill_on_drop: false }`
[INFO] [stderr] Cloning into bare repository '/workspace/cache/git-repos/https%3A%2F%2Fgithub.com%2Fweiznich%2Fbad_rustc_messages_for_diesel'...
[INFO] running `Command { std: "git" "rev-parse" "HEAD", kill_on_drop: false }`
[INFO] [stdout] ae2838870778d88628b4a9d351d065b9dc626911
[INFO] testing weiznich/bad_rustc_messages_for_diesel against 1.54.0 for beta-1.55-1
[INFO] running `Command { std: "git" "clone" "/workspace/cache/git-repos/https%3A%2F%2Fgithub.com%2Fweiznich%2Fbad_rustc_messages_for_diesel" "/workspace/builds/worker-8/source", kill_on_drop: false }`
[INFO] [stderr] Cloning into '/workspace/builds/worker-8/source'...
[INFO] [stderr] done.
[INFO] validating manifest of git repo https://github.com/weiznich/bad_rustc_messages_for_diesel on toolchain 1.54.0
[INFO] running `Command { std: "/workspace/cargo-home/bin/cargo" "+1.54.0" "metadata" "--manifest-path" "Cargo.toml" "--no-deps", kill_on_drop: false }`
[INFO] started tweaking git repo https://github.com/weiznich/bad_rustc_messages_for_diesel
[INFO] finished tweaking git repo https://github.com/weiznich/bad_rustc_messages_for_diesel
[INFO] tweaked toml for git repo https://github.com/weiznich/bad_rustc_messages_for_diesel written to /workspace/builds/worker-8/source/Cargo.toml
[INFO] crate git repo https://github.com/weiznich/bad_rustc_messages_for_diesel already has a lockfile, it will not be regenerated
[INFO] running `Command { std: "/workspace/cargo-home/bin/cargo" "+1.54.0" "fetch" "--manifest-path" "Cargo.toml", kill_on_drop: false }`
[INFO] running `Command { std: "docker" "create" "-v" "/var/lib/crater-agent-workspace/builds/worker-8/target:/opt/rustwide/target:rw,Z" "-v" "/var/lib/crater-agent-workspace/builds/worker-8/source:/opt/rustwide/workdir:ro,Z" "-v" "/var/lib/crater-agent-workspace/cargo-home:/opt/rustwide/cargo-home:ro,Z" "-v" "/var/lib/crater-agent-workspace/rustup-home:/opt/rustwide/rustup-home:ro,Z" "-e" "SOURCE_DIR=/opt/rustwide/workdir" "-e" "CARGO_TARGET_DIR=/opt/rustwide/target" "-e" "CARGO_HOME=/opt/rustwide/cargo-home" "-e" "RUSTUP_HOME=/opt/rustwide/rustup-home" "-w" "/opt/rustwide/workdir" "-m" "1610612736" "--user" "0:0" "--network" "none" "ghcr.io/rust-lang/crates-build-env/linux@sha256:34b6a614d2c27851fe6cbf88fbd1137609cefab8b10d0615aaeb6fd47975d74e" "/opt/rustwide/cargo-home/bin/cargo" "+1.54.0" "metadata" "--no-deps" "--format-version=1", kill_on_drop: false }`
[INFO] [stdout] c8c4b696628ac440f2df38c0b10f6dc5405f0afec978e60254637588d5c2fd35
[INFO] [stderr] WARNING: Your kernel does not support swap limit capabilities or the cgroup is not mounted. Memory limited without swap.
[INFO] running `Command { std: "docker" "start" "-a" "c8c4b696628ac440f2df38c0b10f6dc5405f0afec978e60254637588d5c2fd35", kill_on_drop: false }`
[INFO] running `Command { std: "docker" "inspect" "c8c4b696628ac440f2df38c0b10f6dc5405f0afec978e60254637588d5c2fd35", kill_on_drop: false }`
[INFO] running `Command { std: "docker" "rm" "-f" "c8c4b696628ac440f2df38c0b10f6dc5405f0afec978e60254637588d5c2fd35", kill_on_drop: false }`
[INFO] [stdout] c8c4b696628ac440f2df38c0b10f6dc5405f0afec978e60254637588d5c2fd35
[INFO] running `Command { std: "docker" "create" "-v" "/var/lib/crater-agent-workspace/builds/worker-8/target:/opt/rustwide/target:rw,Z" "-v" "/var/lib/crater-agent-workspace/builds/worker-8/source:/opt/rustwide/workdir:ro,Z" "-v" "/var/lib/crater-agent-workspace/cargo-home:/opt/rustwide/cargo-home:ro,Z" "-v" "/var/lib/crater-agent-workspace/rustup-home:/opt/rustwide/rustup-home:ro,Z" "-e" "SOURCE_DIR=/opt/rustwide/workdir" "-e" "CARGO_TARGET_DIR=/opt/rustwide/target" "-e" "CARGO_INCREMENTAL=0" "-e" "RUST_BACKTRACE=full" "-e" "RUSTFLAGS=--cap-lints=warn" "-e" "CARGO_HOME=/opt/rustwide/cargo-home" "-e" "RUSTUP_HOME=/opt/rustwide/rustup-home" "-w" "/opt/rustwide/workdir" "-m" "1610612736" "--user" "0:0" "--network" "none" "ghcr.io/rust-lang/crates-build-env/linux@sha256:34b6a614d2c27851fe6cbf88fbd1137609cefab8b10d0615aaeb6fd47975d74e" "/opt/rustwide/cargo-home/bin/cargo" "+1.54.0" "build" "--frozen" "--message-format=json", kill_on_drop: false }`
[INFO] [stdout] 378b80becad08f917bd4c876e6efd147c32ad7b4ff1186eba266fc1c15d8df69
[INFO] [stderr] WARNING: Your kernel does not support swap limit capabilities or the cgroup is not mounted. Memory limited without swap.
[INFO] running `Command { std: "docker" "start" "-a" "378b80becad08f917bd4c876e6efd147c32ad7b4ff1186eba266fc1c15d8df69", kill_on_drop: false }`
[INFO] [stderr]    Compiling syn v1.0.64
[INFO] [stderr]    Compiling libsqlite3-sys v0.20.1
[INFO] [stderr]    Compiling diesel_derives v1.4.1
[INFO] [stderr]    Compiling diesel v1.4.6
[INFO] [stderr]    Compiling bad_rustc_messages_for_diesel v0.1.0 (/opt/rustwide/workdir)
[INFO] [stdout] error[E0277]: the trait bound `i32: diesel::Expression` is not satisfied
[INFO] [stdout]   --> src/bad_insertable.rs:36:10
[INFO] [stdout]    |
[INFO] [stdout] 36 | #[derive(Insertable)]
[INFO] [stdout]    |          ^^^^^^^^^^ the trait `diesel::Expression` is not implemented for `i32`
[INFO] [stdout]    |
[INFO] [stdout]    = note: required because of the requirements on the impl of `AsExpression<diesel::sql_types::Text>` for `i32`
[INFO] [stdout]    = note: this error originates in the derive macro `Insertable` (in Nightly builds, run with -Z macro-backtrace for more info)
[INFO] [stdout] 
[INFO] [stdout] 
[INFO] [stdout] error[E0277]: the trait bound `i32: diesel::Expression` is not satisfied
[INFO] [stdout]   --> src/bad_insertable.rs:36:10
[INFO] [stdout]    |
[INFO] [stdout] 36 | #[derive(Insertable)]
[INFO] [stdout]    |          ^^^^^^^^^^ the trait `diesel::Expression` is not implemented for `i32`
[INFO] [stdout]    |
[INFO] [stdout]    = note: required because of the requirements on the impl of `diesel::Expression` for `&'insert i32`
[INFO] [stdout]    = note: required because of the requirements on the impl of `AsExpression<diesel::sql_types::Text>` for `&'insert i32`
[INFO] [stdout]    = note: this error originates in the derive macro `Insertable` (in Nightly builds, run with -Z macro-backtrace for more info)
[INFO] [stdout] 
[INFO] [stdout] 
[INFO] [stdout] error[E0277]: the trait bound `i32: diesel::Expression` is not satisfied
[INFO] [stdout]   --> src/bad_insertable.rs:36:10
[INFO] [stdout]    |
[INFO] [stdout] 36 | #[derive(Insertable)]
[INFO] [stdout]    |          ^^^^^^^^^^ the trait `diesel::Expression` is not implemented for `i32`
[INFO] [stdout]    |
[INFO] [stdout]    = note: required because of the requirements on the impl of `diesel::Expression` for `&i32`
[INFO] [stdout]    = note: required because of the requirements on the impl of `AsExpression<diesel::sql_types::Text>` for `&i32`
[INFO] [stdout]    = note: this error originates in the derive macro `Insertable` (in Nightly builds, run with -Z macro-backtrace for more info)
[INFO] [stdout] 
[INFO] [stdout] 
[INFO] [stdout] error: aborting due to 3 previous errors
[INFO] [stdout] 
[INFO] [stdout] 
[INFO] [stdout] For more information about this error, try `rustc --explain E0277`.
[INFO] [stdout] 
[INFO] [stderr] error: could not compile `bad_rustc_messages_for_diesel`
[INFO] [stderr] 
[INFO] [stderr] To learn more, run the command again with --verbose.
[INFO] running `Command { std: "docker" "inspect" "378b80becad08f917bd4c876e6efd147c32ad7b4ff1186eba266fc1c15d8df69", kill_on_drop: false }`
[INFO] running `Command { std: "docker" "rm" "-f" "378b80becad08f917bd4c876e6efd147c32ad7b4ff1186eba266fc1c15d8df69", kill_on_drop: false }`
[INFO] [stdout] 378b80becad08f917bd4c876e6efd147c32ad7b4ff1186eba266fc1c15d8df69
