[INFO] cloning repository https://github.com/waylon531/jsbsim-rs
[INFO] running `Command { std: "git" "-c" "credential.helper=" "-c" "credential.helper=/workspace/cargo-home/bin/git-credential-null" "clone" "--bare" "https://github.com/waylon531/jsbsim-rs" "/workspace/cache/git-repos/https%3A%2F%2Fgithub.com%2Fwaylon531%2Fjsbsim-rs", kill_on_drop: false }`
[INFO] [stderr] Cloning into bare repository '/workspace/cache/git-repos/https%3A%2F%2Fgithub.com%2Fwaylon531%2Fjsbsim-rs'...
[INFO] running `Command { std: "git" "rev-parse" "HEAD", kill_on_drop: false }`
[INFO] [stdout] 28f9810d3383fca2e9748cfe30e47cb0f3388f53
[INFO] testing waylon531/jsbsim-rs against beta-2021-08-01 for beta-1.55-1
[INFO] running `Command { std: "git" "clone" "/workspace/cache/git-repos/https%3A%2F%2Fgithub.com%2Fwaylon531%2Fjsbsim-rs" "/workspace/builds/worker-4/source", kill_on_drop: false }`
[INFO] [stderr] Cloning into '/workspace/builds/worker-4/source'...
[INFO] [stderr] done.
[INFO] validating manifest of git repo https://github.com/waylon531/jsbsim-rs on toolchain beta-2021-08-01
[INFO] running `Command { std: "/workspace/cargo-home/bin/cargo" "+beta-2021-08-01" "metadata" "--manifest-path" "Cargo.toml" "--no-deps", kill_on_drop: false }`
[INFO] started tweaking git repo https://github.com/waylon531/jsbsim-rs
[INFO] finished tweaking git repo https://github.com/waylon531/jsbsim-rs
[INFO] tweaked toml for git repo https://github.com/waylon531/jsbsim-rs written to /workspace/builds/worker-4/source/Cargo.toml
[INFO] crate git repo https://github.com/waylon531/jsbsim-rs already has a lockfile, it will not be regenerated
[INFO] running `Command { std: "/workspace/cargo-home/bin/cargo" "+beta-2021-08-01" "fetch" "--manifest-path" "Cargo.toml", kill_on_drop: false }`
[INFO] [stderr]  Downloading crates ...
[INFO] [stderr]   Downloaded cpp_syn v0.12.0
[INFO] [stderr]   Downloaded cpp_synom v0.12.0
[INFO] [stderr]   Downloaded cpp_macros v0.3.0
[INFO] [stderr]   Downloaded cpp_common v0.3.0
[INFO] [stderr]   Downloaded cpp_build v0.3.0
[INFO] [stderr]   Downloaded cpp_synmap v0.2.0
[INFO] [stderr]   Downloaded cpp v0.3.0
[INFO] running `Command { std: "docker" "create" "-v" "/var/lib/crater-agent-workspace/builds/worker-4/target:/opt/rustwide/target:rw,Z" "-v" "/var/lib/crater-agent-workspace/builds/worker-4/source:/opt/rustwide/workdir:ro,Z" "-v" "/var/lib/crater-agent-workspace/cargo-home:/opt/rustwide/cargo-home:ro,Z" "-v" "/var/lib/crater-agent-workspace/rustup-home:/opt/rustwide/rustup-home:ro,Z" "-e" "SOURCE_DIR=/opt/rustwide/workdir" "-e" "CARGO_TARGET_DIR=/opt/rustwide/target" "-e" "CARGO_HOME=/opt/rustwide/cargo-home" "-e" "RUSTUP_HOME=/opt/rustwide/rustup-home" "-w" "/opt/rustwide/workdir" "-m" "1610612736" "--user" "0:0" "--network" "none" "ghcr.io/rust-lang/crates-build-env/linux@sha256:34b6a614d2c27851fe6cbf88fbd1137609cefab8b10d0615aaeb6fd47975d74e" "/opt/rustwide/cargo-home/bin/cargo" "+beta-2021-08-01" "metadata" "--no-deps" "--format-version=1", kill_on_drop: false }`
[INFO] [stdout] 31a59c48657fd2cfe4c636303269928e538b64e70d65b70c20839676c73e92e1
[INFO] [stderr] WARNING: Your kernel does not support swap limit capabilities or the cgroup is not mounted. Memory limited without swap.
[INFO] running `Command { std: "docker" "start" "-a" "31a59c48657fd2cfe4c636303269928e538b64e70d65b70c20839676c73e92e1", kill_on_drop: false }`
[INFO] running `Command { std: "docker" "inspect" "31a59c48657fd2cfe4c636303269928e538b64e70d65b70c20839676c73e92e1", kill_on_drop: false }`
[INFO] running `Command { std: "docker" "rm" "-f" "31a59c48657fd2cfe4c636303269928e538b64e70d65b70c20839676c73e92e1", kill_on_drop: false }`
[INFO] [stdout] 31a59c48657fd2cfe4c636303269928e538b64e70d65b70c20839676c73e92e1
[INFO] running `Command { std: "docker" "create" "-v" "/var/lib/crater-agent-workspace/builds/worker-4/target:/opt/rustwide/target:rw,Z" "-v" "/var/lib/crater-agent-workspace/builds/worker-4/source:/opt/rustwide/workdir:ro,Z" "-v" "/var/lib/crater-agent-workspace/cargo-home:/opt/rustwide/cargo-home:ro,Z" "-v" "/var/lib/crater-agent-workspace/rustup-home:/opt/rustwide/rustup-home:ro,Z" "-e" "SOURCE_DIR=/opt/rustwide/workdir" "-e" "CARGO_TARGET_DIR=/opt/rustwide/target" "-e" "CARGO_INCREMENTAL=0" "-e" "RUST_BACKTRACE=full" "-e" "RUSTFLAGS=--cap-lints=warn" "-e" "CARGO_HOME=/opt/rustwide/cargo-home" "-e" "RUSTUP_HOME=/opt/rustwide/rustup-home" "-w" "/opt/rustwide/workdir" "-m" "1610612736" "--user" "0:0" "--network" "none" "ghcr.io/rust-lang/crates-build-env/linux@sha256:34b6a614d2c27851fe6cbf88fbd1137609cefab8b10d0615aaeb6fd47975d74e" "/opt/rustwide/cargo-home/bin/cargo" "+beta-2021-08-01" "build" "--frozen" "--message-format=json", kill_on_drop: false }`
[INFO] [stdout] 98d3e7347b5be20901de6e20e9af80e6bba7faa9f89a0478a2ba90acb9144f1c
[INFO] [stderr] WARNING: Your kernel does not support swap limit capabilities or the cgroup is not mounted. Memory limited without swap.
[INFO] running `Command { std: "docker" "start" "-a" "98d3e7347b5be20901de6e20e9af80e6bba7faa9f89a0478a2ba90acb9144f1c", kill_on_drop: false }`
[INFO] [stderr]    Compiling libc v0.2.22
[INFO] [stderr]    Compiling cpp_common v0.3.0
[INFO] [stderr]    Compiling memchr v1.0.1
[INFO] [stderr]    Compiling cpp_synmap v0.2.0
[INFO] [stderr]    Compiling aho-corasick v0.6.3
[INFO] [stderr]    Compiling cpp_macros v0.3.0
[INFO] [stderr]    Compiling cpp_build v0.3.0
[INFO] [stderr]    Compiling jsbsim v0.1.0 (/opt/rustwide/workdir)
[INFO] [stderr]    Compiling cpp v0.3.0
[INFO] [stderr] The following warnings were emitted during compilation:
[INFO] [stderr] 
[INFO] [stderr] warning: /opt/rustwide/workdir/src/main.rs:8:14: fatal error: FGFDMExec.h: No such file or directory
[INFO] [stderr] warning:     8 |     #include <FGFDMExec.h>
[INFO] [stderr] warning:       |              ^~~~~~~~~~~~~
[INFO] [stderr] warning: compilation terminated.
[INFO] [stderr] 
[INFO] [stderr] error: failed to run custom build command for `jsbsim v0.1.0 (/opt/rustwide/workdir)`
[INFO] [stderr] 
[INFO] [stderr] Caused by:
[INFO] [stderr]   process didn't exit successfully: `/opt/rustwide/target/debug/build/jsbsim-55532fef99b4dc18/build-script-build` (exit status: 101)
[INFO] [stderr]   --- stdout
[INFO] [stderr]   TARGET = Some("x86_64-unknown-linux-gnu")
[INFO] [stderr]   OPT_LEVEL = Some("0")
[INFO] [stderr]   TARGET = Some("x86_64-unknown-linux-gnu")
[INFO] [stderr]   HOST = Some("x86_64-unknown-linux-gnu")
[INFO] [stderr]   TARGET = Some("x86_64-unknown-linux-gnu")
[INFO] [stderr]   TARGET = Some("x86_64-unknown-linux-gnu")
[INFO] [stderr]   HOST = Some("x86_64-unknown-linux-gnu")
[INFO] [stderr]   CXX_x86_64-unknown-linux-gnu = None
[INFO] [stderr]   CXX_x86_64_unknown_linux_gnu = None
[INFO] [stderr]   HOST_CXX = None
[INFO] [stderr]   CXX = None
[INFO] [stderr]   HOST = Some("x86_64-unknown-linux-gnu")
[INFO] [stderr]   TARGET = Some("x86_64-unknown-linux-gnu")
[INFO] [stderr]   HOST = Some("x86_64-unknown-linux-gnu")
[INFO] [stderr]   CXXFLAGS_x86_64-unknown-linux-gnu = None
[INFO] [stderr]   CXXFLAGS_x86_64_unknown_linux_gnu = None
[INFO] [stderr]   HOST_CXXFLAGS = None
[INFO] [stderr]   CXXFLAGS = None
[INFO] [stderr]   PROFILE = Some("debug")
[INFO] [stderr]   running: "c++" "-O0" "-ffunction-sections" "-fdata-sections" "-fPIC" "-g" "-m64" "-I" "/usr/local/include/JSBSim" "-o" "/opt/rustwide/target/debug/build/jsbsim-7581b30bc5584e33/out/rust_cpp/cpp_closures.o" "-c" "/opt/rustwide/target/debug/build/jsbsim-7581b30bc5584e33/out/rust_cpp/cpp_closures.cpp"
[INFO] [stderr]   cargo:warning=/opt/rustwide/workdir/src/main.rs:8:14: fatal error: FGFDMExec.h: No such file or directory
[INFO] [stderr]   cargo:warning=    8 |     #include <FGFDMExec.h>
[INFO] [stderr]   cargo:warning=      |              ^~~~~~~~~~~~~
[INFO] [stderr]   cargo:warning=compilation terminated.
[INFO] [stderr]   ExitStatus(ExitStatus(256))
[INFO] [stderr] 
[INFO] [stderr] 
[INFO] [stderr]   command did not execute successfully, got: exit status: 1
[INFO] [stderr] 
[INFO] [stderr] 
[INFO] [stderr] 
[INFO] [stderr]   --- stderr
[INFO] [stderr]   thread 'main' panicked at 'explicit panic', /opt/rustwide/cargo-home/registry/src/github.com-1ecc6299db9ec823/gcc-0.3.45/src/lib.rs:1152:5
[INFO] [stderr]   stack backtrace:
[INFO] [stderr]      0:     0x562d97c21d60 - std::backtrace_rs::backtrace::libunwind::trace::hff4d1766e93f64f1
[INFO] [stderr]                                  at /rustc/53fd98ca776cb875bc9e5514f56b52eb74f9e7a9/library/std/src/../../backtrace/src/backtrace/libunwind.rs:90:5
[INFO] [stderr]      1:     0x562d97c21d60 - std::backtrace_rs::backtrace::trace_unsynchronized::h56bbc8eb78770bcb
[INFO] [stderr]                                  at /rustc/53fd98ca776cb875bc9e5514f56b52eb74f9e7a9/library/std/src/../../backtrace/src/backtrace/mod.rs:66:5
[INFO] [stderr]      2:     0x562d97c21d60 - std::sys_common::backtrace::_print_fmt::h5c8e75464faca780
[INFO] [stderr]                                  at /rustc/53fd98ca776cb875bc9e5514f56b52eb74f9e7a9/library/std/src/sys_common/backtrace.rs:67:5
[INFO] [stderr]      3:     0x562d97c21d60 - <std::sys_common::backtrace::_print::DisplayBacktrace as core::fmt::Display>::fmt::h48b88277def8b362
[INFO] [stderr]                                  at /rustc/53fd98ca776cb875bc9e5514f56b52eb74f9e7a9/library/std/src/sys_common/backtrace.rs:46:22
[INFO] [stderr]      4:     0x562d97c4205c - core::fmt::write::h3381b3176fe2b3d3
[INFO] [stderr]                                  at /rustc/53fd98ca776cb875bc9e5514f56b52eb74f9e7a9/library/core/src/fmt/mod.rs:1115:17
[INFO] [stderr]      5:     0x562d97c1e825 - std::io::Write::write_fmt::hd42607e5d8e44db0
[INFO] [stderr]                                  at /rustc/53fd98ca776cb875bc9e5514f56b52eb74f9e7a9/library/std/src/io/mod.rs:1665:15
[INFO] [stderr]      6:     0x562d97c2412b - std::sys_common::backtrace::_print::ha537687d6c17dd0d
[INFO] [stderr]                                  at /rustc/53fd98ca776cb875bc9e5514f56b52eb74f9e7a9/library/std/src/sys_common/backtrace.rs:49:5
[INFO] [stderr]      7:     0x562d97c2412b - std::sys_common::backtrace::print::h61376ae57d131d72
[INFO] [stderr]                                  at /rustc/53fd98ca776cb875bc9e5514f56b52eb74f9e7a9/library/std/src/sys_common/backtrace.rs:36:9
[INFO] [stderr]      8:     0x562d97c2412b - std::panicking::default_hook::{{closure}}::h0f7208c0b9644a54
[INFO] [stderr]                                  at /rustc/53fd98ca776cb875bc9e5514f56b52eb74f9e7a9/library/std/src/panicking.rs:208:50
[INFO] [stderr]      9:     0x562d97c23c01 - std::panicking::default_hook::hdac7fc06578c14ce
[INFO] [stderr]                                  at /rustc/53fd98ca776cb875bc9e5514f56b52eb74f9e7a9/library/std/src/panicking.rs:225:9
[INFO] [stderr]     10:     0x562d97c247f4 - std::panicking::rust_panic_with_hook::h72b21c283da3d1ef
[INFO] [stderr]                                  at /rustc/53fd98ca776cb875bc9e5514f56b52eb74f9e7a9/library/std/src/panicking.rs:622:17
[INFO] [stderr]     11:     0x562d97a4ac33 - std::panicking::begin_panic::{{closure}}::hf8616688386d3976
[INFO] [stderr]                                  at /rustc/53fd98ca776cb875bc9e5514f56b52eb74f9e7a9/library/std/src/panicking.rs:542:9
[INFO] [stderr]     12:     0x562d97a4a589 - std::sys_common::backtrace::__rust_end_short_backtrace::hb52139f9ff7fa24c
[INFO] [stderr]                                  at /rustc/53fd98ca776cb875bc9e5514f56b52eb74f9e7a9/library/std/src/sys_common/backtrace.rs:141:18
[INFO] [stderr]     13:     0x562d97a4ab69 - std::panicking::begin_panic::h35f682419264912a
[INFO] [stderr]                                  at /rustc/53fd98ca776cb875bc9e5514f56b52eb74f9e7a9/library/std/src/panicking.rs:541:12
[INFO] [stderr]     14:     0x562d97a36825 - gcc::fail::hfab027451364d797
[INFO] [stderr]                                  at /opt/rustwide/cargo-home/registry/src/github.com-1ecc6299db9ec823/gcc-0.3.45/src/lib.rs:1152:5
[INFO] [stderr]     15:     0x562d97a35c25 - gcc::run::h197f0bd4e3fd5b41
[INFO] [stderr]                                  at /opt/rustwide/cargo-home/registry/src/github.com-1ecc6299db9ec823/gcc-0.3.45/src/lib.rs:1096:9
[INFO] [stderr]     16:     0x562d97a2cc87 - gcc::Config::compile_object::h0dbd44148f240663
[INFO] [stderr]                                  at /opt/rustwide/cargo-home/registry/src/github.com-1ecc6299db9ec823/gcc-0.3.45/src/lib.rs:482:9
[INFO] [stderr]     17:     0x562d97a2c49c - gcc::Config::compile_objects::hd6168078ad48af85
[INFO] [stderr]                                  at /opt/rustwide/cargo-home/registry/src/github.com-1ecc6299db9ec823/gcc-0.3.45/src/lib.rs:448:13
[INFO] [stderr]     18:     0x562d97a2b5a9 - gcc::Config::compile::hfd64013ee4040584
[INFO] [stderr]                                  at /opt/rustwide/cargo-home/registry/src/github.com-1ecc6299db9ec823/gcc-0.3.45/src/lib.rs:398:9
[INFO] [stderr]     19:     0x562d97a1c246 - cpp_build::Config::build::hf79f02f1c3cfcc62
[INFO] [stderr]                                  at /opt/rustwide/cargo-home/registry/src/github.com-1ecc6299db9ec823/cpp_build-0.3.0/src/lib.rs:436:9
[INFO] [stderr]     20:     0x562d97a1d586 - build_script_build::main::h158aeec2517447c9
[INFO] [stderr]                                  at /opt/rustwide/workdir/build.rs:5:5
[INFO] [stderr]     21:     0x562d97a1cb2b - core::ops::function::FnOnce::call_once::ha115c3c4f83021d2
[INFO] [stderr]                                  at /rustc/53fd98ca776cb875bc9e5514f56b52eb74f9e7a9/library/core/src/ops/function.rs:227:5
[INFO] [stderr]     22:     0x562d97a1c75e - std::sys_common::backtrace::__rust_begin_short_backtrace::h401bd0eb833d5eab
[INFO] [stderr]                                  at /rustc/53fd98ca776cb875bc9e5514f56b52eb74f9e7a9/library/std/src/sys_common/backtrace.rs:125:18
[INFO] [stderr]     23:     0x562d97a1c731 - std::rt::lang_start::{{closure}}::h35a28c14734ebbe9
[INFO] [stderr]                                  at /rustc/53fd98ca776cb875bc9e5514f56b52eb74f9e7a9/library/std/src/rt.rs:63:18
[INFO] [stderr]     24:     0x562d97c24cfa - core::ops::function::impls::<impl core::ops::function::FnOnce<A> for &F>::call_once::ha88a7d1a4d24e549
[INFO] [stderr]                                  at /rustc/53fd98ca776cb875bc9e5514f56b52eb74f9e7a9/library/core/src/ops/function.rs:259:13
[INFO] [stderr]     25:     0x562d97c24cfa - std::panicking::try::do_call::hd3b1d7740607ccc7
[INFO] [stderr]                                  at /rustc/53fd98ca776cb875bc9e5514f56b52eb74f9e7a9/library/std/src/panicking.rs:401:40
[INFO] [stderr]     26:     0x562d97c24cfa - std::panicking::try::h0ee8c65ac7461507
[INFO] [stderr]                                  at /rustc/53fd98ca776cb875bc9e5514f56b52eb74f9e7a9/library/std/src/panicking.rs:365:19
[INFO] [stderr]     27:     0x562d97c24cfa - std::panic::catch_unwind::head47f0de4ccd838
[INFO] [stderr]                                  at /rustc/53fd98ca776cb875bc9e5514f56b52eb74f9e7a9/library/std/src/panic.rs:434:14
[INFO] [stderr]     28:     0x562d97c24cfa - std::rt::lang_start_internal::{{closure}}::hbc7de8ec820ac085
[INFO] [stderr]                                  at /rustc/53fd98ca776cb875bc9e5514f56b52eb74f9e7a9/library/std/src/rt.rs:45:48
[INFO] [stderr]     29:     0x562d97c24cfa - std::panicking::try::do_call::h2609e52e8bad4a7b
[INFO] [stderr]                                  at /rustc/53fd98ca776cb875bc9e5514f56b52eb74f9e7a9/library/std/src/panicking.rs:401:40
[INFO] [stderr]     30:     0x562d97c24cfa - std::panicking::try::hd0929f0b603e0389
[INFO] [stderr]                                  at /rustc/53fd98ca776cb875bc9e5514f56b52eb74f9e7a9/library/std/src/panicking.rs:365:19
[INFO] [stderr]     31:     0x562d97c24cfa - std::panic::catch_unwind::h27902b81c3e47571
[INFO] [stderr]                                  at /rustc/53fd98ca776cb875bc9e5514f56b52eb74f9e7a9/library/std/src/panic.rs:434:14
[INFO] [stderr]     32:     0x562d97c24cfa - std::rt::lang_start_internal::h3fb2d794dd391e3e
[INFO] [stderr]                                  at /rustc/53fd98ca776cb875bc9e5514f56b52eb74f9e7a9/library/std/src/rt.rs:45:20
[INFO] [stderr]     33:     0x562d97a1c700 - std::rt::lang_start::h19dc98b43118ef05
[INFO] [stderr]                                  at /rustc/53fd98ca776cb875bc9e5514f56b52eb74f9e7a9/library/std/src/rt.rs:62:5
[INFO] [stderr]     34:     0x562d97a1d5ec - main
[INFO] [stderr]     35:     0x7f3c729870b3 - __libc_start_main
[INFO] [stderr]     36:     0x562d97a16bbe - _start
[INFO] [stderr]     37:                0x0 - <unknown>
[INFO] running `Command { std: "docker" "inspect" "98d3e7347b5be20901de6e20e9af80e6bba7faa9f89a0478a2ba90acb9144f1c", kill_on_drop: false }`
[INFO] running `Command { std: "docker" "rm" "-f" "98d3e7347b5be20901de6e20e9af80e6bba7faa9f89a0478a2ba90acb9144f1c", kill_on_drop: false }`
[INFO] [stdout] 98d3e7347b5be20901de6e20e9af80e6bba7faa9f89a0478a2ba90acb9144f1c
