[INFO] cloning repository https://github.com/warpforge/warpgrapher
[INFO] running `Command { std: "git" "-c" "credential.helper=" "-c" "credential.helper=/workspace/cargo-home/bin/git-credential-null" "clone" "--bare" "https://github.com/warpforge/warpgrapher" "/workspace/cache/git-repos/https%3A%2F%2Fgithub.com%2Fwarpforge%2Fwarpgrapher", kill_on_drop: false }`
[INFO] [stderr] Cloning into bare repository '/workspace/cache/git-repos/https%3A%2F%2Fgithub.com%2Fwarpforge%2Fwarpgrapher'...
[INFO] running `Command { std: "git" "rev-parse" "HEAD", kill_on_drop: false }`
[INFO] [stdout] 4df10f621a6fd115194e545f98e2908ba30efd50
[INFO] testing warpforge/warpgrapher against beta-2021-08-01 for beta-1.55-1
[INFO] running `Command { std: "git" "clone" "/workspace/cache/git-repos/https%3A%2F%2Fgithub.com%2Fwarpforge%2Fwarpgrapher" "/workspace/builds/worker-7/source", kill_on_drop: false }`
[INFO] [stderr] Cloning into '/workspace/builds/worker-7/source'...
[INFO] [stderr] done.
[INFO] validating manifest of git repo https://github.com/warpforge/warpgrapher on toolchain beta-2021-08-01
[INFO] running `Command { std: "/workspace/cargo-home/bin/cargo" "+beta-2021-08-01" "metadata" "--manifest-path" "Cargo.toml" "--no-deps", kill_on_drop: false }`
[INFO] started tweaking git repo https://github.com/warpforge/warpgrapher
[INFO] finished tweaking git repo https://github.com/warpforge/warpgrapher
[INFO] tweaked toml for git repo https://github.com/warpforge/warpgrapher written to /workspace/builds/worker-7/source/Cargo.toml
[INFO] running `Command { std: "/workspace/cargo-home/bin/cargo" "+beta-2021-08-01" "generate-lockfile" "--manifest-path" "Cargo.toml" "-Zno-index-update", kill_on_drop: false }`
[INFO] running `Command { std: "/workspace/cargo-home/bin/cargo" "+beta-2021-08-01" "fetch" "--manifest-path" "Cargo.toml", kill_on_drop: false }`
[INFO] [stderr]  Downloading crates ...
[INFO] [stderr]   Downloaded futures-enum v0.1.17
[INFO] [stderr]   Downloaded derive_utils v0.11.2
[INFO] [stderr]   Downloaded websocket-base v0.24.0
[INFO] [stderr]   Downloaded assert_approx_eq v1.1.0
[INFO] [stderr]   Downloaded gremlin-derive v0.1.0
[INFO] [stderr]   Downloaded juniper v0.15.7
[INFO] [stderr]   Downloaded bson v1.2.3
[INFO] [stderr]   Downloaded gremlin-client v0.8.0
[INFO] [stderr]   Downloaded mobc v0.7.3
[INFO] [stderr]   Downloaded bolt-proto v0.10.0
[INFO] [stderr]   Downloaded semver-parser v0.9.0
[INFO] [stderr]   Downloaded mobc-boltrs v0.2.0
[INFO] [stderr]   Downloaded bolt-client v0.9.1
[INFO] [stderr]   Downloaded juniper_codegen v0.15.7
[INFO] [stderr]   Downloaded bolt-client-macros v0.2.1
[INFO] [stderr]   Downloaded bolt-proto-derive v0.5.2
[INFO] [stderr]   Downloaded smartstring v0.2.9
[INFO] [stderr]   Downloaded websocket v0.24.0
[INFO] [stderr]   Downloaded version-sync v0.9.2
[INFO] running `Command { std: "docker" "create" "-v" "/var/lib/crater-agent-workspace/builds/worker-7/target:/opt/rustwide/target:rw,Z" "-v" "/var/lib/crater-agent-workspace/builds/worker-7/source:/opt/rustwide/workdir:ro,Z" "-v" "/var/lib/crater-agent-workspace/cargo-home:/opt/rustwide/cargo-home:ro,Z" "-v" "/var/lib/crater-agent-workspace/rustup-home:/opt/rustwide/rustup-home:ro,Z" "-e" "SOURCE_DIR=/opt/rustwide/workdir" "-e" "CARGO_TARGET_DIR=/opt/rustwide/target" "-e" "CARGO_HOME=/opt/rustwide/cargo-home" "-e" "RUSTUP_HOME=/opt/rustwide/rustup-home" "-w" "/opt/rustwide/workdir" "-m" "1610612736" "--user" "0:0" "--network" "none" "ghcr.io/rust-lang/crates-build-env/linux@sha256:34b6a614d2c27851fe6cbf88fbd1137609cefab8b10d0615aaeb6fd47975d74e" "/opt/rustwide/cargo-home/bin/cargo" "+beta-2021-08-01" "metadata" "--no-deps" "--format-version=1", kill_on_drop: false }`
[INFO] [stdout] 9b8a151cf92e918c6443e0c05ab80a7da83c719188784eba2499d0046238b416
[INFO] [stderr] WARNING: Your kernel does not support swap limit capabilities or the cgroup is not mounted. Memory limited without swap.
[INFO] running `Command { std: "docker" "start" "-a" "9b8a151cf92e918c6443e0c05ab80a7da83c719188784eba2499d0046238b416", kill_on_drop: false }`
[INFO] running `Command { std: "docker" "inspect" "9b8a151cf92e918c6443e0c05ab80a7da83c719188784eba2499d0046238b416", kill_on_drop: false }`
[INFO] running `Command { std: "docker" "rm" "-f" "9b8a151cf92e918c6443e0c05ab80a7da83c719188784eba2499d0046238b416", kill_on_drop: false }`
[INFO] [stdout] 9b8a151cf92e918c6443e0c05ab80a7da83c719188784eba2499d0046238b416
[INFO] running `Command { std: "docker" "create" "-v" "/var/lib/crater-agent-workspace/builds/worker-7/target:/opt/rustwide/target:rw,Z" "-v" "/var/lib/crater-agent-workspace/builds/worker-7/source:/opt/rustwide/workdir:ro,Z" "-v" "/var/lib/crater-agent-workspace/cargo-home:/opt/rustwide/cargo-home:ro,Z" "-v" "/var/lib/crater-agent-workspace/rustup-home:/opt/rustwide/rustup-home:ro,Z" "-e" "SOURCE_DIR=/opt/rustwide/workdir" "-e" "CARGO_TARGET_DIR=/opt/rustwide/target" "-e" "CARGO_INCREMENTAL=0" "-e" "RUST_BACKTRACE=full" "-e" "RUSTFLAGS=--cap-lints=warn" "-e" "CARGO_HOME=/opt/rustwide/cargo-home" "-e" "RUSTUP_HOME=/opt/rustwide/rustup-home" "-w" "/opt/rustwide/workdir" "-m" "1610612736" "--user" "0:0" "--network" "none" "ghcr.io/rust-lang/crates-build-env/linux@sha256:34b6a614d2c27851fe6cbf88fbd1137609cefab8b10d0615aaeb6fd47975d74e" "/opt/rustwide/cargo-home/bin/cargo" "+beta-2021-08-01" "build" "--frozen" "--message-format=json", kill_on_drop: false }`
[INFO] [stdout] 69598ee5fe128c36a094eaf68fa6553f37f0b4dc4767cf5a863eac22f793b4cd
[INFO] [stderr] WARNING: Your kernel does not support swap limit capabilities or the cgroup is not mounted. Memory limited without swap.
[INFO] running `Command { std: "docker" "start" "-a" "69598ee5fe128c36a094eaf68fa6553f37f0b4dc4767cf5a863eac22f793b4cd", kill_on_drop: false }`
[INFO] [stderr]    Compiling proc-macro2 v1.0.28
[INFO] [stderr]    Compiling syn v1.0.74
[INFO] [stderr]    Compiling serde_json v1.0.66
[INFO] [stderr]    Compiling byteorder v1.4.3
[INFO] [stderr]    Compiling either v1.6.1
[INFO] [stderr]    Compiling futures-util v0.3.16
[INFO] [stderr]    Compiling tokio v1.9.0
[INFO] [stderr]    Compiling smartstring v0.2.9
[INFO] [stderr]    Compiling http-body v0.4.3
[INFO] [stderr]    Compiling native-tls v0.2.7
[INFO] [stderr]    Compiling chrono v0.4.19
[INFO] [stderr]    Compiling rand v0.7.3
[INFO] [stderr]    Compiling combine v3.8.1
[INFO] [stderr]    Compiling quote v1.0.9
[INFO] [stderr]    Compiling proc-macro-error-attr v1.0.4
[INFO] [stderr]    Compiling proc-macro-error v1.0.4
[INFO] [stderr]    Compiling derive_utils v0.11.2
[INFO] [stderr]    Compiling serde_derive v1.0.127
[INFO] [stderr]    Compiling futures-macro v0.3.16
[INFO] [stderr]    Compiling tokio-macros v1.3.0
[INFO] [stderr]    Compiling tracing-attributes v0.1.15
[INFO] [stderr]    Compiling thiserror-impl v1.0.26
[INFO] [stderr]    Compiling pin-project-internal v1.0.8
[INFO] [stderr]    Compiling juniper_codegen v0.15.7
[INFO] [stderr]    Compiling async-trait v0.1.51
[INFO] [stderr]    Compiling futures-enum v0.1.17
[INFO] [stderr]    Compiling thiserror v1.0.26
[INFO] [stderr]    Compiling graphql-parser v0.3.0
[INFO] [stderr]    Compiling tracing v0.1.26
[INFO] [stderr]    Compiling pin-project v1.0.8
[INFO] [stderr]    Compiling tracing-futures v0.2.5
[INFO] [stderr]    Compiling tokio-util v0.6.7
[INFO] [stderr]    Compiling tokio-native-tls v0.3.0
[INFO] [stderr]    Compiling futures-executor v0.3.16
[INFO] [stderr]    Compiling serde v1.0.127
[INFO] [stderr]    Compiling futures v0.3.16
[INFO] [stderr]    Compiling indexmap v1.7.0
[INFO] [stderr]    Compiling uuid v0.8.2
[INFO] [stderr]    Compiling serde_urlencoded v0.7.0
[INFO] [stderr]    Compiling serde_yaml v0.8.17
[INFO] [stderr]    Compiling h2 v0.3.3
[INFO] [stderr]    Compiling bson v1.2.3
[INFO] [stderr]    Compiling juniper v0.15.7
[INFO] [stderr]    Compiling hyper v0.14.11
[INFO] [stderr]    Compiling hyper-tls v0.5.0
[INFO] [stderr]    Compiling reqwest v0.11.4
[INFO] [stderr]    Compiling warpgrapher v0.8.4 (/opt/rustwide/workdir)
[INFO] [stderr]     Finished dev [unoptimized + debuginfo] target(s) in 2m 46s
[INFO] running `Command { std: "docker" "inspect" "69598ee5fe128c36a094eaf68fa6553f37f0b4dc4767cf5a863eac22f793b4cd", kill_on_drop: false }`
[INFO] running `Command { std: "docker" "rm" "-f" "69598ee5fe128c36a094eaf68fa6553f37f0b4dc4767cf5a863eac22f793b4cd", kill_on_drop: false }`
[INFO] [stdout] 69598ee5fe128c36a094eaf68fa6553f37f0b4dc4767cf5a863eac22f793b4cd
[INFO] running `Command { std: "docker" "create" "-v" "/var/lib/crater-agent-workspace/builds/worker-7/target:/opt/rustwide/target:rw,Z" "-v" "/var/lib/crater-agent-workspace/builds/worker-7/source:/opt/rustwide/workdir:ro,Z" "-v" "/var/lib/crater-agent-workspace/cargo-home:/opt/rustwide/cargo-home:ro,Z" "-v" "/var/lib/crater-agent-workspace/rustup-home:/opt/rustwide/rustup-home:ro,Z" "-e" "SOURCE_DIR=/opt/rustwide/workdir" "-e" "CARGO_TARGET_DIR=/opt/rustwide/target" "-e" "CARGO_INCREMENTAL=0" "-e" "RUST_BACKTRACE=full" "-e" "RUSTFLAGS=--cap-lints=warn" "-e" "CARGO_HOME=/opt/rustwide/cargo-home" "-e" "RUSTUP_HOME=/opt/rustwide/rustup-home" "-w" "/opt/rustwide/workdir" "-m" "1610612736" "--user" "0:0" "--network" "none" "ghcr.io/rust-lang/crates-build-env/linux@sha256:34b6a614d2c27851fe6cbf88fbd1137609cefab8b10d0615aaeb6fd47975d74e" "/opt/rustwide/cargo-home/bin/cargo" "+beta-2021-08-01" "test" "--frozen" "--no-run" "--message-format=json", kill_on_drop: false }`
[INFO] [stdout] c48e8a185f91766da1a21373fb1a0ab2268f2e81b1f0fb16fa576652fbc2f3df
[INFO] [stderr] WARNING: Your kernel does not support swap limit capabilities or the cgroup is not mounted. Memory limited without swap.
[INFO] running `Command { std: "docker" "start" "-a" "c48e8a185f91766da1a21373fb1a0ab2268f2e81b1f0fb16fa576652fbc2f3df", kill_on_drop: false }`
[INFO] [stderr]    Compiling semver-parser v0.9.0
[INFO] [stderr]    Compiling assert_approx_eq v1.1.0
[INFO] [stderr]    Compiling env_logger v0.8.4
[INFO] [stderr]    Compiling warpgrapher_macros v0.1.1 (/opt/rustwide/workdir/warpgrapher_macros)
[INFO] [stderr]    Compiling pulldown-cmark v0.8.0
[INFO] [stderr]    Compiling toml v0.5.8
[INFO] [stderr]    Compiling version-sync v0.9.2
[INFO] [stderr]    Compiling warpgrapher v0.8.4 (/opt/rustwide/workdir)
[INFO] [stdout] error[E0432]: unresolved import `warpgrapher::engine::database::neo4j`
[INFO] [stdout]  --> examples/dynamic_props/main.rs:5:36
[INFO] [stdout]   |
[INFO] [stdout] 5 | use warpgrapher::engine::database::neo4j::Neo4jEndpoint;
[INFO] [stdout]   |                                    ^^^^^ could not find `neo4j` in `database`
[INFO] [stdout] 
[INFO] [stdout] 
[INFO] [stdout] warning: unused import: `warpgrapher::engine::database::DatabaseEndpoint`
[INFO] [stdout]  --> examples/dynamic_props/main.rs:6:5
[INFO] [stdout]   |
[INFO] [stdout] 6 | use warpgrapher::engine::database::DatabaseEndpoint;
[INFO] [stdout]   |     ^^^^^^^^^^^^^^^^^^^^^^^^^^^^^^^^^^^^^^^^^^^^^^^
[INFO] [stdout]   |
[INFO] [stdout]   = note: `#[warn(unused_imports)]` on by default
[INFO] [stdout] 
[INFO] [stdout] 
[INFO] [stdout] error: aborting due to previous error; 1 warning emitted
[INFO] [stdout] 
[INFO] [stdout] 
[INFO] [stdout] For more information about this error, try `rustc --explain E0432`.
[INFO] [stdout] 
[INFO] [stderr] error: could not compile `warpgrapher` due to 2 previous errors; 1 warning emitted
[INFO] [stderr] warning: build failed, waiting for other jobs to finish...
[INFO] [stdout] warning: unused import: `warpgrapher::engine::context::RequestContext`
[INFO] [stdout]   --> tests/setup/mod.rs:23:5
[INFO] [stdout]    |
[INFO] [stdout] 23 | use warpgrapher::engine::context::RequestContext;
[INFO] [stdout]    |     ^^^^^^^^^^^^^^^^^^^^^^^^^^^^^^^^^^^^^^^^^^^^
[INFO] [stdout]    |
[INFO] [stdout]    = note: `#[warn(unused_imports)]` on by default
[INFO] [stdout] 
[INFO] [stdout] 
[INFO] [stdout] error[E0432]: unresolved import `warpgrapher::engine::database::neo4j`
[INFO] [stdout]  --> examples/request_context/main.rs:5:36
[INFO] [stdout]   |
[INFO] [stdout] 5 | use warpgrapher::engine::database::neo4j::Neo4jEndpoint;
[INFO] [stdout]   |                                    ^^^^^ could not find `neo4j` in `database`
[INFO] [stdout] 
[INFO] [stdout] 
[INFO] [stdout] warning: unused import: `warpgrapher::engine::database::DatabaseEndpoint`
[INFO] [stdout]  --> examples/request_context/main.rs:6:5
[INFO] [stdout]   |
[INFO] [stdout] 6 | use warpgrapher::engine::database::DatabaseEndpoint;
[INFO] [stdout]   |     ^^^^^^^^^^^^^^^^^^^^^^^^^^^^^^^^^^^^^^^^^^^^^^^
[INFO] [stdout]   |
[INFO] [stdout]   = note: `#[warn(unused_imports)]` on by default
[INFO] [stdout] 
[INFO] [stdout] 
[INFO] [stdout] error: aborting due to previous error; 1 warning emitted
[INFO] [stdout] 
[INFO] [stdout] 
[INFO] [stdout] For more information about this error, try `rustc --explain E0432`.
[INFO] [stdout] 
[INFO] [stdout] error[E0432]: unresolved import `warpgrapher::engine::database::neo4j`
[INFO] [stdout]  --> examples/dynamic_rels/main.rs:6:36
[INFO] [stdout]   |
[INFO] [stdout] 6 | use warpgrapher::engine::database::neo4j::Neo4jEndpoint;
[INFO] [stdout]   |                                    ^^^^^ could not find `neo4j` in `database`
[INFO] [stdout] 
[INFO] [stdout] 
[INFO] [stdout] warning: unused import: `warpgrapher::engine::context::RequestContext`
[INFO] [stdout]   --> tests/setup/mod.rs:23:5
[INFO] [stdout]    |
[INFO] [stdout] 23 | use warpgrapher::engine::context::RequestContext;
[INFO] [stdout]    |     ^^^^^^^^^^^^^^^^^^^^^^^^^^^^^^^^^^^^^^^^^^^^
[INFO] [stdout]    |
[INFO] [stdout]    = note: `#[warn(unused_imports)]` on by default
[INFO] [stdout] 
[INFO] [stdout] 
[INFO] [stdout] warning: unused import: `warpgrapher::engine::database::DatabaseEndpoint`
[INFO] [stdout]  --> examples/dynamic_rels/main.rs:7:5
[INFO] [stdout]   |
[INFO] [stdout] 7 | use warpgrapher::engine::database::DatabaseEndpoint;
[INFO] [stdout]   |     ^^^^^^^^^^^^^^^^^^^^^^^^^^^^^^^^^^^^^^^^^^^^^^^
[INFO] [stdout]   |
[INFO] [stdout]   = note: `#[warn(unused_imports)]` on by default
[INFO] [stdout] 
[INFO] [stdout] 
[INFO] [stdout] warning: unused import: `warpgrapher::engine::context::RequestContext`
[INFO] [stdout]   --> tests/setup/mod.rs:23:5
[INFO] [stdout]    |
[INFO] [stdout] 23 | use warpgrapher::engine::context::RequestContext;
[INFO] [stdout]    |     ^^^^^^^^^^^^^^^^^^^^^^^^^^^^^^^^^^^^^^^^^^^^
[INFO] [stdout]    |
[INFO] [stdout]    = note: `#[warn(unused_imports)]` on by default
[INFO] [stdout] 
[INFO] [stdout] 
[INFO] [stdout] error: aborting due to previous error; 1 warning emitted
[INFO] [stdout] 
[INFO] [stdout] 
[INFO] [stdout] For more information about this error, try `rustc --explain E0432`.
[INFO] [stdout] 
[INFO] [stdout] error[E0432]: unresolved import `warpgrapher::engine::database::neo4j`
[INFO] [stdout]  --> examples/quickstart/main.rs:5:36
[INFO] [stdout]   |
[INFO] [stdout] 5 | use warpgrapher::engine::database::neo4j::Neo4jEndpoint;
[INFO] [stdout]   |                                    ^^^^^ could not find `neo4j` in `database`
[INFO] [stdout] 
[INFO] [stdout] 
[INFO] [stdout] warning: unused import: `warpgrapher::engine::context::RequestContext`
[INFO] [stdout]   --> tests/setup/mod.rs:23:5
[INFO] [stdout]    |
[INFO] [stdout] 23 | use warpgrapher::engine::context::RequestContext;
[INFO] [stdout]    |     ^^^^^^^^^^^^^^^^^^^^^^^^^^^^^^^^^^^^^^^^^^^^
[INFO] [stdout]    |
[INFO] [stdout]    = note: `#[warn(unused_imports)]` on by default
[INFO] [stdout] 
[INFO] [stdout] 
[INFO] [stdout] error[E0432]: unresolved import `warpgrapher::engine::database::neo4j`
[INFO] [stdout]  --> examples/endpoints/main.rs:6:36
[INFO] [stdout]   |
[INFO] [stdout] 6 | use warpgrapher::engine::database::neo4j::Neo4jEndpoint;
[INFO] [stdout]   |                                    ^^^^^ could not find `neo4j` in `database`
[INFO] [stdout] 
[INFO] [stdout] 
[INFO] [stdout] warning: unused import: `warpgrapher::engine::database::DatabaseEndpoint`
[INFO] [stdout]  --> examples/quickstart/main.rs:6:5
[INFO] [stdout]   |
[INFO] [stdout] 6 | use warpgrapher::engine::database::DatabaseEndpoint;
[INFO] [stdout]   |     ^^^^^^^^^^^^^^^^^^^^^^^^^^^^^^^^^^^^^^^^^^^^^^^
[INFO] [stdout]   |
[INFO] [stdout]   = note: `#[warn(unused_imports)]` on by default
[INFO] [stdout] 
[INFO] [stdout] 
[INFO] [stdout] error: aborting due to previous error; 1 warning emitted
[INFO] [stdout] 
[INFO] [stdout] 
[INFO] [stdout] For more information about this error, try `rustc --explain E0432`.
[INFO] [stdout] 
[INFO] [stdout] warning: unused import: `warpgrapher::engine::context::RequestContext`
[INFO] [stdout]   --> tests/setup/mod.rs:23:5
[INFO] [stdout]    |
[INFO] [stdout] 23 | use warpgrapher::engine::context::RequestContext;
[INFO] [stdout]    |     ^^^^^^^^^^^^^^^^^^^^^^^^^^^^^^^^^^^^^^^^^^^^
[INFO] [stdout]    |
[INFO] [stdout]    = note: `#[warn(unused_imports)]` on by default
[INFO] [stdout] 
[INFO] [stdout] 
[INFO] [stdout] warning: unused import: `warpgrapher::engine::database::DatabaseEndpoint`
[INFO] [stdout]  --> examples/endpoints/main.rs:7:5
[INFO] [stdout]   |
[INFO] [stdout] 7 | use warpgrapher::engine::database::DatabaseEndpoint;
[INFO] [stdout]   |     ^^^^^^^^^^^^^^^^^^^^^^^^^^^^^^^^^^^^^^^^^^^^^^^
[INFO] [stdout]   |
[INFO] [stdout]   = note: `#[warn(unused_imports)]` on by default
[INFO] [stdout] 
[INFO] [stdout] 
[INFO] [stdout] error: aborting due to previous error; 1 warning emitted
[INFO] [stdout] 
[INFO] [stdout] 
[INFO] [stdout] For more information about this error, try `rustc --explain E0432`.
[INFO] [stdout] 
[INFO] [stdout] error[E0412]: cannot find type `Client` in this scope
[INFO] [stdout]   --> tests/node_snmt_resolver_test.rs:13:78
[INFO] [stdout]    |
[INFO] [stdout] 13 | async fn create_node_with_rel_to_new<RequestCtx: RequestContext>(mut client: Client<RequestCtx>) {
[INFO] [stdout]    |                                                                              ^^^^^^ not found in this scope
[INFO] [stdout]    |
[INFO] [stdout] help: consider importing one of these items
[INFO] [stdout]    |
[INFO] [stdout] 4  | use reqwest::Client;
[INFO] [stdout]    |
[INFO] [stdout] 4  | use warpgrapher::Client;
[INFO] [stdout]    |
[INFO] [stdout] 
[INFO] [stdout] 
[INFO] [stdout] error[E0412]: cannot find type `Client` in this scope
[INFO] [stdout]    --> tests/node_snmt_resolver_test.rs:120:17
[INFO] [stdout]     |
[INFO] [stdout] 120 |     mut client: Client<RequestCtx>,
[INFO] [stdout]     |                 ^^^^^^ not found in this scope
[INFO] [stdout]     |
[INFO] [stdout] help: consider importing one of these items
[INFO] [stdout]     |
[INFO] [stdout] 4   | use reqwest::Client;
[INFO] [stdout]     |
[INFO] [stdout] 4   | use warpgrapher::Client;
[INFO] [stdout]     |
[INFO] [stdout] 
[INFO] [stdout] 
[INFO] [stdout] error[E0412]: cannot find type `Client` in this scope
[INFO] [stdout]    --> tests/node_snmt_resolver_test.rs:216:17
[INFO] [stdout]     |
[INFO] [stdout] 216 |     mut client: Client<RequestCtx>,
[INFO] [stdout]     |                 ^^^^^^ not found in this scope
[INFO] [stdout]     |
[INFO] [stdout] help: consider importing one of these items
[INFO] [stdout]     |
[INFO] [stdout] 4   | use reqwest::Client;
[INFO] [stdout]     |
[INFO] [stdout] 4   | use warpgrapher::Client;
[INFO] [stdout]     |
[INFO] [stdout] 
[INFO] [stdout] 
[INFO] [stdout] error[E0412]: cannot find type `Client` in this scope
[INFO] [stdout]    --> tests/node_snmt_resolver_test.rs:354:17
[INFO] [stdout]     |
[INFO] [stdout] 354 |     mut client: Client<RequestCtx>,
[INFO] [stdout]     |                 ^^^^^^ not found in this scope
[INFO] [stdout]     |
[INFO] [stdout] help: consider importing one of these items
[INFO] [stdout]     |
[INFO] [stdout] 4   | use reqwest::Client;
[INFO] [stdout]     |
[INFO] [stdout] 4   | use warpgrapher::Client;
[INFO] [stdout]     |
[INFO] [stdout] 
[INFO] [stdout] 
[INFO] [stdout] error[E0412]: cannot find type `Client` in this scope
[INFO] [stdout]    --> tests/node_snmt_resolver_test.rs:495:17
[INFO] [stdout]     |
[INFO] [stdout] 495 |     mut client: Client<RequestCtx>,
[INFO] [stdout]     |                 ^^^^^^ not found in this scope
[INFO] [stdout]     |
[INFO] [stdout] help: consider importing one of these items
[INFO] [stdout]     |
[INFO] [stdout] 4   | use reqwest::Client;
[INFO] [stdout]     |
[INFO] [stdout] 4   | use warpgrapher::Client;
[INFO] [stdout]     |
[INFO] [stdout] 
[INFO] [stdout] 
[INFO] [stdout] error[E0412]: cannot find type `Client` in this scope
[INFO] [stdout]    --> tests/node_snmt_resolver_test.rs:593:17
[INFO] [stdout]     |
[INFO] [stdout] 593 |     mut client: Client<RequestCtx>,
[INFO] [stdout]     |                 ^^^^^^ not found in this scope
[INFO] [stdout]     |
[INFO] [stdout] help: consider importing one of these items
[INFO] [stdout]     |
[INFO] [stdout] 4   | use reqwest::Client;
[INFO] [stdout]     |
[INFO] [stdout] 4   | use warpgrapher::Client;
[INFO] [stdout]     |
[INFO] [stdout] 
[INFO] [stdout] 
[INFO] [stdout] error[E0412]: cannot find type `Client` in this scope
[INFO] [stdout]    --> tests/node_snmt_resolver_test.rs:690:17
[INFO] [stdout]     |
[INFO] [stdout] 690 |     mut client: Client<RequestCtx>,
[INFO] [stdout]     |                 ^^^^^^ not found in this scope
[INFO] [stdout]     |
[INFO] [stdout] help: consider importing one of these items
[INFO] [stdout]     |
[INFO] [stdout] 4   | use reqwest::Client;
[INFO] [stdout]     |
[INFO] [stdout] 4   | use warpgrapher::Client;
[INFO] [stdout]     |
[INFO] [stdout] 
[INFO] [stdout] 
[INFO] [stdout] error[E0412]: cannot find type `Client` in this scope
[INFO] [stdout]    --> tests/node_snmt_resolver_test.rs:786:17
[INFO] [stdout]     |
[INFO] [stdout] 786 |     mut client: Client<RequestCtx>,
[INFO] [stdout]     |                 ^^^^^^ not found in this scope
[INFO] [stdout]     |
[INFO] [stdout] help: consider importing one of these items
[INFO] [stdout]     |
[INFO] [stdout] 4   | use reqwest::Client;
[INFO] [stdout]     |
[INFO] [stdout] 4   | use warpgrapher::Client;
[INFO] [stdout]     |
[INFO] [stdout] 
[INFO] [stdout] 
[INFO] [stdout] error[E0412]: cannot find type `Client` in this scope
[INFO] [stdout]    --> tests/node_snmt_resolver_test.rs:843:62
[INFO] [stdout]     |
[INFO] [stdout] 843 | async fn delete_node<RequestCtx: RequestContext>(mut client: Client<RequestCtx>) {
[INFO] [stdout]     |                                                              ^^^^^^ not found in this scope
[INFO] [stdout]     |
[INFO] [stdout] help: consider importing one of these items
[INFO] [stdout]     |
[INFO] [stdout] 4   | use reqwest::Client;
[INFO] [stdout]     |
[INFO] [stdout] 4   | use warpgrapher::Client;
[INFO] [stdout]     |
[INFO] [stdout] 
[INFO] [stdout] 
[INFO] [stdout] warning: unused import: `warpgrapher::engine::context::RequestContext`
[INFO] [stdout]   --> tests/setup/mod.rs:23:5
[INFO] [stdout]    |
[INFO] [stdout] 23 | use warpgrapher::engine::context::RequestContext;
[INFO] [stdout]    |     ^^^^^^^^^^^^^^^^^^^^^^^^^^^^^^^^^^^^^^^^^^^^
[INFO] [stdout]    |
[INFO] [stdout]    = note: `#[warn(unused_imports)]` on by default
[INFO] [stdout] 
[INFO] [stdout] 
[INFO] [stdout] warning: unused import: `warpgrapher::engine::context::RequestContext`
[INFO] [stdout]   --> tests/setup/mod.rs:23:5
[INFO] [stdout]    |
[INFO] [stdout] 23 | use warpgrapher::engine::context::RequestContext;
[INFO] [stdout]    |     ^^^^^^^^^^^^^^^^^^^^^^^^^^^^^^^^^^^^^^^^^^^^
[INFO] [stdout]    |
[INFO] [stdout]    = note: `#[warn(unused_imports)]` on by default
[INFO] [stdout] 
[INFO] [stdout] 
[INFO] [stdout] error: aborting due to 9 previous errors; 1 warning emitted
[INFO] [stdout] 
[INFO] [stdout] 
[INFO] [stdout] For more information about this error, try `rustc --explain E0412`.
[INFO] [stdout] 
[INFO] [stdout] warning: unused import: `warpgrapher::engine::context::RequestContext`
[INFO] [stdout]   --> tests/setup/mod.rs:23:5
[INFO] [stdout]    |
[INFO] [stdout] 23 | use warpgrapher::engine::context::RequestContext;
[INFO] [stdout]    |     ^^^^^^^^^^^^^^^^^^^^^^^^^^^^^^^^^^^^^^^^^^^^
[INFO] [stdout]    |
[INFO] [stdout]    = note: `#[warn(unused_imports)]` on by default
[INFO] [stdout] 
[INFO] [stdout] 
[INFO] [stdout] warning: unused import: `warpgrapher::engine::context::RequestContext`
[INFO] [stdout]   --> tests/setup/mod.rs:23:5
[INFO] [stdout]    |
[INFO] [stdout] 23 | use warpgrapher::engine::context::RequestContext;
[INFO] [stdout]    |     ^^^^^^^^^^^^^^^^^^^^^^^^^^^^^^^^^^^^^^^^^^^^
[INFO] [stdout]    |
[INFO] [stdout]    = note: `#[warn(unused_imports)]` on by default
[INFO] [stdout] 
[INFO] [stdout] 
[INFO] [stdout] warning: 1 warning emitted
[INFO] [stdout] 
[INFO] [stdout] 
[INFO] [stdout] warning: 1 warning emitted
[INFO] [stdout] 
[INFO] [stdout] 
[INFO] [stdout] warning: 1 warning emitted
[INFO] [stdout] 
[INFO] [stdout] 
[INFO] [stdout] warning: 1 warning emitted
[INFO] [stdout] 
[INFO] [stdout] 
[INFO] [stdout] warning: 1 warning emitted
[INFO] [stdout] 
[INFO] [stdout] 
[INFO] [stderr] error: build failed
[INFO] running `Command { std: "docker" "inspect" "c48e8a185f91766da1a21373fb1a0ab2268f2e81b1f0fb16fa576652fbc2f3df", kill_on_drop: false }`
[INFO] running `Command { std: "docker" "rm" "-f" "c48e8a185f91766da1a21373fb1a0ab2268f2e81b1f0fb16fa576652fbc2f3df", kill_on_drop: false }`
[INFO] [stdout] c48e8a185f91766da1a21373fb1a0ab2268f2e81b1f0fb16fa576652fbc2f3df
