[INFO] cloning repository https://github.com/wambugucoder/Rust-Intro
[INFO] running `Command { std: "git" "-c" "credential.helper=" "-c" "credential.helper=/workspace/cargo-home/bin/git-credential-null" "clone" "--bare" "https://github.com/wambugucoder/Rust-Intro" "/workspace/cache/git-repos/https%3A%2F%2Fgithub.com%2Fwambugucoder%2FRust-Intro", kill_on_drop: false }`
[INFO] [stderr] Cloning into bare repository '/workspace/cache/git-repos/https%3A%2F%2Fgithub.com%2Fwambugucoder%2FRust-Intro'...
[INFO] running `Command { std: "git" "rev-parse" "HEAD", kill_on_drop: false }`
[INFO] [stdout] a10603feb4ecd19fe6a76440645ccfedade62874
[INFO] testing wambugucoder/Rust-Intro against 1.54.0 for beta-1.55-1
[INFO] running `Command { std: "git" "clone" "/workspace/cache/git-repos/https%3A%2F%2Fgithub.com%2Fwambugucoder%2FRust-Intro" "/workspace/builds/worker-10/source", kill_on_drop: false }`
[INFO] [stderr] Cloning into '/workspace/builds/worker-10/source'...
[INFO] [stderr] done.
[INFO] validating manifest of git repo https://github.com/wambugucoder/Rust-Intro on toolchain 1.54.0
[INFO] running `Command { std: "/workspace/cargo-home/bin/cargo" "+1.54.0" "metadata" "--manifest-path" "Cargo.toml" "--no-deps", kill_on_drop: false }`
[INFO] started tweaking git repo https://github.com/wambugucoder/Rust-Intro
[INFO] finished tweaking git repo https://github.com/wambugucoder/Rust-Intro
[INFO] tweaked toml for git repo https://github.com/wambugucoder/Rust-Intro written to /workspace/builds/worker-10/source/Cargo.toml
[INFO] crate git repo https://github.com/wambugucoder/Rust-Intro already has a lockfile, it will not be regenerated
[INFO] running `Command { std: "/workspace/cargo-home/bin/cargo" "+1.54.0" "fetch" "--manifest-path" "Cargo.toml", kill_on_drop: false }`
[INFO] running `Command { std: "docker" "create" "-v" "/var/lib/crater-agent-workspace/builds/worker-10/target:/opt/rustwide/target:rw,Z" "-v" "/var/lib/crater-agent-workspace/builds/worker-10/source:/opt/rustwide/workdir:ro,Z" "-v" "/var/lib/crater-agent-workspace/cargo-home:/opt/rustwide/cargo-home:ro,Z" "-v" "/var/lib/crater-agent-workspace/rustup-home:/opt/rustwide/rustup-home:ro,Z" "-e" "SOURCE_DIR=/opt/rustwide/workdir" "-e" "CARGO_TARGET_DIR=/opt/rustwide/target" "-e" "CARGO_HOME=/opt/rustwide/cargo-home" "-e" "RUSTUP_HOME=/opt/rustwide/rustup-home" "-w" "/opt/rustwide/workdir" "-m" "1610612736" "--user" "0:0" "--network" "none" "ghcr.io/rust-lang/crates-build-env/linux@sha256:34b6a614d2c27851fe6cbf88fbd1137609cefab8b10d0615aaeb6fd47975d74e" "/opt/rustwide/cargo-home/bin/cargo" "+1.54.0" "metadata" "--no-deps" "--format-version=1", kill_on_drop: false }`
[INFO] [stdout] 4f3c5d573c93de98c0288086f666e300ab20fd369da32fdbdf18ce7f39b8d049
[INFO] [stderr] WARNING: Your kernel does not support swap limit capabilities or the cgroup is not mounted. Memory limited without swap.
[INFO] running `Command { std: "docker" "start" "-a" "4f3c5d573c93de98c0288086f666e300ab20fd369da32fdbdf18ce7f39b8d049", kill_on_drop: false }`
[INFO] running `Command { std: "docker" "inspect" "4f3c5d573c93de98c0288086f666e300ab20fd369da32fdbdf18ce7f39b8d049", kill_on_drop: false }`
[INFO] running `Command { std: "docker" "rm" "-f" "4f3c5d573c93de98c0288086f666e300ab20fd369da32fdbdf18ce7f39b8d049", kill_on_drop: false }`
[INFO] [stdout] 4f3c5d573c93de98c0288086f666e300ab20fd369da32fdbdf18ce7f39b8d049
[INFO] running `Command { std: "docker" "create" "-v" "/var/lib/crater-agent-workspace/builds/worker-10/target:/opt/rustwide/target:rw,Z" "-v" "/var/lib/crater-agent-workspace/builds/worker-10/source:/opt/rustwide/workdir:ro,Z" "-v" "/var/lib/crater-agent-workspace/cargo-home:/opt/rustwide/cargo-home:ro,Z" "-v" "/var/lib/crater-agent-workspace/rustup-home:/opt/rustwide/rustup-home:ro,Z" "-e" "SOURCE_DIR=/opt/rustwide/workdir" "-e" "CARGO_TARGET_DIR=/opt/rustwide/target" "-e" "CARGO_INCREMENTAL=0" "-e" "RUST_BACKTRACE=full" "-e" "RUSTFLAGS=--cap-lints=warn" "-e" "CARGO_HOME=/opt/rustwide/cargo-home" "-e" "RUSTUP_HOME=/opt/rustwide/rustup-home" "-w" "/opt/rustwide/workdir" "-m" "1610612736" "--user" "0:0" "--network" "none" "ghcr.io/rust-lang/crates-build-env/linux@sha256:34b6a614d2c27851fe6cbf88fbd1137609cefab8b10d0615aaeb6fd47975d74e" "/opt/rustwide/cargo-home/bin/cargo" "+1.54.0" "build" "--frozen" "--message-format=json", kill_on_drop: false }`
[INFO] [stdout] 426ef440b4763b1de2423c83ae707795bedc191472b0046369002e541e9a9acd
[INFO] [stderr] WARNING: Your kernel does not support swap limit capabilities or the cgroup is not mounted. Memory limited without swap.
[INFO] running `Command { std: "docker" "start" "-a" "426ef440b4763b1de2423c83ae707795bedc191472b0046369002e541e9a9acd", kill_on_drop: false }`
[INFO] [stderr]    Compiling socket2 v0.3.19
[INFO] [stderr]    Compiling mio v0.6.23
[INFO] [stderr]    Compiling futures-util v0.3.14
[INFO] [stderr]    Compiling actix-threadpool v0.3.3
[INFO] [stderr]    Compiling tracing-futures v0.2.5
[INFO] [stderr]    Compiling actix-router v0.2.7
[INFO] [stderr]    Compiling mio-uds v0.6.8
[INFO] [stderr]    Compiling tokio v0.2.25
[INFO] [stderr]    Compiling actix-service v1.0.6
[INFO] [stderr]    Compiling futures v0.3.14
[INFO] [stderr]    Compiling tokio-util v0.3.1
[INFO] [stderr]    Compiling actix-rt v1.1.1
[INFO] [stderr]    Compiling trust-dns-proto v0.19.7
[INFO] [stderr]    Compiling actix-codec v0.3.0
[INFO] [stderr]    Compiling h2 v0.2.7
[INFO] [stderr]    Compiling actix-utils v2.0.0
[INFO] [stderr]    Compiling actix-server v1.0.4
[INFO] [stderr]    Compiling actix-tls v2.0.0
[INFO] [stderr]    Compiling trust-dns-resolver v0.19.7
[INFO] [stderr]    Compiling actix-testing v1.0.1
[INFO] [stderr]    Compiling actix-connect v2.0.0
[INFO] [stderr]    Compiling actix-http v2.2.0
[INFO] [stderr]    Compiling awc v2.0.3
[INFO] [stderr]    Compiling actix-web v3.3.2
[INFO] [stderr]    Compiling Rust-Crud v0.1.0 (/opt/rustwide/workdir)
[INFO] [stdout] warning: unused import: `serde_json::json`
[INFO] [stdout]  --> src/Employees/router.rs:2:5
[INFO] [stdout]   |
[INFO] [stdout] 2 | use serde_json::json;
[INFO] [stdout]   |     ^^^^^^^^^^^^^^^^
[INFO] [stdout]   |
[INFO] [stdout]   = note: `#[warn(unused_imports)]` on by default
[INFO] [stdout] 
[INFO] [stdout] 
[INFO] [stdout] warning: unused import: `actix_web::web::ServiceConfig`
[INFO] [stdout]  --> src/Employees/router.rs:4:5
[INFO] [stdout]   |
[INFO] [stdout] 4 | use actix_web::web::ServiceConfig;
[INFO] [stdout]   |     ^^^^^^^^^^^^^^^^^^^^^^^^^^^^^
[INFO] [stdout] 
[INFO] [stdout] 
[INFO] [stdout] warning: unused import: `web`
[INFO] [stdout]  --> src/main.rs:3:45
[INFO] [stdout]   |
[INFO] [stdout] 3 | use actix_web::{Responder, App, HttpServer, web};
[INFO] [stdout]   |                                             ^^^
[INFO] [stdout] 
[INFO] [stdout] 
[INFO] [stdout] error[E0061]: this function takes 1 argument but 0 arguments were supplied
[INFO] [stdout]   --> src/main.rs:13:24
[INFO] [stdout]    |
[INFO] [stdout] 13 |             .configure(Employees::init_routes())
[INFO] [stdout]    |                        ^^^^^^^^^^^^^^^^^^^^^^-- supplied 0 arguments
[INFO] [stdout]    |                        |
[INFO] [stdout]    |                        expected 1 argument
[INFO] [stdout]    |
[INFO] [stdout] note: function defined here
[INFO] [stdout]   --> src/Employees/router.rs:21:8
[INFO] [stdout]    |
[INFO] [stdout] 21 | pub fn init_routes(config:&mut web::ServiceConfig){
[INFO] [stdout]    |        ^^^^^^^^^^^ ------------------------------
[INFO] [stdout] 
[INFO] [stdout] 
[INFO] [stdout] error[E0277]: expected a `FnOnce<(&mut ServiceConfig,)>` closure, found `()`
[INFO] [stdout]   --> src/main.rs:13:24
[INFO] [stdout]    |
[INFO] [stdout] 13 |             .configure(Employees::init_routes())
[INFO] [stdout]    |                        ^^^^^^^^^^^^^^^^^^^^^^^^ expected an `FnOnce<(&mut ServiceConfig,)>` closure, found `()`
[INFO] [stdout]    |
[INFO] [stdout]    = help: the trait `for<'r> FnOnce<(&'r mut ServiceConfig,)>` is not implemented for `()`
[INFO] [stdout] 
[INFO] [stdout] 
[INFO] [stdout] error[E0618]: expected function, found `find_all`
[INFO] [stdout]   --> src/Employees/router.rs:22:19
[INFO] [stdout]    |
[INFO] [stdout] 6  | #[get("/employees")]
[INFO] [stdout]    | -------------------- `find_all` defined here
[INFO] [stdout] ...
[INFO] [stdout] 22 |    config.service(find_all());
[INFO] [stdout]    |                   ^^^^^^^^--
[INFO] [stdout]    |                   |
[INFO] [stdout]    |                   call expression requires function
[INFO] [stdout] 
[INFO] [stdout] 
[INFO] [stdout] error: aborting due to 3 previous errors; 3 warnings emitted
[INFO] [stdout] 
[INFO] [stdout] 
[INFO] [stdout] Some errors have detailed explanations: E0061, E0277, E0618.
[INFO] [stdout] 
[INFO] [stdout] For more information about an error, try `rustc --explain E0061`.
[INFO] [stdout] 
[INFO] [stderr] error: could not compile `Rust-Crud`
[INFO] [stderr] 
[INFO] [stderr] To learn more, run the command again with --verbose.
[INFO] running `Command { std: "docker" "inspect" "426ef440b4763b1de2423c83ae707795bedc191472b0046369002e541e9a9acd", kill_on_drop: false }`
[INFO] running `Command { std: "docker" "rm" "-f" "426ef440b4763b1de2423c83ae707795bedc191472b0046369002e541e9a9acd", kill_on_drop: false }`
[INFO] [stdout] 426ef440b4763b1de2423c83ae707795bedc191472b0046369002e541e9a9acd
