[INFO] cloning repository https://github.com/wakasa51/uefi-rs-hello
[INFO] running `Command { std: "git" "-c" "credential.helper=" "-c" "credential.helper=/workspace/cargo-home/bin/git-credential-null" "clone" "--bare" "https://github.com/wakasa51/uefi-rs-hello" "/workspace/cache/git-repos/https%3A%2F%2Fgithub.com%2Fwakasa51%2Fuefi-rs-hello", kill_on_drop: false }`
[INFO] [stderr] Cloning into bare repository '/workspace/cache/git-repos/https%3A%2F%2Fgithub.com%2Fwakasa51%2Fuefi-rs-hello'...
[INFO] running `Command { std: "git" "rev-parse" "HEAD", kill_on_drop: false }`
[INFO] [stdout] f250ef56d85d4c901b4b2c5a00523e60d4e37959
[INFO] testing wakasa51/uefi-rs-hello against beta-2021-08-01 for beta-1.55-1
[INFO] running `Command { std: "git" "clone" "/workspace/cache/git-repos/https%3A%2F%2Fgithub.com%2Fwakasa51%2Fuefi-rs-hello" "/workspace/builds/worker-5/source", kill_on_drop: false }`
[INFO] [stderr] Cloning into '/workspace/builds/worker-5/source'...
[INFO] [stderr] done.
[INFO] validating manifest of git repo https://github.com/wakasa51/uefi-rs-hello on toolchain beta-2021-08-01
[INFO] running `Command { std: "/workspace/cargo-home/bin/cargo" "+beta-2021-08-01" "metadata" "--manifest-path" "Cargo.toml" "--no-deps", kill_on_drop: false }`
[INFO] started tweaking git repo https://github.com/wakasa51/uefi-rs-hello
[INFO] finished tweaking git repo https://github.com/wakasa51/uefi-rs-hello
[INFO] tweaked toml for git repo https://github.com/wakasa51/uefi-rs-hello written to /workspace/builds/worker-5/source/Cargo.toml
[INFO] crate git repo https://github.com/wakasa51/uefi-rs-hello already has a lockfile, it will not be regenerated
[INFO] running `Command { std: "/workspace/cargo-home/bin/cargo" "+beta-2021-08-01" "fetch" "--manifest-path" "Cargo.toml", kill_on_drop: false }`
[INFO] [stderr]     Updating git repository `https://github.com/rust-osdev/uefi-rs.git`
[INFO] [stderr]     Blocking waiting for file lock on package cache
[INFO] [stderr]  Downloading crates ...
[INFO] [stderr]   Downloaded bit_field v0.10.1
[INFO] [stderr]   Downloaded ucs2 v0.3.2
[INFO] [stderr]   Downloaded uefi-macros v0.3.3
[INFO] running `Command { std: "docker" "create" "-v" "/var/lib/crater-agent-workspace/builds/worker-5/target:/opt/rustwide/target:rw,Z" "-v" "/var/lib/crater-agent-workspace/builds/worker-5/source:/opt/rustwide/workdir:ro,Z" "-v" "/var/lib/crater-agent-workspace/cargo-home:/opt/rustwide/cargo-home:ro,Z" "-v" "/var/lib/crater-agent-workspace/rustup-home:/opt/rustwide/rustup-home:ro,Z" "-e" "SOURCE_DIR=/opt/rustwide/workdir" "-e" "CARGO_TARGET_DIR=/opt/rustwide/target" "-e" "CARGO_HOME=/opt/rustwide/cargo-home" "-e" "RUSTUP_HOME=/opt/rustwide/rustup-home" "-w" "/opt/rustwide/workdir" "-m" "1610612736" "--user" "0:0" "--network" "none" "ghcr.io/rust-lang/crates-build-env/linux@sha256:34b6a614d2c27851fe6cbf88fbd1137609cefab8b10d0615aaeb6fd47975d74e" "/opt/rustwide/cargo-home/bin/cargo" "+beta-2021-08-01" "metadata" "--no-deps" "--format-version=1", kill_on_drop: false }`
[INFO] [stdout] 1d5bab6218e400f9a9d4e4b200b1bf7608706de5b95ccf493899ee4a1346c040
[INFO] [stderr] WARNING: Your kernel does not support swap limit capabilities or the cgroup is not mounted. Memory limited without swap.
[INFO] running `Command { std: "docker" "start" "-a" "1d5bab6218e400f9a9d4e4b200b1bf7608706de5b95ccf493899ee4a1346c040", kill_on_drop: false }`
[INFO] running `Command { std: "docker" "inspect" "1d5bab6218e400f9a9d4e4b200b1bf7608706de5b95ccf493899ee4a1346c040", kill_on_drop: false }`
[INFO] running `Command { std: "docker" "rm" "-f" "1d5bab6218e400f9a9d4e4b200b1bf7608706de5b95ccf493899ee4a1346c040", kill_on_drop: false }`
[INFO] [stdout] 1d5bab6218e400f9a9d4e4b200b1bf7608706de5b95ccf493899ee4a1346c040
[INFO] running `Command { std: "docker" "create" "-v" "/var/lib/crater-agent-workspace/builds/worker-5/target:/opt/rustwide/target:rw,Z" "-v" "/var/lib/crater-agent-workspace/builds/worker-5/source:/opt/rustwide/workdir:ro,Z" "-v" "/var/lib/crater-agent-workspace/cargo-home:/opt/rustwide/cargo-home:ro,Z" "-v" "/var/lib/crater-agent-workspace/rustup-home:/opt/rustwide/rustup-home:ro,Z" "-e" "SOURCE_DIR=/opt/rustwide/workdir" "-e" "CARGO_TARGET_DIR=/opt/rustwide/target" "-e" "CARGO_INCREMENTAL=0" "-e" "RUST_BACKTRACE=full" "-e" "RUSTFLAGS=--cap-lints=warn" "-e" "CARGO_HOME=/opt/rustwide/cargo-home" "-e" "RUSTUP_HOME=/opt/rustwide/rustup-home" "-w" "/opt/rustwide/workdir" "-m" "1610612736" "--user" "0:0" "--network" "none" "ghcr.io/rust-lang/crates-build-env/linux@sha256:34b6a614d2c27851fe6cbf88fbd1137609cefab8b10d0615aaeb6fd47975d74e" "/opt/rustwide/cargo-home/bin/cargo" "+beta-2021-08-01" "build" "--frozen" "--message-format=json", kill_on_drop: false }`
[INFO] [stdout] d30319b8d8de5883c632806437bdb0380ace3fd0da62a7c176c4befb32c3cfea
[INFO] [stderr] WARNING: Your kernel does not support swap limit capabilities or the cgroup is not mounted. Memory limited without swap.
[INFO] running `Command { std: "docker" "start" "-a" "d30319b8d8de5883c632806437bdb0380ace3fd0da62a7c176c4befb32c3cfea", kill_on_drop: false }`
[INFO] [stderr]    Compiling syn v1.0.67
[INFO] [stderr]    Compiling bit_field v0.10.1
[INFO] [stderr]    Compiling rlibc v1.0.0
[INFO] [stderr]    Compiling ucs2 v0.3.2
[INFO] [stderr]    Compiling uefi-macros v0.3.3
[INFO] [stderr]    Compiling uefi v0.8.0 (https://github.com/rust-osdev/uefi-rs.git#f7733517)
[INFO] [stdout] error[E0557]: feature has been removed
[INFO] [stdout]   --> /opt/rustwide/cargo-home/git/checkouts/uefi-rs-f0a06b7c1e31b7b0/f773351/src/lib.rs:31:12
[INFO] [stdout]    |
[INFO] [stdout] 31 | #![feature(const_fn)]
[INFO] [stdout]    |            ^^^^^^^^ feature has been removed
[INFO] [stdout]    |
[INFO] [stdout]    = note: split into finer-grained feature gates
[INFO] [stdout] 
[INFO] [stdout] 
[INFO] [stdout] error[E0437]: type `Ok` is not a member of trait `ops::Try`
[INFO] [stdout]    --> /opt/rustwide/cargo-home/git/checkouts/uefi-rs-f0a06b7c1e31b7b0/f773351/src/result/status.rs:175:5
[INFO] [stdout]     |
[INFO] [stdout] 175 |     type Ok = Completion<()>;
[INFO] [stdout]     |     ^^^^^^^^^^^^^^^^^^^^^^^^^ not a member of trait `ops::Try`
[INFO] [stdout] 
[INFO] [stdout] 
[INFO] [stdout] error[E0437]: type `Error` is not a member of trait `ops::Try`
[INFO] [stdout]    --> /opt/rustwide/cargo-home/git/checkouts/uefi-rs-f0a06b7c1e31b7b0/f773351/src/result/status.rs:176:5
[INFO] [stdout]     |
[INFO] [stdout] 176 |     type Error = Error<()>;
[INFO] [stdout]     |     ^^^^^^^^^^^^^^^^^^^^^^^ not a member of trait `ops::Try`
[INFO] [stdout] 
[INFO] [stdout] 
[INFO] [stdout] error[E0407]: method `into_result` is not a member of trait `ops::Try`
[INFO] [stdout]    --> /opt/rustwide/cargo-home/git/checkouts/uefi-rs-f0a06b7c1e31b7b0/f773351/src/result/status.rs:178:5
[INFO] [stdout]     |
[INFO] [stdout] 178 | /     fn into_result(self) -> Result<(), ()> {
[INFO] [stdout] 179 | |         self.into()
[INFO] [stdout] 180 | |     }
[INFO] [stdout]     | |_____^ not a member of trait `ops::Try`
[INFO] [stdout] 
[INFO] [stdout] 
[INFO] [stdout] error[E0407]: method `from_error` is not a member of trait `ops::Try`
[INFO] [stdout]    --> /opt/rustwide/cargo-home/git/checkouts/uefi-rs-f0a06b7c1e31b7b0/f773351/src/result/status.rs:182:5
[INFO] [stdout]     |
[INFO] [stdout] 182 | /     fn from_error(error: Self::Error) -> Self {
[INFO] [stdout] 183 | |         error.status()
[INFO] [stdout] 184 | |     }
[INFO] [stdout]     | |_____^ not a member of trait `ops::Try`
[INFO] [stdout] 
[INFO] [stdout] 
[INFO] [stdout] error[E0407]: method `from_ok` is not a member of trait `ops::Try`
[INFO] [stdout]    --> /opt/rustwide/cargo-home/git/checkouts/uefi-rs-f0a06b7c1e31b7b0/f773351/src/result/status.rs:186:5
[INFO] [stdout]     |
[INFO] [stdout] 186 | /     fn from_ok(ok: Self::Ok) -> Self {
[INFO] [stdout] 187 | |         ok.status()
[INFO] [stdout] 188 | |     }
[INFO] [stdout]     | |_____^ not a member of trait `ops::Try`
[INFO] [stdout] 
[INFO] [stdout] 
[INFO] [stdout] error[E0554]: `#![feature]` may not be used on the beta release channel
[INFO] [stdout]   --> /opt/rustwide/cargo-home/git/checkouts/uefi-rs-f0a06b7c1e31b7b0/f773351/src/lib.rs:27:1
[INFO] [stdout]    |
[INFO] [stdout] 27 | #![feature(auto_traits)]
[INFO] [stdout]    | ^^^^^^^^^^^^^^^^^^^^^^^^
[INFO] [stdout] 
[INFO] [stdout] 
[INFO] [stdout] error[E0554]: `#![feature]` may not be used on the beta release channel
[INFO] [stdout]   --> /opt/rustwide/cargo-home/git/checkouts/uefi-rs-f0a06b7c1e31b7b0/f773351/src/lib.rs:28:1
[INFO] [stdout]    |
[INFO] [stdout] 28 | #![feature(try_trait)]
[INFO] [stdout]    | ^^^^^^^^^^^^^^^^^^^^^^
[INFO] [stdout] 
[INFO] [stdout] 
[INFO] [stdout] error[E0554]: `#![feature]` may not be used on the beta release channel
[INFO] [stdout]   --> /opt/rustwide/cargo-home/git/checkouts/uefi-rs-f0a06b7c1e31b7b0/f773351/src/lib.rs:29:1
[INFO] [stdout]    |
[INFO] [stdout] 29 | #![feature(abi_efiapi)]
[INFO] [stdout]    | ^^^^^^^^^^^^^^^^^^^^^^^
[INFO] [stdout] 
[INFO] [stdout] 
[INFO] [stdout] error[E0554]: `#![feature]` may not be used on the beta release channel
[INFO] [stdout]   --> /opt/rustwide/cargo-home/git/checkouts/uefi-rs-f0a06b7c1e31b7b0/f773351/src/lib.rs:30:1
[INFO] [stdout]    |
[INFO] [stdout] 30 | #![feature(negative_impls)]
[INFO] [stdout]    | ^^^^^^^^^^^^^^^^^^^^^^^^^^^
[INFO] [stdout] 
[INFO] [stdout] 
[INFO] [stdout] error[E0554]: `#![feature]` may not be used on the beta release channel
[INFO] [stdout]   --> /opt/rustwide/cargo-home/git/checkouts/uefi-rs-f0a06b7c1e31b7b0/f773351/src/lib.rs:31:1
[INFO] [stdout]    |
[INFO] [stdout] 31 | #![feature(const_fn)]
[INFO] [stdout]    | ^^^^^^^^^^^^^^^^^^^^^
[INFO] [stdout] 
[INFO] [stdout] 
[INFO] [stdout] error[E0554]: `#![feature]` may not be used on the beta release channel
[INFO] [stdout]   --> /opt/rustwide/cargo-home/git/checkouts/uefi-rs-f0a06b7c1e31b7b0/f773351/src/lib.rs:32:1
[INFO] [stdout]    |
[INFO] [stdout] 32 | #![feature(const_panic)]
[INFO] [stdout]    | ^^^^^^^^^^^^^^^^^^^^^^^^
[INFO] [stdout] 
[INFO] [stdout] 
[INFO] [stdout] error[E0658]: use of unstable library feature 'try_trait_v2'
[INFO] [stdout]    --> /opt/rustwide/cargo-home/git/checkouts/uefi-rs-f0a06b7c1e31b7b0/f773351/src/result/status.rs:174:6
[INFO] [stdout]     |
[INFO] [stdout] 174 | impl ops::Try for Status {
[INFO] [stdout]     |      ^^^^^^^^
[INFO] [stdout]     |
[INFO] [stdout]     = note: see issue #84277 <https://github.com/rust-lang/rust/issues/84277> for more information
[INFO] [stdout] 
[INFO] [stdout] 
[INFO] [stdout] error[E0220]: associated type `Error` not found for `Self`
[INFO] [stdout]    --> /opt/rustwide/cargo-home/git/checkouts/uefi-rs-f0a06b7c1e31b7b0/f773351/src/result/status.rs:182:32
[INFO] [stdout]     |
[INFO] [stdout] 182 |     fn from_error(error: Self::Error) -> Self {
[INFO] [stdout]     |                                ^^^^^ associated type `Error` not found
[INFO] [stdout] 
[INFO] [stdout] 
[INFO] [stdout] error[E0220]: associated type `Ok` not found for `Self`
[INFO] [stdout]    --> /opt/rustwide/cargo-home/git/checkouts/uefi-rs-f0a06b7c1e31b7b0/f773351/src/result/status.rs:186:26
[INFO] [stdout]     |
[INFO] [stdout] 186 |     fn from_ok(ok: Self::Ok) -> Self {
[INFO] [stdout]     |                          ^^ associated type `Ok` not found
[INFO] [stdout] 
[INFO] [stdout] 
[INFO] [stdout] error: aborting due to 15 previous errors
[INFO] [stdout] 
[INFO] [stdout] 
[INFO] [stdout] Some errors have detailed explanations: E0220, E0407, E0437, E0554, E0557, E0658.
[INFO] [stdout] 
[INFO] [stdout] For more information about an error, try `rustc --explain E0220`.
[INFO] [stdout] 
[INFO] [stderr] error: could not compile `uefi` due to 16 previous errors
[INFO] running `Command { std: "docker" "inspect" "d30319b8d8de5883c632806437bdb0380ace3fd0da62a7c176c4befb32c3cfea", kill_on_drop: false }`
[INFO] running `Command { std: "docker" "rm" "-f" "d30319b8d8de5883c632806437bdb0380ace3fd0da62a7c176c4befb32c3cfea", kill_on_drop: false }`
[INFO] [stdout] d30319b8d8de5883c632806437bdb0380ace3fd0da62a7c176c4befb32c3cfea
