[INFO] cloning repository https://github.com/waddlepon/digital-turk
[INFO] running `Command { std: "git" "-c" "credential.helper=" "-c" "credential.helper=/workspace/cargo-home/bin/git-credential-null" "clone" "--bare" "https://github.com/waddlepon/digital-turk" "/workspace/cache/git-repos/https%3A%2F%2Fgithub.com%2Fwaddlepon%2Fdigital-turk", kill_on_drop: false }`
[INFO] [stderr] Cloning into bare repository '/workspace/cache/git-repos/https%3A%2F%2Fgithub.com%2Fwaddlepon%2Fdigital-turk'...
[INFO] running `Command { std: "git" "rev-parse" "HEAD", kill_on_drop: false }`
[INFO] [stdout] 812a0796efa4d5e5759d35f1c2ac0897397ff2c7
[INFO] testing waddlepon/digital-turk against beta-2021-08-01 for beta-1.55-1
[INFO] running `Command { std: "git" "clone" "/workspace/cache/git-repos/https%3A%2F%2Fgithub.com%2Fwaddlepon%2Fdigital-turk" "/workspace/builds/worker-7/source", kill_on_drop: false }`
[INFO] [stderr] Cloning into '/workspace/builds/worker-7/source'...
[INFO] [stderr] done.
[INFO] validating manifest of git repo https://github.com/waddlepon/digital-turk on toolchain beta-2021-08-01
[INFO] running `Command { std: "/workspace/cargo-home/bin/cargo" "+beta-2021-08-01" "metadata" "--manifest-path" "Cargo.toml" "--no-deps", kill_on_drop: false }`
[INFO] started tweaking git repo https://github.com/waddlepon/digital-turk
[INFO] finished tweaking git repo https://github.com/waddlepon/digital-turk
[INFO] tweaked toml for git repo https://github.com/waddlepon/digital-turk written to /workspace/builds/worker-7/source/Cargo.toml
[INFO] crate git repo https://github.com/waddlepon/digital-turk already has a lockfile, it will not be regenerated
[INFO] running `Command { std: "/workspace/cargo-home/bin/cargo" "+beta-2021-08-01" "fetch" "--manifest-path" "Cargo.toml", kill_on_drop: false }`
[INFO] [stderr]     Blocking waiting for file lock on package cache
[INFO] [stderr]     Blocking waiting for file lock on package cache
[INFO] [stderr]  Downloading crates ...
[INFO] [stderr]   Downloaded bitflags v0.7.0
[INFO] [stderr]   Downloaded custom_derive v0.1.7
[INFO] [stderr]   Downloaded conv v0.3.3
[INFO] [stderr]   Downloaded rand v0.3.16
[INFO] [stderr]   Downloaded magenta v0.1.1
[INFO] [stderr]   Downloaded libc v0.2.30
[INFO] [stderr]   Downloaded magenta-sys v0.1.1
[INFO] running `Command { std: "docker" "create" "-v" "/var/lib/crater-agent-workspace/builds/worker-7/target:/opt/rustwide/target:rw,Z" "-v" "/var/lib/crater-agent-workspace/builds/worker-7/source:/opt/rustwide/workdir:ro,Z" "-v" "/var/lib/crater-agent-workspace/cargo-home:/opt/rustwide/cargo-home:ro,Z" "-v" "/var/lib/crater-agent-workspace/rustup-home:/opt/rustwide/rustup-home:ro,Z" "-e" "SOURCE_DIR=/opt/rustwide/workdir" "-e" "CARGO_TARGET_DIR=/opt/rustwide/target" "-e" "CARGO_HOME=/opt/rustwide/cargo-home" "-e" "RUSTUP_HOME=/opt/rustwide/rustup-home" "-w" "/opt/rustwide/workdir" "-m" "1610612736" "--user" "0:0" "--network" "none" "ghcr.io/rust-lang/crates-build-env/linux@sha256:34b6a614d2c27851fe6cbf88fbd1137609cefab8b10d0615aaeb6fd47975d74e" "/opt/rustwide/cargo-home/bin/cargo" "+beta-2021-08-01" "metadata" "--no-deps" "--format-version=1", kill_on_drop: false }`
[INFO] [stdout] 3619793207c796b79bdd317f5a2e853b968f47e414b91bb581c053a8f7076b85
[INFO] running `Command { std: "docker" "start" "-a" "3619793207c796b79bdd317f5a2e853b968f47e414b91bb581c053a8f7076b85", kill_on_drop: false }`
[INFO] running `Command { std: "docker" "inspect" "3619793207c796b79bdd317f5a2e853b968f47e414b91bb581c053a8f7076b85", kill_on_drop: false }`
[INFO] running `Command { std: "docker" "rm" "-f" "3619793207c796b79bdd317f5a2e853b968f47e414b91bb581c053a8f7076b85", kill_on_drop: false }`
[INFO] [stdout] 3619793207c796b79bdd317f5a2e853b968f47e414b91bb581c053a8f7076b85
[INFO] running `Command { std: "docker" "create" "-v" "/var/lib/crater-agent-workspace/builds/worker-7/target:/opt/rustwide/target:rw,Z" "-v" "/var/lib/crater-agent-workspace/builds/worker-7/source:/opt/rustwide/workdir:ro,Z" "-v" "/var/lib/crater-agent-workspace/cargo-home:/opt/rustwide/cargo-home:ro,Z" "-v" "/var/lib/crater-agent-workspace/rustup-home:/opt/rustwide/rustup-home:ro,Z" "-e" "SOURCE_DIR=/opt/rustwide/workdir" "-e" "CARGO_TARGET_DIR=/opt/rustwide/target" "-e" "CARGO_INCREMENTAL=0" "-e" "RUST_BACKTRACE=full" "-e" "RUSTFLAGS=--cap-lints=warn" "-e" "CARGO_HOME=/opt/rustwide/cargo-home" "-e" "RUSTUP_HOME=/opt/rustwide/rustup-home" "-w" "/opt/rustwide/workdir" "-m" "1610612736" "--user" "0:0" "--network" "none" "ghcr.io/rust-lang/crates-build-env/linux@sha256:34b6a614d2c27851fe6cbf88fbd1137609cefab8b10d0615aaeb6fd47975d74e" "/opt/rustwide/cargo-home/bin/cargo" "+beta-2021-08-01" "build" "--frozen" "--message-format=json", kill_on_drop: false }`
[INFO] [stdout] 175bfb10a5de74e1a9b82f473c32365a76aad3c3578e3614dd5a9942f4708dbe
[INFO] running `Command { std: "docker" "start" "-a" "175bfb10a5de74e1a9b82f473c32365a76aad3c3578e3614dd5a9942f4708dbe", kill_on_drop: false }`
[INFO] [stderr]    Compiling digital-turk v0.1.0 (/opt/rustwide/workdir)
[INFO] [stdout] error[E0425]: cannot find value `WHITE_PAWN_MOVES` in this scope
[INFO] [stdout]    --> src/board.rs:301:13
[INFO] [stdout]     |
[INFO] [stdout] 301 |             WHITE_PAWN_MOVES[square]
[INFO] [stdout]     |             ^^^^^^^^^^^^^^^^ not found in this scope
[INFO] [stdout]     |
[INFO] [stdout] help: consider importing this constant
[INFO] [stdout]     |
[INFO] [stdout] 1   | use magic::WHITE_PAWN_MOVES;
[INFO] [stdout]     |
[INFO] [stdout] 
[INFO] [stdout] 
[INFO] [stdout] error[E0425]: cannot find value `BLACK_PAWN_MOVES` in this scope
[INFO] [stdout]    --> src/board.rs:303:13
[INFO] [stdout]     |
[INFO] [stdout] 303 |             BLACK_PAWN_MOVES[square]
[INFO] [stdout]     |             ^^^^^^^^^^^^^^^^ not found in this scope
[INFO] [stdout]     |
[INFO] [stdout] help: consider importing this constant
[INFO] [stdout]     |
[INFO] [stdout] 1   | use magic::BLACK_PAWN_MOVES;
[INFO] [stdout]     |
[INFO] [stdout] 
[INFO] [stdout] 
[INFO] [stdout] error[E0425]: cannot find value `to_move` in this scope
[INFO] [stdout]    --> src/board.rs:321:54
[INFO] [stdout]     |
[INFO] [stdout] 321 |         let attackers = Board::attackers(self, king, to_move);
[INFO] [stdout]     |                                                      ^^^^^^^ help: you might have meant to use the available field: `self.to_move`
[INFO] [stdout] 
[INFO] [stdout] 
[INFO] [stdout] warning: use of deprecated trait `std::ascii::AsciiExt`: use inherent methods instead
[INFO] [stdout]  --> src/board.rs:1:17
[INFO] [stdout]   |
[INFO] [stdout] 1 | use std::ascii::AsciiExt;
[INFO] [stdout]   |                 ^^^^^^^^
[INFO] [stdout]   |
[INFO] [stdout]   = note: `#[warn(deprecated)]` on by default
[INFO] [stdout] 
[INFO] [stdout] 
[INFO] [stdout] error[E0308]: mismatched types
[INFO] [stdout]    --> src/board.rs:321:48
[INFO] [stdout]     |
[INFO] [stdout] 321 |         let attackers = Board::attackers(self, king, to_move);
[INFO] [stdout]     |                                                ^^^^ expected `usize`, found `u32`
[INFO] [stdout]     |
[INFO] [stdout] help: you can convert a `u32` to a `usize` and panic if the converted value doesn't fit
[INFO] [stdout]     |
[INFO] [stdout] 321 |         let attackers = Board::attackers(self, king.try_into().unwrap(), to_move);
[INFO] [stdout]     |                                                ^^^^^^^^^^^^^^^^^^^^^^^^
[INFO] [stdout] 
[INFO] [stdout] 
[INFO] [stdout] error[E0308]: mismatched types
[INFO] [stdout]    --> src/board.rs:330:54
[INFO] [stdout]     |
[INFO] [stdout] 330 |             let piece_type = self.bitboards.piece_at(attacker_square).unwrap();
[INFO] [stdout]     |                                                      ^^^^^^^^^^^^^^^ expected `usize`, found `u32`
[INFO] [stdout]     |
[INFO] [stdout] help: you can convert a `u32` to a `usize` and panic if the converted value doesn't fit
[INFO] [stdout]     |
[INFO] [stdout] 330 |             let piece_type = self.bitboards.piece_at(attacker_square.try_into().unwrap()).unwrap();
[INFO] [stdout]     |                                                      ^^^^^^^^^^^^^^^^^^^^^^^^^^^^^^^^^^^
[INFO] [stdout] 
[INFO] [stdout] 
[INFO] [stdout] error[E0308]: mismatched types
[INFO] [stdout]    --> src/board.rs:340:55
[INFO] [stdout]     |
[INFO] [stdout] 340 |                 let blockers = Board::attackers(self, i, not_moving);
[INFO] [stdout]     |                                                       ^ expected `usize`, found `u32`
[INFO] [stdout]     |
[INFO] [stdout] help: you can convert a `u32` to a `usize` and panic if the converted value doesn't fit
[INFO] [stdout]     |
[INFO] [stdout] 340 |                 let blockers = Board::attackers(self, i.try_into().unwrap(), not_moving);
[INFO] [stdout]     |                                                       ^^^^^^^^^^^^^^^^^^^^^
[INFO] [stdout] 
[INFO] [stdout] 
[INFO] [stdout] error[E0308]: mismatched types
[INFO] [stdout]    --> src/board.rs:343:74
[INFO] [stdout]     |
[INFO] [stdout] 343 |                     moves.append(&mut Board::encode_quiet_captures(self, s, (1 << i) as u64));
[INFO] [stdout]     |                                                                          ^ expected `u8`, found `u32`
[INFO] [stdout]     |
[INFO] [stdout] help: you can convert a `u32` to a `u8` and panic if the converted value doesn't fit
[INFO] [stdout]     |
[INFO] [stdout] 343 |                     moves.append(&mut Board::encode_quiet_captures(self, s.try_into().unwrap(), (1 << i) as u64));
[INFO] [stdout]     |                                                                          ^^^^^^^^^^^^^^^^^^^^^
[INFO] [stdout] 
[INFO] [stdout] 
[INFO] [stdout] warning: unused import: `std::ascii::AsciiExt`
[INFO] [stdout]  --> src/board.rs:1:5
[INFO] [stdout]   |
[INFO] [stdout] 1 | use std::ascii::AsciiExt;
[INFO] [stdout]   |     ^^^^^^^^^^^^^^^^^^^^
[INFO] [stdout]   |
[INFO] [stdout]   = note: `#[warn(unused_imports)]` on by default
[INFO] [stdout] 
[INFO] [stdout] 
[INFO] [stdout] error: aborting due to 7 previous errors; 2 warnings emitted
[INFO] [stdout] 
[INFO] [stdout] 
[INFO] [stdout] Some errors have detailed explanations: E0308, E0425.
[INFO] [stdout] 
[INFO] [stdout] For more information about an error, try `rustc --explain E0308`.
[INFO] [stdout] 
[INFO] [stderr] error: could not compile `digital-turk` due to 8 previous errors; 2 warnings emitted
[INFO] running `Command { std: "docker" "inspect" "175bfb10a5de74e1a9b82f473c32365a76aad3c3578e3614dd5a9942f4708dbe", kill_on_drop: false }`
[INFO] running `Command { std: "docker" "rm" "-f" "175bfb10a5de74e1a9b82f473c32365a76aad3c3578e3614dd5a9942f4708dbe", kill_on_drop: false }`
[INFO] [stdout] 175bfb10a5de74e1a9b82f473c32365a76aad3c3578e3614dd5a9942f4708dbe
