[INFO] cloning repository https://github.com/w-k-s/Docker-Rust-Test
[INFO] running `Command { std: "git" "-c" "credential.helper=" "-c" "credential.helper=/workspace/cargo-home/bin/git-credential-null" "clone" "--bare" "https://github.com/w-k-s/Docker-Rust-Test" "/workspace/cache/git-repos/https%3A%2F%2Fgithub.com%2Fw-k-s%2FDocker-Rust-Test", kill_on_drop: false }`
[INFO] [stderr] Cloning into bare repository '/workspace/cache/git-repos/https%3A%2F%2Fgithub.com%2Fw-k-s%2FDocker-Rust-Test'...
[INFO] running `Command { std: "git" "rev-parse" "HEAD", kill_on_drop: false }`
[INFO] [stdout] 11fb8639919f26d7079cb2be061c89822d06651d
[INFO] testing w-k-s/Docker-Rust-Test against beta-2021-08-01 for beta-1.55-1
[INFO] running `Command { std: "git" "clone" "/workspace/cache/git-repos/https%3A%2F%2Fgithub.com%2Fw-k-s%2FDocker-Rust-Test" "/workspace/builds/worker-13/source", kill_on_drop: false }`
[INFO] [stderr] Cloning into '/workspace/builds/worker-13/source'...
[INFO] [stderr] done.
[INFO] validating manifest of git repo https://github.com/w-k-s/Docker-Rust-Test on toolchain beta-2021-08-01
[INFO] running `Command { std: "/workspace/cargo-home/bin/cargo" "+beta-2021-08-01" "metadata" "--manifest-path" "Cargo.toml" "--no-deps", kill_on_drop: false }`
[INFO] started tweaking git repo https://github.com/w-k-s/Docker-Rust-Test
[INFO] finished tweaking git repo https://github.com/w-k-s/Docker-Rust-Test
[INFO] tweaked toml for git repo https://github.com/w-k-s/Docker-Rust-Test written to /workspace/builds/worker-13/source/Cargo.toml
[INFO] crate git repo https://github.com/w-k-s/Docker-Rust-Test already has a lockfile, it will not be regenerated
[INFO] running `Command { std: "/workspace/cargo-home/bin/cargo" "+beta-2021-08-01" "fetch" "--manifest-path" "Cargo.toml", kill_on_drop: false }`
[INFO] [stderr]  Downloading crates ...
[INFO] [stderr]   Downloaded nix v0.8.1
[INFO] [stderr]   Downloaded thread-id v3.1.0
[INFO] [stderr]   Downloaded traitobject v0.0.1
[INFO] [stderr]   Downloaded httparse v1.2.2
[INFO] [stderr]   Downloaded frank_jwt v2.5.1
[INFO] [stderr]   Downloaded num_cpus v1.4.0
[INFO] [stderr]   Downloaded log v0.3.7
[INFO] [stderr]   Downloaded gcc v0.3.48
[INFO] [stderr]   Downloaded mustache v0.8.0
[INFO] [stderr]   Downloaded unreachable v0.1.1
[INFO] [stderr]   Downloaded gdi32-sys v0.2.0
[INFO] [stderr]   Downloaded solicit v0.4.4
[INFO] [stderr]   Downloaded memchr v1.0.1
[INFO] [stderr]   Downloaded named_pipe v0.2.4
[INFO] [stderr]   Downloaded num-integer v0.1.34
[INFO] [stderr]   Downloaded groupable v0.2.0
[INFO] [stderr]   Downloaded mime v0.2.4
[INFO] [stderr]   Downloaded cookie v0.2.5
[INFO] [stderr]   Downloaded num-traits v0.1.37
[INFO] [stderr]   Downloaded openssl-sys v0.9.12
[INFO] [stderr]   Downloaded nickel v0.9.0
[INFO] [stderr]   Downloaded serde_json v1.0.2
[INFO] [stderr]   Downloaded dtoa v0.4.1
[INFO] [stderr]   Downloaded openssl v0.9.12
[INFO] [stderr]   Downloaded foreign-types v0.2.0
[INFO] [stderr]   Downloaded net2 v0.2.29
[INFO] [stderr]   Downloaded nom v3.0.0
[INFO] [stderr]   Downloaded libc v0.2.23
[INFO] [stderr]   Downloaded twox-hash v1.1.0
[INFO] [stderr]   Downloaded chrono v0.3.1
[INFO] [stderr]   Downloaded mysql v11.1.0
[INFO] [stderr]   Downloaded unicase v1.4.0
[INFO] [stderr]   Downloaded idna v0.1.1
[INFO] [stderr]   Downloaded byteorder v1.0.0
[INFO] [stderr]   Downloaded unicode-bidi v0.2.6
[INFO] [stderr]   Downloaded unsafe-any v0.4.1
[INFO] [stderr]   Downloaded url v1.4.0
[INFO] [stderr]   Downloaded uuid v0.5.0
[INFO] [stderr]   Downloaded num v0.1.37
[INFO] [stderr]   Downloaded thread_local v0.3.3
[INFO] [stderr]   Downloaded redox_syscall v0.1.17
[INFO] [stderr]   Downloaded num-iter v0.1.33
[INFO] [stderr]   Downloaded lazy_static v0.2.8
[INFO] [stderr]   Downloaded hpack v0.2.0
[INFO] [stderr]   Downloaded serde v1.0.8
[INFO] [stderr]   Downloaded nickel_cookies v0.2.0
[INFO] [stderr]   Downloaded itoa v0.3.1
[INFO] [stderr]   Downloaded time v0.1.37
[INFO] [stderr]   Downloaded mustache v0.6.3
[INFO] [stderr]   Downloaded matches v0.1.4
[INFO] [stderr]   Downloaded hyper v0.9.18
[INFO] [stderr]   Downloaded user32-sys v0.2.0
[INFO] [stderr]   Downloaded rand v0.3.15
[INFO] [stderr]   Downloaded unicode-normalization v0.1.4
[INFO] running `Command { std: "docker" "create" "-v" "/var/lib/crater-agent-workspace/builds/worker-13/target:/opt/rustwide/target:rw,Z" "-v" "/var/lib/crater-agent-workspace/builds/worker-13/source:/opt/rustwide/workdir:ro,Z" "-v" "/var/lib/crater-agent-workspace/cargo-home:/opt/rustwide/cargo-home:ro,Z" "-v" "/var/lib/crater-agent-workspace/rustup-home:/opt/rustwide/rustup-home:ro,Z" "-e" "SOURCE_DIR=/opt/rustwide/workdir" "-e" "CARGO_TARGET_DIR=/opt/rustwide/target" "-e" "CARGO_HOME=/opt/rustwide/cargo-home" "-e" "RUSTUP_HOME=/opt/rustwide/rustup-home" "-w" "/opt/rustwide/workdir" "-m" "1610612736" "--user" "0:0" "--network" "none" "ghcr.io/rust-lang/crates-build-env/linux@sha256:34b6a614d2c27851fe6cbf88fbd1137609cefab8b10d0615aaeb6fd47975d74e" "/opt/rustwide/cargo-home/bin/cargo" "+beta-2021-08-01" "metadata" "--no-deps" "--format-version=1", kill_on_drop: false }`
[INFO] [stdout] d7376b378ada2ac33be42e8228225723e883842a66780fd48ace645e39467ae0
[INFO] running `Command { std: "docker" "start" "-a" "d7376b378ada2ac33be42e8228225723e883842a66780fd48ace645e39467ae0", kill_on_drop: false }`
[INFO] running `Command { std: "docker" "inspect" "d7376b378ada2ac33be42e8228225723e883842a66780fd48ace645e39467ae0", kill_on_drop: false }`
[INFO] running `Command { std: "docker" "rm" "-f" "d7376b378ada2ac33be42e8228225723e883842a66780fd48ace645e39467ae0", kill_on_drop: false }`
[INFO] [stdout] d7376b378ada2ac33be42e8228225723e883842a66780fd48ace645e39467ae0
[INFO] running `Command { std: "docker" "create" "-v" "/var/lib/crater-agent-workspace/builds/worker-13/target:/opt/rustwide/target:rw,Z" "-v" "/var/lib/crater-agent-workspace/builds/worker-13/source:/opt/rustwide/workdir:ro,Z" "-v" "/var/lib/crater-agent-workspace/cargo-home:/opt/rustwide/cargo-home:ro,Z" "-v" "/var/lib/crater-agent-workspace/rustup-home:/opt/rustwide/rustup-home:ro,Z" "-e" "SOURCE_DIR=/opt/rustwide/workdir" "-e" "CARGO_TARGET_DIR=/opt/rustwide/target" "-e" "CARGO_INCREMENTAL=0" "-e" "RUST_BACKTRACE=full" "-e" "RUSTFLAGS=--cap-lints=warn" "-e" "CARGO_HOME=/opt/rustwide/cargo-home" "-e" "RUSTUP_HOME=/opt/rustwide/rustup-home" "-w" "/opt/rustwide/workdir" "-m" "1610612736" "--user" "0:0" "--network" "none" "ghcr.io/rust-lang/crates-build-env/linux@sha256:34b6a614d2c27851fe6cbf88fbd1137609cefab8b10d0615aaeb6fd47975d74e" "/opt/rustwide/cargo-home/bin/cargo" "+beta-2021-08-01" "build" "--frozen" "--message-format=json", kill_on_drop: false }`
[INFO] [stdout] bcf5fac8b3a8323b1bbd8ec6b495522c49a329da873a3ef9859898dc11af4500
[INFO] running `Command { std: "docker" "start" "-a" "bcf5fac8b3a8323b1bbd8ec6b495522c49a329da873a3ef9859898dc11af4500", kill_on_drop: false }`
[INFO] [stderr]     Blocking waiting for file lock on package cache
[INFO] [stderr]    Compiling libc v0.2.23
[INFO] [stderr]    Compiling matches v0.1.4
[INFO] [stderr]    Compiling winapi-build v0.1.1
[INFO] [stderr]    Compiling log v0.3.7
[INFO] [stderr]    Compiling unicode-normalization v0.1.4
[INFO] [stderr]    Compiling num-traits v0.1.37
[INFO] [stderr]    Compiling gcc v0.3.48
[INFO] [stderr]    Compiling winapi v0.2.8
[INFO] [stderr]    Compiling rustc-serialize v0.3.24
[INFO] [stderr]    Compiling pkg-config v0.3.9
[INFO] [stderr]    Compiling lazy_static v0.2.8
[INFO] [stderr]    Compiling openssl v0.9.12
[INFO] [stderr]    Compiling bitflags v0.8.2
[INFO] [stderr]    Compiling httparse v1.2.2
[INFO] [stderr]    Compiling utf8-ranges v0.1.3
[INFO] [stderr]    Compiling cfg-if v0.1.0
[INFO] [stderr]    Compiling regex-syntax v0.3.9
[INFO] [stderr]    Compiling traitobject v0.0.1
[INFO] [stderr]    Compiling regex-syntax v0.4.1
[INFO] [stderr]    Compiling foreign-types v0.2.0
[INFO] [stderr]    Compiling serde v1.0.8
[INFO] [stderr]    Compiling itoa v0.3.1
[INFO] [stderr]    Compiling dtoa v0.4.1
[INFO] [stderr]    Compiling modifier v0.1.0
[INFO] [stderr]    Compiling groupable v0.2.0
[INFO] [stderr]    Compiling lazy_static v0.1.16
[INFO] [stderr]    Compiling fnv v1.0.5
[INFO] [stderr]    Compiling bufstream v0.1.3
[INFO] [stderr]    Compiling uuid v0.5.0
[INFO] [stderr]    Compiling nom v3.0.0
[INFO] [stderr]    Compiling byteorder v1.0.0
[INFO] [stderr]    Compiling unsafe-any v0.4.1
[INFO] [stderr]    Compiling unreachable v0.1.1
[INFO] [stderr]    Compiling unicase v1.4.0
[INFO] [stderr]    Compiling unicode-bidi v0.2.6
[INFO] [stderr]    Compiling typemap v0.3.3
[INFO] [stderr]    Compiling hpack v0.2.0
[INFO] [stderr]    Compiling mime v0.2.4
[INFO] [stderr]    Compiling num-integer v0.1.34
[INFO] [stderr]    Compiling plugin v0.2.6
[INFO] [stderr]    Compiling time v0.1.37
[INFO] [stderr]    Compiling memchr v0.1.11
[INFO] [stderr]    Compiling num_cpus v1.4.0
[INFO] [stderr]    Compiling thread-id v3.1.0
[INFO] [stderr]    Compiling memchr v1.0.1
[INFO] [stderr]    Compiling rand v0.3.15
[INFO] [stderr]    Compiling net2 v0.2.29
[INFO] [stderr]    Compiling nix v0.8.1
[INFO] [stderr]    Compiling solicit v0.4.4
[INFO] [stderr]    Compiling num-iter v0.1.33
[INFO] [stderr]    Compiling kernel32-sys v0.2.2
[INFO] [stderr]    Compiling idna v0.1.1
[INFO] [stderr]    Compiling aho-corasick v0.5.3
[INFO] [stderr]    Compiling thread_local v0.3.3
[INFO] [stderr]    Compiling num v0.1.37
[INFO] [stderr]    Compiling aho-corasick v0.6.3
[INFO] [stderr]    Compiling twox-hash v1.1.0
[INFO] [stderr]    Compiling openssl-sys v0.9.12
[INFO] [stderr]    Compiling chrono v0.3.1
[INFO] [stderr]    Compiling url v1.4.0
[INFO] [stdout] error[E0214]: parenthesized type parameters may only be used with a `Fn` trait
[INFO] [stdout]   --> /opt/rustwide/cargo-home/registry/src/github.com-1ecc6299db9ec823/twox-hash-1.1.0/src/number_streams.rs:67:23
[INFO] [stdout]    |
[INFO] [stdout] 67 |     fn count(self) -> usize() {
[INFO] [stdout]    |                       ^^^^^^^ only `Fn` traits may use parentheses
[INFO] [stdout] ...
[INFO] [stdout] 74 | number_stream!(U32FromBytes, u32, U32_BYTES);
[INFO] [stdout]    | --------------------------------------------- in this macro invocation
[INFO] [stdout]    |
[INFO] [stdout]    = note: this error originates in the macro `number_stream` (in Nightly builds, run with -Z macro-backtrace for more info)
[INFO] [stdout] 
[INFO] [stdout] 
[INFO] [stdout] error[E0214]: parenthesized type parameters may only be used with a `Fn` trait
[INFO] [stdout]   --> /opt/rustwide/cargo-home/registry/src/github.com-1ecc6299db9ec823/twox-hash-1.1.0/src/number_streams.rs:67:23
[INFO] [stdout]    |
[INFO] [stdout] 67 |     fn count(self) -> usize() {
[INFO] [stdout]    |                       ^^^^^^^ only `Fn` traits may use parentheses
[INFO] [stdout] ...
[INFO] [stdout] 75 | number_stream!(U64FromBytes, u64, U64_BYTES);
[INFO] [stdout]    | --------------------------------------------- in this macro invocation
[INFO] [stdout]    |
[INFO] [stdout]    = note: this error originates in the macro `number_stream` (in Nightly builds, run with -Z macro-backtrace for more info)
[INFO] [stdout] 
[INFO] [stdout] 
[INFO] [stderr]    Compiling thread-id v2.0.0
[INFO] [stderr]    Compiling mustache v0.6.3
[INFO] [stderr]    Compiling mustache v0.8.0
[INFO] [stdout] error: aborting due to 2 previous errors
[INFO] [stdout] 
[INFO] [stdout] 
[INFO] [stdout] For more information about this error, try `rustc --explain E0214`.
[INFO] [stdout] 
[INFO] [stderr] error: could not compile `twox-hash` due to 3 previous errors
[INFO] [stderr] warning: build failed, waiting for other jobs to finish...
[INFO] [stdout] error[E0713]: borrow may still be in use when destructor runs
[INFO] [stdout]    --> /opt/rustwide/cargo-home/registry/src/github.com-1ecc6299db9ec823/url-1.4.0/src/form_urlencoded.rs:246:40
[INFO] [stdout]     |
[INFO] [stdout] 244 | impl<'a> Target for ::UrlQuery<'a> {
[INFO] [stdout]     |      -- lifetime `'a` defined here
[INFO] [stdout] 245 |     fn as_mut_string(&mut self) -> &mut String { &mut self.url.serialization }
[INFO] [stdout] 246 |     fn finish(self) -> &'a mut ::Url { self.url }
[INFO] [stdout]     |                                        ^^^^^^^^ - here, drop of `self` needs exclusive access to `*self.url`, because the type `UrlQuery<'_>` implements the `Drop` trait
[INFO] [stdout]     |                                        |
[INFO] [stdout]     |                                        returning this value requires that `*self.url` is borrowed for `'a`
[INFO] [stdout] 
[INFO] [stdout] 
[INFO] [stdout] error: aborting due to previous error
[INFO] [stdout] 
[INFO] [stdout] 
[INFO] [stdout] For more information about this error, try `rustc --explain E0713`.
[INFO] [stdout] 
[INFO] [stderr] error: build failed
[INFO] running `Command { std: "docker" "inspect" "bcf5fac8b3a8323b1bbd8ec6b495522c49a329da873a3ef9859898dc11af4500", kill_on_drop: false }`
[INFO] running `Command { std: "docker" "rm" "-f" "bcf5fac8b3a8323b1bbd8ec6b495522c49a329da873a3ef9859898dc11af4500", kill_on_drop: false }`
[INFO] [stdout] bcf5fac8b3a8323b1bbd8ec6b495522c49a329da873a3ef9859898dc11af4500
