[INFO] cloning repository https://github.com/vicaroni/CommandLineFPS.rs
[INFO] running `Command { std: "git" "-c" "credential.helper=" "-c" "credential.helper=/workspace/cargo-home/bin/git-credential-null" "clone" "--bare" "https://github.com/vicaroni/CommandLineFPS.rs" "/workspace/cache/git-repos/https%3A%2F%2Fgithub.com%2Fvicaroni%2FCommandLineFPS.rs", kill_on_drop: false }`
[INFO] [stderr] Cloning into bare repository '/workspace/cache/git-repos/https%3A%2F%2Fgithub.com%2Fvicaroni%2FCommandLineFPS.rs'...
[INFO] running `Command { std: "git" "rev-parse" "HEAD", kill_on_drop: false }`
[INFO] [stdout] 5c90dc87a8bd50c6dd157ec5192e65382d2be7a4
[INFO] testing vicaroni/CommandLineFPS.rs against 1.54.0 for beta-1.55-1
[INFO] running `Command { std: "git" "clone" "/workspace/cache/git-repos/https%3A%2F%2Fgithub.com%2Fvicaroni%2FCommandLineFPS.rs" "/workspace/builds/worker-6/source", kill_on_drop: false }`
[INFO] [stderr] Cloning into '/workspace/builds/worker-6/source'...
[INFO] [stderr] done.
[INFO] validating manifest of git repo https://github.com/vicaroni/CommandLineFPS.rs on toolchain 1.54.0
[INFO] running `Command { std: "/workspace/cargo-home/bin/cargo" "+1.54.0" "metadata" "--manifest-path" "Cargo.toml" "--no-deps", kill_on_drop: false }`
[INFO] started tweaking git repo https://github.com/vicaroni/CommandLineFPS.rs
[INFO] finished tweaking git repo https://github.com/vicaroni/CommandLineFPS.rs
[INFO] tweaked toml for git repo https://github.com/vicaroni/CommandLineFPS.rs written to /workspace/builds/worker-6/source/Cargo.toml
[INFO] crate git repo https://github.com/vicaroni/CommandLineFPS.rs already has a lockfile, it will not be regenerated
[INFO] running `Command { std: "/workspace/cargo-home/bin/cargo" "+1.54.0" "fetch" "--manifest-path" "Cargo.toml", kill_on_drop: false }`
[INFO] running `Command { std: "docker" "create" "-v" "/var/lib/crater-agent-workspace/builds/worker-6/target:/opt/rustwide/target:rw,Z" "-v" "/var/lib/crater-agent-workspace/builds/worker-6/source:/opt/rustwide/workdir:ro,Z" "-v" "/var/lib/crater-agent-workspace/cargo-home:/opt/rustwide/cargo-home:ro,Z" "-v" "/var/lib/crater-agent-workspace/rustup-home:/opt/rustwide/rustup-home:ro,Z" "-e" "SOURCE_DIR=/opt/rustwide/workdir" "-e" "CARGO_TARGET_DIR=/opt/rustwide/target" "-e" "CARGO_HOME=/opt/rustwide/cargo-home" "-e" "RUSTUP_HOME=/opt/rustwide/rustup-home" "-w" "/opt/rustwide/workdir" "-m" "1610612736" "--user" "0:0" "--network" "none" "ghcr.io/rust-lang/crates-build-env/linux@sha256:34b6a614d2c27851fe6cbf88fbd1137609cefab8b10d0615aaeb6fd47975d74e" "/opt/rustwide/cargo-home/bin/cargo" "+1.54.0" "metadata" "--no-deps" "--format-version=1", kill_on_drop: false }`
[INFO] [stdout] 7fcbfce96dc94b4335e5293af4c245865295d4dc4b9a19a8c58109b9859558b7
[INFO] running `Command { std: "docker" "start" "-a" "7fcbfce96dc94b4335e5293af4c245865295d4dc4b9a19a8c58109b9859558b7", kill_on_drop: false }`
[INFO] running `Command { std: "docker" "inspect" "7fcbfce96dc94b4335e5293af4c245865295d4dc4b9a19a8c58109b9859558b7", kill_on_drop: false }`
[INFO] running `Command { std: "docker" "rm" "-f" "7fcbfce96dc94b4335e5293af4c245865295d4dc4b9a19a8c58109b9859558b7", kill_on_drop: false }`
[INFO] [stdout] 7fcbfce96dc94b4335e5293af4c245865295d4dc4b9a19a8c58109b9859558b7
[INFO] running `Command { std: "docker" "create" "-v" "/var/lib/crater-agent-workspace/builds/worker-6/target:/opt/rustwide/target:rw,Z" "-v" "/var/lib/crater-agent-workspace/builds/worker-6/source:/opt/rustwide/workdir:ro,Z" "-v" "/var/lib/crater-agent-workspace/cargo-home:/opt/rustwide/cargo-home:ro,Z" "-v" "/var/lib/crater-agent-workspace/rustup-home:/opt/rustwide/rustup-home:ro,Z" "-e" "SOURCE_DIR=/opt/rustwide/workdir" "-e" "CARGO_TARGET_DIR=/opt/rustwide/target" "-e" "CARGO_INCREMENTAL=0" "-e" "RUST_BACKTRACE=full" "-e" "RUSTFLAGS=--cap-lints=warn" "-e" "CARGO_HOME=/opt/rustwide/cargo-home" "-e" "RUSTUP_HOME=/opt/rustwide/rustup-home" "-w" "/opt/rustwide/workdir" "-m" "1610612736" "--user" "0:0" "--network" "none" "ghcr.io/rust-lang/crates-build-env/linux@sha256:34b6a614d2c27851fe6cbf88fbd1137609cefab8b10d0615aaeb6fd47975d74e" "/opt/rustwide/cargo-home/bin/cargo" "+1.54.0" "build" "--frozen" "--message-format=json", kill_on_drop: false }`
[INFO] [stdout] b153811c8fa733c53ac0ef8e7c1b155c6a0882a911f0c32e37b76addc397bc2c
[INFO] running `Command { std: "docker" "start" "-a" "b153811c8fa733c53ac0ef8e7c1b155c6a0882a911f0c32e37b76addc397bc2c", kill_on_drop: false }`
[INFO] [stderr]    Compiling winapi v0.3.8
[INFO] [stderr]    Compiling consolefps v0.1.0 (/opt/rustwide/workdir)
[INFO] [stdout] error[E0433]: failed to resolve: could not find `shared` in `winapi`
[INFO] [stdout]  --> src/main.rs:8:5
[INFO] [stdout]   |
[INFO] [stdout] 8 |     shared::ntdef::NULL,
[INFO] [stdout]   |     ^^^^^^ could not find `shared` in `winapi`
[INFO] [stdout] 
[INFO] [stdout] 
[INFO] [stdout] error[E0433]: failed to resolve: could not find `um` in `winapi`
[INFO] [stdout]  --> src/main.rs:9:5
[INFO] [stdout]   |
[INFO] [stdout] 9 |     um::{
[INFO] [stdout]   |     ^^ could not find `um` in `winapi`
[INFO] [stdout] 
[INFO] [stdout] 
[INFO] [stdout] error[E0425]: cannot find function, tuple struct or tuple variant `GetAsyncKeyState` in this scope
[INFO] [stdout]   --> src/main.rs:17:28
[INFO] [stdout]    |
[INFO] [stdout] 17 |     unsafe {mem::transmute(GetAsyncKeyState(c as i32))}
[INFO] [stdout]    |                            ^^^^^^^^^^^^^^^^ not found in this scope
[INFO] [stdout] 
[INFO] [stdout] 
[INFO] [stdout] error[E0412]: cannot find type `WCHAR` in this scope
[INFO] [stdout]   --> src/main.rs:23:22
[INFO] [stdout]    |
[INFO] [stdout] 23 |     let mut screen: [WCHAR; SCREEN_WIDTH * SCREEN_HEIGHT] = [0; SCREEN_WIDTH * SCREEN_HEIGHT];
[INFO] [stdout]    |                      ^^^^^ not found in this scope
[INFO] [stdout] 
[INFO] [stdout] 
[INFO] [stdout] error[E0425]: cannot find function, tuple struct or tuple variant `CreateConsoleScreenBuffer` in this scope
[INFO] [stdout]   --> src/main.rs:26:21
[INFO] [stdout]    |
[INFO] [stdout] 26 |         h_console = CreateConsoleScreenBuffer(GENERIC_READ | GENERIC_WRITE, 0, null(), CONSOLE_TEXTMODE_BUFFER, NULL);
[INFO] [stdout]    |                     ^^^^^^^^^^^^^^^^^^^^^^^^^ not found in this scope
[INFO] [stdout] 
[INFO] [stdout] 
[INFO] [stdout] error[E0425]: cannot find value `GENERIC_READ` in this scope
[INFO] [stdout]   --> src/main.rs:26:47
[INFO] [stdout]    |
[INFO] [stdout] 26 |         h_console = CreateConsoleScreenBuffer(GENERIC_READ | GENERIC_WRITE, 0, null(), CONSOLE_TEXTMODE_BUFFER, NULL);
[INFO] [stdout]    |                                               ^^^^^^^^^^^^ not found in this scope
[INFO] [stdout] 
[INFO] [stdout] 
[INFO] [stdout] error[E0425]: cannot find value `GENERIC_WRITE` in this scope
[INFO] [stdout]   --> src/main.rs:26:62
[INFO] [stdout]    |
[INFO] [stdout] 26 |         h_console = CreateConsoleScreenBuffer(GENERIC_READ | GENERIC_WRITE, 0, null(), CONSOLE_TEXTMODE_BUFFER, NULL);
[INFO] [stdout]    |                                                              ^^^^^^^^^^^^^ not found in this scope
[INFO] [stdout] 
[INFO] [stdout] 
[INFO] [stdout] error[E0425]: cannot find value `CONSOLE_TEXTMODE_BUFFER` in this scope
[INFO] [stdout]   --> src/main.rs:26:88
[INFO] [stdout]    |
[INFO] [stdout] 26 |         h_console = CreateConsoleScreenBuffer(GENERIC_READ | GENERIC_WRITE, 0, null(), CONSOLE_TEXTMODE_BUFFER, NULL);
[INFO] [stdout]    |                                                                                        ^^^^^^^^^^^^^^^^^^^^^^^ not found in this scope
[INFO] [stdout] 
[INFO] [stdout] 
[INFO] [stdout] error[E0425]: cannot find value `NULL` in this scope
[INFO] [stdout]   --> src/main.rs:26:113
[INFO] [stdout]    |
[INFO] [stdout] 26 |         h_console = CreateConsoleScreenBuffer(GENERIC_READ | GENERIC_WRITE, 0, null(), CONSOLE_TEXTMODE_BUFFER, NULL);
[INFO] [stdout]    |                                                                                                                 ^^^^ not found in this scope
[INFO] [stdout] 
[INFO] [stdout] 
[INFO] [stdout] error[E0425]: cannot find function, tuple struct or tuple variant `SetConsoleActiveScreenBuffer` in this scope
[INFO] [stdout]   --> src/main.rs:27:9
[INFO] [stdout]    |
[INFO] [stdout] 27 |         SetConsoleActiveScreenBuffer(h_console);}
[INFO] [stdout]    |         ^^^^^^^^^^^^^^^^^^^^^^^^^^^^ not found in this scope
[INFO] [stdout] 
[INFO] [stdout] 
[INFO] [stdout] error[E0412]: cannot find type `WCHAR` in this scope
[INFO] [stdout]    --> src/main.rs:150:36
[INFO] [stdout]     |
[INFO] [stdout] 150 |                 if boundary{' ' as WCHAR}
[INFO] [stdout]     |                                    ^^^^^ not found in this scope
[INFO] [stdout] 
[INFO] [stdout] 
[INFO] [stdout] error[E0412]: cannot find type `WCHAR` in this scope
[INFO] [stdout]    --> src/main.rs:155:29
[INFO] [stdout]     |
[INFO] [stdout] 155 |                 else{' ' as WCHAR};
[INFO] [stdout]     |                             ^^^^^ not found in this scope
[INFO] [stdout] 
[INFO] [stdout] 
[INFO] [stdout] error[E0412]: cannot find type `WCHAR` in this scope
[INFO] [stdout]    --> src/main.rs:159:53
[INFO] [stdout]     |
[INFO] [stdout] 159 |                     if y as isize <= ceiling{' ' as WCHAR}
[INFO] [stdout]     |                                                     ^^^^^ not found in this scope
[INFO] [stdout] 
[INFO] [stdout] 
[INFO] [stdout] error[E0412]: cannot find type `WCHAR` in this scope
[INFO] [stdout]    --> src/main.rs:163:44
[INFO] [stdout]     |
[INFO] [stdout] 163 |                         if b < 0.25{'#' as WCHAR}
[INFO] [stdout]     |                                            ^^^^^ not found in this scope
[INFO] [stdout] 
[INFO] [stdout] 
[INFO] [stdout] error[E0412]: cannot find type `WCHAR` in this scope
[INFO] [stdout]    --> src/main.rs:164:48
[INFO] [stdout]     |
[INFO] [stdout] 164 |                         else if b < 0.5{'x' as WCHAR}
[INFO] [stdout]     |                                                ^^^^^ not found in this scope
[INFO] [stdout] 
[INFO] [stdout] 
[INFO] [stdout] error[E0412]: cannot find type `WCHAR` in this scope
[INFO] [stdout]    --> src/main.rs:165:49
[INFO] [stdout]     |
[INFO] [stdout] 165 |                         else if b < 0.75{'.' as WCHAR}
[INFO] [stdout]     |                                                 ^^^^^ not found in this scope
[INFO] [stdout] 
[INFO] [stdout] 
[INFO] [stdout] error[E0412]: cannot find type `WCHAR` in this scope
[INFO] [stdout]    --> src/main.rs:166:48
[INFO] [stdout]     |
[INFO] [stdout] 166 |                         else if b < 0.9{'-' as WCHAR}
[INFO] [stdout]     |                                                ^^^^^ not found in this scope
[INFO] [stdout] 
[INFO] [stdout] 
[INFO] [stdout] error[E0412]: cannot find type `WCHAR` in this scope
[INFO] [stdout]    --> src/main.rs:167:37
[INFO] [stdout]     |
[INFO] [stdout] 167 |                         else{' ' as WCHAR}
[INFO] [stdout]     |                                     ^^^^^ not found in this scope
[INFO] [stdout] 
[INFO] [stdout] 
[INFO] [stdout] error[E0412]: cannot find type `WCHAR` in this scope
[INFO] [stdout]    --> src/main.rs:185:28
[INFO] [stdout]     |
[INFO] [stdout] 185 |             else {'^'}} as WCHAR;
[INFO] [stdout]     |                            ^^^^^ not found in this scope
[INFO] [stdout] 
[INFO] [stdout] 
[INFO] [stdout] error[E0412]: cannot find type `WCHAR` in this scope
[INFO] [stdout]    --> src/main.rs:187:60
[INFO] [stdout]     |
[INFO] [stdout] 187 |         screen[SCREEN_WIDTH * SCREEN_HEIGHT - 1] = '\0' as WCHAR;
[INFO] [stdout]     |                                                            ^^^^^ not found in this scope
[INFO] [stdout] 
[INFO] [stdout] 
[INFO] [stdout] error[E0425]: cannot find function, tuple struct or tuple variant `WriteConsoleOutputCharacterW` in this scope
[INFO] [stdout]    --> src/main.rs:189:16
[INFO] [stdout]     |
[INFO] [stdout] 189 | ...   unsafe{WriteConsoleOutputCharacterW(h_console, &screen as LPCWSTR, (SCREEN_WIDTH * SCREEN_HEIGHT) as u32, COORD{X: 0, Y: 0}, &mut n...
[INFO] [stdout]     |              ^^^^^^^^^^^^^^^^^^^^^^^^^^^^ not found in this scope
[INFO] [stdout] 
[INFO] [stdout] 
[INFO] [stdout] error[E0412]: cannot find type `LPCWSTR` in this scope
[INFO] [stdout]    --> src/main.rs:189:67
[INFO] [stdout]     |
[INFO] [stdout] 189 | ...   unsafe{WriteConsoleOutputCharacterW(h_console, &screen as LPCWSTR, (SCREEN_WIDTH * SCREEN_HEIGHT) as u32, COORD{X: 0, Y: 0}, &mut n...
[INFO] [stdout]     |                                                                 ^^^^^^^ not found in this scope
[INFO] [stdout] 
[INFO] [stdout] 
[INFO] [stdout] error[E0422]: cannot find struct, variant or union type `COORD` in this scope
[INFO] [stdout]    --> src/main.rs:189:115
[INFO] [stdout]     |
[INFO] [stdout] 189 | ... as LPCWSTR, (SCREEN_WIDTH * SCREEN_HEIGHT) as u32, COORD{X: 0, Y: 0}, &mut n as *mut u32);}
[INFO] [stdout]     |                                                        ^^^^^ not found in this scope
[INFO] [stdout] 
[INFO] [stdout] 
[INFO] [stdout] error: aborting due to 23 previous errors
[INFO] [stdout] 
[INFO] [stdout] 
[INFO] [stdout] Some errors have detailed explanations: E0412, E0422, E0425, E0433.
[INFO] [stdout] 
[INFO] [stdout] For more information about an error, try `rustc --explain E0412`.
[INFO] [stdout] 
[INFO] [stderr] error: could not compile `consolefps`
[INFO] [stderr] 
[INFO] [stderr] To learn more, run the command again with --verbose.
[INFO] running `Command { std: "docker" "inspect" "b153811c8fa733c53ac0ef8e7c1b155c6a0882a911f0c32e37b76addc397bc2c", kill_on_drop: false }`
[INFO] running `Command { std: "docker" "rm" "-f" "b153811c8fa733c53ac0ef8e7c1b155c6a0882a911f0c32e37b76addc397bc2c", kill_on_drop: false }`
[INFO] [stdout] b153811c8fa733c53ac0ef8e7c1b155c6a0882a911f0c32e37b76addc397bc2c
