[INFO] cloning repository https://github.com/vbfox/proxyconf
[INFO] running `Command { std: "git" "-c" "credential.helper=" "-c" "credential.helper=/workspace/cargo-home/bin/git-credential-null" "clone" "--bare" "https://github.com/vbfox/proxyconf" "/workspace/cache/git-repos/https%3A%2F%2Fgithub.com%2Fvbfox%2Fproxyconf", kill_on_drop: false }`
[INFO] [stderr] Cloning into bare repository '/workspace/cache/git-repos/https%3A%2F%2Fgithub.com%2Fvbfox%2Fproxyconf'...
[INFO] running `Command { std: "git" "rev-parse" "HEAD", kill_on_drop: false }`
[INFO] [stdout] 5acb309fea1128401b98bcca7b9c5cf77ed73a1d
[INFO] testing vbfox/proxyconf against beta-2021-08-01 for beta-1.55-1
[INFO] running `Command { std: "git" "clone" "/workspace/cache/git-repos/https%3A%2F%2Fgithub.com%2Fvbfox%2Fproxyconf" "/workspace/builds/worker-118/source", kill_on_drop: false }`
[INFO] [stderr] Cloning into '/workspace/builds/worker-118/source'...
[INFO] [stderr] done.
[INFO] validating manifest of git repo https://github.com/vbfox/proxyconf on toolchain beta-2021-08-01
[INFO] running `Command { std: "/workspace/cargo-home/bin/cargo" "+beta-2021-08-01" "metadata" "--manifest-path" "Cargo.toml" "--no-deps", kill_on_drop: false }`
[INFO] started tweaking git repo https://github.com/vbfox/proxyconf
[INFO] finished tweaking git repo https://github.com/vbfox/proxyconf
[INFO] tweaked toml for git repo https://github.com/vbfox/proxyconf written to /workspace/builds/worker-118/source/Cargo.toml
[INFO] crate git repo https://github.com/vbfox/proxyconf already has a lockfile, it will not be regenerated
[INFO] running `Command { std: "/workspace/cargo-home/bin/cargo" "+beta-2021-08-01" "fetch" "--manifest-path" "Cargo.toml", kill_on_drop: false }`
[INFO] [stderr]     Blocking waiting for file lock on package cache
[INFO] [stderr]     Blocking waiting for file lock on package cache
[INFO] running `Command { std: "docker" "create" "-v" "/var/lib/crater-agent-workspace/builds/worker-118/target:/opt/rustwide/target:rw,Z" "-v" "/var/lib/crater-agent-workspace/builds/worker-118/source:/opt/rustwide/workdir:ro,Z" "-v" "/var/lib/crater-agent-workspace/cargo-home:/opt/rustwide/cargo-home:ro,Z" "-v" "/var/lib/crater-agent-workspace/rustup-home:/opt/rustwide/rustup-home:ro,Z" "-e" "SOURCE_DIR=/opt/rustwide/workdir" "-e" "CARGO_TARGET_DIR=/opt/rustwide/target" "-e" "CARGO_HOME=/opt/rustwide/cargo-home" "-e" "RUSTUP_HOME=/opt/rustwide/rustup-home" "-w" "/opt/rustwide/workdir" "-m" "1610612736" "--user" "0:0" "--network" "none" "ghcr.io/rust-lang/crates-build-env/linux@sha256:34b6a614d2c27851fe6cbf88fbd1137609cefab8b10d0615aaeb6fd47975d74e" "/opt/rustwide/cargo-home/bin/cargo" "+beta-2021-08-01" "metadata" "--no-deps" "--format-version=1", kill_on_drop: false }`
[INFO] [stdout] 839641188fb8803a89c96a7adf0d22e07630dab0a3232e6b5f59bc8f94c6067f
[INFO] running `Command { std: "docker" "start" "-a" "839641188fb8803a89c96a7adf0d22e07630dab0a3232e6b5f59bc8f94c6067f", kill_on_drop: false }`
[INFO] running `Command { std: "docker" "inspect" "839641188fb8803a89c96a7adf0d22e07630dab0a3232e6b5f59bc8f94c6067f", kill_on_drop: false }`
[INFO] running `Command { std: "docker" "rm" "-f" "839641188fb8803a89c96a7adf0d22e07630dab0a3232e6b5f59bc8f94c6067f", kill_on_drop: false }`
[INFO] [stdout] 839641188fb8803a89c96a7adf0d22e07630dab0a3232e6b5f59bc8f94c6067f
[INFO] running `Command { std: "docker" "create" "-v" "/var/lib/crater-agent-workspace/builds/worker-118/target:/opt/rustwide/target:rw,Z" "-v" "/var/lib/crater-agent-workspace/builds/worker-118/source:/opt/rustwide/workdir:ro,Z" "-v" "/var/lib/crater-agent-workspace/cargo-home:/opt/rustwide/cargo-home:ro,Z" "-v" "/var/lib/crater-agent-workspace/rustup-home:/opt/rustwide/rustup-home:ro,Z" "-e" "SOURCE_DIR=/opt/rustwide/workdir" "-e" "CARGO_TARGET_DIR=/opt/rustwide/target" "-e" "CARGO_INCREMENTAL=0" "-e" "RUST_BACKTRACE=full" "-e" "RUSTFLAGS=--cap-lints=warn" "-e" "CARGO_HOME=/opt/rustwide/cargo-home" "-e" "RUSTUP_HOME=/opt/rustwide/rustup-home" "-w" "/opt/rustwide/workdir" "-m" "1610612736" "--user" "0:0" "--network" "none" "ghcr.io/rust-lang/crates-build-env/linux@sha256:34b6a614d2c27851fe6cbf88fbd1137609cefab8b10d0615aaeb6fd47975d74e" "/opt/rustwide/cargo-home/bin/cargo" "+beta-2021-08-01" "build" "--frozen" "--message-format=json", kill_on_drop: false }`
[INFO] [stdout] aa4753018f459ed0d28fc6136c762a2a43af78c7992f7a2b82317a33664a1312
[INFO] running `Command { std: "docker" "start" "-a" "aa4753018f459ed0d28fc6136c762a2a43af78c7992f7a2b82317a33664a1312", kill_on_drop: false }`
[INFO] [stderr]     Blocking waiting for file lock on package cache
[INFO] [stderr]    Compiling proc-macro2 v1.0.19
[INFO] [stderr]    Compiling libc v0.2.54
[INFO] [stderr]    Compiling syn v1.0.38
[INFO] [stderr]    Compiling bitflags v1.0.5
[INFO] [stderr]    Compiling unicode-width v0.1.5
[INFO] [stderr]    Compiling byteorder v1.3.1
[INFO] [stderr]    Compiling ansi_term v0.11.0
[INFO] [stderr]    Compiling strsim v0.8.0
[INFO] [stderr]    Compiling vec_map v0.8.1
[INFO] [stderr]    Compiling textwrap v0.11.0
[INFO] [stderr]    Compiling quote v1.0.7
[INFO] [stderr]    Compiling atty v0.2.11
[INFO] [stderr]    Compiling clap v2.33.0
[INFO] [stderr]    Compiling thiserror-impl v1.0.20
[INFO] [stderr]    Compiling thiserror v1.0.20
[INFO] [stderr]    Compiling proxyconf v0.2.1 (/opt/rustwide/workdir)
[INFO] [stdout] error[E0433]: failed to resolve: use of undeclared crate or module `winreg`
[INFO] [stdout]  --> src/proxyconf/envvars.rs:5:5
[INFO] [stdout]   |
[INFO] [stdout] 5 | use winreg::enums::*;
[INFO] [stdout]   |     ^^^^^^ use of undeclared crate or module `winreg`
[INFO] [stdout] 
[INFO] [stdout] 
[INFO] [stdout] error[E0433]: failed to resolve: use of undeclared crate or module `winreg`
[INFO] [stdout]   --> src/proxyconf/internet_settings/legacy/registry.rs:11:5
[INFO] [stdout]    |
[INFO] [stdout] 11 | use winreg::enums::*;
[INFO] [stdout]    |     ^^^^^^ use of undeclared crate or module `winreg`
[INFO] [stdout] 
[INFO] [stdout] 
[INFO] [stdout] error[E0433]: failed to resolve: use of undeclared crate or module `winreg`
[INFO] [stdout]   --> src/proxyconf/internet_settings/modern/registry.rs:17:5
[INFO] [stdout]    |
[INFO] [stdout] 17 | use winreg::enums::*;
[INFO] [stdout]    |     ^^^^^^ use of undeclared crate or module `winreg`
[INFO] [stdout] 
[INFO] [stdout] 
[INFO] [stdout] error[E0432]: unresolved import `winreg`
[INFO] [stdout]  --> src/proxyconf/registry_helpers.rs:4:5
[INFO] [stdout]   |
[INFO] [stdout] 4 | use winreg::RegKey;
[INFO] [stdout]   |     ^^^^^^ use of undeclared crate or module `winreg`
[INFO] [stdout] 
[INFO] [stdout] 
[INFO] [stdout] error[E0432]: unresolved import `winreg`
[INFO] [stdout]  --> src/proxyconf/envvars.rs:6:5
[INFO] [stdout]   |
[INFO] [stdout] 6 | use winreg::RegKey;
[INFO] [stdout]   |     ^^^^^^ use of undeclared crate or module `winreg`
[INFO] [stdout] 
[INFO] [stdout] 
[INFO] [stdout] error[E0432]: unresolved import `winreg`
[INFO] [stdout]   --> src/proxyconf/internet_settings/legacy/registry.rs:12:5
[INFO] [stdout]    |
[INFO] [stdout] 12 | use winreg::RegKey;
[INFO] [stdout]    |     ^^^^^^ use of undeclared crate or module `winreg`
[INFO] [stdout] 
[INFO] [stdout] 
[INFO] [stdout] error[E0432]: unresolved import `winreg`
[INFO] [stdout]   --> src/proxyconf/internet_settings/modern/registry.rs:18:5
[INFO] [stdout]    |
[INFO] [stdout] 18 | use winreg::{RegKey, RegValue};
[INFO] [stdout]    |     ^^^^^^ use of undeclared crate or module `winreg`
[INFO] [stdout] 
[INFO] [stdout] 
[INFO] [stdout] error[E0425]: cannot find value `HKEY_LOCAL_MACHINE` in this scope
[INFO] [stdout]   --> src/proxyconf/envvars.rs:14:30
[INFO] [stdout]    |
[INFO] [stdout] 14 |     let key = RegKey::predef(HKEY_LOCAL_MACHINE).open_subkey_with_flags(MACHINE_PATH, KEY_READ)?;
[INFO] [stdout]    |                              ^^^^^^^^^^^^^^^^^^ not found in this scope
[INFO] [stdout] 
[INFO] [stdout] 
[INFO] [stdout] error[E0425]: cannot find value `KEY_READ` in this scope
[INFO] [stdout]   --> src/proxyconf/envvars.rs:14:87
[INFO] [stdout]    |
[INFO] [stdout] 14 |     let key = RegKey::predef(HKEY_LOCAL_MACHINE).open_subkey_with_flags(MACHINE_PATH, KEY_READ)?;
[INFO] [stdout]    |                                                                                       ^^^^^^^^ not found in this scope
[INFO] [stdout] 
[INFO] [stdout] 
[INFO] [stdout] error[E0425]: cannot find value `HKEY_CURRENT_USER` in this scope
[INFO] [stdout]   --> src/proxyconf/envvars.rs:21:30
[INFO] [stdout]    |
[INFO] [stdout] 21 |     let key = RegKey::predef(HKEY_CURRENT_USER).open_subkey_with_flags(USER_PATH, KEY_READ)?;
[INFO] [stdout]    |                              ^^^^^^^^^^^^^^^^^ not found in this scope
[INFO] [stdout] 
[INFO] [stdout] 
[INFO] [stdout] error[E0425]: cannot find value `KEY_READ` in this scope
[INFO] [stdout]   --> src/proxyconf/envvars.rs:21:83
[INFO] [stdout]    |
[INFO] [stdout] 21 |     let key = RegKey::predef(HKEY_CURRENT_USER).open_subkey_with_flags(USER_PATH, KEY_READ)?;
[INFO] [stdout]    |                                                                                   ^^^^^^^^ not found in this scope
[INFO] [stdout] 
[INFO] [stdout] 
[INFO] [stdout] error[E0425]: cannot find value `HKEY_CURRENT_USER` in this scope
[INFO] [stdout]   --> src/proxyconf/internet_settings/legacy/registry.rs:17:31
[INFO] [stdout]    |
[INFO] [stdout] 17 |     let hkcu = RegKey::predef(HKEY_CURRENT_USER);
[INFO] [stdout]    |                               ^^^^^^^^^^^^^^^^^ not found in this scope
[INFO] [stdout] 
[INFO] [stdout] 
[INFO] [stdout] error[E0425]: cannot find value `KEY_ALL_ACCESS` in this scope
[INFO] [stdout]   --> src/proxyconf/internet_settings/legacy/registry.rs:18:29
[INFO] [stdout]    |
[INFO] [stdout] 18 |     let access = if write { KEY_ALL_ACCESS } else { KEY_READ };
[INFO] [stdout]    |                             ^^^^^^^^^^^^^^ not found in this scope
[INFO] [stdout] 
[INFO] [stdout] 
[INFO] [stdout] error[E0425]: cannot find value `KEY_READ` in this scope
[INFO] [stdout]   --> src/proxyconf/internet_settings/legacy/registry.rs:18:53
[INFO] [stdout]    |
[INFO] [stdout] 18 |     let access = if write { KEY_ALL_ACCESS } else { KEY_READ };
[INFO] [stdout]    |                                                     ^^^^^^^^ not found in this scope
[INFO] [stdout] 
[INFO] [stdout] 
[INFO] [stdout] error[E0425]: cannot find value `HKEY_LOCAL_MACHINE` in this scope
[INFO] [stdout]   --> src/proxyconf/internet_settings/modern/registry.rs:55:42
[INFO] [stdout]    |
[INFO] [stdout] 55 |         Target::System => RegKey::predef(HKEY_LOCAL_MACHINE),
[INFO] [stdout]    |                                          ^^^^^^^^^^^^^^^^^^ not found in this scope
[INFO] [stdout] 
[INFO] [stdout] 
[INFO] [stdout] error[E0425]: cannot find value `HKEY_CURRENT_USER` in this scope
[INFO] [stdout]   --> src/proxyconf/internet_settings/modern/registry.rs:56:47
[INFO] [stdout]    |
[INFO] [stdout] 56 |         Target::CurrentUser => RegKey::predef(HKEY_CURRENT_USER),
[INFO] [stdout]    |                                               ^^^^^^^^^^^^^^^^^ not found in this scope
[INFO] [stdout] 
[INFO] [stdout] 
[INFO] [stdout] error[E0425]: cannot find value `KEY_ALL_ACCESS` in this scope
[INFO] [stdout]   --> src/proxyconf/internet_settings/modern/registry.rs:58:29
[INFO] [stdout]    |
[INFO] [stdout] 58 |     let access = if write { KEY_ALL_ACCESS } else { KEY_READ };
[INFO] [stdout]    |                             ^^^^^^^^^^^^^^ not found in this scope
[INFO] [stdout] 
[INFO] [stdout] 
[INFO] [stdout] error[E0425]: cannot find value `KEY_READ` in this scope
[INFO] [stdout]   --> src/proxyconf/internet_settings/modern/registry.rs:58:53
[INFO] [stdout]    |
[INFO] [stdout] 58 |     let access = if write { KEY_ALL_ACCESS } else { KEY_READ };
[INFO] [stdout]    |                                                     ^^^^^^^^ not found in this scope
[INFO] [stdout] 
[INFO] [stdout] 
[INFO] [stdout] error[E0425]: cannot find value `REG_BINARY` in this scope
[INFO] [stdout]   --> src/proxyconf/internet_settings/modern/registry.rs:67:16
[INFO] [stdout]    |
[INFO] [stdout] 67 |         vtype: REG_BINARY,
[INFO] [stdout]    |                ^^^^^^^^^^ not found in this scope
[INFO] [stdout] 
[INFO] [stdout] 
[INFO] [stdout] error: aborting due to 19 previous errors
[INFO] [stdout] 
[INFO] [stdout] 
[INFO] [stdout] Some errors have detailed explanations: E0425, E0432, E0433.
[INFO] [stdout] 
[INFO] [stdout] For more information about an error, try `rustc --explain E0425`.
[INFO] [stdout] 
[INFO] [stderr] error: could not compile `proxyconf` due to 20 previous errors
[INFO] running `Command { std: "docker" "inspect" "aa4753018f459ed0d28fc6136c762a2a43af78c7992f7a2b82317a33664a1312", kill_on_drop: false }`
[INFO] running `Command { std: "docker" "rm" "-f" "aa4753018f459ed0d28fc6136c762a2a43af78c7992f7a2b82317a33664a1312", kill_on_drop: false }`
[INFO] [stdout] aa4753018f459ed0d28fc6136c762a2a43af78c7992f7a2b82317a33664a1312
