[INFO] cloning repository https://github.com/unsafe0xd4326/cursor_jitter
[INFO] running `Command { std: "git" "-c" "credential.helper=" "-c" "credential.helper=/workspace/cargo-home/bin/git-credential-null" "clone" "--bare" "https://github.com/unsafe0xd4326/cursor_jitter" "/workspace/cache/git-repos/https%3A%2F%2Fgithub.com%2Funsafe0xd4326%2Fcursor_jitter", kill_on_drop: false }`
[INFO] [stderr] Cloning into bare repository '/workspace/cache/git-repos/https%3A%2F%2Fgithub.com%2Funsafe0xd4326%2Fcursor_jitter'...
[INFO] running `Command { std: "git" "rev-parse" "HEAD", kill_on_drop: false }`
[INFO] [stdout] 2ede14b0a2734c17c65288231a782d2fd5d7346f
[INFO] testing unsafe0xd4326/cursor_jitter against 1.54.0 for beta-1.55-1
[INFO] running `Command { std: "git" "clone" "/workspace/cache/git-repos/https%3A%2F%2Fgithub.com%2Funsafe0xd4326%2Fcursor_jitter" "/workspace/builds/worker-50/source", kill_on_drop: false }`
[INFO] [stderr] Cloning into '/workspace/builds/worker-50/source'...
[INFO] [stderr] done.
[INFO] validating manifest of git repo https://github.com/unsafe0xd4326/cursor_jitter on toolchain 1.54.0
[INFO] running `Command { std: "/workspace/cargo-home/bin/cargo" "+1.54.0" "metadata" "--manifest-path" "Cargo.toml" "--no-deps", kill_on_drop: false }`
[INFO] removed /workspace/builds/worker-50/source/rust-toolchain
[INFO] started tweaking git repo https://github.com/unsafe0xd4326/cursor_jitter
[INFO] finished tweaking git repo https://github.com/unsafe0xd4326/cursor_jitter
[INFO] tweaked toml for git repo https://github.com/unsafe0xd4326/cursor_jitter written to /workspace/builds/worker-50/source/Cargo.toml
[INFO] crate git repo https://github.com/unsafe0xd4326/cursor_jitter already has a lockfile, it will not be regenerated
[INFO] running `Command { std: "/workspace/cargo-home/bin/cargo" "+1.54.0" "fetch" "--manifest-path" "Cargo.toml", kill_on_drop: false }`
[INFO] running `Command { std: "docker" "create" "-v" "/var/lib/crater-agent-workspace/builds/worker-50/target:/opt/rustwide/target:rw,Z" "-v" "/var/lib/crater-agent-workspace/builds/worker-50/source:/opt/rustwide/workdir:ro,Z" "-v" "/var/lib/crater-agent-workspace/cargo-home:/opt/rustwide/cargo-home:ro,Z" "-v" "/var/lib/crater-agent-workspace/rustup-home:/opt/rustwide/rustup-home:ro,Z" "-e" "SOURCE_DIR=/opt/rustwide/workdir" "-e" "CARGO_TARGET_DIR=/opt/rustwide/target" "-e" "CARGO_HOME=/opt/rustwide/cargo-home" "-e" "RUSTUP_HOME=/opt/rustwide/rustup-home" "-w" "/opt/rustwide/workdir" "-m" "1610612736" "--user" "0:0" "--network" "none" "ghcr.io/rust-lang/crates-build-env/linux@sha256:34b6a614d2c27851fe6cbf88fbd1137609cefab8b10d0615aaeb6fd47975d74e" "/opt/rustwide/cargo-home/bin/cargo" "+1.54.0" "metadata" "--no-deps" "--format-version=1", kill_on_drop: false }`
[INFO] [stdout] 0647dc6d82fa85eda402c0ccef9481d07a32861b226957a3db8ab26cc1d91b6f
[INFO] running `Command { std: "docker" "start" "-a" "0647dc6d82fa85eda402c0ccef9481d07a32861b226957a3db8ab26cc1d91b6f", kill_on_drop: false }`
[INFO] running `Command { std: "docker" "inspect" "0647dc6d82fa85eda402c0ccef9481d07a32861b226957a3db8ab26cc1d91b6f", kill_on_drop: false }`
[INFO] running `Command { std: "docker" "rm" "-f" "0647dc6d82fa85eda402c0ccef9481d07a32861b226957a3db8ab26cc1d91b6f", kill_on_drop: false }`
[INFO] [stdout] 0647dc6d82fa85eda402c0ccef9481d07a32861b226957a3db8ab26cc1d91b6f
[INFO] running `Command { std: "docker" "create" "-v" "/var/lib/crater-agent-workspace/builds/worker-50/target:/opt/rustwide/target:rw,Z" "-v" "/var/lib/crater-agent-workspace/builds/worker-50/source:/opt/rustwide/workdir:ro,Z" "-v" "/var/lib/crater-agent-workspace/cargo-home:/opt/rustwide/cargo-home:ro,Z" "-v" "/var/lib/crater-agent-workspace/rustup-home:/opt/rustwide/rustup-home:ro,Z" "-e" "SOURCE_DIR=/opt/rustwide/workdir" "-e" "CARGO_TARGET_DIR=/opt/rustwide/target" "-e" "CARGO_INCREMENTAL=0" "-e" "RUST_BACKTRACE=full" "-e" "RUSTFLAGS=--cap-lints=warn" "-e" "CARGO_HOME=/opt/rustwide/cargo-home" "-e" "RUSTUP_HOME=/opt/rustwide/rustup-home" "-w" "/opt/rustwide/workdir" "-m" "1610612736" "--user" "0:0" "--network" "none" "ghcr.io/rust-lang/crates-build-env/linux@sha256:34b6a614d2c27851fe6cbf88fbd1137609cefab8b10d0615aaeb6fd47975d74e" "/opt/rustwide/cargo-home/bin/cargo" "+1.54.0" "build" "--frozen" "--message-format=json", kill_on_drop: false }`
[INFO] [stdout] 70383ba12a45da6afbe59e1ab7ed99c62e5ed4446c84c1b5c2dad64040fb7e68
[INFO] running `Command { std: "docker" "start" "-a" "70383ba12a45da6afbe59e1ab7ed99c62e5ed4446c84c1b5c2dad64040fb7e68", kill_on_drop: false }`
[INFO] [stderr]     Blocking waiting for file lock on package cache
[INFO] [stderr]    Compiling libc v0.2.98
[INFO] [stderr]    Compiling cfg-if v1.0.0
[INFO] [stderr]    Compiling winapi v0.3.9
[INFO] [stderr]    Compiling ppv-lite86 v0.2.10
[INFO] [stderr]    Compiling getrandom v0.2.3
[INFO] [stderr]    Compiling rand_core v0.6.3
[INFO] [stderr]    Compiling rand_chacha v0.3.1
[INFO] [stderr]    Compiling rand v0.8.4
[INFO] [stderr]    Compiling cursor_jitter v0.1.0 (/opt/rustwide/workdir)
[INFO] [stdout] error[E0433]: failed to resolve: could not find `um` in `winapi`
[INFO] [stdout]  --> src/main.rs:7:9
[INFO] [stdout]   |
[INFO] [stdout] 7 |         um::winuser::{GetCursorPos, SetCursorPos},
[INFO] [stdout]   |         ^^ could not find `um` in `winapi`
[INFO] [stdout] 
[INFO] [stdout] 
[INFO] [stdout] error[E0433]: failed to resolve: could not find `shared` in `winapi`
[INFO] [stdout]  --> src/main.rs:8:9
[INFO] [stdout]   |
[INFO] [stdout] 8 |         shared::windef::POINT
[INFO] [stdout]   |         ^^^^^^ could not find `shared` in `winapi`
[INFO] [stdout] 
[INFO] [stdout] 
[INFO] [stdout] error[E0422]: cannot find struct, variant or union type `POINT` in this scope
[INFO] [stdout]   --> src/main.rs:17:22
[INFO] [stdout]    |
[INFO] [stdout] 17 |     let mut cursor = POINT {x: 0, y: 0};
[INFO] [stdout]    |                      ^^^^^ not found in this scope
[INFO] [stdout] 
[INFO] [stdout] 
[INFO] [stdout] error[E0425]: cannot find function, tuple struct or tuple variant `GetCursorPos` in this scope
[INFO] [stdout]   --> src/main.rs:23:13
[INFO] [stdout]    |
[INFO] [stdout] 23 |             GetCursorPos(&mut cursor);
[INFO] [stdout]    |             ^^^^^^^^^^^^ not found in this scope
[INFO] [stdout] 
[INFO] [stdout] 
[INFO] [stdout] error[E0425]: cannot find function, tuple struct or tuple variant `SetCursorPos` in this scope
[INFO] [stdout]   --> src/main.rs:27:13
[INFO] [stdout]    |
[INFO] [stdout] 27 |             SetCursorPos(x, y);
[INFO] [stdout]    |             ^^^^^^^^^^^^ not found in this scope
[INFO] [stdout] 
[INFO] [stdout] 
[INFO] [stdout] error: aborting due to 5 previous errors
[INFO] [stdout] 
[INFO] [stdout] 
[INFO] [stdout] Some errors have detailed explanations: E0422, E0425, E0433.
[INFO] [stdout] 
[INFO] [stdout] For more information about an error, try `rustc --explain E0422`.
[INFO] [stdout] 
[INFO] [stderr] error: could not compile `cursor_jitter`
[INFO] [stderr] 
[INFO] [stderr] To learn more, run the command again with --verbose.
[INFO] running `Command { std: "docker" "inspect" "70383ba12a45da6afbe59e1ab7ed99c62e5ed4446c84c1b5c2dad64040fb7e68", kill_on_drop: false }`
[INFO] running `Command { std: "docker" "rm" "-f" "70383ba12a45da6afbe59e1ab7ed99c62e5ed4446c84c1b5c2dad64040fb7e68", kill_on_drop: false }`
[INFO] [stdout] 70383ba12a45da6afbe59e1ab7ed99c62e5ed4446c84c1b5c2dad64040fb7e68
