[INFO] cloning repository https://github.com/tyler569/cardinal
[INFO] running `Command { std: "git" "-c" "credential.helper=" "-c" "credential.helper=/workspace/cargo-home/bin/git-credential-null" "clone" "--bare" "https://github.com/tyler569/cardinal" "/workspace/cache/git-repos/https%3A%2F%2Fgithub.com%2Ftyler569%2Fcardinal", kill_on_drop: false }`
[INFO] [stderr] Cloning into bare repository '/workspace/cache/git-repos/https%3A%2F%2Fgithub.com%2Ftyler569%2Fcardinal'...
[INFO] running `Command { std: "git" "rev-parse" "HEAD", kill_on_drop: false }`
[INFO] [stdout] ea6096fac504ba5fd4049ac3ba9de9f5fb1f0f6a
[INFO] testing tyler569/cardinal against beta-2021-08-01 for beta-1.55-1
[INFO] running `Command { std: "git" "clone" "/workspace/cache/git-repos/https%3A%2F%2Fgithub.com%2Ftyler569%2Fcardinal" "/workspace/builds/worker-95/source", kill_on_drop: false }`
[INFO] [stderr] Cloning into '/workspace/builds/worker-95/source'...
[INFO] [stderr] done.
[INFO] validating manifest of git repo https://github.com/tyler569/cardinal on toolchain beta-2021-08-01
[INFO] running `Command { std: "/workspace/cargo-home/bin/cargo" "+beta-2021-08-01" "metadata" "--manifest-path" "Cargo.toml" "--no-deps", kill_on_drop: false }`
[INFO] removed /workspace/builds/worker-95/source/.cargo/config
[INFO] removed /workspace/builds/worker-95/source/rust-toolchain
[INFO] started tweaking git repo https://github.com/tyler569/cardinal
[INFO] finished tweaking git repo https://github.com/tyler569/cardinal
[INFO] tweaked toml for git repo https://github.com/tyler569/cardinal written to /workspace/builds/worker-95/source/Cargo.toml
[INFO] crate git repo https://github.com/tyler569/cardinal already has a lockfile, it will not be regenerated
[INFO] running `Command { std: "/workspace/cargo-home/bin/cargo" "+beta-2021-08-01" "fetch" "--manifest-path" "Cargo.toml", kill_on_drop: false }`
[INFO] [stderr]     Blocking waiting for file lock on package cache
[INFO] [stderr]     Blocking waiting for file lock on package cache
[INFO] [stderr]  Downloading crates ...
[INFO] [stderr]   Downloaded multiboot2 v0.10.1
[INFO] running `Command { std: "docker" "create" "-v" "/var/lib/crater-agent-workspace/builds/worker-95/target:/opt/rustwide/target:rw,Z" "-v" "/var/lib/crater-agent-workspace/builds/worker-95/source:/opt/rustwide/workdir:ro,Z" "-v" "/var/lib/crater-agent-workspace/cargo-home:/opt/rustwide/cargo-home:ro,Z" "-v" "/var/lib/crater-agent-workspace/rustup-home:/opt/rustwide/rustup-home:ro,Z" "-e" "SOURCE_DIR=/opt/rustwide/workdir" "-e" "CARGO_TARGET_DIR=/opt/rustwide/target" "-e" "CARGO_HOME=/opt/rustwide/cargo-home" "-e" "RUSTUP_HOME=/opt/rustwide/rustup-home" "-w" "/opt/rustwide/workdir" "-m" "1610612736" "--user" "0:0" "--network" "none" "ghcr.io/rust-lang/crates-build-env/linux@sha256:34b6a614d2c27851fe6cbf88fbd1137609cefab8b10d0615aaeb6fd47975d74e" "/opt/rustwide/cargo-home/bin/cargo" "+beta-2021-08-01" "metadata" "--no-deps" "--format-version=1", kill_on_drop: false }`
[INFO] [stdout] 320659feab655f105503c214dc390bb4d2694e9eeedf48d90b7266e0a7bad331
[INFO] running `Command { std: "docker" "start" "-a" "320659feab655f105503c214dc390bb4d2694e9eeedf48d90b7266e0a7bad331", kill_on_drop: false }`
[INFO] running `Command { std: "docker" "inspect" "320659feab655f105503c214dc390bb4d2694e9eeedf48d90b7266e0a7bad331", kill_on_drop: false }`
[INFO] running `Command { std: "docker" "rm" "-f" "320659feab655f105503c214dc390bb4d2694e9eeedf48d90b7266e0a7bad331", kill_on_drop: false }`
[INFO] [stdout] 320659feab655f105503c214dc390bb4d2694e9eeedf48d90b7266e0a7bad331
[INFO] running `Command { std: "docker" "create" "-v" "/var/lib/crater-agent-workspace/builds/worker-95/target:/opt/rustwide/target:rw,Z" "-v" "/var/lib/crater-agent-workspace/builds/worker-95/source:/opt/rustwide/workdir:ro,Z" "-v" "/var/lib/crater-agent-workspace/cargo-home:/opt/rustwide/cargo-home:ro,Z" "-v" "/var/lib/crater-agent-workspace/rustup-home:/opt/rustwide/rustup-home:ro,Z" "-e" "SOURCE_DIR=/opt/rustwide/workdir" "-e" "CARGO_TARGET_DIR=/opt/rustwide/target" "-e" "CARGO_INCREMENTAL=0" "-e" "RUST_BACKTRACE=full" "-e" "RUSTFLAGS=--cap-lints=warn" "-e" "CARGO_HOME=/opt/rustwide/cargo-home" "-e" "RUSTUP_HOME=/opt/rustwide/rustup-home" "-w" "/opt/rustwide/workdir" "-m" "1610612736" "--user" "0:0" "--network" "none" "ghcr.io/rust-lang/crates-build-env/linux@sha256:34b6a614d2c27851fe6cbf88fbd1137609cefab8b10d0615aaeb6fd47975d74e" "/opt/rustwide/cargo-home/bin/cargo" "+beta-2021-08-01" "build" "--frozen" "--message-format=json", kill_on_drop: false }`
[INFO] [stdout] 6ab6d34b63728d08464b85e3ee05ddd6f87862eec2ab29c9fdb3878a2a08b7fa
[INFO] running `Command { std: "docker" "start" "-a" "6ab6d34b63728d08464b85e3ee05ddd6f87862eec2ab29c9fdb3878a2a08b7fa", kill_on_drop: false }`
[INFO] [stderr]    Compiling spin v0.5.2
[INFO] [stderr]    Compiling spin v0.7.0
[INFO] [stderr]    Compiling bitflags v1.2.1
[INFO] [stderr]    Compiling lazy_static v1.4.0
[INFO] [stderr]    Compiling multiboot2 v0.10.1
[INFO] [stderr]    Compiling cardinal v0.1.0 (/opt/rustwide/workdir)
[INFO] [stdout] error: no global memory allocator found but one is required; link to std or add `#[global_allocator]` to a static item that implements the GlobalAlloc trait.
[INFO] [stdout] 
[INFO] [stdout] 
[INFO] [stdout] error[E0554]: `#![feature]` may not be used on the beta release channel
[INFO] [stdout]  --> src/lib.rs:2:1
[INFO] [stdout]   |
[INFO] [stdout] 2 | #![feature(alloc_error_handler)]
[INFO] [stdout]   | ^^^^^^^^^^^^^^^^^^^^^^^^^^^^^^^^
[INFO] [stdout] 
[INFO] [stdout] 
[INFO] [stdout] error[E0554]: `#![feature]` may not be used on the beta release channel
[INFO] [stdout]  --> src/lib.rs:3:1
[INFO] [stdout]   |
[INFO] [stdout] 3 | #![feature(negative_impls)]
[INFO] [stdout]   | ^^^^^^^^^^^^^^^^^^^^^^^^^^^
[INFO] [stdout] 
[INFO] [stdout] 
[INFO] [stdout] error[E0554]: `#![feature]` may not be used on the beta release channel
[INFO] [stdout]  --> src/lib.rs:4:1
[INFO] [stdout]   |
[INFO] [stdout] 4 | #![feature(ffi_returns_twice)]
[INFO] [stdout]   | ^^^^^^^^^^^^^^^^^^^^^^^^^^^^^^
[INFO] [stdout] 
[INFO] [stdout] 
[INFO] [stdout] error: language item required, but not found: `eh_personality`
[INFO] [stdout] 
[INFO] [stdout] 
[INFO] [stdout] error: `#[alloc_error_handler]` function required, but not found.
[INFO] [stdout] 
[INFO] [stdout] 
[INFO] [stdout] note: Use `#![feature(default_alloc_error_handler)]` for a default error handler.
[INFO] [stdout] 
[INFO] [stdout] 
[INFO] [stdout] error: `#[panic_handler]` function required, but not found
[INFO] [stdout] 
[INFO] [stdout] 
[INFO] [stdout] error: aborting due to 7 previous errors
[INFO] [stdout] 
[INFO] [stdout] 
[INFO] [stdout] For more information about this error, try `rustc --explain E0554`.
[INFO] [stdout] 
[INFO] [stderr] error: could not compile `cardinal` due to 8 previous errors
[INFO] running `Command { std: "docker" "inspect" "6ab6d34b63728d08464b85e3ee05ddd6f87862eec2ab29c9fdb3878a2a08b7fa", kill_on_drop: false }`
[INFO] running `Command { std: "docker" "rm" "-f" "6ab6d34b63728d08464b85e3ee05ddd6f87862eec2ab29c9fdb3878a2a08b7fa", kill_on_drop: false }`
[INFO] [stdout] 6ab6d34b63728d08464b85e3ee05ddd6f87862eec2ab29c9fdb3878a2a08b7fa
