[INFO] cloning repository https://github.com/trimoq/pandars
[INFO] running `Command { std: "git" "-c" "credential.helper=" "-c" "credential.helper=/workspace/cargo-home/bin/git-credential-null" "clone" "--bare" "https://github.com/trimoq/pandars" "/workspace/cache/git-repos/https%3A%2F%2Fgithub.com%2Ftrimoq%2Fpandars", kill_on_drop: false }`
[INFO] [stderr] Cloning into bare repository '/workspace/cache/git-repos/https%3A%2F%2Fgithub.com%2Ftrimoq%2Fpandars'...
[INFO] running `Command { std: "git" "rev-parse" "HEAD", kill_on_drop: false }`
[INFO] [stdout] 379f604a74d78c03f8c9a9080c2eb167881999f9
[INFO] testing trimoq/pandars against beta-2021-08-01 for beta-1.55-1
[INFO] running `Command { std: "git" "clone" "/workspace/cache/git-repos/https%3A%2F%2Fgithub.com%2Ftrimoq%2Fpandars" "/workspace/builds/worker-8/source", kill_on_drop: false }`
[INFO] [stderr] Cloning into '/workspace/builds/worker-8/source'...
[INFO] [stderr] done.
[INFO] validating manifest of git repo https://github.com/trimoq/pandars on toolchain beta-2021-08-01
[INFO] running `Command { std: "/workspace/cargo-home/bin/cargo" "+beta-2021-08-01" "metadata" "--manifest-path" "Cargo.toml" "--no-deps", kill_on_drop: false }`
[INFO] started tweaking git repo https://github.com/trimoq/pandars
[INFO] finished tweaking git repo https://github.com/trimoq/pandars
[INFO] tweaked toml for git repo https://github.com/trimoq/pandars written to /workspace/builds/worker-8/source/Cargo.toml
[INFO] crate git repo https://github.com/trimoq/pandars already has a lockfile, it will not be regenerated
[INFO] running `Command { std: "/workspace/cargo-home/bin/cargo" "+beta-2021-08-01" "fetch" "--manifest-path" "Cargo.toml", kill_on_drop: false }`
[INFO] [stderr]  Downloading crates ...
[INFO] [stderr]   Downloaded openssl-src v111.13.0+1.1.1i
[INFO] [stderr]   Downloaded mio-timerfd v0.2.0
[INFO] running `Command { std: "docker" "create" "-v" "/var/lib/crater-agent-workspace/builds/worker-8/target:/opt/rustwide/target:rw,Z" "-v" "/var/lib/crater-agent-workspace/builds/worker-8/source:/opt/rustwide/workdir:ro,Z" "-v" "/var/lib/crater-agent-workspace/cargo-home:/opt/rustwide/cargo-home:ro,Z" "-v" "/var/lib/crater-agent-workspace/rustup-home:/opt/rustwide/rustup-home:ro,Z" "-e" "SOURCE_DIR=/opt/rustwide/workdir" "-e" "CARGO_TARGET_DIR=/opt/rustwide/target" "-e" "CARGO_HOME=/opt/rustwide/cargo-home" "-e" "RUSTUP_HOME=/opt/rustwide/rustup-home" "-w" "/opt/rustwide/workdir" "-m" "1610612736" "--user" "0:0" "--network" "none" "ghcr.io/rust-lang/crates-build-env/linux@sha256:34b6a614d2c27851fe6cbf88fbd1137609cefab8b10d0615aaeb6fd47975d74e" "/opt/rustwide/cargo-home/bin/cargo" "+beta-2021-08-01" "metadata" "--no-deps" "--format-version=1", kill_on_drop: false }`
[INFO] [stdout] f585f1a90594cb0443708b499d05af91bcd744439345c942da325d3871c60aa9
[INFO] running `Command { std: "docker" "start" "-a" "f585f1a90594cb0443708b499d05af91bcd744439345c942da325d3871c60aa9", kill_on_drop: false }`
[INFO] running `Command { std: "docker" "inspect" "f585f1a90594cb0443708b499d05af91bcd744439345c942da325d3871c60aa9", kill_on_drop: false }`
[INFO] running `Command { std: "docker" "rm" "-f" "f585f1a90594cb0443708b499d05af91bcd744439345c942da325d3871c60aa9", kill_on_drop: false }`
[INFO] [stdout] f585f1a90594cb0443708b499d05af91bcd744439345c942da325d3871c60aa9
[INFO] running `Command { std: "docker" "create" "-v" "/var/lib/crater-agent-workspace/builds/worker-8/target:/opt/rustwide/target:rw,Z" "-v" "/var/lib/crater-agent-workspace/builds/worker-8/source:/opt/rustwide/workdir:ro,Z" "-v" "/var/lib/crater-agent-workspace/cargo-home:/opt/rustwide/cargo-home:ro,Z" "-v" "/var/lib/crater-agent-workspace/rustup-home:/opt/rustwide/rustup-home:ro,Z" "-e" "SOURCE_DIR=/opt/rustwide/workdir" "-e" "CARGO_TARGET_DIR=/opt/rustwide/target" "-e" "CARGO_INCREMENTAL=0" "-e" "RUST_BACKTRACE=full" "-e" "RUSTFLAGS=--cap-lints=warn" "-e" "CARGO_HOME=/opt/rustwide/cargo-home" "-e" "RUSTUP_HOME=/opt/rustwide/rustup-home" "-w" "/opt/rustwide/workdir" "-m" "1610612736" "--user" "0:0" "--network" "none" "ghcr.io/rust-lang/crates-build-env/linux@sha256:34b6a614d2c27851fe6cbf88fbd1137609cefab8b10d0615aaeb6fd47975d74e" "/opt/rustwide/cargo-home/bin/cargo" "+beta-2021-08-01" "build" "--frozen" "--message-format=json", kill_on_drop: false }`
[INFO] [stdout] c3496486d33cf2516eb3636ea9bea26999da8b27bf0df54f9e7cc91795789008
[INFO] running `Command { std: "docker" "start" "-a" "c3496486d33cf2516eb3636ea9bea26999da8b27bf0df54f9e7cc91795789008", kill_on_drop: false }`
[INFO] [stderr]     Blocking waiting for file lock on package cache
[INFO] [stderr]    Compiling autocfg v1.0.1
[INFO] [stderr]    Compiling cc v1.0.66
[INFO] [stderr]    Compiling libc v0.2.81
[INFO] [stderr]    Compiling pkg-config v0.3.19
[INFO] [stderr]    Compiling log v0.4.11
[INFO] [stderr]    Compiling bitflags v1.2.1
[INFO] [stderr]    Compiling cfg-if v0.1.10
[INFO] [stderr]    Compiling openssl v0.10.31
[INFO] [stderr]    Compiling foreign-types-shared v0.1.1
[INFO] [stderr]    Compiling spin v0.5.2
[INFO] [stderr]    Compiling untrusted v0.7.1
[INFO] [stderr]    Compiling cfg-if v1.0.0
[INFO] [stderr]    Compiling either v1.6.1
[INFO] [stderr]    Compiling once_cell v1.5.2
[INFO] [stderr]    Compiling bytes v0.6.0
[INFO] [stderr]    Compiling slab v0.4.2
[INFO] [stderr]    Compiling hex v0.4.2
[INFO] [stderr]    Compiling itertools v0.9.0
[INFO] [stderr]    Compiling foreign-types v0.3.2
[INFO] [stderr]    Compiling openssl-src v111.13.0+1.1.1i
[INFO] [stderr]    Compiling num-traits v0.2.14
[INFO] [stderr]    Compiling num-integer v0.1.44
[INFO] [stderr]    Compiling num-bigint v0.3.1
[INFO] [stderr]    Compiling num-iter v0.1.42
[INFO] [stderr]    Compiling num-rational v0.3.2
[INFO] [stderr]    Compiling mio v0.7.6
[INFO] [stderr]    Compiling openssl-sys v0.9.59
[INFO] [stderr]    Compiling ring v0.16.19
[INFO] [stderr]    Compiling mio-timerfd v0.2.0
[INFO] [stderr]    Compiling num-complex v0.3.1
[INFO] [stderr]    Compiling num v0.3.1
[INFO] [stderr]    Compiling server v0.1.0 (/opt/rustwide/workdir/server)
[INFO] [stdout] warning: unused borrow that must be used
[INFO] [stdout]    --> server/src/crypto.rs:122:9
[INFO] [stdout]     |
[INFO] [stdout] 122 |         &s0.reverse();
[INFO] [stdout]     |         ^^^^^^^^^^^^^
[INFO] [stdout]     |
[INFO] [stdout]     = note: `#[warn(unused_must_use)]` on by default
[INFO] [stdout] 
[INFO] [stdout] 
[INFO] [stdout] warning: unused borrow that must be used
[INFO] [stdout]    --> server/src/crypto.rs:123:9
[INFO] [stdout]     |
[INFO] [stdout] 123 |         &s1.reverse();
[INFO] [stdout]     |         ^^^^^^^^^^^^^
[INFO] [stdout] 
[INFO] [stdout] 
[INFO] [stdout] warning: 2 warnings emitted
[INFO] [stdout] 
[INFO] [stdout] 
[INFO] [stderr]     Finished dev [unoptimized + debuginfo] target(s) in 58.26s
[INFO] running `Command { std: "docker" "inspect" "c3496486d33cf2516eb3636ea9bea26999da8b27bf0df54f9e7cc91795789008", kill_on_drop: false }`
[INFO] running `Command { std: "docker" "rm" "-f" "c3496486d33cf2516eb3636ea9bea26999da8b27bf0df54f9e7cc91795789008", kill_on_drop: false }`
[INFO] [stdout] c3496486d33cf2516eb3636ea9bea26999da8b27bf0df54f9e7cc91795789008
[INFO] running `Command { std: "docker" "create" "-v" "/var/lib/crater-agent-workspace/builds/worker-8/target:/opt/rustwide/target:rw,Z" "-v" "/var/lib/crater-agent-workspace/builds/worker-8/source:/opt/rustwide/workdir:ro,Z" "-v" "/var/lib/crater-agent-workspace/cargo-home:/opt/rustwide/cargo-home:ro,Z" "-v" "/var/lib/crater-agent-workspace/rustup-home:/opt/rustwide/rustup-home:ro,Z" "-e" "SOURCE_DIR=/opt/rustwide/workdir" "-e" "CARGO_TARGET_DIR=/opt/rustwide/target" "-e" "CARGO_INCREMENTAL=0" "-e" "RUST_BACKTRACE=full" "-e" "RUSTFLAGS=--cap-lints=warn" "-e" "CARGO_HOME=/opt/rustwide/cargo-home" "-e" "RUSTUP_HOME=/opt/rustwide/rustup-home" "-w" "/opt/rustwide/workdir" "-m" "1610612736" "--user" "0:0" "--network" "none" "ghcr.io/rust-lang/crates-build-env/linux@sha256:34b6a614d2c27851fe6cbf88fbd1137609cefab8b10d0615aaeb6fd47975d74e" "/opt/rustwide/cargo-home/bin/cargo" "+beta-2021-08-01" "test" "--frozen" "--no-run" "--message-format=json", kill_on_drop: false }`
[INFO] [stdout] 8e4022bbc400a86f54e59779e5cbc7389507b320d6cad49013408450f7ce47ed
[INFO] running `Command { std: "docker" "start" "-a" "8e4022bbc400a86f54e59779e5cbc7389507b320d6cad49013408450f7ce47ed", kill_on_drop: false }`
[INFO] [stderr]    Compiling server v0.1.0 (/opt/rustwide/workdir/server)
[INFO] [stdout] warning: unused borrow that must be used
[INFO] [stdout]    --> server/src/crypto.rs:122:9
[INFO] [stdout]     |
[INFO] [stdout] 122 |         &s0.reverse();
[INFO] [stdout]     |         ^^^^^^^^^^^^^
[INFO] [stdout]     |
[INFO] [stdout]     = note: `#[warn(unused_must_use)]` on by default
[INFO] [stdout] 
[INFO] [stdout] 
[INFO] [stdout] warning: unused borrow that must be used
[INFO] [stdout]    --> server/src/crypto.rs:123:9
[INFO] [stdout]     |
[INFO] [stdout] 123 |         &s1.reverse();
[INFO] [stdout]     |         ^^^^^^^^^^^^^
[INFO] [stdout] 
[INFO] [stdout] 
[INFO] [stdout] warning: 2 warnings emitted
[INFO] [stdout] 
[INFO] [stdout] 
[INFO] [stdout] error[E0433]: failed to resolve: use of undeclared type `BytesMut`
[INFO] [stdout]   --> server/src/packets/bitutil.rs:71:19
[INFO] [stdout]    |
[INFO] [stdout] 71 |     let mut buf = BytesMut::with_capacity(2);
[INFO] [stdout]    |                   ^^^^^^^^ not found in this scope
[INFO] [stdout]    |
[INFO] [stdout] help: consider importing one of these items
[INFO] [stdout]    |
[INFO] [stdout] 70 |   use bytes::BytesMut;
[INFO] [stdout]    |
[INFO] [stdout] 70 |   use crate::BytesMut;
[INFO] [stdout]    |
[INFO] [stdout] 
[INFO] [stdout] 
[INFO] [stdout] error[E0433]: failed to resolve: use of undeclared type `BitUtil`
[INFO] [stdout]   --> server/src/packets/bitutil.rs:75:20
[INFO] [stdout]    |
[INFO] [stdout] 75 |     let mut bits = BitUtil::new(buf);
[INFO] [stdout]    |                    ^^^^^^^ not found in this scope
[INFO] [stdout]    |
[INFO] [stdout] help: consider importing this struct
[INFO] [stdout]    |
[INFO] [stdout] 70 |   use crate::packets::bitutil::BitUtil;
[INFO] [stdout]    |
[INFO] [stdout] 
[INFO] [stdout] 
[INFO] [stdout] error[E0433]: failed to resolve: use of undeclared type `BytesMut`
[INFO] [stdout]   --> server/src/packets/bitutil.rs:98:19
[INFO] [stdout]    |
[INFO] [stdout] 98 |     let mut buf = BytesMut::with_capacity(2);
[INFO] [stdout]    |                   ^^^^^^^^ not found in this scope
[INFO] [stdout]    |
[INFO] [stdout] help: consider importing one of these items
[INFO] [stdout]    |
[INFO] [stdout] 70 |   use bytes::BytesMut;
[INFO] [stdout]    |
[INFO] [stdout] 70 |   use crate::BytesMut;
[INFO] [stdout]    |
[INFO] [stdout] 
[INFO] [stdout] 
[INFO] [stdout] error[E0433]: failed to resolve: use of undeclared type `BitUtil`
[INFO] [stdout]    --> server/src/packets/bitutil.rs:102:20
[INFO] [stdout]     |
[INFO] [stdout] 102 |     let mut bits = BitUtil::new(buf);
[INFO] [stdout]     |                    ^^^^^^^ not found in this scope
[INFO] [stdout]     |
[INFO] [stdout] help: consider importing this struct
[INFO] [stdout]     |
[INFO] [stdout] 70  |   use crate::packets::bitutil::BitUtil;
[INFO] [stdout]     |
[INFO] [stdout] 
[INFO] [stdout] 
[INFO] [stdout] error: aborting due to 4 previous errors
[INFO] [stdout] 
[INFO] [stdout] 
[INFO] [stdout] For more information about this error, try `rustc --explain E0433`.
[INFO] [stdout] 
[INFO] [stderr] error: could not compile `server` due to 5 previous errors
[INFO] running `Command { std: "docker" "inspect" "8e4022bbc400a86f54e59779e5cbc7389507b320d6cad49013408450f7ce47ed", kill_on_drop: false }`
[INFO] running `Command { std: "docker" "rm" "-f" "8e4022bbc400a86f54e59779e5cbc7389507b320d6cad49013408450f7ce47ed", kill_on_drop: false }`
[INFO] [stdout] 8e4022bbc400a86f54e59779e5cbc7389507b320d6cad49013408450f7ce47ed
