[INFO] cloning repository https://github.com/tonyhb/rs-templating
[INFO] running `Command { std: "git" "-c" "credential.helper=" "-c" "credential.helper=/workspace/cargo-home/bin/git-credential-null" "clone" "--bare" "https://github.com/tonyhb/rs-templating" "/workspace/cache/git-repos/https%3A%2F%2Fgithub.com%2Ftonyhb%2Frs-templating", kill_on_drop: false }`
[INFO] [stderr] Cloning into bare repository '/workspace/cache/git-repos/https%3A%2F%2Fgithub.com%2Ftonyhb%2Frs-templating'...
[INFO] running `Command { std: "git" "rev-parse" "HEAD", kill_on_drop: false }`
[INFO] [stdout] 6815eff0b73caaa8ae00d41217ec1fa509715da6
[INFO] testing tonyhb/rs-templating against 1.54.0 for beta-1.55-1
[INFO] running `Command { std: "git" "clone" "/workspace/cache/git-repos/https%3A%2F%2Fgithub.com%2Ftonyhb%2Frs-templating" "/workspace/builds/worker-2/source", kill_on_drop: false }`
[INFO] [stderr] Cloning into '/workspace/builds/worker-2/source'...
[INFO] [stderr] done.
[INFO] validating manifest of git repo https://github.com/tonyhb/rs-templating on toolchain 1.54.0
[INFO] running `Command { std: "/workspace/cargo-home/bin/cargo" "+1.54.0" "metadata" "--manifest-path" "Cargo.toml" "--no-deps", kill_on_drop: false }`
[INFO] started tweaking git repo https://github.com/tonyhb/rs-templating
[INFO] finished tweaking git repo https://github.com/tonyhb/rs-templating
[INFO] tweaked toml for git repo https://github.com/tonyhb/rs-templating written to /workspace/builds/worker-2/source/Cargo.toml
[INFO] crate git repo https://github.com/tonyhb/rs-templating already has a lockfile, it will not be regenerated
[INFO] running `Command { std: "/workspace/cargo-home/bin/cargo" "+1.54.0" "fetch" "--manifest-path" "Cargo.toml", kill_on_drop: false }`
[INFO] [stderr]     Blocking waiting for file lock on package cache
[INFO] [stderr]     Blocking waiting for file lock on package cache
[INFO] running `Command { std: "docker" "create" "-v" "/var/lib/crater-agent-workspace/builds/worker-2/target:/opt/rustwide/target:rw,Z" "-v" "/var/lib/crater-agent-workspace/builds/worker-2/source:/opt/rustwide/workdir:ro,Z" "-v" "/var/lib/crater-agent-workspace/cargo-home:/opt/rustwide/cargo-home:ro,Z" "-v" "/var/lib/crater-agent-workspace/rustup-home:/opt/rustwide/rustup-home:ro,Z" "-e" "SOURCE_DIR=/opt/rustwide/workdir" "-e" "CARGO_TARGET_DIR=/opt/rustwide/target" "-e" "CARGO_HOME=/opt/rustwide/cargo-home" "-e" "RUSTUP_HOME=/opt/rustwide/rustup-home" "-w" "/opt/rustwide/workdir" "-m" "1610612736" "--user" "0:0" "--network" "none" "ghcr.io/rust-lang/crates-build-env/linux@sha256:34b6a614d2c27851fe6cbf88fbd1137609cefab8b10d0615aaeb6fd47975d74e" "/opt/rustwide/cargo-home/bin/cargo" "+1.54.0" "metadata" "--no-deps" "--format-version=1", kill_on_drop: false }`
[INFO] [stdout] 2555431dbf5f02db454beae751880dbe3546ca0fe23e14f642085319d86691f9
[INFO] running `Command { std: "docker" "start" "-a" "2555431dbf5f02db454beae751880dbe3546ca0fe23e14f642085319d86691f9", kill_on_drop: false }`
[INFO] running `Command { std: "docker" "inspect" "2555431dbf5f02db454beae751880dbe3546ca0fe23e14f642085319d86691f9", kill_on_drop: false }`
[INFO] running `Command { std: "docker" "rm" "-f" "2555431dbf5f02db454beae751880dbe3546ca0fe23e14f642085319d86691f9", kill_on_drop: false }`
[INFO] [stdout] 2555431dbf5f02db454beae751880dbe3546ca0fe23e14f642085319d86691f9
[INFO] running `Command { std: "docker" "create" "-v" "/var/lib/crater-agent-workspace/builds/worker-2/target:/opt/rustwide/target:rw,Z" "-v" "/var/lib/crater-agent-workspace/builds/worker-2/source:/opt/rustwide/workdir:ro,Z" "-v" "/var/lib/crater-agent-workspace/cargo-home:/opt/rustwide/cargo-home:ro,Z" "-v" "/var/lib/crater-agent-workspace/rustup-home:/opt/rustwide/rustup-home:ro,Z" "-e" "SOURCE_DIR=/opt/rustwide/workdir" "-e" "CARGO_TARGET_DIR=/opt/rustwide/target" "-e" "CARGO_INCREMENTAL=0" "-e" "RUST_BACKTRACE=full" "-e" "RUSTFLAGS=--cap-lints=warn" "-e" "CARGO_HOME=/opt/rustwide/cargo-home" "-e" "RUSTUP_HOME=/opt/rustwide/rustup-home" "-w" "/opt/rustwide/workdir" "-m" "1610612736" "--user" "0:0" "--network" "none" "ghcr.io/rust-lang/crates-build-env/linux@sha256:34b6a614d2c27851fe6cbf88fbd1137609cefab8b10d0615aaeb6fd47975d74e" "/opt/rustwide/cargo-home/bin/cargo" "+1.54.0" "build" "--frozen" "--message-format=json", kill_on_drop: false }`
[INFO] [stdout] 51414e8b989bb23d611dfcd4fc6d9a7b9c264eb63f71dd76f19465a67215b5db
[INFO] running `Command { std: "docker" "start" "-a" "51414e8b989bb23d611dfcd4fc6d9a7b9c264eb63f71dd76f19465a67215b5db", kill_on_drop: false }`
[INFO] [stderr]    Compiling syn v1.0.72
[INFO] [stderr]    Compiling memchr v2.4.0
[INFO] [stderr]    Compiling wasm-bindgen-shared v0.2.74
[INFO] [stderr]    Compiling regex-syntax v0.6.25
[INFO] [stderr]    Compiling libc v0.2.95
[INFO] [stderr]    Compiling bumpalo v3.7.0
[INFO] [stderr]    Compiling itoa v0.4.7
[INFO] [stderr]    Compiling wasm-bindgen v0.2.74
[INFO] [stderr]    Compiling pest_meta v2.1.3
[INFO] [stderr]    Compiling aho-corasick v0.7.18
[INFO] [stderr]    Compiling time v0.1.44
[INFO] [stderr]    Compiling chrono v0.4.19
[INFO] [stderr]    Compiling regex v1.5.4
[INFO] [stderr]    Compiling wasm-bindgen-backend v0.2.74
[INFO] [stderr]    Compiling pest_generator v2.1.3
[INFO] [stderr]    Compiling parse-zoneinfo v0.3.0
[INFO] [stderr]    Compiling wasm-bindgen-macro-support v0.2.74
[INFO] [stderr]    Compiling serde_derive v1.0.126
[INFO] [stderr]    Compiling pest_derive v2.1.0
[INFO] [stderr]    Compiling chrono-tz v0.5.3
[INFO] [stderr]    Compiling wasm-bindgen-macro v0.2.74
[INFO] [stderr]    Compiling serde v1.0.126
[INFO] [stderr]    Compiling serde_json v1.0.64
[INFO] [stderr]    Compiling tera v1.10.0 (https://github.com/tonyhb/tera.git?rev=bcd73f53821d287c658865a6807f0917277ff076#bcd73f53)
[INFO] [stderr]    Compiling js-sys v0.3.51
[INFO] [stderr]    Compiling rs-templating v0.1.4 (/opt/rustwide/workdir)
[INFO] [stdout] warning: unused import: `wasm_bindgen::prelude::*`
[INFO] [stdout]  --> src/lib.rs:4:5
[INFO] [stdout]   |
[INFO] [stdout] 4 | use wasm_bindgen::prelude::*;
[INFO] [stdout]   |     ^^^^^^^^^^^^^^^^^^^^^^^^
[INFO] [stdout]   |
[INFO] [stdout]   = note: `#[warn(unused_imports)]` on by default
[INFO] [stdout] 
[INFO] [stdout] 
[INFO] [stdout] warning: unused import: `wasm_bindgen::prelude::*`
[INFO] [stdout]  --> src/lib.rs:4:5
[INFO] [stdout]   |
[INFO] [stdout] 4 | use wasm_bindgen::prelude::*;
[INFO] [stdout]   |     ^^^^^^^^^^^^^^^^^^^^^^^^
[INFO] [stdout]   |
[INFO] [stdout]   = note: `#[warn(unused_imports)]` on by default
[INFO] [stdout] 
[INFO] [stdout] 
[INFO] [stdout] warning: 1 warning emitted
[INFO] [stdout] 
[INFO] [stdout] 
[INFO] [stdout] warning: 1 warning emitted
[INFO] [stdout] 
[INFO] [stdout] 
[INFO] [stderr]     Finished dev [unoptimized + debuginfo] target(s) in 42.67s
[INFO] running `Command { std: "docker" "inspect" "51414e8b989bb23d611dfcd4fc6d9a7b9c264eb63f71dd76f19465a67215b5db", kill_on_drop: false }`
[INFO] running `Command { std: "docker" "rm" "-f" "51414e8b989bb23d611dfcd4fc6d9a7b9c264eb63f71dd76f19465a67215b5db", kill_on_drop: false }`
[INFO] [stdout] 51414e8b989bb23d611dfcd4fc6d9a7b9c264eb63f71dd76f19465a67215b5db
[INFO] running `Command { std: "docker" "create" "-v" "/var/lib/crater-agent-workspace/builds/worker-2/target:/opt/rustwide/target:rw,Z" "-v" "/var/lib/crater-agent-workspace/builds/worker-2/source:/opt/rustwide/workdir:ro,Z" "-v" "/var/lib/crater-agent-workspace/cargo-home:/opt/rustwide/cargo-home:ro,Z" "-v" "/var/lib/crater-agent-workspace/rustup-home:/opt/rustwide/rustup-home:ro,Z" "-e" "SOURCE_DIR=/opt/rustwide/workdir" "-e" "CARGO_TARGET_DIR=/opt/rustwide/target" "-e" "CARGO_INCREMENTAL=0" "-e" "RUST_BACKTRACE=full" "-e" "RUSTFLAGS=--cap-lints=warn" "-e" "CARGO_HOME=/opt/rustwide/cargo-home" "-e" "RUSTUP_HOME=/opt/rustwide/rustup-home" "-w" "/opt/rustwide/workdir" "-m" "1610612736" "--user" "0:0" "--network" "none" "ghcr.io/rust-lang/crates-build-env/linux@sha256:34b6a614d2c27851fe6cbf88fbd1137609cefab8b10d0615aaeb6fd47975d74e" "/opt/rustwide/cargo-home/bin/cargo" "+1.54.0" "test" "--frozen" "--no-run" "--message-format=json", kill_on_drop: false }`
[INFO] [stdout] 17cd4d25f29f3c1b9dec438ce5d53821a720fd501e1d60bfab51ce8ebc6ba90e
[INFO] running `Command { std: "docker" "start" "-a" "17cd4d25f29f3c1b9dec438ce5d53821a720fd501e1d60bfab51ce8ebc6ba90e", kill_on_drop: false }`
[INFO] [stderr]     Blocking waiting for file lock on package cache
[INFO] [stderr]    Compiling rs-templating v0.1.4 (/opt/rustwide/workdir)
[INFO] [stdout] warning: unused import: `wasm_bindgen::prelude::*`
[INFO] [stdout]  --> src/lib.rs:4:5
[INFO] [stdout]   |
[INFO] [stdout] 4 | use wasm_bindgen::prelude::*;
[INFO] [stdout]   |     ^^^^^^^^^^^^^^^^^^^^^^^^
[INFO] [stdout]   |
[INFO] [stdout]   = note: `#[warn(unused_imports)]` on by default
[INFO] [stdout] 
[INFO] [stdout] 
[INFO] [stdout] error[E0433]: failed to resolve: could not find `Template` in the crate root
[INFO] [stdout]    --> src/lib.rs:295:26
[INFO] [stdout]     |
[INFO] [stdout] 295 |         let res = crate::Template::init("{{ foo".to_string());
[INFO] [stdout]     |                          ^^^^^^^^ not found in the crate root
[INFO] [stdout]     |
[INFO] [stdout] help: consider importing one of these items
[INFO] [stdout]     |
[INFO] [stdout] 294 |     use crate::rs_templating::Template;
[INFO] [stdout]     |
[INFO] [stdout] 294 |     use tera::Template;
[INFO] [stdout]     |
[INFO] [stdout] 
[INFO] [stdout] 
[INFO] [stdout] error[E0433]: failed to resolve: could not find `Template` in the crate root
[INFO] [stdout]    --> src/lib.rs:301:26
[INFO] [stdout]     |
[INFO] [stdout] 301 |         let res = crate::Template::init("{{ foo }}".to_string());
[INFO] [stdout]     |                          ^^^^^^^^ not found in the crate root
[INFO] [stdout]     |
[INFO] [stdout] help: consider importing one of these items
[INFO] [stdout]     |
[INFO] [stdout] 294 |     use crate::rs_templating::Template;
[INFO] [stdout]     |
[INFO] [stdout] 294 |     use tera::Template;
[INFO] [stdout]     |
[INFO] [stdout] 
[INFO] [stdout] 
[INFO] [stdout] error[E0433]: failed to resolve: could not find `Template` in the crate root
[INFO] [stdout]    --> src/lib.rs:307:26
[INFO] [stdout]     |
[INFO] [stdout] 307 |         let res = crate::Template::init("Hi {{ first_name }}".to_string()).unwrap();
[INFO] [stdout]     |                          ^^^^^^^^ not found in the crate root
[INFO] [stdout]     |
[INFO] [stdout] help: consider importing one of these items
[INFO] [stdout]     |
[INFO] [stdout] 294 |     use crate::rs_templating::Template;
[INFO] [stdout]     |
[INFO] [stdout] 294 |     use tera::Template;
[INFO] [stdout]     |
[INFO] [stdout] 
[INFO] [stdout] 
[INFO] [stdout] error[E0433]: failed to resolve: could not find `Template` in the crate root
[INFO] [stdout]    --> src/lib.rs:314:26
[INFO] [stdout]     |
[INFO] [stdout] 314 |         let res = crate::Template::init(
[INFO] [stdout]     |                          ^^^^^^^^ not found in the crate root
[INFO] [stdout]     |
[INFO] [stdout] help: consider importing one of these items
[INFO] [stdout]     |
[INFO] [stdout] 294 |     use crate::rs_templating::Template;
[INFO] [stdout]     |
[INFO] [stdout] 294 |     use tera::Template;
[INFO] [stdout]     |
[INFO] [stdout] 
[INFO] [stdout] 
[INFO] [stdout] error[E0433]: failed to resolve: could not find `Template` in the crate root
[INFO] [stdout]    --> src/lib.rs:332:26
[INFO] [stdout]     |
[INFO] [stdout] 332 | ...   let res = crate::Template::init("{% for product in products %}{{loop.index}}. {{product.name}} {{ order_number }} {% endfor %}".to_...
[INFO] [stdout]     |                        ^^^^^^^^ not found in the crate root
[INFO] [stdout]     |
[INFO] [stdout] help: consider importing one of these items
[INFO] [stdout]     |
[INFO] [stdout] 294 |     use crate::rs_templating::Template;
[INFO] [stdout]     |
[INFO] [stdout] 294 |     use tera::Template;
[INFO] [stdout]     |
[INFO] [stdout] 
[INFO] [stdout] 
[INFO] [stdout] error[E0433]: failed to resolve: could not find `Template` in the crate root
[INFO] [stdout]    --> src/lib.rs:342:26
[INFO] [stdout]     |
[INFO] [stdout] 342 | ...   let res = crate::Template::init("{% for product in products %}{{loop.index}}. {{product['name']}} {{ order_number }} {% endfor %}"....
[INFO] [stdout]     |                        ^^^^^^^^ not found in the crate root
[INFO] [stdout]     |
[INFO] [stdout] help: consider importing one of these items
[INFO] [stdout]     |
[INFO] [stdout] 294 |     use crate::rs_templating::Template;
[INFO] [stdout]     |
[INFO] [stdout] 294 |     use tera::Template;
[INFO] [stdout]     |
[INFO] [stdout] 
[INFO] [stdout] 
[INFO] [stdout] error[E0433]: failed to resolve: could not find `Template` in the crate root
[INFO] [stdout]    --> src/lib.rs:353:26
[INFO] [stdout]     |
[INFO] [stdout] 353 | ...   let res = crate::Template::init("{% for product in products %}{{loop.index}}. {{product.name}} {{ order_number }} {% endfor %} {{ p...
[INFO] [stdout]     |                        ^^^^^^^^ not found in the crate root
[INFO] [stdout]     |
[INFO] [stdout] help: consider importing one of these items
[INFO] [stdout]     |
[INFO] [stdout] 294 |     use crate::rs_templating::Template;
[INFO] [stdout]     |
[INFO] [stdout] 294 |     use tera::Template;
[INFO] [stdout]     |
[INFO] [stdout] 
[INFO] [stdout] 
[INFO] [stdout] error[E0433]: failed to resolve: could not find `Template` in the crate root
[INFO] [stdout]    --> src/lib.rs:368:20
[INFO] [stdout]     |
[INFO] [stdout] 368 |             crate::Template::init("{{ name }} {% set uname = name %} {{ uname }}".to_string())
[INFO] [stdout]     |                    ^^^^^^^^ not found in the crate root
[INFO] [stdout]     |
[INFO] [stdout] help: consider importing one of these items
[INFO] [stdout]     |
[INFO] [stdout] 294 |     use crate::rs_templating::Template;
[INFO] [stdout]     |
[INFO] [stdout] 294 |     use tera::Template;
[INFO] [stdout]     |
[INFO] [stdout] 
[INFO] [stdout] 
[INFO] [stdout] error[E0433]: failed to resolve: could not find `Template` in the crate root
[INFO] [stdout]    --> src/lib.rs:376:26
[INFO] [stdout]     |
[INFO] [stdout] 376 |         let res = crate::Template::init("{% set uname = name %}".to_string()).unwrap();
[INFO] [stdout]     |                          ^^^^^^^^ not found in the crate root
[INFO] [stdout]     |
[INFO] [stdout] help: consider importing one of these items
[INFO] [stdout]     |
[INFO] [stdout] 294 |     use crate::rs_templating::Template;
[INFO] [stdout]     |
[INFO] [stdout] 294 |     use tera::Template;
[INFO] [stdout]     |
[INFO] [stdout] 
[INFO] [stdout] 
[INFO] [stdout] error[E0433]: failed to resolve: could not find `Template` in the crate root
[INFO] [stdout]    --> src/lib.rs:383:26
[INFO] [stdout]     |
[INFO] [stdout] 383 |         let res = crate::Template::init("{% set uname = name | upper %}".to_string()).unwrap();
[INFO] [stdout]     |                          ^^^^^^^^ not found in the crate root
[INFO] [stdout]     |
[INFO] [stdout] help: consider importing one of these items
[INFO] [stdout]     |
[INFO] [stdout] 294 |     use crate::rs_templating::Template;
[INFO] [stdout]     |
[INFO] [stdout] 294 |     use tera::Template;
[INFO] [stdout]     |
[INFO] [stdout] 
[INFO] [stdout] 
[INFO] [stdout] error[E0433]: failed to resolve: could not find `Template` in the crate root
[INFO] [stdout]    --> src/lib.rs:390:26
[INFO] [stdout]     |
[INFO] [stdout] 390 |         let res = crate::Template::init("{{  name | upper }}".to_string()).unwrap();
[INFO] [stdout]     |                          ^^^^^^^^ not found in the crate root
[INFO] [stdout]     |
[INFO] [stdout] help: consider importing one of these items
[INFO] [stdout]     |
[INFO] [stdout] 294 |     use crate::rs_templating::Template;
[INFO] [stdout]     |
[INFO] [stdout] 294 |     use tera::Template;
[INFO] [stdout]     |
[INFO] [stdout] 
[INFO] [stdout] 
[INFO] [stdout] error[E0433]: failed to resolve: could not find `Template` in the crate root
[INFO] [stdout]    --> src/lib.rs:397:26
[INFO] [stdout]     |
[INFO] [stdout] 397 |         let tpl = crate::Template::init("{{ name }}".to_string()).unwrap();
[INFO] [stdout]     |                          ^^^^^^^^ not found in the crate root
[INFO] [stdout]     |
[INFO] [stdout] help: consider importing one of these items
[INFO] [stdout]     |
[INFO] [stdout] 294 |     use crate::rs_templating::Template;
[INFO] [stdout]     |
[INFO] [stdout] 294 |     use tera::Template;
[INFO] [stdout]     |
[INFO] [stdout] 
[INFO] [stdout] 
[INFO] [stdout] error[E0425]: cannot find function `generate_context` in the crate root
[INFO] [stdout]    --> src/lib.rs:398:26
[INFO] [stdout]     |
[INFO] [stdout] 398 |         let ctx = crate::generate_context(
[INFO] [stdout]     |                          ^^^^^^^^^^^^^^^^ not found in the crate root
[INFO] [stdout]     |
[INFO] [stdout] help: consider importing this function
[INFO] [stdout]     |
[INFO] [stdout] 294 |     use crate::rs_templating::generate_context;
[INFO] [stdout]     |
[INFO] [stdout] 
[INFO] [stdout] 
[INFO] [stdout] error[E0433]: failed to resolve: could not find `Template` in the crate root
[INFO] [stdout]    --> src/lib.rs:409:26
[INFO] [stdout]     |
[INFO] [stdout] 409 |         let tpl = crate::Template::init(
[INFO] [stdout]     |                          ^^^^^^^^ not found in the crate root
[INFO] [stdout]     |
[INFO] [stdout] help: consider importing one of these items
[INFO] [stdout]     |
[INFO] [stdout] 294 |     use crate::rs_templating::Template;
[INFO] [stdout]     |
[INFO] [stdout] 294 |     use tera::Template;
[INFO] [stdout]     |
[INFO] [stdout] 
[INFO] [stdout] 
[INFO] [stdout] error[E0425]: cannot find function `generate_context` in the crate root
[INFO] [stdout]    --> src/lib.rs:413:26
[INFO] [stdout]     |
[INFO] [stdout] 413 |         let ctx = crate::generate_context(
[INFO] [stdout]     |                          ^^^^^^^^^^^^^^^^ not found in the crate root
[INFO] [stdout]     |
[INFO] [stdout] help: consider importing this function
[INFO] [stdout]     |
[INFO] [stdout] 294 |     use crate::rs_templating::generate_context;
[INFO] [stdout]     |
[INFO] [stdout] 
[INFO] [stdout] 
[INFO] [stdout] warning: unused import: `wasm_bindgen::prelude::*`
[INFO] [stdout]  --> src/lib.rs:4:5
[INFO] [stdout]   |
[INFO] [stdout] 4 | use wasm_bindgen::prelude::*;
[INFO] [stdout]   |     ^^^^^^^^^^^^^^^^^^^^^^^^
[INFO] [stdout]   |
[INFO] [stdout]   = note: `#[warn(unused_imports)]` on by default
[INFO] [stdout] 
[INFO] [stdout] 
[INFO] [stdout] error: aborting due to 15 previous errors; 1 warning emitted
[INFO] [stdout] 
[INFO] [stdout] 
[INFO] [stdout] Some errors have detailed explanations: E0425, E0433.
[INFO] [stdout] 
[INFO] [stdout] For more information about an error, try `rustc --explain E0425`.
[INFO] [stdout] 
[INFO] [stderr] error: could not compile `rs-templating`
[INFO] [stderr] 
[INFO] [stderr] To learn more, run the command again with --verbose.
[INFO] [stderr] warning: build failed, waiting for other jobs to finish...
[INFO] [stdout] warning: 1 warning emitted
[INFO] [stdout] 
[INFO] [stdout] 
[INFO] [stderr] error: build failed
[INFO] running `Command { std: "docker" "inspect" "17cd4d25f29f3c1b9dec438ce5d53821a720fd501e1d60bfab51ce8ebc6ba90e", kill_on_drop: false }`
[INFO] running `Command { std: "docker" "rm" "-f" "17cd4d25f29f3c1b9dec438ce5d53821a720fd501e1d60bfab51ce8ebc6ba90e", kill_on_drop: false }`
[INFO] [stdout] 17cd4d25f29f3c1b9dec438ce5d53821a720fd501e1d60bfab51ce8ebc6ba90e
