[INFO] cloning repository https://github.com/tomhoule/rocket-experiment
[INFO] running `Command { std: "git" "-c" "credential.helper=" "-c" "credential.helper=/workspace/cargo-home/bin/git-credential-null" "clone" "--bare" "https://github.com/tomhoule/rocket-experiment" "/workspace/cache/git-repos/https%3A%2F%2Fgithub.com%2Ftomhoule%2Frocket-experiment", kill_on_drop: false }`
[INFO] [stderr] Cloning into bare repository '/workspace/cache/git-repos/https%3A%2F%2Fgithub.com%2Ftomhoule%2Frocket-experiment'...
[INFO] running `Command { std: "git" "rev-parse" "HEAD", kill_on_drop: false }`
[INFO] [stdout] df419f9df748831ea6ef2c1480bbb640d3372589
[INFO] testing tomhoule/rocket-experiment against beta-2021-08-01 for beta-1.55-1
[INFO] running `Command { std: "git" "clone" "/workspace/cache/git-repos/https%3A%2F%2Fgithub.com%2Ftomhoule%2Frocket-experiment" "/workspace/builds/worker-3/source", kill_on_drop: false }`
[INFO] [stderr] Cloning into '/workspace/builds/worker-3/source'...
[INFO] [stderr] done.
[INFO] validating manifest of git repo https://github.com/tomhoule/rocket-experiment on toolchain beta-2021-08-01
[INFO] running `Command { std: "/workspace/cargo-home/bin/cargo" "+beta-2021-08-01" "metadata" "--manifest-path" "Cargo.toml" "--no-deps", kill_on_drop: false }`
[INFO] started tweaking git repo https://github.com/tomhoule/rocket-experiment
[INFO] finished tweaking git repo https://github.com/tomhoule/rocket-experiment
[INFO] tweaked toml for git repo https://github.com/tomhoule/rocket-experiment written to /workspace/builds/worker-3/source/Cargo.toml
[INFO] crate git repo https://github.com/tomhoule/rocket-experiment already has a lockfile, it will not be regenerated
[INFO] running `Command { std: "/workspace/cargo-home/bin/cargo" "+beta-2021-08-01" "fetch" "--manifest-path" "Cargo.toml", kill_on_drop: false }`
[INFO] [stderr]     Blocking waiting for file lock on package cache
[INFO] [stderr]  Downloading crates ...
[INFO] [stderr]   Downloaded futures-await-await-macro v0.1.0
[INFO] [stderr]   Downloaded webdriver v0.33.0
[INFO] [stderr]   Downloaded migrations_internals v1.1.0
[INFO] [stderr]   Downloaded proc-macro2 v0.1.10
[INFO] [stderr]   Downloaded luhnmod10 v1.1.0
[INFO] [stderr]   Downloaded fantoccini v0.7.3
[INFO] [stderr]   Downloaded fluent-locale v0.3.0
[INFO] [stderr]   Downloaded migrations_macros v1.1.0
[INFO] [stderr]   Downloaded inlinable_string v0.1.9
[INFO] [stderr]   Downloaded fluent v0.1.2
[INFO] [stderr]   Downloaded futures-await-async-macro v0.1.1
[INFO] [stderr]   Downloaded rocket_cors v0.2.1
[INFO] [stderr]   Downloaded handlebars v0.27.0
[INFO] [stderr]   Downloaded futures-await v0.1.0
[INFO] [stderr]   Downloaded card-validate v2.1.5
[INFO] [stderr]   Downloaded mio v0.6.12
[INFO] [stderr]   Downloaded diesel_migrations v1.1.0
[INFO] [stderr]   Downloaded futures-await-synom v0.12.0
[INFO] [stderr]   Downloaded validator_derive v0.6.1
[INFO] [stderr]   Downloaded futures-await-syn v0.12.0
[INFO] [stderr]   Downloaded validator v0.6.3
[INFO] [stderr]   Downloaded futures-await-quote v0.4.0
[INFO] [stderr]   Downloaded if_chain v0.1.2
[INFO] [stderr]   Downloaded pulldown-cmark v0.0.15
[INFO] [stderr]   Downloaded hyper v0.11.16
[INFO] running `Command { std: "docker" "create" "-v" "/var/lib/crater-agent-workspace/builds/worker-3/target:/opt/rustwide/target:rw,Z" "-v" "/var/lib/crater-agent-workspace/builds/worker-3/source:/opt/rustwide/workdir:ro,Z" "-v" "/var/lib/crater-agent-workspace/cargo-home:/opt/rustwide/cargo-home:ro,Z" "-v" "/var/lib/crater-agent-workspace/rustup-home:/opt/rustwide/rustup-home:ro,Z" "-e" "SOURCE_DIR=/opt/rustwide/workdir" "-e" "CARGO_TARGET_DIR=/opt/rustwide/target" "-e" "CARGO_HOME=/opt/rustwide/cargo-home" "-e" "RUSTUP_HOME=/opt/rustwide/rustup-home" "-w" "/opt/rustwide/workdir" "-m" "1610612736" "--user" "0:0" "--network" "none" "ghcr.io/rust-lang/crates-build-env/linux@sha256:34b6a614d2c27851fe6cbf88fbd1137609cefab8b10d0615aaeb6fd47975d74e" "/opt/rustwide/cargo-home/bin/cargo" "+beta-2021-08-01" "metadata" "--no-deps" "--format-version=1", kill_on_drop: false }`
[INFO] [stdout] 54e5df69069bbf928d5cb75ae4fbe2afdd686c427b9044bec2533b1354a0bb6d
[INFO] running `Command { std: "docker" "start" "-a" "54e5df69069bbf928d5cb75ae4fbe2afdd686c427b9044bec2533b1354a0bb6d", kill_on_drop: false }`
[INFO] running `Command { std: "docker" "inspect" "54e5df69069bbf928d5cb75ae4fbe2afdd686c427b9044bec2533b1354a0bb6d", kill_on_drop: false }`
[INFO] running `Command { std: "docker" "rm" "-f" "54e5df69069bbf928d5cb75ae4fbe2afdd686c427b9044bec2533b1354a0bb6d", kill_on_drop: false }`
[INFO] [stdout] 54e5df69069bbf928d5cb75ae4fbe2afdd686c427b9044bec2533b1354a0bb6d
[INFO] running `Command { std: "docker" "create" "-v" "/var/lib/crater-agent-workspace/builds/worker-3/target:/opt/rustwide/target:rw,Z" "-v" "/var/lib/crater-agent-workspace/builds/worker-3/source:/opt/rustwide/workdir:ro,Z" "-v" "/var/lib/crater-agent-workspace/cargo-home:/opt/rustwide/cargo-home:ro,Z" "-v" "/var/lib/crater-agent-workspace/rustup-home:/opt/rustwide/rustup-home:ro,Z" "-e" "SOURCE_DIR=/opt/rustwide/workdir" "-e" "CARGO_TARGET_DIR=/opt/rustwide/target" "-e" "CARGO_INCREMENTAL=0" "-e" "RUST_BACKTRACE=full" "-e" "RUSTFLAGS=--cap-lints=warn" "-e" "CARGO_HOME=/opt/rustwide/cargo-home" "-e" "RUSTUP_HOME=/opt/rustwide/rustup-home" "-w" "/opt/rustwide/workdir" "-m" "1610612736" "--user" "0:0" "--network" "none" "ghcr.io/rust-lang/crates-build-env/linux@sha256:34b6a614d2c27851fe6cbf88fbd1137609cefab8b10d0615aaeb6fd47975d74e" "/opt/rustwide/cargo-home/bin/cargo" "+beta-2021-08-01" "build" "--frozen" "--message-format=json", kill_on_drop: false }`
[INFO] [stdout] 0cf83f9ff76ceb2c06674088644bbb80dc030248003723c656d1030d50b63c6c
[INFO] running `Command { std: "docker" "start" "-a" "0cf83f9ff76ceb2c06674088644bbb80dc030248003723c656d1030d50b63c6c", kill_on_drop: false }`
[INFO] [stderr]    Compiling num-traits v0.1.42
[INFO] [stderr]    Compiling yansi v0.3.4
[INFO] [stderr]    Compiling lazy_static v1.0.0
[INFO] [stderr]    Compiling regex-syntax v0.4.2
[INFO] [stderr]    Compiling cc v1.0.4
[INFO] [stderr]    Compiling pq-sys v0.4.4
[INFO] [stderr]    Compiling state v0.3.3
[INFO] [stderr]    Compiling quick-error v1.2.1
[INFO] [stderr]    Compiling luhnmod10 v1.1.0
[INFO] [stderr]    Compiling futures v0.1.18
[INFO] [stderr]    Compiling pest v0.3.3
[INFO] [stderr]    Compiling pulldown-cmark v0.0.15
[INFO] [stderr]    Compiling lazycell v0.6.0
[INFO] [stderr]    Compiling getopts v0.2.17
[INFO] [stderr]    Compiling futures-await-await-macro v0.1.0
[INFO] [stderr]    Compiling if_chain v0.1.2
[INFO] [stderr]    Compiling ansi_term v0.10.2
[INFO] [stderr]    Compiling fluent-locale v0.3.0
[INFO] [stderr]    Compiling glob v0.2.11
[INFO] [stderr]    Compiling rand v0.3.20
[INFO] [stderr]    Compiling num_cpus v1.8.0
[INFO] [stderr]    Compiling time v0.1.39
[INFO] [stderr]    Compiling memchr v2.0.1
[INFO] [stderr]    Compiling isatty v0.1.6
[INFO] [stderr]    Compiling memchr v1.0.2
[INFO] [stderr]    Compiling iovec v0.1.2
[INFO] [stderr]    Compiling unicode-bidi v0.3.4
[INFO] [stderr]    Compiling rayon-core v1.3.0
[INFO] [stderr]    Compiling unreachable v1.0.0
[INFO] [stderr]    Compiling unicase v1.4.2
[INFO] [stderr]    Compiling base64 v0.6.0
[INFO] [stderr]    Compiling proc-macro2 v0.1.10
[INFO] [stderr]    Compiling toml v0.4.5
[INFO] [stdout] error[E0554]: `#![feature]` may not be used on the beta release channel
[INFO] [stdout]  --> /opt/rustwide/cargo-home/registry/src/github.com-1ecc6299db9ec823/yansi-0.3.4/src/lib.rs:1:32
[INFO] [stdout]   |
[INFO] [stdout] 1 | #![cfg_attr(feature="nightly", feature(const_atomic_bool_new))]
[INFO] [stdout]   |                                ^^^^^^^^^^^^^^^^^^^^^^^^^^^^^^
[INFO] [stdout] 
[INFO] [stdout] 
[INFO] [stdout] error: aborting due to previous error
[INFO] [stdout] 
[INFO] [stdout] 
[INFO] [stdout] For more information about this error, try `rustc --explain E0554`.
[INFO] [stdout] 
[INFO] [stderr] error: could not compile `yansi` due to 2 previous errors
[INFO] [stderr] warning: build failed, waiting for other jobs to finish...
[INFO] [stdout] error[E0557]: feature has been removed
[INFO] [stdout]  --> /opt/rustwide/cargo-home/registry/src/github.com-1ecc6299db9ec823/state-0.3.3/src/lib.rs:1:12
[INFO] [stdout]   |
[INFO] [stdout] 1 | #![feature(const_fn)]
[INFO] [stdout]   |            ^^^^^^^^ feature has been removed
[INFO] [stdout]   |
[INFO] [stdout]   = note: split into finer-grained feature gates
[INFO] [stdout] 
[INFO] [stdout] 
[INFO] [stdout] error[E0554]: `#![feature]` may not be used on the beta release channel
[INFO] [stdout]  --> /opt/rustwide/cargo-home/registry/src/github.com-1ecc6299db9ec823/state-0.3.3/src/lib.rs:1:1
[INFO] [stdout]   |
[INFO] [stdout] 1 | #![feature(const_fn)]
[INFO] [stdout]   | ^^^^^^^^^^^^^^^^^^^^^
[INFO] [stdout] 
[INFO] [stdout] 
[INFO] [stdout] error[E0554]: `#![feature]` may not be used on the beta release channel
[INFO] [stdout]  --> /opt/rustwide/cargo-home/registry/src/github.com-1ecc6299db9ec823/state-0.3.3/src/lib.rs:2:1
[INFO] [stdout]   |
[INFO] [stdout] 2 | #![feature(const_unsafe_cell_new)]
[INFO] [stdout]   | ^^^^^^^^^^^^^^^^^^^^^^^^^^^^^^^^^^
[INFO] [stdout] 
[INFO] [stdout] 
[INFO] [stdout] error[E0554]: `#![feature]` may not be used on the beta release channel
[INFO] [stdout]  --> /opt/rustwide/cargo-home/registry/src/github.com-1ecc6299db9ec823/state-0.3.3/src/lib.rs:3:1
[INFO] [stdout]   |
[INFO] [stdout] 3 | #![feature(const_atomic_usize_new)]
[INFO] [stdout]   | ^^^^^^^^^^^^^^^^^^^^^^^^^^^^^^^^^^^
[INFO] [stdout] 
[INFO] [stdout] 
[INFO] [stdout] error[E0554]: `#![feature]` may not be used on the beta release channel
[INFO] [stdout]  --> /opt/rustwide/cargo-home/registry/src/github.com-1ecc6299db9ec823/state-0.3.3/src/lib.rs:4:1
[INFO] [stdout]   |
[INFO] [stdout] 4 | #![feature(const_atomic_bool_new)]
[INFO] [stdout]   | ^^^^^^^^^^^^^^^^^^^^^^^^^^^^^^^^^^
[INFO] [stdout] 
[INFO] [stdout] 
[INFO] [stdout] error[E0554]: `#![feature]` may not be used on the beta release channel
[INFO] [stdout]  --> /opt/rustwide/cargo-home/registry/src/github.com-1ecc6299db9ec823/fluent-locale-0.3.0/src/lib.rs:1:1
[INFO] [stdout]   |
[INFO] [stdout] 1 | #![feature(vec_remove_item)]
[INFO] [stdout]   | ^^^^^^^^^^^^^^^^^^^^^^^^^^^^
[INFO] [stdout] 
[INFO] [stdout] 
[INFO] [stdout] error: aborting due to 5 previous errors
[INFO] [stdout] 
[INFO] [stdout] 
[INFO] [stdout] Some errors have detailed explanations: E0554, E0557.
[INFO] [stdout] 
[INFO] [stdout] For more information about an error, try `rustc --explain E0554`.
[INFO] [stdout] 
[INFO] [stdout] error[E0554]: `#![feature]` may not be used on the beta release channel
[INFO] [stdout]  --> /opt/rustwide/cargo-home/registry/src/github.com-1ecc6299db9ec823/fluent-locale-0.3.0/src/lib.rs:2:1
[INFO] [stdout]   |
[INFO] [stdout] 2 | #![feature(ascii_ctype)]
[INFO] [stdout]   | ^^^^^^^^^^^^^^^^^^^^^^^^
[INFO] [stdout] 
[INFO] [stdout] 
[INFO] [stdout] error[E0433]: failed to resolve: could not find `TokenNode` in `proc_macro`
[INFO] [stdout]    --> /opt/rustwide/cargo-home/registry/src/github.com-1ecc6299db9ec823/proc-macro2-0.1.10/src/unstable.rs:125:29
[INFO] [stdout]     |
[INFO] [stdout] 125 |                 proc_macro::TokenNode::Group(delim, s) => {
[INFO] [stdout]     |                             ^^^^^^^^^ could not find `TokenNode` in `proc_macro`
[INFO] [stdout] 
[INFO] [stdout] 
[INFO] [stdout] error[E0433]: failed to resolve: could not find `TokenNode` in `proc_macro`
[INFO] [stdout]    --> /opt/rustwide/cargo-home/registry/src/github.com-1ecc6299db9ec823/proc-macro2-0.1.10/src/unstable.rs:134:29
[INFO] [stdout]     |
[INFO] [stdout] 134 |                 proc_macro::TokenNode::Op(ch, kind) => {
[INFO] [stdout]     |                             ^^^^^^^^^ could not find `TokenNode` in `proc_macro`
[INFO] [stdout] 
[INFO] [stdout] 
[INFO] [stdout] error[E0433]: failed to resolve: could not find `TokenNode` in `proc_macro`
[INFO] [stdout]    --> /opt/rustwide/cargo-home/registry/src/github.com-1ecc6299db9ec823/proc-macro2-0.1.10/src/unstable.rs:141:29
[INFO] [stdout]     |
[INFO] [stdout] 141 |                 proc_macro::TokenNode::Term(s) => {
[INFO] [stdout]     |                             ^^^^^^^^^ could not find `TokenNode` in `proc_macro`
[INFO] [stdout] 
[INFO] [stdout] 
[INFO] [stdout] error[E0433]: failed to resolve: could not find `TokenNode` in `proc_macro`
[INFO] [stdout]    --> /opt/rustwide/cargo-home/registry/src/github.com-1ecc6299db9ec823/proc-macro2-0.1.10/src/unstable.rs:144:29
[INFO] [stdout]     |
[INFO] [stdout] 144 |                 proc_macro::TokenNode::Literal(l) => {
[INFO] [stdout]     |                             ^^^^^^^^^ could not find `TokenNode` in `proc_macro`
[INFO] [stdout] 
[INFO] [stdout] 
[INFO] [stdout] error[E0433]: failed to resolve: could not find `TokenNode` in `proc_macro`
[INFO] [stdout]    --> /opt/rustwide/cargo-home/registry/src/github.com-1ecc6299db9ec823/proc-macro2-0.1.10/src/unstable.rs:361:21
[INFO] [stdout]     |
[INFO] [stdout] 361 |         proc_macro::TokenNode::Literal(l) => l,
[INFO] [stdout]     |                     ^^^^^^^^^ could not find `TokenNode` in `proc_macro`
[INFO] [stdout] 
[INFO] [stdout] 
[INFO] [stdout] error[E0574]: expected struct, variant or union type, found enum `proc_macro::TokenTree`
[INFO] [stdout]   --> /opt/rustwide/cargo-home/registry/src/github.com-1ecc6299db9ec823/proc-macro2-0.1.10/src/unstable.rs:54:21
[INFO] [stdout]    |
[INFO] [stdout] 54 |         TokenStream(proc_macro::TokenTree {
[INFO] [stdout]    |                     ^^^^^^^^^^^^^^^^^^^^^ not a struct, variant or union type
[INFO] [stdout]    |
[INFO] [stdout] help: consider importing this struct instead
[INFO] [stdout]    |
[INFO] [stdout] 1  | use TokenTree;
[INFO] [stdout]    |
[INFO] [stdout] 
[INFO] [stdout] 
[INFO] [stdout] error[E0433]: failed to resolve: could not find `TokenNode` in `proc_macro`
[INFO] [stdout]    --> /opt/rustwide/cargo-home/registry/src/github.com-1ecc6299db9ec823/proc-macro2-0.1.10/src/unstable.rs:64:33
[INFO] [stdout]     |
[INFO] [stdout] 64  |                       proc_macro::TokenNode::Group(delim, (s.0).0)
[INFO] [stdout]     |                                   ^^^^^^^^^
[INFO] [stdout]     |
[INFO] [stdout] help: an enum with a similar name exists
[INFO] [stdout]     |
[INFO] [stdout] 64  |                     proc_macro::TokenTree::Group(delim, (s.0).0)
[INFO] [stdout]     |                                 ^^^^^^^^^
[INFO] [stdout] help: consider importing this enum
[INFO] [stdout]     |
[INFO] [stdout] 1   | use TokenNode;
[INFO] [stdout]     |
[INFO] [stdout] 
[INFO] [stdout] 
[INFO] [stdout] error[E0433]: failed to resolve: could not find `TokenNode` in `proc_macro`
[INFO] [stdout]    --> /opt/rustwide/cargo-home/registry/src/github.com-1ecc6299db9ec823/proc-macro2-0.1.10/src/unstable.rs:71:33
[INFO] [stdout]     |
[INFO] [stdout] 71  |                       proc_macro::TokenNode::Op(ch, kind)
[INFO] [stdout]     |                                   ^^^^^^^^^
[INFO] [stdout]     |
[INFO] [stdout] help: an enum with a similar name exists
[INFO] [stdout]     |
[INFO] [stdout] 71  |                     proc_macro::TokenTree::Op(ch, kind)
[INFO] [stdout]     |                                 ^^^^^^^^^
[INFO] [stdout] help: consider importing this enum
[INFO] [stdout]     |
[INFO] [stdout] 1   | use TokenNode;
[INFO] [stdout]     |
[INFO] [stdout] 
[INFO] [stdout] 
[INFO] [stdout] error[E0433]: failed to resolve: could not find `TokenNode` in `proc_macro`
[INFO] [stdout]    --> /opt/rustwide/cargo-home/registry/src/github.com-1ecc6299db9ec823/proc-macro2-0.1.10/src/unstable.rs:74:33
[INFO] [stdout]     |
[INFO] [stdout] 74  |                       proc_macro::TokenNode::Term((s.0).0)
[INFO] [stdout]     |                                   ^^^^^^^^^
[INFO] [stdout]     |
[INFO] [stdout] help: an enum with a similar name exists
[INFO] [stdout]     |
[INFO] [stdout] 74  |                     proc_macro::TokenTree::Term((s.0).0)
[INFO] [stdout]     |                                 ^^^^^^^^^
[INFO] [stdout] help: consider importing this enum
[INFO] [stdout]     |
[INFO] [stdout] 1   | use TokenNode;
[INFO] [stdout]     |
[INFO] [stdout] 
[INFO] [stdout] 
[INFO] [stdout] error[E0433]: failed to resolve: could not find `TokenNode` in `proc_macro`
[INFO] [stdout]    --> /opt/rustwide/cargo-home/registry/src/github.com-1ecc6299db9ec823/proc-macro2-0.1.10/src/unstable.rs:77:33
[INFO] [stdout]     |
[INFO] [stdout] 77  |                       proc_macro::TokenNode::Literal((l.0).0)
[INFO] [stdout]     |                                   ^^^^^^^^^
[INFO] [stdout]     |
[INFO] [stdout] help: an enum with a similar name exists
[INFO] [stdout]     |
[INFO] [stdout] 77  |                     proc_macro::TokenTree::Literal((l.0).0)
[INFO] [stdout]     |                                 ^^^^^^^^^
[INFO] [stdout] help: consider importing this enum
[INFO] [stdout]     |
[INFO] [stdout] 1   | use TokenNode;
[INFO] [stdout]     |
[INFO] [stdout] 
[INFO] [stdout] 
[INFO] [stdout] error[E0412]: cannot find type `TokenTreeIter` in crate `proc_macro`
[INFO] [stdout]    --> /opt/rustwide/cargo-home/registry/src/github.com-1ecc6299db9ec823/proc-macro2-0.1.10/src/unstable.rs:103:38
[INFO] [stdout]     |
[INFO] [stdout] 103 |   pub struct TokenTreeIter(proc_macro::TokenTreeIter);
[INFO] [stdout]     |                                        ^^^^^^^^^^^^^
[INFO] [stdout]     |
[INFO] [stdout] help: an enum with a similar name exists
[INFO] [stdout]     |
[INFO] [stdout] 103 | pub struct TokenTreeIter(proc_macro::TokenTree);
[INFO] [stdout]     |                                      ^^^^^^^^^
[INFO] [stdout] help: consider importing this struct
[INFO] [stdout]     |
[INFO] [stdout] 1   | use TokenTreeIter;
[INFO] [stdout]     |
[INFO] [stdout] 
[INFO] [stdout] 
[INFO] [stdout] error[E0412]: cannot find type `Term` in crate `proc_macro`
[INFO] [stdout]    --> /opt/rustwide/cargo-home/registry/src/github.com-1ecc6299db9ec823/proc-macro2-0.1.10/src/unstable.rs:270:29
[INFO] [stdout]     |
[INFO] [stdout] 270 | pub struct Term(proc_macro::Term);
[INFO] [stdout]     |                             ^^^^ not found in `proc_macro`
[INFO] [stdout]     |
[INFO] [stdout] help: consider importing this struct
[INFO] [stdout]     |
[INFO] [stdout] 1   | use Term;
[INFO] [stdout]     |
[INFO] [stdout] 
[INFO] [stdout] 
[INFO] [stdout] error[E0433]: failed to resolve: could not find `Term` in `proc_macro`
[INFO] [stdout]    --> /opt/rustwide/cargo-home/registry/src/github.com-1ecc6299db9ec823/proc-macro2-0.1.10/src/unstable.rs:274:26
[INFO] [stdout]     |
[INFO] [stdout] 274 |         Term(proc_macro::Term::intern(string))
[INFO] [stdout]     |                          ^^^^ not found in `proc_macro`
[INFO] [stdout]     |
[INFO] [stdout] help: consider importing this struct
[INFO] [stdout]     |
[INFO] [stdout] 1   | use Term;
[INFO] [stdout]     |
[INFO] [stdout] 
[INFO] [stdout] 
[INFO] [stdout] error[E0554]: `#![feature]` may not be used on the beta release channel
[INFO] [stdout]   --> /opt/rustwide/cargo-home/registry/src/github.com-1ecc6299db9ec823/proc-macro2-0.1.10/src/lib.rs:22:34
[INFO] [stdout]    |
[INFO] [stdout] 22 | #![cfg_attr(feature = "nightly", feature(proc_macro))]
[INFO] [stdout]    |                                  ^^^^^^^^^^^^^^^^^^^ help: remove the attribute
[INFO] [stdout]    |
[INFO] [stdout]    = help: the feature `proc_macro` has been stable since 1.29.0 and no longer requires an attribute to enable
[INFO] [stdout] 
[INFO] [stdout] 
[INFO] [stdout] error[E0599]: no method named `remove_item` found for mutable reference `&mut Vec<String>` in the current scope
[INFO] [stdout]    --> /opt/rustwide/cargo-home/registry/src/github.com-1ecc6299db9ec823/fluent-locale-0.3.0/src/locale/mod.rs:157:22
[INFO] [stdout]     |
[INFO] [stdout] 157 |             variants.remove_item(&value);
[INFO] [stdout]     |                      ^^^^^^^^^^^ method not found in `&mut Vec<String>`
[INFO] [stdout] 
[INFO] [stdout] 
[INFO] [stdout] error[E0599]: no method named `is_ascii_digit` found for reference `&str` in the current scope
[INFO] [stdout]    --> /opt/rustwide/cargo-home/registry/src/github.com-1ecc6299db9ec823/fluent-locale-0.3.0/src/locale/parser.rs:198:53
[INFO] [stdout]     |
[INFO] [stdout] 198 | ...                   slen == 3 && subtag.is_ascii_digit())
[INFO] [stdout]     |                                           ^^^^^^^^^^^^^^ method not found in `&str`
[INFO] [stdout] 
[INFO] [stdout] 
[INFO] [stdout] error[E0599]: no method named `is_ascii_alphabetic` found for type `str` in the current scope
[INFO] [stdout]    --> /opt/rustwide/cargo-home/registry/src/github.com-1ecc6299db9ec823/fluent-locale-0.3.0/src/locale/parser.rs:203:55
[INFO] [stdout]     |
[INFO] [stdout] 203 | ...                   (slen >= 5 && subtag[0..1].is_ascii_alphabetic() ||
[INFO] [stdout]     |                                                  ^^^^^^^^^^^^^^^^^^^ method not found in `str`
[INFO] [stdout] 
[INFO] [stdout] 
[INFO] [stdout] error[E0599]: no method named `is_ascii_digit` found for type `str` in the current scope
[INFO] [stdout]    --> /opt/rustwide/cargo-home/registry/src/github.com-1ecc6299db9ec823/fluent-locale-0.3.0/src/locale/parser.rs:204:59
[INFO] [stdout]     |
[INFO] [stdout] 204 | ...                   slen >= 4 && subtag[0..1].is_ascii_digit())
[INFO] [stdout]     |                                                 ^^^^^^^^^^^^^^ method not found in `str`
[INFO] [stdout] 
[INFO] [stdout] 
[INFO] [stdout] error: aborting due to 6 previous errors
[INFO] [stdout] 
[INFO] [stdout] 
[INFO] [stdout] Some errors have detailed explanations: E0554, E0599.
[INFO] [stdout] 
[INFO] [stdout] For more information about an error, try `rustc --explain E0554`.
[INFO] [stdout] 
[INFO] [stdout] error[E0599]: no function or associated item named `empty` found for struct `proc_macro::TokenStream` in the current scope
[INFO] [stdout]   --> /opt/rustwide/cargo-home/registry/src/github.com-1ecc6299db9ec823/proc-macro2-0.1.10/src/unstable.rs:18:46
[INFO] [stdout]    |
[INFO] [stdout] 18 |         TokenStream(proc_macro::TokenStream::empty())
[INFO] [stdout]    |                                              ^^^^^ function or associated item not found in `proc_macro::TokenStream`
[INFO] [stdout] 
[INFO] [stdout] 
[INFO] [stdout] error[E0658]: use of unstable library feature 'proc_macro_def_site'
[INFO] [stdout]    --> /opt/rustwide/cargo-home/registry/src/github.com-1ecc6299db9ec823/proc-macro2-0.1.10/src/unstable.rs:225:14
[INFO] [stdout]     |
[INFO] [stdout] 225 |         Span(proc_macro::Span::def_site())
[INFO] [stdout]     |              ^^^^^^^^^^^^^^^^^^^^^^^^^^
[INFO] [stdout]     |
[INFO] [stdout]     = note: see issue #54724 <https://github.com/rust-lang/rust/issues/54724> for more information
[INFO] [stdout] 
[INFO] [stdout] 
[INFO] [stdout] error[E0599]: no function or associated item named `float` found for struct `proc_macro::Literal` in the current scope
[INFO] [stdout]    --> /opt/rustwide/cargo-home/registry/src/github.com-1ecc6299db9ec823/proc-macro2-0.1.10/src/unstable.rs:318:38
[INFO] [stdout]     |
[INFO] [stdout] 318 |         Literal(proc_macro::Literal::float(s))
[INFO] [stdout]     |                                      ^^^^^ function or associated item not found in `proc_macro::Literal`
[INFO] [stdout] 
[INFO] [stdout] 
[INFO] [stdout] error[E0599]: no function or associated item named `integer` found for struct `proc_macro::Literal` in the current scope
[INFO] [stdout]    --> /opt/rustwide/cargo-home/registry/src/github.com-1ecc6299db9ec823/proc-macro2-0.1.10/src/unstable.rs:322:38
[INFO] [stdout]     |
[INFO] [stdout] 322 |         Literal(proc_macro::Literal::integer(s.into()))
[INFO] [stdout]     |                                      ^^^^^^^ function or associated item not found in `proc_macro::Literal`
[INFO] [stdout] 
[INFO] [stdout] 
[INFO] [stdout] error[E0609]: no field `kind` on type `proc_macro::TokenTree`
[INFO] [stdout]    --> /opt/rustwide/cargo-home/registry/src/github.com-1ecc6299db9ec823/proc-macro2-0.1.10/src/unstable.rs:360:46
[INFO] [stdout]     |
[INFO] [stdout] 360 |     match stream.into_iter().next().unwrap().kind {
[INFO] [stdout]     |                                              ^^^^
[INFO] [stdout] 
[INFO] [stdout] 
[INFO] [stdout] error[E0599]: no function or associated item named `u8` found for struct `proc_macro::Literal` in the current scope
[INFO] [stdout]    --> /opt/rustwide/cargo-home/registry/src/github.com-1ecc6299db9ec823/proc-macro2-0.1.10/src/unstable.rs:377:5
[INFO] [stdout]     |
[INFO] [stdout] 377 |     u8, u16, u32, u64, usize,
[INFO] [stdout]     |     ^^ function or associated item not found in `proc_macro::Literal`
[INFO] [stdout] 
[INFO] [stdout] 
[INFO] [stdout] error[E0599]: no function or associated item named `u16` found for struct `proc_macro::Literal` in the current scope
[INFO] [stdout]    --> /opt/rustwide/cargo-home/registry/src/github.com-1ecc6299db9ec823/proc-macro2-0.1.10/src/unstable.rs:377:9
[INFO] [stdout]     |
[INFO] [stdout] 377 |     u8, u16, u32, u64, usize,
[INFO] [stdout]     |         ^^^ function or associated item not found in `proc_macro::Literal`
[INFO] [stdout] 
[INFO] [stdout] 
[INFO] [stdout] error[E0599]: no function or associated item named `u32` found for struct `proc_macro::Literal` in the current scope
[INFO] [stdout]    --> /opt/rustwide/cargo-home/registry/src/github.com-1ecc6299db9ec823/proc-macro2-0.1.10/src/unstable.rs:377:14
[INFO] [stdout]     |
[INFO] [stdout] 377 |     u8, u16, u32, u64, usize,
[INFO] [stdout]     |              ^^^ function or associated item not found in `proc_macro::Literal`
[INFO] [stdout] 
[INFO] [stdout] 
[INFO] [stdout] error[E0599]: no function or associated item named `u64` found for struct `proc_macro::Literal` in the current scope
[INFO] [stdout]    --> /opt/rustwide/cargo-home/registry/src/github.com-1ecc6299db9ec823/proc-macro2-0.1.10/src/unstable.rs:377:19
[INFO] [stdout]     |
[INFO] [stdout] 377 |     u8, u16, u32, u64, usize,
[INFO] [stdout]     |                   ^^^ function or associated item not found in `proc_macro::Literal`
[INFO] [stdout] 
[INFO] [stdout] 
[INFO] [stdout] error[E0599]: no function or associated item named `usize` found for struct `proc_macro::Literal` in the current scope
[INFO] [stdout]    --> /opt/rustwide/cargo-home/registry/src/github.com-1ecc6299db9ec823/proc-macro2-0.1.10/src/unstable.rs:377:24
[INFO] [stdout]     |
[INFO] [stdout] 377 |     u8, u16, u32, u64, usize,
[INFO] [stdout]     |                        ^^^^^ function or associated item not found in `proc_macro::Literal`
[INFO] [stdout] 
[INFO] [stdout] 
[INFO] [stdout] error[E0599]: no function or associated item named `i8` found for struct `proc_macro::Literal` in the current scope
[INFO] [stdout]    --> /opt/rustwide/cargo-home/registry/src/github.com-1ecc6299db9ec823/proc-macro2-0.1.10/src/unstable.rs:378:5
[INFO] [stdout]     |
[INFO] [stdout] 378 |     i8, i16, i32, i64, isize,
[INFO] [stdout]     |     ^^ function or associated item not found in `proc_macro::Literal`
[INFO] [stdout] 
[INFO] [stdout] 
[INFO] [stdout] error[E0599]: no function or associated item named `i16` found for struct `proc_macro::Literal` in the current scope
[INFO] [stdout]    --> /opt/rustwide/cargo-home/registry/src/github.com-1ecc6299db9ec823/proc-macro2-0.1.10/src/unstable.rs:378:9
[INFO] [stdout]     |
[INFO] [stdout] 378 |     i8, i16, i32, i64, isize,
[INFO] [stdout]     |         ^^^ function or associated item not found in `proc_macro::Literal`
[INFO] [stdout] 
[INFO] [stdout] 
[INFO] [stdout] error[E0599]: no function or associated item named `i32` found for struct `proc_macro::Literal` in the current scope
[INFO] [stdout]    --> /opt/rustwide/cargo-home/registry/src/github.com-1ecc6299db9ec823/proc-macro2-0.1.10/src/unstable.rs:378:14
[INFO] [stdout]     |
[INFO] [stdout] 378 |     i8, i16, i32, i64, isize,
[INFO] [stdout]     |              ^^^ function or associated item not found in `proc_macro::Literal`
[INFO] [stdout] 
[INFO] [stdout] 
[INFO] [stdout] error[E0599]: no function or associated item named `i64` found for struct `proc_macro::Literal` in the current scope
[INFO] [stdout]    --> /opt/rustwide/cargo-home/registry/src/github.com-1ecc6299db9ec823/proc-macro2-0.1.10/src/unstable.rs:378:19
[INFO] [stdout]     |
[INFO] [stdout] 378 |     i8, i16, i32, i64, isize,
[INFO] [stdout]     |                   ^^^ function or associated item not found in `proc_macro::Literal`
[INFO] [stdout] 
[INFO] [stdout] 
[INFO] [stdout] error[E0599]: no function or associated item named `isize` found for struct `proc_macro::Literal` in the current scope
[INFO] [stdout]    --> /opt/rustwide/cargo-home/registry/src/github.com-1ecc6299db9ec823/proc-macro2-0.1.10/src/unstable.rs:378:24
[INFO] [stdout]     |
[INFO] [stdout] 378 |     i8, i16, i32, i64, isize,
[INFO] [stdout]     |                        ^^^^^ function or associated item not found in `proc_macro::Literal`
[INFO] [stdout] 
[INFO] [stdout] 
[INFO] [stdout] error[E0599]: no function or associated item named `f32` found for struct `proc_macro::Literal` in the current scope
[INFO] [stdout]    --> /opt/rustwide/cargo-home/registry/src/github.com-1ecc6299db9ec823/proc-macro2-0.1.10/src/unstable.rs:392:5
[INFO] [stdout]     |
[INFO] [stdout] 392 |     f32, f64,
[INFO] [stdout]     |     ^^^ function or associated item not found in `proc_macro::Literal`
[INFO] [stdout] 
[INFO] [stdout] 
[INFO] [stdout] error[E0599]: no function or associated item named `f64` found for struct `proc_macro::Literal` in the current scope
[INFO] [stdout]    --> /opt/rustwide/cargo-home/registry/src/github.com-1ecc6299db9ec823/proc-macro2-0.1.10/src/unstable.rs:392:10
[INFO] [stdout]     |
[INFO] [stdout] 392 |     f32, f64,
[INFO] [stdout]     |          ^^^ function or associated item not found in `proc_macro::Literal`
[INFO] [stdout] 
[INFO] [stdout] 
[INFO] [stdout] error: aborting due to 31 previous errors
[INFO] [stdout] 
[INFO] [stdout] 
[INFO] [stdout] Some errors have detailed explanations: E0412, E0433, E0554, E0574, E0599, E0609, E0658.
[INFO] [stdout] 
[INFO] [stdout] For more information about an error, try `rustc --explain E0412`.
[INFO] [stdout] 
[INFO] [stderr] error: build failed
[INFO] running `Command { std: "docker" "inspect" "0cf83f9ff76ceb2c06674088644bbb80dc030248003723c656d1030d50b63c6c", kill_on_drop: false }`
[INFO] running `Command { std: "docker" "rm" "-f" "0cf83f9ff76ceb2c06674088644bbb80dc030248003723c656d1030d50b63c6c", kill_on_drop: false }`
[INFO] [stdout] 0cf83f9ff76ceb2c06674088644bbb80dc030248003723c656d1030d50b63c6c
