[INFO] cloning repository https://github.com/tofraley/example-actix-service
[INFO] running `Command { std: "git" "-c" "credential.helper=" "-c" "credential.helper=/workspace/cargo-home/bin/git-credential-null" "clone" "--bare" "https://github.com/tofraley/example-actix-service" "/workspace/cache/git-repos/https%3A%2F%2Fgithub.com%2Ftofraley%2Fexample-actix-service", kill_on_drop: false }`
[INFO] [stderr] Cloning into bare repository '/workspace/cache/git-repos/https%3A%2F%2Fgithub.com%2Ftofraley%2Fexample-actix-service'...
[INFO] running `Command { std: "git" "rev-parse" "HEAD", kill_on_drop: false }`
[INFO] [stdout] 783086997e4b2980e437cfc8084dcb55e4a646d0
[INFO] testing tofraley/example-actix-service against 1.54.0 for beta-1.55-1
[INFO] running `Command { std: "git" "clone" "/workspace/cache/git-repos/https%3A%2F%2Fgithub.com%2Ftofraley%2Fexample-actix-service" "/workspace/builds/worker-2/source", kill_on_drop: false }`
[INFO] [stderr] Cloning into '/workspace/builds/worker-2/source'...
[INFO] [stderr] done.
[INFO] validating manifest of git repo https://github.com/tofraley/example-actix-service on toolchain 1.54.0
[INFO] running `Command { std: "/workspace/cargo-home/bin/cargo" "+1.54.0" "metadata" "--manifest-path" "Cargo.toml" "--no-deps", kill_on_drop: false }`
[INFO] started tweaking git repo https://github.com/tofraley/example-actix-service
[INFO] finished tweaking git repo https://github.com/tofraley/example-actix-service
[INFO] tweaked toml for git repo https://github.com/tofraley/example-actix-service written to /workspace/builds/worker-2/source/Cargo.toml
[INFO] crate git repo https://github.com/tofraley/example-actix-service already has a lockfile, it will not be regenerated
[INFO] running `Command { std: "/workspace/cargo-home/bin/cargo" "+1.54.0" "fetch" "--manifest-path" "Cargo.toml", kill_on_drop: false }`
[INFO] running `Command { std: "docker" "create" "-v" "/var/lib/crater-agent-workspace/builds/worker-2/target:/opt/rustwide/target:rw,Z" "-v" "/var/lib/crater-agent-workspace/builds/worker-2/source:/opt/rustwide/workdir:ro,Z" "-v" "/var/lib/crater-agent-workspace/cargo-home:/opt/rustwide/cargo-home:ro,Z" "-v" "/var/lib/crater-agent-workspace/rustup-home:/opt/rustwide/rustup-home:ro,Z" "-e" "SOURCE_DIR=/opt/rustwide/workdir" "-e" "CARGO_TARGET_DIR=/opt/rustwide/target" "-e" "CARGO_HOME=/opt/rustwide/cargo-home" "-e" "RUSTUP_HOME=/opt/rustwide/rustup-home" "-w" "/opt/rustwide/workdir" "-m" "1610612736" "--user" "0:0" "--network" "none" "ghcr.io/rust-lang/crates-build-env/linux@sha256:34b6a614d2c27851fe6cbf88fbd1137609cefab8b10d0615aaeb6fd47975d74e" "/opt/rustwide/cargo-home/bin/cargo" "+1.54.0" "metadata" "--no-deps" "--format-version=1", kill_on_drop: false }`
[INFO] [stdout] e43baebc79b1fd43411f7ba56b7a86676a16238c6678d607974c9ff2e0bcaf3c
[INFO] running `Command { std: "docker" "start" "-a" "e43baebc79b1fd43411f7ba56b7a86676a16238c6678d607974c9ff2e0bcaf3c", kill_on_drop: false }`
[INFO] running `Command { std: "docker" "inspect" "e43baebc79b1fd43411f7ba56b7a86676a16238c6678d607974c9ff2e0bcaf3c", kill_on_drop: false }`
[INFO] running `Command { std: "docker" "rm" "-f" "e43baebc79b1fd43411f7ba56b7a86676a16238c6678d607974c9ff2e0bcaf3c", kill_on_drop: false }`
[INFO] [stdout] e43baebc79b1fd43411f7ba56b7a86676a16238c6678d607974c9ff2e0bcaf3c
[INFO] running `Command { std: "docker" "create" "-v" "/var/lib/crater-agent-workspace/builds/worker-2/target:/opt/rustwide/target:rw,Z" "-v" "/var/lib/crater-agent-workspace/builds/worker-2/source:/opt/rustwide/workdir:ro,Z" "-v" "/var/lib/crater-agent-workspace/cargo-home:/opt/rustwide/cargo-home:ro,Z" "-v" "/var/lib/crater-agent-workspace/rustup-home:/opt/rustwide/rustup-home:ro,Z" "-e" "SOURCE_DIR=/opt/rustwide/workdir" "-e" "CARGO_TARGET_DIR=/opt/rustwide/target" "-e" "CARGO_INCREMENTAL=0" "-e" "RUST_BACKTRACE=full" "-e" "RUSTFLAGS=--cap-lints=warn" "-e" "CARGO_HOME=/opt/rustwide/cargo-home" "-e" "RUSTUP_HOME=/opt/rustwide/rustup-home" "-w" "/opt/rustwide/workdir" "-m" "1610612736" "--user" "0:0" "--network" "none" "ghcr.io/rust-lang/crates-build-env/linux@sha256:34b6a614d2c27851fe6cbf88fbd1137609cefab8b10d0615aaeb6fd47975d74e" "/opt/rustwide/cargo-home/bin/cargo" "+1.54.0" "build" "--frozen" "--message-format=json", kill_on_drop: false }`
[INFO] [stdout] 820cf0b1a86faef0848b2146f2edc060d1005695ed5f02697eea2f82b1ae44bc
[INFO] running `Command { std: "docker" "start" "-a" "820cf0b1a86faef0848b2146f2edc060d1005695ed5f02697eea2f82b1ae44bc", kill_on_drop: false }`
[INFO] [stderr]    Compiling proc-macro2 v1.0.13
[INFO] [stderr]    Compiling syn v1.0.22
[INFO] [stderr]    Compiling proc-macro-nested v0.1.4
[INFO] [stderr]    Compiling once_cell v1.4.0
[INFO] [stderr]    Compiling arc-swap v0.4.6
[INFO] [stderr]    Compiling proc-macro-hack v0.5.15
[INFO] [stderr]    Compiling pin-project-lite v0.1.5
[INFO] [stderr]    Compiling gimli v0.21.0
[INFO] [stderr]    Compiling serde v1.0.110
[INFO] [stderr]    Compiling object v0.19.0
[INFO] [stderr]    Compiling cc v1.0.53
[INFO] [stderr]    Compiling num-traits v0.2.11
[INFO] [stderr]    Compiling num-integer v0.1.42
[INFO] [stderr]    Compiling bytestring v0.1.5
[INFO] [stderr]    Compiling http v0.2.1
[INFO] [stderr]    Compiling lru-cache v0.1.2
[INFO] [stderr]    Compiling iovec v0.1.4
[INFO] [stderr]    Compiling net2 v0.2.34
[INFO] [stderr]    Compiling parking_lot_core v0.7.2
[INFO] [stderr]    Compiling socket2 v0.3.12
[INFO] [stderr]    Compiling hostname v0.3.1
[INFO] [stderr]    Compiling time v0.1.43
[INFO] [stderr]    Compiling listenfd v0.3.3
[INFO] [stderr]    Compiling threadpool v1.8.1
[INFO] [stderr]    Compiling url v2.1.1
[INFO] [stderr]    Compiling flate2 v1.0.14
[INFO] [stderr]    Compiling futures-task v0.3.5
[INFO] [stderr]    Compiling resolv-conf v0.6.3
[INFO] [stderr]    Compiling signal-hook-registry v1.2.0
[INFO] [stderr]    Compiling parking_lot v0.10.2
[INFO] [stderr]    Compiling mio v0.6.22
[INFO] [stderr]    Compiling brotli-sys v0.3.2
[INFO] [stderr]    Compiling quote v1.0.6
[INFO] [stderr]    Compiling mio-uds v0.6.8
[INFO] [stderr]    Compiling tokio v0.2.21
[INFO] [stderr]    Compiling chrono v0.4.11
[INFO] [stderr]    Compiling addr2line v0.12.0
[INFO] [stderr]    Compiling backtrace v0.3.48
[INFO] [stderr]    Compiling tokio-util v0.2.0
[INFO] [stderr]    Compiling tokio-util v0.3.1
[INFO] [stderr]    Compiling actix-codec v0.2.0
[INFO] [stderr]    Compiling brotli2 v0.3.2
[INFO] [stderr]    Compiling synstructure v0.12.3
[INFO] [stderr]    Compiling pin-project-internal v0.4.17
[INFO] [stderr]    Compiling futures-macro v0.3.5
[INFO] [stderr]    Compiling derive_more v0.99.7
[INFO] [stderr]    Compiling actix-macros v0.1.2
[INFO] [stderr]    Compiling serde_derive v1.0.110
[INFO] [stderr]    Compiling failure_derive v0.1.8
[INFO] [stderr]    Compiling async-trait v0.1.31
[INFO] [stderr]    Compiling enum-as-inner v0.3.2
[INFO] [stderr]    Compiling actix-web-codegen v0.2.1
[INFO] [stderr]    Compiling failure v0.1.8
[INFO] [stderr]    Compiling pin-project v0.4.17
[INFO] [stderr]    Compiling futures-util v0.3.5
[INFO] [stderr]    Compiling actix-threadpool v0.3.1
[INFO] [stderr]    Compiling futures-executor v0.3.5
[INFO] [stderr]    Compiling actix-rt v1.1.1
[INFO] [stderr]    Compiling actix-service v1.0.5
[INFO] [stderr]    Compiling h2 v0.2.5
[INFO] [stderr]    Compiling futures v0.3.5
[INFO] [stderr]    Compiling trust-dns-proto v0.18.0-alpha.2
[INFO] [stderr]    Compiling actix-utils v1.0.6
[INFO] [stderr]    Compiling actix-server v1.0.2
[INFO] [stderr]    Compiling actix-tls v1.0.0
[INFO] [stderr]    Compiling trust-dns-resolver v0.18.0-alpha.2
[INFO] [stderr]    Compiling actix-testing v1.0.0
[INFO] [stderr]    Compiling actix-connect v1.0.2
[INFO] [stderr]    Compiling serde_json v1.0.53
[INFO] [stderr]    Compiling serde_urlencoded v0.6.1
[INFO] [stderr]    Compiling actix-router v0.2.4
[INFO] [stderr]    Compiling uuid v0.8.1
[INFO] [stderr]    Compiling actix-http v1.0.1
[INFO] [stderr]    Compiling awc v1.0.1
[INFO] [stderr]    Compiling actix-web v2.0.0
[INFO] [stderr]    Compiling student-service v0.1.0 (/opt/rustwide/workdir)
[INFO] [stderr]     Finished dev [unoptimized + debuginfo] target(s) in 1m 34s
[INFO] running `Command { std: "docker" "inspect" "820cf0b1a86faef0848b2146f2edc060d1005695ed5f02697eea2f82b1ae44bc", kill_on_drop: false }`
[INFO] running `Command { std: "docker" "rm" "-f" "820cf0b1a86faef0848b2146f2edc060d1005695ed5f02697eea2f82b1ae44bc", kill_on_drop: false }`
[INFO] [stdout] 820cf0b1a86faef0848b2146f2edc060d1005695ed5f02697eea2f82b1ae44bc
[INFO] running `Command { std: "docker" "create" "-v" "/var/lib/crater-agent-workspace/builds/worker-2/target:/opt/rustwide/target:rw,Z" "-v" "/var/lib/crater-agent-workspace/builds/worker-2/source:/opt/rustwide/workdir:ro,Z" "-v" "/var/lib/crater-agent-workspace/cargo-home:/opt/rustwide/cargo-home:ro,Z" "-v" "/var/lib/crater-agent-workspace/rustup-home:/opt/rustwide/rustup-home:ro,Z" "-e" "SOURCE_DIR=/opt/rustwide/workdir" "-e" "CARGO_TARGET_DIR=/opt/rustwide/target" "-e" "CARGO_INCREMENTAL=0" "-e" "RUST_BACKTRACE=full" "-e" "RUSTFLAGS=--cap-lints=warn" "-e" "CARGO_HOME=/opt/rustwide/cargo-home" "-e" "RUSTUP_HOME=/opt/rustwide/rustup-home" "-w" "/opt/rustwide/workdir" "-m" "1610612736" "--user" "0:0" "--network" "none" "ghcr.io/rust-lang/crates-build-env/linux@sha256:34b6a614d2c27851fe6cbf88fbd1137609cefab8b10d0615aaeb6fd47975d74e" "/opt/rustwide/cargo-home/bin/cargo" "+1.54.0" "test" "--frozen" "--no-run" "--message-format=json", kill_on_drop: false }`
[INFO] [stdout] a948ea3cfa81353f588d0c68bf710f650bc2a17a6c12bf8b859f077a07649539
[INFO] running `Command { std: "docker" "start" "-a" "a948ea3cfa81353f588d0c68bf710f650bc2a17a6c12bf8b859f077a07649539", kill_on_drop: false }`
[INFO] [stderr]    Compiling student-service v0.1.0 (/opt/rustwide/workdir)
[INFO] [stdout] error[E0608]: cannot index into a value of type `Mutex<Vec<Student>>`
[INFO] [stdout]   --> src/lib.rs:77:20
[INFO] [stdout]    |
[INFO] [stdout] 77 |         assert_eq!(repo.students[0].id, "123".to_string());
[INFO] [stdout]    |                    ^^^^^^^^^^^^^^^^
[INFO] [stdout] 
[INFO] [stdout] 
[INFO] [stdout] error[E0608]: cannot index into a value of type `Mutex<Vec<Student>>`
[INFO] [stdout]   --> src/lib.rs:91:34
[INFO] [stdout]    |
[INFO] [stdout] 91 |         assert_eq!(actual, Some(&repo.students[0]));
[INFO] [stdout]    |                                  ^^^^^^^^^^^^^^^^
[INFO] [stdout] 
[INFO] [stdout] 
[INFO] [stdout] error: aborting due to 2 previous errors
[INFO] [stdout] 
[INFO] [stdout] 
[INFO] [stdout] For more information about this error, try `rustc --explain E0608`.
[INFO] [stdout] 
[INFO] [stderr] error: could not compile `student-service`
[INFO] [stderr] 
[INFO] [stderr] To learn more, run the command again with --verbose.
[INFO] [stderr] warning: build failed, waiting for other jobs to finish...
[INFO] [stdout] error[E0277]: can't compare `Vec<Student>` with `&Vec<Student>`
[INFO] [stdout]   --> src/main.rs:75:9
[INFO] [stdout]    |
[INFO] [stdout] 75 |         assert_eq!(repository.get_students(), &resp);
[INFO] [stdout]    |         ^^^^^^^^^^^^^^^^^^^^^^^^^^^^^^^^^^^^^^^^^^^^^ no implementation for `Vec<Student> == &Vec<Student>`
[INFO] [stdout]    |
[INFO] [stdout]    = help: the trait `PartialEq<&Vec<Student>>` is not implemented for `Vec<Student>`
[INFO] [stdout]    = note: this error originates in the macro `assert_eq` (in Nightly builds, run with -Z macro-backtrace for more info)
[INFO] [stdout] 
[INFO] [stdout] 
[INFO] [stdout] error: aborting due to previous error
[INFO] [stdout] 
[INFO] [stdout] 
[INFO] [stdout] For more information about this error, try `rustc --explain E0277`.
[INFO] [stdout] 
[INFO] [stderr] error: build failed
[INFO] running `Command { std: "docker" "inspect" "a948ea3cfa81353f588d0c68bf710f650bc2a17a6c12bf8b859f077a07649539", kill_on_drop: false }`
[INFO] running `Command { std: "docker" "rm" "-f" "a948ea3cfa81353f588d0c68bf710f650bc2a17a6c12bf8b859f077a07649539", kill_on_drop: false }`
[INFO] [stdout] a948ea3cfa81353f588d0c68bf710f650bc2a17a6c12bf8b859f077a07649539
