[INFO] cloning repository https://github.com/tjeerdhans/ppab1-rust
[INFO] running `Command { std: "git" "-c" "credential.helper=" "-c" "credential.helper=/workspace/cargo-home/bin/git-credential-null" "clone" "--bare" "https://github.com/tjeerdhans/ppab1-rust" "/workspace/cache/git-repos/https%3A%2F%2Fgithub.com%2Ftjeerdhans%2Fppab1-rust", kill_on_drop: false }`
[INFO] [stderr] Cloning into bare repository '/workspace/cache/git-repos/https%3A%2F%2Fgithub.com%2Ftjeerdhans%2Fppab1-rust'...
[INFO] running `Command { std: "git" "rev-parse" "HEAD", kill_on_drop: false }`
[INFO] [stdout] 9751f6387dc62fd3f867e2f7c86d2c490b309843
[INFO] testing tjeerdhans/ppab1-rust against 1.54.0 for beta-1.55-1
[INFO] running `Command { std: "git" "clone" "/workspace/cache/git-repos/https%3A%2F%2Fgithub.com%2Ftjeerdhans%2Fppab1-rust" "/workspace/builds/worker-112/source", kill_on_drop: false }`
[INFO] [stderr] Cloning into '/workspace/builds/worker-112/source'...
[INFO] [stderr] done.
[INFO] validating manifest of git repo https://github.com/tjeerdhans/ppab1-rust on toolchain 1.54.0
[INFO] running `Command { std: "/workspace/cargo-home/bin/cargo" "+1.54.0" "metadata" "--manifest-path" "Cargo.toml" "--no-deps", kill_on_drop: false }`
[INFO] started tweaking git repo https://github.com/tjeerdhans/ppab1-rust
[INFO] finished tweaking git repo https://github.com/tjeerdhans/ppab1-rust
[INFO] tweaked toml for git repo https://github.com/tjeerdhans/ppab1-rust written to /workspace/builds/worker-112/source/Cargo.toml
[INFO] crate git repo https://github.com/tjeerdhans/ppab1-rust already has a lockfile, it will not be regenerated
[INFO] running `Command { std: "/workspace/cargo-home/bin/cargo" "+1.54.0" "fetch" "--manifest-path" "Cargo.toml", kill_on_drop: false }`
[INFO] [stderr]     Blocking waiting for file lock on package cache
[INFO] running `Command { std: "docker" "create" "-v" "/var/lib/crater-agent-workspace/builds/worker-112/target:/opt/rustwide/target:rw,Z" "-v" "/var/lib/crater-agent-workspace/builds/worker-112/source:/opt/rustwide/workdir:ro,Z" "-v" "/var/lib/crater-agent-workspace/cargo-home:/opt/rustwide/cargo-home:ro,Z" "-v" "/var/lib/crater-agent-workspace/rustup-home:/opt/rustwide/rustup-home:ro,Z" "-e" "SOURCE_DIR=/opt/rustwide/workdir" "-e" "CARGO_TARGET_DIR=/opt/rustwide/target" "-e" "CARGO_HOME=/opt/rustwide/cargo-home" "-e" "RUSTUP_HOME=/opt/rustwide/rustup-home" "-w" "/opt/rustwide/workdir" "-m" "1610612736" "--user" "0:0" "--network" "none" "ghcr.io/rust-lang/crates-build-env/linux@sha256:34b6a614d2c27851fe6cbf88fbd1137609cefab8b10d0615aaeb6fd47975d74e" "/opt/rustwide/cargo-home/bin/cargo" "+1.54.0" "metadata" "--no-deps" "--format-version=1", kill_on_drop: false }`
[INFO] [stdout] b668e81eaad39359c8be00db8c43f560276713c2f8ab1aa2d1e632369b3b4634
[INFO] running `Command { std: "docker" "start" "-a" "b668e81eaad39359c8be00db8c43f560276713c2f8ab1aa2d1e632369b3b4634", kill_on_drop: false }`
[INFO] running `Command { std: "docker" "inspect" "b668e81eaad39359c8be00db8c43f560276713c2f8ab1aa2d1e632369b3b4634", kill_on_drop: false }`
[INFO] running `Command { std: "docker" "rm" "-f" "b668e81eaad39359c8be00db8c43f560276713c2f8ab1aa2d1e632369b3b4634", kill_on_drop: false }`
[INFO] [stdout] b668e81eaad39359c8be00db8c43f560276713c2f8ab1aa2d1e632369b3b4634
[INFO] running `Command { std: "docker" "create" "-v" "/var/lib/crater-agent-workspace/builds/worker-112/target:/opt/rustwide/target:rw,Z" "-v" "/var/lib/crater-agent-workspace/builds/worker-112/source:/opt/rustwide/workdir:ro,Z" "-v" "/var/lib/crater-agent-workspace/cargo-home:/opt/rustwide/cargo-home:ro,Z" "-v" "/var/lib/crater-agent-workspace/rustup-home:/opt/rustwide/rustup-home:ro,Z" "-e" "SOURCE_DIR=/opt/rustwide/workdir" "-e" "CARGO_TARGET_DIR=/opt/rustwide/target" "-e" "CARGO_INCREMENTAL=0" "-e" "RUST_BACKTRACE=full" "-e" "RUSTFLAGS=--cap-lints=warn" "-e" "CARGO_HOME=/opt/rustwide/cargo-home" "-e" "RUSTUP_HOME=/opt/rustwide/rustup-home" "-w" "/opt/rustwide/workdir" "-m" "1610612736" "--user" "0:0" "--network" "none" "ghcr.io/rust-lang/crates-build-env/linux@sha256:34b6a614d2c27851fe6cbf88fbd1137609cefab8b10d0615aaeb6fd47975d74e" "/opt/rustwide/cargo-home/bin/cargo" "+1.54.0" "build" "--frozen" "--message-format=json", kill_on_drop: false }`
[INFO] [stdout] 5d90fb4d54d8318a838ab91c67e3d5877201836979760f73001fb45c31383b8a
[INFO] running `Command { std: "docker" "start" "-a" "5d90fb4d54d8318a838ab91c67e3d5877201836979760f73001fb45c31383b8a", kill_on_drop: false }`
[INFO] [stderr]     Blocking waiting for file lock on package cache
[INFO] [stderr]    Compiling autocfg v1.0.0
[INFO] [stderr]    Compiling cfg-if v0.1.10
[INFO] [stderr]    Compiling maybe-uninit v2.0.0
[INFO] [stderr]    Compiling lazy_static v1.4.0
[INFO] [stderr]    Compiling libc v0.2.74
[INFO] [stderr]    Compiling byteorder v1.3.4
[INFO] [stderr]    Compiling rayon-core v1.7.1
[INFO] [stderr]    Compiling scopeguard v1.1.0
[INFO] [stderr]    Compiling adler32 v1.2.0
[INFO] [stderr]    Compiling crc32fast v1.2.0
[INFO] [stderr]    Compiling bitflags v1.2.1
[INFO] [stderr]    Compiling either v1.5.3
[INFO] [stderr]    Compiling lzw v0.10.0
[INFO] [stderr]    Compiling color_quant v1.0.1
[INFO] [stderr]    Compiling bytemuck v1.3.1
[INFO] [stderr]    Compiling scoped_threadpool v0.1.9
[INFO] [stderr]    Compiling miniz_oxide v0.3.7
[INFO] [stderr]    Compiling gif v0.10.3
[INFO] [stderr]    Compiling crossbeam-utils v0.7.2
[INFO] [stderr]    Compiling memoffset v0.5.5
[INFO] [stderr]    Compiling crossbeam-epoch v0.8.2
[INFO] [stderr]    Compiling num-traits v0.2.12
[INFO] [stderr]    Compiling num-integer v0.1.43
[INFO] [stderr]    Compiling rayon v1.3.1
[INFO] [stderr]    Compiling num-iter v0.1.41
[INFO] [stderr]    Compiling num-rational v0.3.0
[INFO] [stderr]    Compiling deflate v0.8.6
[INFO] [stderr]    Compiling tiff v0.5.0
[INFO] [stderr]    Compiling num_cpus v1.13.0
[INFO] [stderr]    Compiling png v0.16.7
[INFO] [stderr]    Compiling crossbeam-queue v0.2.3
[INFO] [stderr]    Compiling crossbeam-deque v0.7.3
[INFO] [stderr]    Compiling jpeg-decoder v0.1.20
[INFO] [stderr]    Compiling image v0.23.8
[INFO] [stderr]    Compiling asciiart v0.1.0 (/opt/rustwide/workdir)
[INFO] [stderr]     Finished dev [unoptimized + debuginfo] target(s) in 20.14s
[INFO] running `Command { std: "docker" "inspect" "5d90fb4d54d8318a838ab91c67e3d5877201836979760f73001fb45c31383b8a", kill_on_drop: false }`
[INFO] running `Command { std: "docker" "rm" "-f" "5d90fb4d54d8318a838ab91c67e3d5877201836979760f73001fb45c31383b8a", kill_on_drop: false }`
[INFO] [stdout] 5d90fb4d54d8318a838ab91c67e3d5877201836979760f73001fb45c31383b8a
[INFO] running `Command { std: "docker" "create" "-v" "/var/lib/crater-agent-workspace/builds/worker-112/target:/opt/rustwide/target:rw,Z" "-v" "/var/lib/crater-agent-workspace/builds/worker-112/source:/opt/rustwide/workdir:ro,Z" "-v" "/var/lib/crater-agent-workspace/cargo-home:/opt/rustwide/cargo-home:ro,Z" "-v" "/var/lib/crater-agent-workspace/rustup-home:/opt/rustwide/rustup-home:ro,Z" "-e" "SOURCE_DIR=/opt/rustwide/workdir" "-e" "CARGO_TARGET_DIR=/opt/rustwide/target" "-e" "CARGO_INCREMENTAL=0" "-e" "RUST_BACKTRACE=full" "-e" "RUSTFLAGS=--cap-lints=warn" "-e" "CARGO_HOME=/opt/rustwide/cargo-home" "-e" "RUSTUP_HOME=/opt/rustwide/rustup-home" "-w" "/opt/rustwide/workdir" "-m" "1610612736" "--user" "0:0" "--network" "none" "ghcr.io/rust-lang/crates-build-env/linux@sha256:34b6a614d2c27851fe6cbf88fbd1137609cefab8b10d0615aaeb6fd47975d74e" "/opt/rustwide/cargo-home/bin/cargo" "+1.54.0" "test" "--frozen" "--no-run" "--message-format=json", kill_on_drop: false }`
[INFO] [stdout] cdf4f05bea69c279da19cebc24d85c6d5e02febe7712aefaf6ffdd663ed9af61
[INFO] running `Command { std: "docker" "start" "-a" "cdf4f05bea69c279da19cebc24d85c6d5e02febe7712aefaf6ffdd663ed9af61", kill_on_drop: false }`
[INFO] [stderr]    Compiling asciiart v0.1.0 (/opt/rustwide/workdir)
[INFO] [stdout] error[E0425]: cannot find function `load_image` in this scope
[INFO] [stdout]  --> tests/tests.rs:9:19
[INFO] [stdout]   |
[INFO] [stdout] 9 |         let img = load_image("tests/images/ascii-pineapple.jpg");
[INFO] [stdout]   |                   ^^^^^^^^^^ not found in this scope
[INFO] [stdout] 
[INFO] [stdout] 
[INFO] [stdout] error[E0425]: cannot find function `get_dimensions` in this scope
[INFO] [stdout]   --> tests/tests.rs:10:20
[INFO] [stdout]    |
[INFO] [stdout] 10 |         let dims = get_dimensions(img);
[INFO] [stdout]    |                    ^^^^^^^^^^^^^^ not found in this scope
[INFO] [stdout] 
[INFO] [stdout] 
[INFO] [stdout] error[E0425]: cannot find function `load_image` in this scope
[INFO] [stdout]   --> tests/tests.rs:16:19
[INFO] [stdout]    |
[INFO] [stdout] 16 |         let img = load_image("tests/images/ascii-pineapple.jpg");
[INFO] [stdout]    |                   ^^^^^^^^^^ not found in this scope
[INFO] [stdout] 
[INFO] [stdout] 
[INFO] [stdout] error[E0425]: cannot find function `get_image_matrix` in this scope
[INFO] [stdout]   --> tests/tests.rs:17:22
[INFO] [stdout]    |
[INFO] [stdout] 17 |         let matrix = get_image_matrix(img);
[INFO] [stdout]    |                      ^^^^^^^^^^^^^^^^ not found in this scope
[INFO] [stdout] 
[INFO] [stdout] 
[INFO] [stdout] error[E0425]: cannot find function, tuple struct or tuple variant `Rgb` in this scope
[INFO] [stdout]   --> tests/tests.rs:19:34
[INFO] [stdout]    |
[INFO] [stdout] 19 |         assert_eq!(matrix[0][0], Rgb(1, 116, 209));
[INFO] [stdout]    |                                  ^^^ not found in this scope
[INFO] [stdout]    |
[INFO] [stdout] help: consider importing this tuple struct
[INFO] [stdout]    |
[INFO] [stdout] 3  |     use image::Rgb;
[INFO] [stdout]    |
[INFO] [stdout] 
[INFO] [stdout] 
[INFO] [stdout] error[E0425]: cannot find function `load_image` in this scope
[INFO] [stdout]   --> tests/tests.rs:24:19
[INFO] [stdout]    |
[INFO] [stdout] 24 |         let img = load_image("tests/images/ascii-pineapple.jpg");
[INFO] [stdout]    |                   ^^^^^^^^^^ not found in this scope
[INFO] [stdout] 
[INFO] [stdout] 
[INFO] [stdout] error[E0425]: cannot find function `get_image_matrix` in this scope
[INFO] [stdout]   --> tests/tests.rs:25:22
[INFO] [stdout]    |
[INFO] [stdout] 25 |         let matrix = get_image_matrix(img);
[INFO] [stdout]    |                      ^^^^^^^^^^^^^^^^ not found in this scope
[INFO] [stdout] 
[INFO] [stdout] 
[INFO] [stdout] error[E0425]: cannot find function `get_brightness_matrix` in this scope
[INFO] [stdout]   --> tests/tests.rs:26:33
[INFO] [stdout]    |
[INFO] [stdout] 26 |         let brightness_matrix = get_brightness_matrix(matrix);
[INFO] [stdout]    |                                 ^^^^^^^^^^^^^^^^^^^^^ not found in this scope
[INFO] [stdout] 
[INFO] [stdout] 
[INFO] [stdout] warning: unused import: `super::*`
[INFO] [stdout]  --> tests/tests.rs:3:9
[INFO] [stdout]   |
[INFO] [stdout] 3 |     use super::*;
[INFO] [stdout]   |         ^^^^^^^^
[INFO] [stdout]   |
[INFO] [stdout]   = note: `#[warn(unused_imports)]` on by default
[INFO] [stdout] 
[INFO] [stdout] 
[INFO] [stdout] error: aborting due to 8 previous errors; 1 warning emitted
[INFO] [stdout] 
[INFO] [stdout] 
[INFO] [stdout] For more information about this error, try `rustc --explain E0425`.
[INFO] [stdout] 
[INFO] [stderr] error: could not compile `asciiart`
[INFO] [stderr] 
[INFO] [stderr] To learn more, run the command again with --verbose.
[INFO] [stderr] warning: build failed, waiting for other jobs to finish...
[INFO] [stderr] error: build failed
[INFO] running `Command { std: "docker" "inspect" "cdf4f05bea69c279da19cebc24d85c6d5e02febe7712aefaf6ffdd663ed9af61", kill_on_drop: false }`
[INFO] running `Command { std: "docker" "rm" "-f" "cdf4f05bea69c279da19cebc24d85c6d5e02febe7712aefaf6ffdd663ed9af61", kill_on_drop: false }`
[INFO] [stdout] cdf4f05bea69c279da19cebc24d85c6d5e02febe7712aefaf6ffdd663ed9af61
