[INFO] cloning repository https://github.com/thiolliere/mimesis
[INFO] running `Command { std: "git" "-c" "credential.helper=" "-c" "credential.helper=/workspace/cargo-home/bin/git-credential-null" "clone" "--bare" "https://github.com/thiolliere/mimesis" "/workspace/cache/git-repos/https%3A%2F%2Fgithub.com%2Fthiolliere%2Fmimesis", kill_on_drop: false }`
[INFO] [stderr] Cloning into bare repository '/workspace/cache/git-repos/https%3A%2F%2Fgithub.com%2Fthiolliere%2Fmimesis'...
[INFO] running `Command { std: "git" "rev-parse" "HEAD", kill_on_drop: false }`
[INFO] [stdout] cef2478039fc504ff2d076142beaff71d69c450f
[INFO] testing thiolliere/mimesis against 1.54.0 for beta-1.55-1
[INFO] running `Command { std: "git" "clone" "/workspace/cache/git-repos/https%3A%2F%2Fgithub.com%2Fthiolliere%2Fmimesis" "/workspace/builds/worker-117/source", kill_on_drop: false }`
[INFO] [stderr] Cloning into '/workspace/builds/worker-117/source'...
[INFO] [stderr] done.
[INFO] validating manifest of git repo https://github.com/thiolliere/mimesis on toolchain 1.54.0
[INFO] running `Command { std: "/workspace/cargo-home/bin/cargo" "+1.54.0" "metadata" "--manifest-path" "Cargo.toml" "--no-deps", kill_on_drop: false }`
[INFO] started tweaking git repo https://github.com/thiolliere/mimesis
[INFO] finished tweaking git repo https://github.com/thiolliere/mimesis
[INFO] tweaked toml for git repo https://github.com/thiolliere/mimesis written to /workspace/builds/worker-117/source/Cargo.toml
[INFO] crate git repo https://github.com/thiolliere/mimesis already has a lockfile, it will not be regenerated
[INFO] running `Command { std: "/workspace/cargo-home/bin/cargo" "+1.54.0" "fetch" "--manifest-path" "Cargo.toml", kill_on_drop: false }`
[INFO] [stderr]     Blocking waiting for file lock on package cache
[INFO] [stderr]     Blocking waiting for file lock on package cache
[INFO] [stderr]  Downloading crates ...
[INFO] [stderr]   Downloaded memmap v0.6.1
[INFO] [stderr]   Downloaded wayland-window v0.13.2
[INFO] [stderr]   Downloaded dlib v0.4.0
[INFO] [stderr]   Downloaded core-graphics v0.10.0
[INFO] [stderr]   Downloaded cocoa v0.11.0
[INFO] [stderr]   Downloaded x11-dl v2.17.1
[INFO] [stderr]   Downloaded winit v0.9.0
[INFO] [stderr]   Downloaded wayland-kbd v0.13.0
[INFO] [stderr]   Downloaded wayland-protocols v0.12.3
[INFO] [stderr]   Downloaded wayland-client v0.12.3
[INFO] [stderr]   Downloaded wayland-scanner v0.12.3
[INFO] [stderr]   Downloaded wayland-sys v0.12.3
[INFO] running `Command { std: "docker" "create" "-v" "/var/lib/crater-agent-workspace/builds/worker-117/target:/opt/rustwide/target:rw,Z" "-v" "/var/lib/crater-agent-workspace/builds/worker-117/source:/opt/rustwide/workdir:ro,Z" "-v" "/var/lib/crater-agent-workspace/cargo-home:/opt/rustwide/cargo-home:ro,Z" "-v" "/var/lib/crater-agent-workspace/rustup-home:/opt/rustwide/rustup-home:ro,Z" "-e" "SOURCE_DIR=/opt/rustwide/workdir" "-e" "CARGO_TARGET_DIR=/opt/rustwide/target" "-e" "CARGO_HOME=/opt/rustwide/cargo-home" "-e" "RUSTUP_HOME=/opt/rustwide/rustup-home" "-w" "/opt/rustwide/workdir" "-m" "1610612736" "--user" "0:0" "--network" "none" "ghcr.io/rust-lang/crates-build-env/linux@sha256:34b6a614d2c27851fe6cbf88fbd1137609cefab8b10d0615aaeb6fd47975d74e" "/opt/rustwide/cargo-home/bin/cargo" "+1.54.0" "metadata" "--no-deps" "--format-version=1", kill_on_drop: false }`
[INFO] [stdout] d2fab5275539e45e8e2cc5f0bf98e3edcb89cdc69d2ce233de1c2a056595d879
[INFO] running `Command { std: "docker" "start" "-a" "d2fab5275539e45e8e2cc5f0bf98e3edcb89cdc69d2ce233de1c2a056595d879", kill_on_drop: false }`
[INFO] running `Command { std: "docker" "inspect" "d2fab5275539e45e8e2cc5f0bf98e3edcb89cdc69d2ce233de1c2a056595d879", kill_on_drop: false }`
[INFO] running `Command { std: "docker" "rm" "-f" "d2fab5275539e45e8e2cc5f0bf98e3edcb89cdc69d2ce233de1c2a056595d879", kill_on_drop: false }`
[INFO] [stdout] d2fab5275539e45e8e2cc5f0bf98e3edcb89cdc69d2ce233de1c2a056595d879
[INFO] running `Command { std: "docker" "create" "-v" "/var/lib/crater-agent-workspace/builds/worker-117/target:/opt/rustwide/target:rw,Z" "-v" "/var/lib/crater-agent-workspace/builds/worker-117/source:/opt/rustwide/workdir:ro,Z" "-v" "/var/lib/crater-agent-workspace/cargo-home:/opt/rustwide/cargo-home:ro,Z" "-v" "/var/lib/crater-agent-workspace/rustup-home:/opt/rustwide/rustup-home:ro,Z" "-e" "SOURCE_DIR=/opt/rustwide/workdir" "-e" "CARGO_TARGET_DIR=/opt/rustwide/target" "-e" "CARGO_INCREMENTAL=0" "-e" "RUST_BACKTRACE=full" "-e" "RUSTFLAGS=--cap-lints=warn" "-e" "CARGO_HOME=/opt/rustwide/cargo-home" "-e" "RUSTUP_HOME=/opt/rustwide/rustup-home" "-w" "/opt/rustwide/workdir" "-m" "1610612736" "--user" "0:0" "--network" "none" "ghcr.io/rust-lang/crates-build-env/linux@sha256:34b6a614d2c27851fe6cbf88fbd1137609cefab8b10d0615aaeb6fd47975d74e" "/opt/rustwide/cargo-home/bin/cargo" "+1.54.0" "build" "--frozen" "--message-format=json", kill_on_drop: false }`
[INFO] [stdout] c5f7b9160c5082bbeac35eedf531e14862853fa8a48c456e694d71eefb10418b
[INFO] running `Command { std: "docker" "start" "-a" "c5f7b9160c5082bbeac35eedf531e14862853fa8a48c456e694d71eefb10418b", kill_on_drop: false }`
[INFO] [stderr]     Blocking waiting for file lock on package cache
[INFO] [stderr]    Compiling bitflags v1.0.1
[INFO] [stderr]    Compiling lazy_static v1.0.0
[INFO] [stderr]    Compiling libloading v0.4.3
[INFO] [stderr]    Compiling libc v0.2.34
[INFO] [stderr]    Compiling token_store v0.1.2
[INFO] [stderr]    Compiling pkg-config v0.3.9
[INFO] [stderr]    Compiling serde v1.0.23
[INFO] [stderr]    Compiling itoa v0.3.4
[INFO] [stderr]    Compiling num-traits v0.1.41
[INFO] [stderr]    Compiling xml-rs v0.7.0
[INFO] [stderr]    Compiling rand v0.3.18
[INFO] [stderr]    Compiling memmap v0.6.1
[INFO] [stderr]    Compiling x11-dl v2.17.1
[INFO] [stderr]    Compiling wayland-scanner v0.12.3
[INFO] [stderr]    Compiling dlib v0.4.0
[INFO] [stderr]    Compiling serde_json v1.0.8
[INFO] [stderr]    Compiling tempfile v2.2.0
[INFO] [stderr]    Compiling wayland-sys v0.12.3
[INFO] [stderr]    Compiling wayland-client v0.12.3
[INFO] [stderr]    Compiling wayland-protocols v0.12.3
[INFO] [stderr]    Compiling stdweb v0.1.3
[INFO] [stderr]    Compiling wayland-kbd v0.13.0
[INFO] [stderr]    Compiling wayland-window v0.13.2
[INFO] [stderr]    Compiling winit v0.9.0
[INFO] [stderr]    Compiling mimesis v0.1.0 (/opt/rustwide/workdir)
[INFO] [stdout] error[E0369]: cannot divide `Value` by `{integer}`
[INFO] [stdout]   --> src/main.rs:61:47
[INFO] [stdout]    |
[INFO] [stdout] 61 |                     touch.location.0 -= (width/2) as f64;
[INFO] [stdout]    |                                          -----^- {integer}
[INFO] [stdout]    |                                          |
[INFO] [stdout]    |                                          Value
[INFO] [stdout] 
[INFO] [stdout] 
[INFO] [stdout] error[E0369]: cannot divide `Value` by `{integer}`
[INFO] [stdout]   --> src/main.rs:62:47
[INFO] [stdout]    |
[INFO] [stdout] 62 |                     touch.location.0 /= (width/2) as f64;
[INFO] [stdout]    |                                          -----^- {integer}
[INFO] [stdout]    |                                          |
[INFO] [stdout]    |                                          Value
[INFO] [stdout] 
[INFO] [stdout] 
[INFO] [stdout] error[E0369]: cannot divide `Value` by `{integer}`
[INFO] [stdout]   --> src/main.rs:63:48
[INFO] [stdout]    |
[INFO] [stdout] 63 |                     touch.location.1 -= (height/2) as f64;
[INFO] [stdout]    |                                          ------^- {integer}
[INFO] [stdout]    |                                          |
[INFO] [stdout]    |                                          Value
[INFO] [stdout] 
[INFO] [stdout] 
[INFO] [stdout] error[E0369]: cannot divide `Value` by `{integer}`
[INFO] [stdout]   --> src/main.rs:64:48
[INFO] [stdout]    |
[INFO] [stdout] 64 |                     touch.location.1 /= (height/2) as f64;
[INFO] [stdout]    |                                          ------^- {integer}
[INFO] [stdout]    |                                          |
[INFO] [stdout]    |                                          Value
[INFO] [stdout] 
[INFO] [stdout] 
[INFO] [stdout] error: aborting due to 4 previous errors
[INFO] [stdout] 
[INFO] [stdout] 
[INFO] [stdout] For more information about this error, try `rustc --explain E0369`.
[INFO] [stdout] 
[INFO] [stderr] error: could not compile `mimesis`
[INFO] [stderr] 
[INFO] [stderr] To learn more, run the command again with --verbose.
[INFO] running `Command { std: "docker" "inspect" "c5f7b9160c5082bbeac35eedf531e14862853fa8a48c456e694d71eefb10418b", kill_on_drop: false }`
[INFO] running `Command { std: "docker" "rm" "-f" "c5f7b9160c5082bbeac35eedf531e14862853fa8a48c456e694d71eefb10418b", kill_on_drop: false }`
[INFO] [stdout] c5f7b9160c5082bbeac35eedf531e14862853fa8a48c456e694d71eefb10418b
