[INFO] cloning repository https://github.com/therealklanni/jp-cli
[INFO] running `Command { std: "git" "-c" "credential.helper=" "-c" "credential.helper=/workspace/cargo-home/bin/git-credential-null" "clone" "--bare" "https://github.com/therealklanni/jp-cli" "/workspace/cache/git-repos/https%3A%2F%2Fgithub.com%2Ftherealklanni%2Fjp-cli", kill_on_drop: false }`
[INFO] [stderr] Cloning into bare repository '/workspace/cache/git-repos/https%3A%2F%2Fgithub.com%2Ftherealklanni%2Fjp-cli'...
[INFO] running `Command { std: "git" "rev-parse" "HEAD", kill_on_drop: false }`
[INFO] [stdout] 1e131e05fddadd98ddcaaff368fb8b91bfcbbf85
[INFO] testing therealklanni/jp-cli against beta-2021-08-01 for beta-1.55-1
[INFO] running `Command { std: "git" "clone" "/workspace/cache/git-repos/https%3A%2F%2Fgithub.com%2Ftherealklanni%2Fjp-cli" "/workspace/builds/worker-74/source", kill_on_drop: false }`
[INFO] [stderr] Cloning into '/workspace/builds/worker-74/source'...
[INFO] [stderr] done.
[INFO] validating manifest of git repo https://github.com/therealklanni/jp-cli on toolchain beta-2021-08-01
[INFO] running `Command { std: "/workspace/cargo-home/bin/cargo" "+beta-2021-08-01" "metadata" "--manifest-path" "Cargo.toml" "--no-deps", kill_on_drop: false }`
[INFO] removed /workspace/builds/worker-74/source/rust-toolchain
[INFO] started tweaking git repo https://github.com/therealklanni/jp-cli
[INFO] finished tweaking git repo https://github.com/therealklanni/jp-cli
[INFO] tweaked toml for git repo https://github.com/therealklanni/jp-cli written to /workspace/builds/worker-74/source/Cargo.toml
[INFO] crate git repo https://github.com/therealklanni/jp-cli already has a lockfile, it will not be regenerated
[INFO] running `Command { std: "/workspace/cargo-home/bin/cargo" "+beta-2021-08-01" "fetch" "--manifest-path" "Cargo.toml", kill_on_drop: false }`
[INFO] [stderr]     Blocking waiting for file lock on package cache
[INFO] [stderr]     Blocking waiting for file lock on package cache
[INFO] [stderr]  Downloading crates ...
[INFO] [stderr]   Downloaded exit v0.1.0
[INFO] running `Command { std: "docker" "create" "-v" "/var/lib/crater-agent-workspace/builds/worker-74/target:/opt/rustwide/target:rw,Z" "-v" "/var/lib/crater-agent-workspace/builds/worker-74/source:/opt/rustwide/workdir:ro,Z" "-v" "/var/lib/crater-agent-workspace/cargo-home:/opt/rustwide/cargo-home:ro,Z" "-v" "/var/lib/crater-agent-workspace/rustup-home:/opt/rustwide/rustup-home:ro,Z" "-e" "SOURCE_DIR=/opt/rustwide/workdir" "-e" "CARGO_TARGET_DIR=/opt/rustwide/target" "-e" "CARGO_HOME=/opt/rustwide/cargo-home" "-e" "RUSTUP_HOME=/opt/rustwide/rustup-home" "-w" "/opt/rustwide/workdir" "-m" "1610612736" "--user" "0:0" "--network" "none" "ghcr.io/rust-lang/crates-build-env/linux@sha256:34b6a614d2c27851fe6cbf88fbd1137609cefab8b10d0615aaeb6fd47975d74e" "/opt/rustwide/cargo-home/bin/cargo" "+beta-2021-08-01" "metadata" "--no-deps" "--format-version=1", kill_on_drop: false }`
[INFO] [stdout] 052a04286778c7c91eb8f47b54d501900b5d8ceac24e35e9cc689cbfe9e3e641
[INFO] running `Command { std: "docker" "start" "-a" "052a04286778c7c91eb8f47b54d501900b5d8ceac24e35e9cc689cbfe9e3e641", kill_on_drop: false }`
[INFO] running `Command { std: "docker" "inspect" "052a04286778c7c91eb8f47b54d501900b5d8ceac24e35e9cc689cbfe9e3e641", kill_on_drop: false }`
[INFO] running `Command { std: "docker" "rm" "-f" "052a04286778c7c91eb8f47b54d501900b5d8ceac24e35e9cc689cbfe9e3e641", kill_on_drop: false }`
[INFO] [stdout] 052a04286778c7c91eb8f47b54d501900b5d8ceac24e35e9cc689cbfe9e3e641
[INFO] running `Command { std: "docker" "create" "-v" "/var/lib/crater-agent-workspace/builds/worker-74/target:/opt/rustwide/target:rw,Z" "-v" "/var/lib/crater-agent-workspace/builds/worker-74/source:/opt/rustwide/workdir:ro,Z" "-v" "/var/lib/crater-agent-workspace/cargo-home:/opt/rustwide/cargo-home:ro,Z" "-v" "/var/lib/crater-agent-workspace/rustup-home:/opt/rustwide/rustup-home:ro,Z" "-e" "SOURCE_DIR=/opt/rustwide/workdir" "-e" "CARGO_TARGET_DIR=/opt/rustwide/target" "-e" "CARGO_INCREMENTAL=0" "-e" "RUST_BACKTRACE=full" "-e" "RUSTFLAGS=--cap-lints=warn" "-e" "CARGO_HOME=/opt/rustwide/cargo-home" "-e" "RUSTUP_HOME=/opt/rustwide/rustup-home" "-w" "/opt/rustwide/workdir" "-m" "1610612736" "--user" "0:0" "--network" "none" "ghcr.io/rust-lang/crates-build-env/linux@sha256:34b6a614d2c27851fe6cbf88fbd1137609cefab8b10d0615aaeb6fd47975d74e" "/opt/rustwide/cargo-home/bin/cargo" "+beta-2021-08-01" "build" "--frozen" "--message-format=json", kill_on_drop: false }`
[INFO] [stdout] 5fb0e106039c3442e2efe43ef25cf53bdb9b150a7ac4d739cac1c865ed1b3e61
[INFO] running `Command { std: "docker" "start" "-a" "5fb0e106039c3442e2efe43ef25cf53bdb9b150a7ac4d739cac1c865ed1b3e61", kill_on_drop: false }`
[INFO] [stderr]     Blocking waiting for file lock on package cache
[INFO] [stderr]    Compiling serde v1.0.66
[INFO] [stderr]    Compiling ryu v0.2.7
[INFO] [stderr]    Compiling unicode-width v0.1.5
[INFO] [stderr]    Compiling libc v0.2.42
[INFO] [stderr]    Compiling vec_map v0.8.1
[INFO] [stderr]    Compiling strsim v0.7.0
[INFO] [stderr]    Compiling bitflags v1.0.3
[INFO] [stderr]    Compiling itoa v0.4.3
[INFO] [stderr]    Compiling exit v0.1.0
[INFO] [stdout] error[E0437]: type `Ok` is not a member of trait `Try`
[INFO] [stdout]   --> /opt/rustwide/cargo-home/registry/src/github.com-1ecc6299db9ec823/exit-0.1.0/src/lib.rs:26:5
[INFO] [stdout]    |
[INFO] [stdout] 26 |     type Ok = ();
[INFO] [stdout]    |     ^^^^^^^^^^^^^ not a member of trait `Try`
[INFO] [stdout] 
[INFO] [stdout] 
[INFO] [stdout] error[E0437]: type `Error` is not a member of trait `Try`
[INFO] [stdout]   --> /opt/rustwide/cargo-home/registry/src/github.com-1ecc6299db9ec823/exit-0.1.0/src/lib.rs:27:5
[INFO] [stdout]    |
[INFO] [stdout] 27 |     type Error = T;
[INFO] [stdout]    |     ^^^^^^^^^^^^^^^ not a member of trait `Try`
[INFO] [stdout] 
[INFO] [stdout] 
[INFO] [stdout] error[E0407]: method `into_result` is not a member of trait `Try`
[INFO] [stdout]   --> /opt/rustwide/cargo-home/registry/src/github.com-1ecc6299db9ec823/exit-0.1.0/src/lib.rs:29:5
[INFO] [stdout]    |
[INFO] [stdout] 29 | /     fn into_result(self) -> Result<Self::Ok, Self::Error> {
[INFO] [stdout] 30 | |         match self {
[INFO] [stdout] 31 | |             Exit::Ok => Ok(()),
[INFO] [stdout] 32 | |             Exit::Err(err) => Err(err)
[INFO] [stdout] 33 | |         }
[INFO] [stdout] 34 | |     }
[INFO] [stdout]    | |_____^ not a member of trait `Try`
[INFO] [stdout] 
[INFO] [stdout] 
[INFO] [stdout] error[E0407]: method `from_error` is not a member of trait `Try`
[INFO] [stdout]   --> /opt/rustwide/cargo-home/registry/src/github.com-1ecc6299db9ec823/exit-0.1.0/src/lib.rs:36:5
[INFO] [stdout]    |
[INFO] [stdout] 36 | /     fn from_error(err: Self::Error) -> Self {
[INFO] [stdout] 37 | |         Exit::Err(err)
[INFO] [stdout] 38 | |     }
[INFO] [stdout]    | |_____^ not a member of trait `Try`
[INFO] [stdout] 
[INFO] [stdout] 
[INFO] [stdout] error[E0407]: method `from_ok` is not a member of trait `Try`
[INFO] [stdout]   --> /opt/rustwide/cargo-home/registry/src/github.com-1ecc6299db9ec823/exit-0.1.0/src/lib.rs:40:5
[INFO] [stdout]    |
[INFO] [stdout] 40 | /     fn from_ok(_: Self::Ok) -> Self {
[INFO] [stdout] 41 | |         Exit::Ok
[INFO] [stdout] 42 | |     }
[INFO] [stdout]    | |_____^ not a member of trait `Try`
[INFO] [stdout] 
[INFO] [stdout] 
[INFO] [stdout] error[E0554]: `#![feature]` may not be used on the beta release channel
[INFO] [stdout]  --> /opt/rustwide/cargo-home/registry/src/github.com-1ecc6299db9ec823/exit-0.1.0/src/lib.rs:1:1
[INFO] [stdout]   |
[INFO] [stdout] 1 | #![feature(termination_trait_lib)]
[INFO] [stdout]   | ^^^^^^^^^^^^^^^^^^^^^^^^^^^^^^^^^^
[INFO] [stdout] 
[INFO] [stdout] 
[INFO] [stdout] error[E0554]: `#![feature]` may not be used on the beta release channel
[INFO] [stdout]  --> /opt/rustwide/cargo-home/registry/src/github.com-1ecc6299db9ec823/exit-0.1.0/src/lib.rs:2:1
[INFO] [stdout]   |
[INFO] [stdout] 2 | #![feature(try_trait)]
[INFO] [stdout]   | ^^^^^^^^^^^^^^^^^^^^^^
[INFO] [stdout] 
[INFO] [stdout] 
[INFO] [stdout] error[E0658]: use of unstable library feature 'try_trait_v2'
[INFO] [stdout]  --> /opt/rustwide/cargo-home/registry/src/github.com-1ecc6299db9ec823/exit-0.1.0/src/lib.rs:6:5
[INFO] [stdout]   |
[INFO] [stdout] 6 | use std::ops::Try;
[INFO] [stdout]   |     ^^^^^^^^^^^^^
[INFO] [stdout]   |
[INFO] [stdout]   = note: see issue #84277 <https://github.com/rust-lang/rust/issues/84277> for more information
[INFO] [stdout] 
[INFO] [stdout] 
[INFO] [stdout] error[E0658]: use of unstable library feature 'try_trait_v2'
[INFO] [stdout]   --> /opt/rustwide/cargo-home/registry/src/github.com-1ecc6299db9ec823/exit-0.1.0/src/lib.rs:25:9
[INFO] [stdout]    |
[INFO] [stdout] 25 | impl<T> Try for Exit<T> {
[INFO] [stdout]    |         ^^^
[INFO] [stdout]    |
[INFO] [stdout]    = note: see issue #84277 <https://github.com/rust-lang/rust/issues/84277> for more information
[INFO] [stdout] 
[INFO] [stdout] 
[INFO] [stdout] error[E0220]: associated type `Ok` not found for `Self`
[INFO] [stdout]   --> /opt/rustwide/cargo-home/registry/src/github.com-1ecc6299db9ec823/exit-0.1.0/src/lib.rs:29:42
[INFO] [stdout]    |
[INFO] [stdout] 29 |     fn into_result(self) -> Result<Self::Ok, Self::Error> {
[INFO] [stdout]    |                                          ^^ associated type `Ok` not found
[INFO] [stdout] 
[INFO] [stdout] 
[INFO] [stdout] error[E0220]: associated type `Error` not found for `Self`
[INFO] [stdout]   --> /opt/rustwide/cargo-home/registry/src/github.com-1ecc6299db9ec823/exit-0.1.0/src/lib.rs:29:52
[INFO] [stdout]    |
[INFO] [stdout] 29 |     fn into_result(self) -> Result<Self::Ok, Self::Error> {
[INFO] [stdout]    |                                                    ^^^^^ associated type `Error` not found
[INFO] [stdout] 
[INFO] [stdout] 
[INFO] [stdout] error[E0220]: associated type `Error` not found for `Self`
[INFO] [stdout]   --> /opt/rustwide/cargo-home/registry/src/github.com-1ecc6299db9ec823/exit-0.1.0/src/lib.rs:36:30
[INFO] [stdout]    |
[INFO] [stdout] 36 |     fn from_error(err: Self::Error) -> Self {
[INFO] [stdout]    |                              ^^^^^ associated type `Error` not found
[INFO] [stdout] 
[INFO] [stdout] 
[INFO] [stdout] error[E0220]: associated type `Ok` not found for `Self`
[INFO] [stdout]   --> /opt/rustwide/cargo-home/registry/src/github.com-1ecc6299db9ec823/exit-0.1.0/src/lib.rs:40:25
[INFO] [stdout]    |
[INFO] [stdout] 40 |     fn from_ok(_: Self::Ok) -> Self {
[INFO] [stdout]    |                         ^^ associated type `Ok` not found
[INFO] [stdout] 
[INFO] [stdout] 
[INFO] [stdout] error: aborting due to 13 previous errors
[INFO] [stdout] 
[INFO] [stdout] 
[INFO] [stdout] Some errors have detailed explanations: E0220, E0407, E0437, E0554, E0658.
[INFO] [stdout] 
[INFO] [stdout] For more information about an error, try `rustc --explain E0220`.
[INFO] [stdout] 
[INFO] [stderr] error: could not compile `exit` due to 14 previous errors
[INFO] [stderr] warning: build failed, waiting for other jobs to finish...
[INFO] [stderr] error: build failed
[INFO] running `Command { std: "docker" "inspect" "5fb0e106039c3442e2efe43ef25cf53bdb9b150a7ac4d739cac1c865ed1b3e61", kill_on_drop: false }`
[INFO] running `Command { std: "docker" "rm" "-f" "5fb0e106039c3442e2efe43ef25cf53bdb9b150a7ac4d739cac1c865ed1b3e61", kill_on_drop: false }`
[INFO] [stdout] 5fb0e106039c3442e2efe43ef25cf53bdb9b150a7ac4d739cac1c865ed1b3e61
