[INFO] cloning repository https://github.com/tetcoin-staging/parity-zcash
[INFO] running `Command { std: "git" "-c" "credential.helper=" "-c" "credential.helper=/workspace/cargo-home/bin/git-credential-null" "clone" "--bare" "https://github.com/tetcoin-staging/parity-zcash" "/workspace/cache/git-repos/https%3A%2F%2Fgithub.com%2Ftetcoin-staging%2Fparity-zcash", kill_on_drop: false }`
[INFO] [stderr] Cloning into bare repository '/workspace/cache/git-repos/https%3A%2F%2Fgithub.com%2Ftetcoin-staging%2Fparity-zcash'...
[INFO] running `Command { std: "git" "rev-parse" "HEAD", kill_on_drop: false }`
[INFO] [stdout] 6824acbb68dd8a6b36d8a6fc6a4c8a922e8f5d21
[INFO] testing tetcoin-staging/parity-zcash against 1.54.0 for beta-1.55-1
[INFO] running `Command { std: "git" "clone" "/workspace/cache/git-repos/https%3A%2F%2Fgithub.com%2Ftetcoin-staging%2Fparity-zcash" "/workspace/builds/worker-5/source", kill_on_drop: false }`
[INFO] [stderr] Cloning into '/workspace/builds/worker-5/source'...
[INFO] [stderr] done.
[INFO] validating manifest of git repo https://github.com/tetcoin-staging/parity-zcash on toolchain 1.54.0
[INFO] running `Command { std: "/workspace/cargo-home/bin/cargo" "+1.54.0" "metadata" "--manifest-path" "Cargo.toml" "--no-deps", kill_on_drop: false }`
[INFO] started tweaking git repo https://github.com/tetcoin-staging/parity-zcash
[INFO] finished tweaking git repo https://github.com/tetcoin-staging/parity-zcash
[INFO] tweaked toml for git repo https://github.com/tetcoin-staging/parity-zcash written to /workspace/builds/worker-5/source/Cargo.toml
[INFO] crate git repo https://github.com/tetcoin-staging/parity-zcash already has a lockfile, it will not be regenerated
[INFO] running `Command { std: "/workspace/cargo-home/bin/cargo" "+1.54.0" "fetch" "--manifest-path" "Cargo.toml", kill_on_drop: false }`
[INFO] running `Command { std: "docker" "create" "-v" "/var/lib/crater-agent-workspace/builds/worker-5/target:/opt/rustwide/target:rw,Z" "-v" "/var/lib/crater-agent-workspace/builds/worker-5/source:/opt/rustwide/workdir:ro,Z" "-v" "/var/lib/crater-agent-workspace/cargo-home:/opt/rustwide/cargo-home:ro,Z" "-v" "/var/lib/crater-agent-workspace/rustup-home:/opt/rustwide/rustup-home:ro,Z" "-e" "SOURCE_DIR=/opt/rustwide/workdir" "-e" "CARGO_TARGET_DIR=/opt/rustwide/target" "-e" "CARGO_HOME=/opt/rustwide/cargo-home" "-e" "RUSTUP_HOME=/opt/rustwide/rustup-home" "-w" "/opt/rustwide/workdir" "-m" "1610612736" "--user" "0:0" "--network" "none" "ghcr.io/rust-lang/crates-build-env/linux@sha256:34b6a614d2c27851fe6cbf88fbd1137609cefab8b10d0615aaeb6fd47975d74e" "/opt/rustwide/cargo-home/bin/cargo" "+1.54.0" "metadata" "--no-deps" "--format-version=1", kill_on_drop: false }`
[INFO] [stdout] d3060b62df1414d2215bbb8561224887527c33d4b8a26c5cd233849cd631027c
[INFO] [stderr] WARNING: Your kernel does not support swap limit capabilities or the cgroup is not mounted. Memory limited without swap.
[INFO] running `Command { std: "docker" "start" "-a" "d3060b62df1414d2215bbb8561224887527c33d4b8a26c5cd233849cd631027c", kill_on_drop: false }`
[INFO] running `Command { std: "docker" "inspect" "d3060b62df1414d2215bbb8561224887527c33d4b8a26c5cd233849cd631027c", kill_on_drop: false }`
[INFO] running `Command { std: "docker" "rm" "-f" "d3060b62df1414d2215bbb8561224887527c33d4b8a26c5cd233849cd631027c", kill_on_drop: false }`
[INFO] [stdout] d3060b62df1414d2215bbb8561224887527c33d4b8a26c5cd233849cd631027c
[INFO] running `Command { std: "docker" "create" "-v" "/var/lib/crater-agent-workspace/builds/worker-5/target:/opt/rustwide/target:rw,Z" "-v" "/var/lib/crater-agent-workspace/builds/worker-5/source:/opt/rustwide/workdir:ro,Z" "-v" "/var/lib/crater-agent-workspace/cargo-home:/opt/rustwide/cargo-home:ro,Z" "-v" "/var/lib/crater-agent-workspace/rustup-home:/opt/rustwide/rustup-home:ro,Z" "-e" "SOURCE_DIR=/opt/rustwide/workdir" "-e" "CARGO_TARGET_DIR=/opt/rustwide/target" "-e" "CARGO_INCREMENTAL=0" "-e" "RUST_BACKTRACE=full" "-e" "RUSTFLAGS=--cap-lints=warn" "-e" "CARGO_HOME=/opt/rustwide/cargo-home" "-e" "RUSTUP_HOME=/opt/rustwide/rustup-home" "-w" "/opt/rustwide/workdir" "-m" "1610612736" "--user" "0:0" "--network" "none" "ghcr.io/rust-lang/crates-build-env/linux@sha256:34b6a614d2c27851fe6cbf88fbd1137609cefab8b10d0615aaeb6fd47975d74e" "/opt/rustwide/cargo-home/bin/cargo" "+1.54.0" "build" "--frozen" "--message-format=json", kill_on_drop: false }`
[INFO] [stdout] 66ca469a9007b9c06134d2fe178482bb2f1d5e59ae03467c669670c77a01ec7e
[INFO] [stderr] WARNING: Your kernel does not support swap limit capabilities or the cgroup is not mounted. Memory limited without swap.
[INFO] running `Command { std: "docker" "start" "-a" "66ca469a9007b9c06134d2fe178482bb2f1d5e59ae03467c669670c77a01ec7e", kill_on_drop: false }`
[INFO] [stderr]    Compiling cfg-if v0.1.6
[INFO] [stderr]    Compiling rand_core v0.3.0
[INFO] [stderr]    Compiling byteorder v1.2.7
[INFO] [stderr]    Compiling futures v0.1.25
[INFO] [stderr]    Compiling lazy_static v1.2.0
[INFO] [stderr]    Compiling arrayvec v0.4.10
[INFO] [stderr]    Compiling nodrop v0.1.13
[INFO] [stderr]    Compiling void v1.0.2
[INFO] [stderr]    Compiling scopeguard v0.3.3
[INFO] [stderr]    Compiling stable_deref_trait v1.1.1
[INFO] [stderr]    Compiling autocfg v0.1.1
[INFO] [stderr]    Compiling itoa v0.4.3
[INFO] [stderr]    Compiling memoffset v0.2.1
[INFO] [stderr]    Compiling heapsize v0.3.9
[INFO] [stderr]    Compiling rustc-serialize v0.3.24
[INFO] [stderr]    Compiling heapsize v0.4.2 (https://github.com/cheme/heapsize.git?branch=ec-macfix#c07ffe84)
[INFO] [stderr]    Compiling slab v0.4.1
[INFO] [stderr]    Compiling crunchy v0.2.1
[INFO] [stderr]    Compiling constant_time_eq v0.1.3
[INFO] [stderr]    Compiling crossbeam v0.3.2
[INFO] [stderr]    Compiling bit-vec v0.4.4
[INFO] [stderr]    Compiling lazycell v1.2.1
[INFO] [stderr]    Compiling rustc-hex v2.0.1
[INFO] [stderr]    Compiling arrayref v0.3.5
[INFO] [stderr]    Compiling siphasher v0.1.3
[INFO] [stderr]    Compiling base58 v0.1.0
[INFO] [stderr]    Compiling quick-error v1.2.2
[INFO] [stderr]    Compiling ucd-util v0.1.3
[INFO] [stderr]    Compiling linked-hash-map v0.4.2
[INFO] [stderr]    Compiling fnv v1.0.6
[INFO] [stderr]    Compiling utf8-ranges v1.0.2
[INFO] [stderr]    Compiling scoped-tls v0.1.2
[INFO] [stderr]    Compiling either v1.5.0
[INFO] [stderr]    Compiling indexmap v1.0.2
[INFO] [stderr]    Compiling try-lock v0.2.2
[INFO] [stderr]    Compiling string v0.1.3
[INFO] [stderr]    Compiling unicode-width v0.1.5
[INFO] [stderr]    Compiling linked-hash-map v0.3.0
[INFO] [stderr]    Compiling termcolor v1.0.4
[INFO] [stderr]    Compiling vec_map v0.8.1
[INFO] [stderr]    Compiling xdg v2.2.0
[INFO] [stderr]    Compiling strsim v0.7.0
[INFO] [stderr]    Compiling ansi_term v0.11.0
[INFO] [stderr]    Compiling ansi_term v0.9.0
[INFO] [stderr]    Compiling bitflags v1.0.4
[INFO] [stderr]    Compiling yaml-rust v0.3.5
[INFO] [stderr]    Compiling cmake v0.1.35
[INFO] [stderr]    Compiling log v0.4.6
[INFO] [stderr]    Compiling crossbeam-utils v0.6.3
[INFO] [stderr]    Compiling crossbeam-utils v0.2.2
[INFO] [stderr]    Compiling unreachable v1.0.0
[INFO] [stderr]    Compiling rust-crypto v0.2.36 (https://github.com/nikvolf/rust-crypto?branch=no-pad#4acc67cb)
[INFO] [stderr]    Compiling owning_ref v0.4.0
[INFO] [stderr]    Compiling owning_ref v0.3.3
[INFO] [stderr]    Compiling thread_local v0.3.6
[INFO] [stderr]    Compiling rand_xorshift v0.1.1
[INFO] [stderr]    Compiling rand_isaac v0.1.1
[INFO] [stderr]    Compiling rand_hc v0.1.0
[INFO] [stderr]    Compiling rand_core v0.2.2
[INFO] [stderr]    Compiling eth-secp256k1 v0.5.7 (https://github.com/ethcore/rust-secp256k1#ccc06e74)
[INFO] [stderr]    Compiling getopts v0.2.18
[INFO] [stderr]    Compiling murmur3 v0.4.1
[INFO] [stderr]    Compiling regex-syntax v0.6.4
[INFO] [stderr]    Compiling rand_chacha v0.1.1
[INFO] [stderr]    Compiling rand v0.6.4
[INFO] [stderr]    Compiling humantime v1.2.0
[INFO] [stderr]    Compiling lru-cache v0.1.1
[INFO] [stderr]    Compiling textwrap v0.10.0
[INFO] [stderr]    Compiling libc v0.2.46
[INFO] [stderr]    Compiling serde v1.0.84
[INFO] [stderr]    Compiling ryu v0.2.7
[INFO] [stderr]    Compiling typenum v1.10.0
[INFO] [stderr]    Compiling app_dirs v1.2.1 (https://github.com/paritytech/app-dirs-rs#0b37f948)
[INFO] [stderr]    Compiling smallvec v0.6.7
[INFO] [stderr]    Compiling lock_api v0.1.5
[INFO] [stderr]    Compiling tokio-executor v0.1.6
[INFO] [stderr]    Compiling want v0.0.6
[INFO] [stderr]    Compiling parity-snappy-sys v0.1.2
[INFO] [stderr]    Compiling parity-rocksdb-sys v0.5.5 (https://github.com/paritytech/rust-rocksdb#5c69c8a8)
[INFO] [stderr]    Compiling httparse v1.3.3
[INFO] [stderr]    Compiling rand v0.4.5
[INFO] [stderr]    Compiling bigint v1.0.5
[INFO] [stderr]    Compiling pulldown-cmark v0.0.3
[INFO] [stderr]    Compiling unicase v2.2.0
[INFO] [stderr]    Compiling serialization_derive v0.1.0 (/opt/rustwide/workdir/serialization_derive)
[INFO] [stderr]    Compiling tokio-current-thread v0.1.4
[INFO] [stderr]    Compiling tokio-timer v0.2.8
[INFO] [stderr]    Compiling num_cpus v1.9.0
[INFO] [stderr]    Compiling iovec v0.1.2
[INFO] [stderr]    Compiling rand_os v0.1.1
[INFO] [stderr]    Compiling time v0.1.42
[INFO] [stderr]    Compiling net2 v0.2.33
[INFO] [stderr]    Compiling rand v0.5.5
[INFO] [stderr]    Compiling memchr v2.1.2
[INFO] [stderr]    Compiling atty v0.2.11
[INFO] [stderr]    Compiling syn v0.15.24
[INFO] [stderr]    Compiling elastic-array v0.6.0
[INFO] [stderr]    Compiling display_derive v0.0.0
[INFO] [stderr]    Compiling generic-array v0.9.0
[INFO] [stderr]    Compiling futures-cpupool v0.1.8
[INFO] [stderr]    Compiling blake2-rfc v0.2.18 (https://github.com/gtank/blake2-rfc.git?rev=7a5b5fc99ae483a0043db7547fb79a6fa44b88a9#7a5b5fc9)
[INFO] [stderr]    Compiling blake2b_simd v0.4.1 (https://github.com/oconnor663/blake2b_simd.git#b75a0d10)
[INFO] [stderr]    Compiling crossbeam-epoch v0.7.0
[INFO] [stderr]    Compiling crossbeam-epoch v0.3.1
[INFO] [stderr]    Compiling bytes v0.4.11
[INFO] [stderr]    Compiling tempdir v0.3.7
[INFO] [stderr]    Compiling rand_pcg v0.1.1
[INFO] [stderr]    Compiling clap v2.32.0
[INFO] [stderr]    Compiling mio v0.6.16
[INFO] [stderr]    Compiling aho-corasick v0.6.9
[INFO] [stderr]    Compiling csv-core v0.1.5
[INFO] [stderr]    Compiling rand v0.3.22
[INFO] [stderr]    Compiling pairing v0.14.2
[INFO] [stderr]    Compiling parking_lot_core v0.2.14
[INFO] [stderr]    Compiling digest v0.7.6
[INFO] [stderr]    Compiling skeptic v0.4.0
[INFO] [stderr]    Compiling crossbeam-deque v0.2.0
[INFO] [stderr]    Compiling crossbeam-deque v0.6.3
[INFO] [stderr]    Compiling tokio-io v0.1.11
[INFO] [stderr]    Compiling http v0.1.14
[INFO] [stderr]    Compiling bn v0.4.4 (https://github.com/paritytech/bn#5a4cedc2)
[INFO] [stderr]    Compiling abstract-ns v0.3.4
[INFO] [stderr]    Compiling regex v1.1.0
[INFO] [stderr]    Compiling parking_lot v0.4.8
[INFO] [stderr]    Compiling rayon-core v1.4.1
[INFO] [stderr]    Compiling mio-uds v0.6.7
[INFO] [stderr]    Compiling bellman v0.1.0
[INFO] [stderr]    Compiling local-encoding v0.2.0
[INFO] [stderr]    Compiling tokio-codec v0.1.1
[INFO] [stderr]    Compiling primitives v0.1.0 (/opt/rustwide/workdir/primitives)
[INFO] [stderr]    Compiling parking_lot_core v0.4.0
[INFO] [stdout] warning: use of deprecated macro `try`: use the `?` operator instead
[INFO] [stdout]    --> primitives/src/hash.rs:71:24
[INFO] [stdout]     |
[INFO] [stdout] 71  |                 let vec: Vec<u8> = try!(s.from_hex());
[INFO] [stdout]     |                                    ^^^
[INFO] [stdout] ...
[INFO] [stdout] 157 | impl_hash!(H32, 4);
[INFO] [stdout]     | ------------------- in this macro invocation
[INFO] [stdout]     |
[INFO] [stdout]     = note: `#[warn(deprecated)]` on by default
[INFO] [stdout]     = note: this warning originates in the macro `impl_hash` (in Nightly builds, run with -Z macro-backtrace for more info)
[INFO] [stdout] 
[INFO] [stdout] 
[INFO] [stdout] warning: use of deprecated macro `try`: use the `?` operator instead
[INFO] [stdout]    --> primitives/src/hash.rs:71:24
[INFO] [stdout]     |
[INFO] [stdout] 71  |                 let vec: Vec<u8> = try!(s.from_hex());
[INFO] [stdout]     |                                    ^^^
[INFO] [stdout] ...
[INFO] [stdout] 158 | impl_hash!(H48, 6);
[INFO] [stdout]     | ------------------- in this macro invocation
[INFO] [stdout]     |
[INFO] [stdout]     = note: this warning originates in the macro `impl_hash` (in Nightly builds, run with -Z macro-backtrace for more info)
[INFO] [stdout] 
[INFO] [stdout] 
[INFO] [stdout] warning: use of deprecated macro `try`: use the `?` operator instead
[INFO] [stdout]    --> primitives/src/hash.rs:71:24
[INFO] [stdout]     |
[INFO] [stdout] 71  |                 let vec: Vec<u8> = try!(s.from_hex());
[INFO] [stdout]     |                                    ^^^
[INFO] [stdout] ...
[INFO] [stdout] 159 | impl_hash!(H96, 12);
[INFO] [stdout]     | -------------------- in this macro invocation
[INFO] [stdout]     |
[INFO] [stdout]     = note: this warning originates in the macro `impl_hash` (in Nightly builds, run with -Z macro-backtrace for more info)
[INFO] [stdout] 
[INFO] [stdout] 
[INFO] [stdout] warning: use of deprecated macro `try`: use the `?` operator instead
[INFO] [stdout]    --> primitives/src/hash.rs:71:24
[INFO] [stdout]     |
[INFO] [stdout] 71  |                 let vec: Vec<u8> = try!(s.from_hex());
[INFO] [stdout]     |                                    ^^^
[INFO] [stdout] ...
[INFO] [stdout] 160 | impl_hash!(H160, 20);
[INFO] [stdout]     | --------------------- in this macro invocation
[INFO] [stdout]     |
[INFO] [stdout]     = note: this warning originates in the macro `impl_hash` (in Nightly builds, run with -Z macro-backtrace for more info)
[INFO] [stdout] 
[INFO] [stdout] 
[INFO] [stdout] warning: use of deprecated macro `try`: use the `?` operator instead
[INFO] [stdout]    --> primitives/src/hash.rs:71:24
[INFO] [stdout]     |
[INFO] [stdout] 71  |                 let vec: Vec<u8> = try!(s.from_hex());
[INFO] [stdout]     |                                    ^^^
[INFO] [stdout] ...
[INFO] [stdout] 161 | impl_hash!(H256, 32);
[INFO] [stdout]     | --------------------- in this macro invocation
[INFO] [stdout]     |
[INFO] [stdout]     = note: this warning originates in the macro `impl_hash` (in Nightly builds, run with -Z macro-backtrace for more info)
[INFO] [stdout] 
[INFO] [stdout] 
[INFO] [stdout] warning: use of deprecated macro `try`: use the `?` operator instead
[INFO] [stdout]    --> primitives/src/hash.rs:71:24
[INFO] [stdout]     |
[INFO] [stdout] 71  |                 let vec: Vec<u8> = try!(s.from_hex());
[INFO] [stdout]     |                                    ^^^
[INFO] [stdout] ...
[INFO] [stdout] 162 | impl_hash!(H264, 33);
[INFO] [stdout]     | --------------------- in this macro invocation
[INFO] [stdout]     |
[INFO] [stdout]     = note: this warning originates in the macro `impl_hash` (in Nightly builds, run with -Z macro-backtrace for more info)
[INFO] [stdout] 
[INFO] [stdout] 
[INFO] [stdout] warning: use of deprecated macro `try`: use the `?` operator instead
[INFO] [stdout]    --> primitives/src/hash.rs:71:24
[INFO] [stdout]     |
[INFO] [stdout] 71  |                 let vec: Vec<u8> = try!(s.from_hex());
[INFO] [stdout]     |                                    ^^^
[INFO] [stdout] ...
[INFO] [stdout] 163 | impl_hash!(H512, 64);
[INFO] [stdout]     | --------------------- in this macro invocation
[INFO] [stdout]     |
[INFO] [stdout]     = note: this warning originates in the macro `impl_hash` (in Nightly builds, run with -Z macro-backtrace for more info)
[INFO] [stdout] 
[INFO] [stdout] 
[INFO] [stdout] warning: use of deprecated macro `try`: use the `?` operator instead
[INFO] [stdout]    --> primitives/src/hash.rs:71:24
[INFO] [stdout]     |
[INFO] [stdout] 71  |                 let vec: Vec<u8> = try!(s.from_hex());
[INFO] [stdout]     |                                    ^^^
[INFO] [stdout] ...
[INFO] [stdout] 164 | impl_hash!(H520, 65);
[INFO] [stdout]     | --------------------- in this macro invocation
[INFO] [stdout]     |
[INFO] [stdout]     = note: this warning originates in the macro `impl_hash` (in Nightly builds, run with -Z macro-backtrace for more info)
[INFO] [stdout] 
[INFO] [stdout] 
[INFO] [stderr]    Compiling serde_json v1.0.34
[INFO] [stderr]    Compiling csv v1.0.5
[INFO] [stderr]    Compiling rayon v1.0.3
[INFO] [stderr]    Compiling serialization v0.1.0 (/opt/rustwide/workdir/serialization)
[INFO] [stderr]    Compiling globset v0.4.2
[INFO] [stdout] warning: 8 warnings emitted
[INFO] [stdout] 
[INFO] [stdout] 
[INFO] [stderr]    Compiling env_logger v0.5.13
[INFO] [stdout] warning: `...` range patterns are deprecated
[INFO] [stdout]   --> serialization/src/compact_integer.rs:64:5
[INFO] [stdout]    |
[INFO] [stdout] 64 |             0...0xfc => {
[INFO] [stdout]    |              ^^^ help: use `..=` for an inclusive range
[INFO] [stdout]    |
[INFO] [stdout]    = note: `#[warn(ellipsis_inclusive_range_patterns)]` on by default
[INFO] [stdout]    = warning: this was previously accepted by the compiler but is being phased out; it will become a hard error in the 2021 edition!
[INFO] [stdout]    = note: for more information, see issue #80165 <https://github.com/rust-lang/rust/issues/80165>
[INFO] [stdout] 
[INFO] [stdout] 
[INFO] [stdout] warning: `...` range patterns are deprecated
[INFO] [stdout]   --> serialization/src/compact_integer.rs:67:8
[INFO] [stdout]    |
[INFO] [stdout] 67 |             0xfd...0xffff => {
[INFO] [stdout]    |                 ^^^ help: use `..=` for an inclusive range
[INFO] [stdout]    |
[INFO] [stdout]    = warning: this was previously accepted by the compiler but is being phased out; it will become a hard error in the 2021 edition!
[INFO] [stdout]    = note: for more information, see issue #80165 <https://github.com/rust-lang/rust/issues/80165>
[INFO] [stdout] 
[INFO] [stdout] 
[INFO] [stdout] warning: `...` range patterns are deprecated
[INFO] [stdout]   --> serialization/src/compact_integer.rs:72:11
[INFO] [stdout]    |
[INFO] [stdout] 72 |             0x10000...0xffff_ffff => {
[INFO] [stdout]    |                    ^^^ help: use `..=` for an inclusive range
[INFO] [stdout]    |
[INFO] [stdout]    = warning: this was previously accepted by the compiler but is being phased out; it will become a hard error in the 2021 edition!
[INFO] [stdout]    = note: for more information, see issue #80165 <https://github.com/rust-lang/rust/issues/80165>
[INFO] [stdout] 
[INFO] [stdout] 
[INFO] [stdout] warning: `...` range patterns are deprecated
[INFO] [stdout]   --> serialization/src/compact_integer.rs:87:5
[INFO] [stdout]    |
[INFO] [stdout] 87 |             0...0xfc => 1,
[INFO] [stdout]    |              ^^^ help: use `..=` for an inclusive range
[INFO] [stdout]    |
[INFO] [stdout]    = warning: this was previously accepted by the compiler but is being phased out; it will become a hard error in the 2021 edition!
[INFO] [stdout]    = note: for more information, see issue #80165 <https://github.com/rust-lang/rust/issues/80165>
[INFO] [stdout] 
[INFO] [stdout] 
[INFO] [stdout] warning: `...` range patterns are deprecated
[INFO] [stdout]   --> serialization/src/compact_integer.rs:88:8
[INFO] [stdout]    |
[INFO] [stdout] 88 |             0xfd...0xffff => 3,
[INFO] [stdout]    |                 ^^^ help: use `..=` for an inclusive range
[INFO] [stdout]    |
[INFO] [stdout]    = warning: this was previously accepted by the compiler but is being phased out; it will become a hard error in the 2021 edition!
[INFO] [stdout]    = note: for more information, see issue #80165 <https://github.com/rust-lang/rust/issues/80165>
[INFO] [stdout] 
[INFO] [stdout] 
[INFO] [stdout] warning: `...` range patterns are deprecated
[INFO] [stdout]   --> serialization/src/compact_integer.rs:89:11
[INFO] [stdout]    |
[INFO] [stdout] 89 |             0x10000...0xffff_ffff => 5,
[INFO] [stdout]    |                    ^^^ help: use `..=` for an inclusive range
[INFO] [stdout]    |
[INFO] [stdout]    = warning: this was previously accepted by the compiler but is being phased out; it will become a hard error in the 2021 edition!
[INFO] [stdout]    = note: for more information, see issue #80165 <https://github.com/rust-lang/rust/issues/80165>
[INFO] [stdout] 
[INFO] [stdout] 
[INFO] [stdout] warning: use of deprecated macro `try`: use the `?` operator instead
[INFO] [stdout]   --> serialization/src/compact_integer.rs:97:22
[INFO] [stdout]    |
[INFO] [stdout] 97 |         let result = match try!(reader.read::<u8>()) {
[INFO] [stdout]    |                            ^^^
[INFO] [stdout]    |
[INFO] [stdout]    = note: `#[warn(deprecated)]` on by default
[INFO] [stdout] 
[INFO] [stdout] 
[INFO] [stdout] warning: use of deprecated macro `try`: use the `?` operator instead
[INFO] [stdout]   --> serialization/src/compact_integer.rs:99:12
[INFO] [stdout]    |
[INFO] [stdout] 99 |             0xfd => try!(reader.read::<u16>()).into(),
[INFO] [stdout]    |                     ^^^
[INFO] [stdout] 
[INFO] [stdout] 
[INFO] [stdout] warning: use of deprecated macro `try`: use the `?` operator instead
[INFO] [stdout]    --> serialization/src/compact_integer.rs:100:12
[INFO] [stdout]     |
[INFO] [stdout] 100 |             0xfe => try!(reader.read::<u32>()).into(),
[INFO] [stdout]     |                     ^^^
[INFO] [stdout] 
[INFO] [stdout] 
[INFO] [stdout] warning: use of deprecated macro `try`: use the `?` operator instead
[INFO] [stdout]    --> serialization/src/compact_integer.rs:101:9
[INFO] [stdout]     |
[INFO] [stdout] 101 |             _ => try!(reader.read::<u64>()).into(),
[INFO] [stdout]     |                  ^^^
[INFO] [stdout] 
[INFO] [stdout] 
[INFO] [stdout] warning: `...` range patterns are deprecated
[INFO] [stdout]   --> serialization/src/compact_integer.rs:98:9
[INFO] [stdout]    |
[INFO] [stdout] 98 |             i @ 0...0xfc => i.into(),
[INFO] [stdout]    |                  ^^^ help: use `..=` for an inclusive range
[INFO] [stdout]    |
[INFO] [stdout]    = warning: this was previously accepted by the compiler but is being phased out; it will become a hard error in the 2021 edition!
[INFO] [stdout]    = note: for more information, see issue #80165 <https://github.com/rust-lang/rust/issues/80165>
[INFO] [stdout] 
[INFO] [stdout] 
[INFO] [stdout] warning: use of deprecated macro `try`: use the `?` operator instead
[INFO] [stdout]   --> serialization/src/impls.rs:96:15
[INFO] [stdout]    |
[INFO] [stdout] 96 |         let value = try!(reader.read_u8());
[INFO] [stdout]    |                     ^^^
[INFO] [stdout] 
[INFO] [stdout] 
[INFO] [stdout] warning: use of deprecated macro `try`: use the `?` operator instead
[INFO] [stdout]    --> serialization/src/impls.rs:108:6
[INFO] [stdout]     |
[INFO] [stdout] 108 |         Ok(try!(reader.read_i32::<LittleEndian>()))
[INFO] [stdout]     |            ^^^
[INFO] [stdout] 
[INFO] [stdout] 
[INFO] [stdout] warning: use of deprecated macro `try`: use the `?` operator instead
[INFO] [stdout]    --> serialization/src/impls.rs:115:6
[INFO] [stdout]     |
[INFO] [stdout] 115 |         Ok(try!(reader.read_i64::<LittleEndian>()))
[INFO] [stdout]     |            ^^^
[INFO] [stdout] 
[INFO] [stdout] 
[INFO] [stdout] warning: use of deprecated macro `try`: use the `?` operator instead
[INFO] [stdout]    --> serialization/src/impls.rs:122:6
[INFO] [stdout]     |
[INFO] [stdout] 122 |         Ok(try!(reader.read_u8()))
[INFO] [stdout]     |            ^^^
[INFO] [stdout] 
[INFO] [stdout] 
[INFO] [stdout] warning: use of deprecated macro `try`: use the `?` operator instead
[INFO] [stdout]    --> serialization/src/impls.rs:129:6
[INFO] [stdout]     |
[INFO] [stdout] 129 |         Ok(try!(reader.read_u16::<LittleEndian>()))
[INFO] [stdout]     |            ^^^
[INFO] [stdout] 
[INFO] [stdout] 
[INFO] [stdout] warning: use of deprecated macro `try`: use the `?` operator instead
[INFO] [stdout]    --> serialization/src/impls.rs:136:6
[INFO] [stdout]     |
[INFO] [stdout] 136 |         Ok(try!(reader.read_u32::<LittleEndian>()))
[INFO] [stdout]     |            ^^^
[INFO] [stdout] 
[INFO] [stdout] 
[INFO] [stdout] warning: use of deprecated macro `try`: use the `?` operator instead
[INFO] [stdout]    --> serialization/src/impls.rs:143:6
[INFO] [stdout]     |
[INFO] [stdout] 143 |         Ok(try!(reader.read_u64::<LittleEndian>()))
[INFO] [stdout]     |            ^^^
[INFO] [stdout] 
[INFO] [stdout] 
[INFO] [stdout] warning: use of deprecated macro `try`: use the `?` operator instead
[INFO] [stdout]    --> serialization/src/impls.rs:179:22
[INFO] [stdout]     |
[INFO] [stdout] 179 |         let bytes: Bytes = try!(reader.read());
[INFO] [stdout]     |                            ^^^
[INFO] [stdout] 
[INFO] [stdout] 
[INFO] [stdout] warning: use of deprecated macro `try`: use the `?` operator instead
[INFO] [stdout]    --> serialization/src/impls.rs:200:5
[INFO] [stdout]     |
[INFO] [stdout] 200 |                 try!(reader.read_slice(&mut *result));
[INFO] [stdout]     |                 ^^^
[INFO] [stdout] ...
[INFO] [stdout] 207 | impl_ser_for_hash!(H32, 4);
[INFO] [stdout]     | --------------------------- in this macro invocation
[INFO] [stdout]     |
[INFO] [stdout]     = note: this warning originates in the macro `impl_ser_for_hash` (in Nightly builds, run with -Z macro-backtrace for more info)
[INFO] [stdout] 
[INFO] [stdout] 
[INFO] [stdout] warning: use of deprecated macro `try`: use the `?` operator instead
[INFO] [stdout]    --> serialization/src/impls.rs:200:5
[INFO] [stdout]     |
[INFO] [stdout] 200 |                 try!(reader.read_slice(&mut *result));
[INFO] [stdout]     |                 ^^^
[INFO] [stdout] ...
[INFO] [stdout] 208 | impl_ser_for_hash!(H48, 6);
[INFO] [stdout]     | --------------------------- in this macro invocation
[INFO] [stdout]     |
[INFO] [stdout]     = note: this warning originates in the macro `impl_ser_for_hash` (in Nightly builds, run with -Z macro-backtrace for more info)
[INFO] [stdout] 
[INFO] [stdout] 
[INFO] [stdout] warning: use of deprecated macro `try`: use the `?` operator instead
[INFO] [stdout]    --> serialization/src/impls.rs:200:5
[INFO] [stdout]     |
[INFO] [stdout] 200 |                 try!(reader.read_slice(&mut *result));
[INFO] [stdout]     |                 ^^^
[INFO] [stdout] ...
[INFO] [stdout] 209 | impl_ser_for_hash!(H96, 12);
[INFO] [stdout]     | ---------------------------- in this macro invocation
[INFO] [stdout]     |
[INFO] [stdout]     = note: this warning originates in the macro `impl_ser_for_hash` (in Nightly builds, run with -Z macro-backtrace for more info)
[INFO] [stdout] 
[INFO] [stdout] 
[INFO] [stdout] warning: use of deprecated macro `try`: use the `?` operator instead
[INFO] [stdout]    --> serialization/src/impls.rs:200:5
[INFO] [stdout]     |
[INFO] [stdout] 200 |                 try!(reader.read_slice(&mut *result));
[INFO] [stdout]     |                 ^^^
[INFO] [stdout] ...
[INFO] [stdout] 210 | impl_ser_for_hash!(H160, 20);
[INFO] [stdout]     | ----------------------------- in this macro invocation
[INFO] [stdout]     |
[INFO] [stdout]     = note: this warning originates in the macro `impl_ser_for_hash` (in Nightly builds, run with -Z macro-backtrace for more info)
[INFO] [stdout] 
[INFO] [stdout] 
[INFO] [stdout] warning: use of deprecated macro `try`: use the `?` operator instead
[INFO] [stdout]    --> serialization/src/impls.rs:200:5
[INFO] [stdout]     |
[INFO] [stdout] 200 |                 try!(reader.read_slice(&mut *result));
[INFO] [stdout]     |                 ^^^
[INFO] [stdout] ...
[INFO] [stdout] 211 | impl_ser_for_hash!(H256, 32);
[INFO] [stdout]     | ----------------------------- in this macro invocation
[INFO] [stdout]     |
[INFO] [stdout]     = note: this warning originates in the macro `impl_ser_for_hash` (in Nightly builds, run with -Z macro-backtrace for more info)
[INFO] [stdout] 
[INFO] [stdout] 
[INFO] [stdout] warning: use of deprecated macro `try`: use the `?` operator instead
[INFO] [stdout]    --> serialization/src/impls.rs:200:5
[INFO] [stdout]     |
[INFO] [stdout] 200 |                 try!(reader.read_slice(&mut *result));
[INFO] [stdout]     |                 ^^^
[INFO] [stdout] ...
[INFO] [stdout] 212 | impl_ser_for_hash!(H264, 33);
[INFO] [stdout]     | ----------------------------- in this macro invocation
[INFO] [stdout]     |
[INFO] [stdout]     = note: this warning originates in the macro `impl_ser_for_hash` (in Nightly builds, run with -Z macro-backtrace for more info)
[INFO] [stdout] 
[INFO] [stdout] 
[INFO] [stdout] warning: use of deprecated macro `try`: use the `?` operator instead
[INFO] [stdout]    --> serialization/src/impls.rs:200:5
[INFO] [stdout]     |
[INFO] [stdout] 200 |                 try!(reader.read_slice(&mut *result));
[INFO] [stdout]     |                 ^^^
[INFO] [stdout] ...
[INFO] [stdout] 213 | impl_ser_for_hash!(H512, 64);
[INFO] [stdout]     | ----------------------------- in this macro invocation
[INFO] [stdout]     |
[INFO] [stdout]     = note: this warning originates in the macro `impl_ser_for_hash` (in Nightly builds, run with -Z macro-backtrace for more info)
[INFO] [stdout] 
[INFO] [stdout] 
[INFO] [stdout] warning: use of deprecated macro `try`: use the `?` operator instead
[INFO] [stdout]    --> serialization/src/impls.rs:200:5
[INFO] [stdout]     |
[INFO] [stdout] 200 |                 try!(reader.read_slice(&mut *result));
[INFO] [stdout]     |                 ^^^
[INFO] [stdout] ...
[INFO] [stdout] 214 | impl_ser_for_hash!(H520, 65);
[INFO] [stdout]     | ----------------------------- in this macro invocation
[INFO] [stdout]     |
[INFO] [stdout]     = note: this warning originates in the macro `impl_ser_for_hash` (in Nightly builds, run with -Z macro-backtrace for more info)
[INFO] [stdout] 
[INFO] [stdout] 
[INFO] [stdout] warning: use of deprecated macro `try`: use the `?` operator instead
[INFO] [stdout]    --> serialization/src/impls.rs:231:13
[INFO] [stdout]     |
[INFO] [stdout] 231 |         let len = try!(reader.read::<CompactInteger>());
[INFO] [stdout]     |                   ^^^
[INFO] [stdout] 
[INFO] [stdout] 
[INFO] [stdout] warning: use of deprecated macro `try`: use the `?` operator instead
[INFO] [stdout]    --> serialization/src/impls.rs:233:3
[INFO] [stdout]     |
[INFO] [stdout] 233 |         try!(reader.read_slice(&mut bytes));
[INFO] [stdout]     |         ^^^
[INFO] [stdout] 
[INFO] [stdout] 
[INFO] [stdout] warning: use of deprecated macro `try`: use the `?` operator instead
[INFO] [stdout]  --> serialization/src/reader.rs:6:15
[INFO] [stdout]   |
[INFO] [stdout] 6 |     let result = try!(reader.read());
[INFO] [stdout]   |                  ^^^
[INFO] [stdout] 
[INFO] [stdout] 
[INFO] [stdout] warning: use of deprecated macro `try`: use the `?` operator instead
[INFO] [stdout]   --> serialization/src/reader.rs:98:20
[INFO] [stdout]    |
[INFO] [stdout] 98 |         let len: usize = try!(self.read::<CompactInteger>()).into();
[INFO] [stdout]    |                          ^^^
[INFO] [stdout] 
[INFO] [stdout] 
[INFO] [stdout] warning: use of deprecated macro `try`: use the `?` operator instead
[INFO] [stdout]    --> serialization/src/reader.rs:102:16
[INFO] [stdout]     |
[INFO] [stdout] 102 |             result.push(try!(self.read()));
[INFO] [stdout]     |                         ^^^
[INFO] [stdout] 
[INFO] [stdout] 
[INFO] [stdout] warning: use of deprecated macro `try`: use the `?` operator instead
[INFO] [stdout]    --> serialization/src/reader.rs:109:20
[INFO] [stdout]     |
[INFO] [stdout] 109 |         let len: usize = try!(self.read::<CompactInteger>()).into();
[INFO] [stdout]     |                          ^^^
[INFO] [stdout] 
[INFO] [stdout] 
[INFO] [stdout] warning: use of deprecated macro `try`: use the `?` operator instead
[INFO] [stdout]    --> serialization/src/reader.rs:117:16
[INFO] [stdout]     |
[INFO] [stdout] 117 |             result.push(try!(self.read()));
[INFO] [stdout]     |                         ^^^
[INFO] [stdout] 
[INFO] [stdout] 
[INFO] [stdout] warning: use of deprecated macro `try`: use the `?` operator instead
[INFO] [stdout]    --> serialization/src/reader.rs:124:20
[INFO] [stdout]     |
[INFO] [stdout] 124 |         let len: usize = try!(self.read::<CompactInteger>()).into();
[INFO] [stdout]     |                          ^^^
[INFO] [stdout] 
[INFO] [stdout] 
[INFO] [stdout] warning: use of deprecated macro `try`: use the `?` operator instead
[INFO] [stdout]    --> serialization/src/reader.rs:132:16
[INFO] [stdout]     |
[INFO] [stdout] 132 |             result.push(try!(self.read()));
[INFO] [stdout]     |                         ^^^
[INFO] [stdout] 
[INFO] [stdout] 
[INFO] [stdout] warning: use of deprecated macro `try`: use the `?` operator instead
[INFO] [stdout]    --> serialization/src/reader.rs:189:13
[INFO] [stdout]     |
[INFO] [stdout] 189 |         let len = try!(io::Read::read(&mut self.from, buf));
[INFO] [stdout]     |                   ^^^
[INFO] [stdout] 
[INFO] [stdout] 
[INFO] [stderr]    Compiling parking_lot v0.7.1
[INFO] [stderr]    Compiling sapling-crypto v0.0.1 (https://github.com/zcash-hackworks/sapling-crypto.git?rev=21084bde2019c04bd34208e63c3560fe2c02fb0e#21084bde)
[INFO] [stderr]    Compiling h2 v0.1.14
[INFO] [stdout] warning: 37 warnings emitted
[INFO] [stdout] 
[INFO] [stdout] 
[INFO] [stderr]    Compiling logs v0.1.0 (/opt/rustwide/workdir/logs)
[INFO] [stderr]    Compiling tokio-reactor v0.1.8
[INFO] [stderr]    Compiling crossbeam-channel v0.3.6
[INFO] [stderr]    Compiling tokio-uds v0.2.5
[INFO] [stderr]    Compiling tokio-udp v0.1.3
[INFO] [stderr]    Compiling tokio-tcp v0.1.3
[INFO] [stderr]    Compiling tokio-threadpool v0.1.10
[INFO] [stderr]    Compiling tokio-fs v0.1.5
[INFO] [stderr]    Compiling tokio v0.1.14
[INFO] [stderr]    Compiling tokio-core v0.1.17
[INFO] [stderr]    Compiling hyper v0.12.20
[INFO] [stderr]    Compiling serde_derive v1.0.84
[INFO] [stderr]    Compiling jsonrpc-derive v10.0.1
[INFO] [stderr]    Compiling domain v0.2.4
[INFO] [stderr]    Compiling ns-dns-tokio v0.3.1
[INFO] [stderr] error: failed to run custom build command for `parity-rocksdb-sys v0.5.5 (https://github.com/paritytech/rust-rocksdb#5c69c8a8)`
[INFO] [stderr] 
[INFO] [stderr] Caused by:
[INFO] [stderr]   process didn't exit successfully: `/opt/rustwide/target/debug/build/parity-rocksdb-sys-20e3f0470ae803c6/build-script-build` (exit status: 101)
[INFO] [stderr]   --- stdout
[INFO] [stderr]   running: "cmake" "/opt/rustwide/cargo-home/git/checkouts/rust-rocksdb-9e499ea8a4c2fa74/5c69c8a/rocksdb-sys/rocksdb" "-DCMAKE_VERBOSE_MAKEFILE=ON" "-DWITH_SNAPPY=ON" "-DFAIL_ON_WARNINGS=OFF" "-DSNAPPY_INCLUDE_DIR=/opt/rustwide/target/debug/build/parity-snappy-sys-26062fdf22f8aac9/out/build" "-DSNAPPY_LIBRARIES=/dev/null" "-DPORTABLE=ON" "-DCMAKE_INSTALL_PREFIX=/opt/rustwide/target/debug/build/parity-rocksdb-sys-655bfc10d2473cb5/out" "-DCMAKE_C_FLAGS= -ffunction-sections -fdata-sections -fPIC -m64" "-DCMAKE_C_COMPILER=/usr/bin/cc" "-DCMAKE_CXX_FLAGS= -ffunction-sections -fdata-sections -fPIC -m64" "-DCMAKE_CXX_COMPILER=/usr/bin/c++" "-DCMAKE_BUILD_TYPE=Debug"
[INFO] [stderr]   -- The C compiler identification is GNU 9.3.0
[INFO] [stderr]   -- The CXX compiler identification is GNU 9.3.0
[INFO] [stderr]   -- Check for working C compiler: /usr/bin/cc
[INFO] [stderr]   -- Check for working C compiler: /usr/bin/cc -- works
[INFO] [stderr]   -- Detecting C compiler ABI info
[INFO] [stderr]   -- Detecting C compiler ABI info - done
[INFO] [stderr]   -- Detecting C compile features
[INFO] [stderr]   -- Detecting C compile features - done
[INFO] [stderr]   -- Check for working CXX compiler: /usr/bin/c++
[INFO] [stderr]   -- Check for working CXX compiler: /usr/bin/c++ -- works
[INFO] [stderr]   -- Detecting CXX compiler ABI info
[INFO] [stderr]   -- Detecting CXX compiler ABI info - done
[INFO] [stderr]   -- Detecting CXX compile features
[INFO] [stderr]   -- Detecting CXX compile features - done
[INFO] [stderr]   -- The ASM compiler identification is GNU
[INFO] [stderr]   -- Found assembler: /usr/bin/cc
[INFO] [stderr]   -- Found snappy: /dev/null  
[INFO] [stderr]   -- Found Git: /usr/bin/git (found version "2.25.1") 
[INFO] [stderr]   -- Enabling RTTI in Debug builds only (default)
[INFO] [stderr]   -- Looking for malloc_usable_size
[INFO] [stderr]   -- Looking for malloc_usable_size - found
[INFO] [stderr]   -- Looking for sched_getcpu
[INFO] [stderr]   -- Looking for sched_getcpu - found
[INFO] [stderr]   -- Looking for pthread.h
[INFO] [stderr]   -- Looking for pthread.h - found
[INFO] [stderr]   -- Performing Test CMAKE_HAVE_LIBC_PTHREAD
[INFO] [stderr]   -- Performing Test CMAKE_HAVE_LIBC_PTHREAD - Failed
[INFO] [stderr]   -- Looking for pthread_create in pthreads
[INFO] [stderr]   -- Looking for pthread_create in pthreads - not found
[INFO] [stderr]   -- Looking for pthread_create in pthread
[INFO] [stderr]   -- Looking for pthread_create in pthread - found
[INFO] [stderr]   -- Found Threads: TRUE  
[INFO] [stderr]   -- JNI library is disabled
[INFO] [stderr]   -- Configuring done
[INFO] [stderr]   -- Generating done
[INFO] [stderr]   -- Build files have been written to: /opt/rustwide/target/debug/build/parity-rocksdb-sys-655bfc10d2473cb5/out/build
[INFO] [stderr]   running: "cmake" "--build" "." "--target" "rocksdb" "--config" "Debug" "--"
[INFO] [stderr]   /usr/bin/cmake -S/opt/rustwide/cargo-home/git/checkouts/rust-rocksdb-9e499ea8a4c2fa74/5c69c8a/rocksdb-sys/rocksdb -B/opt/rustwide/target/debug/build/parity-rocksdb-sys-655bfc10d2473cb5/out/build --check-build-system CMakeFiles/Makefile.cmake 0
[INFO] [stderr]   /usr/bin/make -f CMakeFiles/Makefile2 rocksdb
[INFO] [stderr]   make[1]: Entering directory '/opt/rustwide/target/debug/build/parity-rocksdb-sys-655bfc10d2473cb5/out/build'
[INFO] [stderr]   /usr/bin/cmake -S/opt/rustwide/cargo-home/git/checkouts/rust-rocksdb-9e499ea8a4c2fa74/5c69c8a/rocksdb-sys/rocksdb -B/opt/rustwide/target/debug/build/parity-rocksdb-sys-655bfc10d2473cb5/out/build --check-build-system CMakeFiles/Makefile.cmake 0
[INFO] [stderr]   /usr/bin/cmake -E cmake_progress_start /opt/rustwide/target/debug/build/parity-rocksdb-sys-655bfc10d2473cb5/out/build/CMakeFiles 29
[INFO] [stderr]   /usr/bin/make -f CMakeFiles/Makefile2 CMakeFiles/rocksdb.dir/all
[INFO] [stderr]   make[2]: Entering directory '/opt/rustwide/target/debug/build/parity-rocksdb-sys-655bfc10d2473cb5/out/build'
[INFO] [stderr]   /usr/bin/make -f CMakeFiles/build_version.dir/build.make CMakeFiles/build_version.dir/depend
[INFO] [stderr]   make[3]: Entering directory '/opt/rustwide/target/debug/build/parity-rocksdb-sys-655bfc10d2473cb5/out/build'
[INFO] [stderr]   cd /opt/rustwide/target/debug/build/parity-rocksdb-sys-655bfc10d2473cb5/out/build && /usr/bin/cmake -E cmake_depends "Unix Makefiles" /opt/rustwide/cargo-home/git/checkouts/rust-rocksdb-9e499ea8a4c2fa74/5c69c8a/rocksdb-sys/rocksdb /opt/rustwide/cargo-home/git/checkouts/rust-rocksdb-9e499ea8a4c2fa74/5c69c8a/rocksdb-sys/rocksdb /opt/rustwide/target/debug/build/parity-rocksdb-sys-655bfc10d2473cb5/out/build /opt/rustwide/target/debug/build/parity-rocksdb-sys-655bfc10d2473cb5/out/build /opt/rustwide/target/debug/build/parity-rocksdb-sys-655bfc10d2473cb5/out/build/CMakeFiles/build_version.dir/DependInfo.cmake --color=
[INFO] [stderr]   Dependee "/opt/rustwide/target/debug/build/parity-rocksdb-sys-655bfc10d2473cb5/out/build/CMakeFiles/build_version.dir/DependInfo.cmake" is newer than depender "/opt/rustwide/target/debug/build/parity-rocksdb-sys-655bfc10d2473cb5/out/build/CMakeFiles/build_version.dir/depend.internal".
[INFO] [stderr]   Dependee "/opt/rustwide/target/debug/build/parity-rocksdb-sys-655bfc10d2473cb5/out/build/CMakeFiles/CMakeDirectoryInformation.cmake" is newer than depender "/opt/rustwide/target/debug/build/parity-rocksdb-sys-655bfc10d2473cb5/out/build/CMakeFiles/build_version.dir/depend.internal".
[INFO] [stderr]   Scanning dependencies of target build_version
[INFO] [stderr]   make[3]: Leaving directory '/opt/rustwide/target/debug/build/parity-rocksdb-sys-655bfc10d2473cb5/out/build'
[INFO] [stderr]   /usr/bin/make -f CMakeFiles/build_version.dir/build.make CMakeFiles/build_version.dir/build
[INFO] [stderr]   make[3]: Entering directory '/opt/rustwide/target/debug/build/parity-rocksdb-sys-655bfc10d2473cb5/out/build'
[INFO] [stderr]   [  0%] Building CXX object CMakeFiles/build_version.dir/build_version.cc.o
[INFO] [stderr]   /usr/bin/c++  -DOS_LINUX -DROCKSDB_LIB_IO_POSIX -DROCKSDB_MALLOC_USABLE_SIZE -DROCKSDB_PLATFORM_POSIX -DROCKSDB_SCHED_GETCPU_PRESENT -DSNAPPY -I/opt/rustwide/target/debug/build/parity-snappy-sys-26062fdf22f8aac9/out/build -I/opt/rustwide/cargo-home/git/checkouts/rust-rocksdb-9e499ea8a4c2fa74/5c69c8a/rocksdb-sys/rocksdb/util -I/opt/rustwide/cargo-home/git/checkouts/rust-rocksdb-9e499ea8a4c2fa74/5c69c8a/rocksdb-sys/rocksdb -I/opt/rustwide/cargo-home/git/checkouts/rust-rocksdb-9e499ea8a4c2fa74/5c69c8a/rocksdb-sys/rocksdb/include -isystem /opt/rustwide/cargo-home/git/checkouts/rust-rocksdb-9e499ea8a4c2fa74/5c69c8a/rocksdb-sys/rocksdb/third-party/gtest-1.7.0/fused-src  -ffunction-sections -fdata-sections -fPIC -m64 -W -Wextra -Wall -Wsign-compare -Wshadow -Wno-unused-parameter -Wno-unused-variable -Woverloaded-virtual -Wnon-virtual-dtor -Wno-missing-field-initializers -Wno-strict-aliasing -std=c++11 -fno-builtin-memcmp -g -DROCKSDB_USE_RTTI   -o CMakeFiles/build_version.dir/build_version.cc.o -c /opt/rustwide/target/debug/build/parity-rocksdb-sys-655bfc10d2473cb5/out/build/build_version.cc
[INFO] [stderr]   make[3]: Leaving directory '/opt/rustwide/target/debug/build/parity-rocksdb-sys-655bfc10d2473cb5/out/build'
[INFO] [stderr]   [  0%] Built target build_version
[INFO] [stderr]   /usr/bin/make -f CMakeFiles/rocksdb.dir/build.make CMakeFiles/rocksdb.dir/depend
[INFO] [stderr]   make[3]: Entering directory '/opt/rustwide/target/debug/build/parity-rocksdb-sys-655bfc10d2473cb5/out/build'
[INFO] [stderr]   cd /opt/rustwide/target/debug/build/parity-rocksdb-sys-655bfc10d2473cb5/out/build && /usr/bin/cmake -E cmake_depends "Unix Makefiles" /opt/rustwide/cargo-home/git/checkouts/rust-rocksdb-9e499ea8a4c2fa74/5c69c8a/rocksdb-sys/rocksdb /opt/rustwide/cargo-home/git/checkouts/rust-rocksdb-9e499ea8a4c2fa74/5c69c8a/rocksdb-sys/rocksdb /opt/rustwide/target/debug/build/parity-rocksdb-sys-655bfc10d2473cb5/out/build /opt/rustwide/target/debug/build/parity-rocksdb-sys-655bfc10d2473cb5/out/build /opt/rustwide/target/debug/build/parity-rocksdb-sys-655bfc10d2473cb5/out/build/CMakeFiles/rocksdb.dir/DependInfo.cmake --color=
[INFO] [stderr]   Dependee "/opt/rustwide/target/debug/build/parity-rocksdb-sys-655bfc10d2473cb5/out/build/CMakeFiles/rocksdb.dir/DependInfo.cmake" is newer than depender "/opt/rustwide/target/debug/build/parity-rocksdb-sys-655bfc10d2473cb5/out/build/CMakeFiles/rocksdb.dir/depend.internal".
[INFO] [stderr]   Dependee "/opt/rustwide/target/debug/build/parity-rocksdb-sys-655bfc10d2473cb5/out/build/CMakeFiles/CMakeDirectoryInformation.cmake" is newer than depender "/opt/rustwide/target/debug/build/parity-rocksdb-sys-655bfc10d2473cb5/out/build/CMakeFiles/rocksdb.dir/depend.internal".
[INFO] [stderr]   Scanning dependencies of target rocksdb
[INFO] [stderr]   make[3]: Leaving directory '/opt/rustwide/target/debug/build/parity-rocksdb-sys-655bfc10d2473cb5/out/build'
[INFO] [stderr]   /usr/bin/make -f CMakeFiles/rocksdb.dir/build.make CMakeFiles/rocksdb.dir/build
[INFO] [stderr]   make[3]: Entering directory '/opt/rustwide/target/debug/build/parity-rocksdb-sys-655bfc10d2473cb5/out/build'
[INFO] [stderr]   [  0%] Building CXX object CMakeFiles/rocksdb.dir/cache/clock_cache.cc.o
[INFO] [stderr]   /usr/bin/c++  -DOS_LINUX -DROCKSDB_LIB_IO_POSIX -DROCKSDB_MALLOC_USABLE_SIZE -DROCKSDB_PLATFORM_POSIX -DROCKSDB_SCHED_GETCPU_PRESENT -DSNAPPY -I/opt/rustwide/target/debug/build/parity-snappy-sys-26062fdf22f8aac9/out/build -I/opt/rustwide/cargo-home/git/checkouts/rust-rocksdb-9e499ea8a4c2fa74/5c69c8a/rocksdb-sys/rocksdb -I/opt/rustwide/cargo-home/git/checkouts/rust-rocksdb-9e499ea8a4c2fa74/5c69c8a/rocksdb-sys/rocksdb/include -isystem /opt/rustwide/cargo-home/git/checkouts/rust-rocksdb-9e499ea8a4c2fa74/5c69c8a/rocksdb-sys/rocksdb/third-party/gtest-1.7.0/fused-src  -ffunction-sections -fdata-sections -fPIC -m64 -W -Wextra -Wall -Wsign-compare -Wshadow -Wno-unused-parameter -Wno-unused-variable -Woverloaded-virtual -Wnon-virtual-dtor -Wno-missing-field-initializers -Wno-strict-aliasing -std=c++11 -fno-builtin-memcmp -g -DROCKSDB_USE_RTTI   -o CMakeFiles/rocksdb.dir/cache/clock_cache.cc.o -c /opt/rustwide/cargo-home/git/checkouts/rust-rocksdb-9e499ea8a4c2fa74/5c69c8a/rocksdb-sys/rocksdb/cache/clock_cache.cc
[INFO] [stderr]   [  0%] Building CXX object CMakeFiles/rocksdb.dir/db/builder.cc.o
[INFO] [stderr]   /usr/bin/c++  -DOS_LINUX -DROCKSDB_LIB_IO_POSIX -DROCKSDB_MALLOC_USABLE_SIZE -DROCKSDB_PLATFORM_POSIX -DROCKSDB_SCHED_GETCPU_PRESENT -DSNAPPY -I/opt/rustwide/target/debug/build/parity-snappy-sys-26062fdf22f8aac9/out/build -I/opt/rustwide/cargo-home/git/checkouts/rust-rocksdb-9e499ea8a4c2fa74/5c69c8a/rocksdb-sys/rocksdb -I/opt/rustwide/cargo-home/git/checkouts/rust-rocksdb-9e499ea8a4c2fa74/5c69c8a/rocksdb-sys/rocksdb/include -isystem /opt/rustwide/cargo-home/git/checkouts/rust-rocksdb-9e499ea8a4c2fa74/5c69c8a/rocksdb-sys/rocksdb/third-party/gtest-1.7.0/fused-src  -ffunction-sections -fdata-sections -fPIC -m64 -W -Wextra -Wall -Wsign-compare -Wshadow -Wno-unused-parameter -Wno-unused-variable -Woverloaded-virtual -Wnon-virtual-dtor -Wno-missing-field-initializers -Wno-strict-aliasing -std=c++11 -fno-builtin-memcmp -g -DROCKSDB_USE_RTTI   -o CMakeFiles/rocksdb.dir/db/builder.cc.o -c /opt/rustwide/cargo-home/git/checkouts/rust-rocksdb-9e499ea8a4c2fa74/5c69c8a/rocksdb-sys/rocksdb/db/builder.cc
[INFO] [stderr]   [  0%] Building CXX object CMakeFiles/rocksdb.dir/cache/lru_cache.cc.o
[INFO] [stderr]   /usr/bin/c++  -DOS_LINUX -DROCKSDB_LIB_IO_POSIX -DROCKSDB_MALLOC_USABLE_SIZE -DROCKSDB_PLATFORM_POSIX -DROCKSDB_SCHED_GETCPU_PRESENT -DSNAPPY -I/opt/rustwide/target/debug/build/parity-snappy-sys-26062fdf22f8aac9/out/build -I/opt/rustwide/cargo-home/git/checkouts/rust-rocksdb-9e499ea8a4c2fa74/5c69c8a/rocksdb-sys/rocksdb -I/opt/rustwide/cargo-home/git/checkouts/rust-rocksdb-9e499ea8a4c2fa74/5c69c8a/rocksdb-sys/rocksdb/include -isystem /opt/rustwide/cargo-home/git/checkouts/rust-rocksdb-9e499ea8a4c2fa74/5c69c8a/rocksdb-sys/rocksdb/third-party/gtest-1.7.0/fused-src  -ffunction-sections -fdata-sections -fPIC -m64 -W -Wextra -Wall -Wsign-compare -Wshadow -Wno-unused-parameter -Wno-unused-variable -Woverloaded-virtual -Wnon-virtual-dtor -Wno-missing-field-initializers -Wno-strict-aliasing -std=c++11 -fno-builtin-memcmp -g -DROCKSDB_USE_RTTI   -o CMakeFiles/rocksdb.dir/cache/lru_cache.cc.o -c /opt/rustwide/cargo-home/git/checkouts/rust-rocksdb-9e499ea8a4c2fa74/5c69c8a/rocksdb-sys/rocksdb/cache/lru_cache.cc
[INFO] [stderr]   [  0%] Building CXX object CMakeFiles/rocksdb.dir/cache/sharded_cache.cc.o
[INFO] [stderr]   [  0%] Building CXX object CMakeFiles/rocksdb.dir/db/c.cc.o
[INFO] [stderr]   /usr/bin/c++  -DOS_LINUX -DROCKSDB_LIB_IO_POSIX -DROCKSDB_MALLOC_USABLE_SIZE -DROCKSDB_PLATFORM_POSIX -DROCKSDB_SCHED_GETCPU_PRESENT -DSNAPPY -I/opt/rustwide/target/debug/build/parity-snappy-sys-26062fdf22f8aac9/out/build -I/opt/rustwide/cargo-home/git/checkouts/rust-rocksdb-9e499ea8a4c2fa74/5c69c8a/rocksdb-sys/rocksdb -I/opt/rustwide/cargo-home/git/checkouts/rust-rocksdb-9e499ea8a4c2fa74/5c69c8a/rocksdb-sys/rocksdb/include -isystem /opt/rustwide/cargo-home/git/checkouts/rust-rocksdb-9e499ea8a4c2fa74/5c69c8a/rocksdb-sys/rocksdb/third-party/gtest-1.7.0/fused-src  -ffunction-sections -fdata-sections -fPIC -m64 -W -Wextra -Wall -Wsign-compare -Wshadow -Wno-unused-parameter -Wno-unused-variable -Woverloaded-virtual -Wnon-virtual-dtor -Wno-missing-field-initializers -Wno-strict-aliasing -std=c++11 -fno-builtin-memcmp -g -DROCKSDB_USE_RTTI   -o CMakeFiles/rocksdb.dir/cache/sharded_cache.cc.o -c /opt/rustwide/cargo-home/git/checkouts/rust-rocksdb-9e499ea8a4c2fa74/5c69c8a/rocksdb-sys/rocksdb/cache/sharded_cache.cc
[INFO] [stderr]   /usr/bin/c++  -DOS_LINUX -DROCKSDB_LIB_IO_POSIX -DROCKSDB_MALLOC_USABLE_SIZE -DROCKSDB_PLATFORM_POSIX -DROCKSDB_SCHED_GETCPU_PRESENT -DSNAPPY -I/opt/rustwide/target/debug/build/parity-snappy-sys-26062fdf22f8aac9/out/build -I/opt/rustwide/cargo-home/git/checkouts/rust-rocksdb-9e499ea8a4c2fa74/5c69c8a/rocksdb-sys/rocksdb -I/opt/rustwide/cargo-home/git/checkouts/rust-rocksdb-9e499ea8a4c2fa74/5c69c8a/rocksdb-sys/rocksdb/include -isystem /opt/rustwide/cargo-home/git/checkouts/rust-rocksdb-9e499ea8a4c2fa74/5c69c8a/rocksdb-sys/rocksdb/third-party/gtest-1.7.0/fused-src  -ffunction-sections -fdata-sections -fPIC -m64 -W -Wextra -Wall -Wsign-compare -Wshadow -Wno-unused-parameter -Wno-unused-variable -Woverloaded-virtual -Wnon-virtual-dtor -Wno-missing-field-initializers -Wno-strict-aliasing -std=c++11 -fno-builtin-memcmp -g -DROCKSDB_USE_RTTI   -o CMakeFiles/rocksdb.dir/db/c.cc.o -c /opt/rustwide/cargo-home/git/checkouts/rust-rocksdb-9e499ea8a4c2fa74/5c69c8a/rocksdb-sys/rocksdb/db/c.cc
[INFO] [stderr]   [  0%] Building CXX object CMakeFiles/rocksdb.dir/db/column_family.cc.o
[INFO] [stderr]   /usr/bin/c++  -DOS_LINUX -DROCKSDB_LIB_IO_POSIX -DROCKSDB_MALLOC_USABLE_SIZE -DROCKSDB_PLATFORM_POSIX -DROCKSDB_SCHED_GETCPU_PRESENT -DSNAPPY -I/opt/rustwide/target/debug/build/parity-snappy-sys-26062fdf22f8aac9/out/build -I/opt/rustwide/cargo-home/git/checkouts/rust-rocksdb-9e499ea8a4c2fa74/5c69c8a/rocksdb-sys/rocksdb -I/opt/rustwide/cargo-home/git/checkouts/rust-rocksdb-9e499ea8a4c2fa74/5c69c8a/rocksdb-sys/rocksdb/include -isystem /opt/rustwide/cargo-home/git/checkouts/rust-rocksdb-9e499ea8a4c2fa74/5c69c8a/rocksdb-sys/rocksdb/third-party/gtest-1.7.0/fused-src  -ffunction-sections -fdata-sections -fPIC -m64 -W -Wextra -Wall -Wsign-compare -Wshadow -Wno-unused-parameter -Wno-unused-variable -Woverloaded-virtual -Wnon-virtual-dtor -Wno-missing-field-initializers -Wno-strict-aliasing -std=c++11 -fno-builtin-memcmp -g -DROCKSDB_USE_RTTI   -o CMakeFiles/rocksdb.dir/db/column_family.cc.o -c /opt/rustwide/cargo-home/git/checkouts/rust-rocksdb-9e499ea8a4c2fa74/5c69c8a/rocksdb-sys/rocksdb/db/column_family.cc
[INFO] [stderr]   [  3%] Building CXX object CMakeFiles/rocksdb.dir/db/compacted_db_impl.cc.o
[INFO] [stderr]   /usr/bin/c++  -DOS_LINUX -DROCKSDB_LIB_IO_POSIX -DROCKSDB_MALLOC_USABLE_SIZE -DROCKSDB_PLATFORM_POSIX -DROCKSDB_SCHED_GETCPU_PRESENT -DSNAPPY -I/opt/rustwide/target/debug/build/parity-snappy-sys-26062fdf22f8aac9/out/build -I/opt/rustwide/cargo-home/git/checkouts/rust-rocksdb-9e499ea8a4c2fa74/5c69c8a/rocksdb-sys/rocksdb -I/opt/rustwide/cargo-home/git/checkouts/rust-rocksdb-9e499ea8a4c2fa74/5c69c8a/rocksdb-sys/rocksdb/include -isystem /opt/rustwide/cargo-home/git/checkouts/rust-rocksdb-9e499ea8a4c2fa74/5c69c8a/rocksdb-sys/rocksdb/third-party/gtest-1.7.0/fused-src  -ffunction-sections -fdata-sections -fPIC -m64 -W -Wextra -Wall -Wsign-compare -Wshadow -Wno-unused-parameter -Wno-unused-variable -Woverloaded-virtual -Wnon-virtual-dtor -Wno-missing-field-initializers -Wno-strict-aliasing -std=c++11 -fno-builtin-memcmp -g -DROCKSDB_USE_RTTI   -o CMakeFiles/rocksdb.dir/db/compacted_db_impl.cc.o -c /opt/rustwide/cargo-home/git/checkouts/rust-rocksdb-9e499ea8a4c2fa74/5c69c8a/rocksdb-sys/rocksdb/db/compacted_db_impl.cc
[INFO] [stderr]   [  3%] Building CXX object CMakeFiles/rocksdb.dir/db/compaction.cc.o
[INFO] [stderr]   /usr/bin/c++  -DOS_LINUX -DROCKSDB_LIB_IO_POSIX -DROCKSDB_MALLOC_USABLE_SIZE -DROCKSDB_PLATFORM_POSIX -DROCKSDB_SCHED_GETCPU_PRESENT -DSNAPPY -I/opt/rustwide/target/debug/build/parity-snappy-sys-26062fdf22f8aac9/out/build -I/opt/rustwide/cargo-home/git/checkouts/rust-rocksdb-9e499ea8a4c2fa74/5c69c8a/rocksdb-sys/rocksdb -I/opt/rustwide/cargo-home/git/checkouts/rust-rocksdb-9e499ea8a4c2fa74/5c69c8a/rocksdb-sys/rocksdb/include -isystem /opt/rustwide/cargo-home/git/checkouts/rust-rocksdb-9e499ea8a4c2fa74/5c69c8a/rocksdb-sys/rocksdb/third-party/gtest-1.7.0/fused-src  -ffunction-sections -fdata-sections -fPIC -m64 -W -Wextra -Wall -Wsign-compare -Wshadow -Wno-unused-parameter -Wno-unused-variable -Woverloaded-virtual -Wnon-virtual-dtor -Wno-missing-field-initializers -Wno-strict-aliasing -std=c++11 -fno-builtin-memcmp -g -DROCKSDB_USE_RTTI   -o CMakeFiles/rocksdb.dir/db/compaction.cc.o -c /opt/rustwide/cargo-home/git/checkouts/rust-rocksdb-9e499ea8a4c2fa74/5c69c8a/rocksdb-sys/rocksdb/db/compaction.cc
[INFO] [stderr]   [  3%] Building CXX object CMakeFiles/rocksdb.dir/db/compaction_iterator.cc.o
[INFO] [stderr]   /usr/bin/c++  -DOS_LINUX -DROCKSDB_LIB_IO_POSIX -DROCKSDB_MALLOC_USABLE_SIZE -DROCKSDB_PLATFORM_POSIX -DROCKSDB_SCHED_GETCPU_PRESENT -DSNAPPY -I/opt/rustwide/target/debug/build/parity-snappy-sys-26062fdf22f8aac9/out/build -I/opt/rustwide/cargo-home/git/checkouts/rust-rocksdb-9e499ea8a4c2fa74/5c69c8a/rocksdb-sys/rocksdb -I/opt/rustwide/cargo-home/git/checkouts/rust-rocksdb-9e499ea8a4c2fa74/5c69c8a/rocksdb-sys/rocksdb/include -isystem /opt/rustwide/cargo-home/git/checkouts/rust-rocksdb-9e499ea8a4c2fa74/5c69c8a/rocksdb-sys/rocksdb/third-party/gtest-1.7.0/fused-src  -ffunction-sections -fdata-sections -fPIC -m64 -W -Wextra -Wall -Wsign-compare -Wshadow -Wno-unused-parameter -Wno-unused-variable -Woverloaded-virtual -Wnon-virtual-dtor -Wno-missing-field-initializers -Wno-strict-aliasing -std=c++11 -fno-builtin-memcmp -g -DROCKSDB_USE_RTTI   -o CMakeFiles/rocksdb.dir/db/compaction_iterator.cc.o -c /opt/rustwide/cargo-home/git/checkouts/rust-rocksdb-9e499ea8a4c2fa74/5c69c8a/rocksdb-sys/rocksdb/db/compaction_iterator.cc
[INFO] [stderr]   [  3%] Building CXX object CMakeFiles/rocksdb.dir/db/compaction_job.cc.o
[INFO] [stderr]   /usr/bin/c++  -DOS_LINUX -DROCKSDB_LIB_IO_POSIX -DROCKSDB_MALLOC_USABLE_SIZE -DROCKSDB_PLATFORM_POSIX -DROCKSDB_SCHED_GETCPU_PRESENT -DSNAPPY -I/opt/rustwide/target/debug/build/parity-snappy-sys-26062fdf22f8aac9/out/build -I/opt/rustwide/cargo-home/git/checkouts/rust-rocksdb-9e499ea8a4c2fa74/5c69c8a/rocksdb-sys/rocksdb -I/opt/rustwide/cargo-home/git/checkouts/rust-rocksdb-9e499ea8a4c2fa74/5c69c8a/rocksdb-sys/rocksdb/include -isystem /opt/rustwide/cargo-home/git/checkouts/rust-rocksdb-9e499ea8a4c2fa74/5c69c8a/rocksdb-sys/rocksdb/third-party/gtest-1.7.0/fused-src  -ffunction-sections -fdata-sections -fPIC -m64 -W -Wextra -Wall -Wsign-compare -Wshadow -Wno-unused-parameter -Wno-unused-variable -Woverloaded-virtual -Wnon-virtual-dtor -Wno-missing-field-initializers -Wno-strict-aliasing -std=c++11 -fno-builtin-memcmp -g -DROCKSDB_USE_RTTI   -o CMakeFiles/rocksdb.dir/db/compaction_job.cc.o -c /opt/rustwide/cargo-home/git/checkouts/rust-rocksdb-9e499ea8a4c2fa74/5c69c8a/rocksdb-sys/rocksdb/db/compaction_job.cc
[INFO] [stderr]   [  3%] Building CXX object CMakeFiles/rocksdb.dir/db/compaction_picker.cc.o
[INFO] [stderr]   /usr/bin/c++  -DOS_LINUX -DROCKSDB_LIB_IO_POSIX -DROCKSDB_MALLOC_USABLE_SIZE -DROCKSDB_PLATFORM_POSIX -DROCKSDB_SCHED_GETCPU_PRESENT -DSNAPPY -I/opt/rustwide/target/debug/build/parity-snappy-sys-26062fdf22f8aac9/out/build -I/opt/rustwide/cargo-home/git/checkouts/rust-rocksdb-9e499ea8a4c2fa74/5c69c8a/rocksdb-sys/rocksdb -I/opt/rustwide/cargo-home/git/checkouts/rust-rocksdb-9e499ea8a4c2fa74/5c69c8a/rocksdb-sys/rocksdb/include -isystem /opt/rustwide/cargo-home/git/checkouts/rust-rocksdb-9e499ea8a4c2fa74/5c69c8a/rocksdb-sys/rocksdb/third-party/gtest-1.7.0/fused-src  -ffunction-sections -fdata-sections -fPIC -m64 -W -Wextra -Wall -Wsign-compare -Wshadow -Wno-unused-parameter -Wno-unused-variable -Woverloaded-virtual -Wnon-virtual-dtor -Wno-missing-field-initializers -Wno-strict-aliasing -std=c++11 -fno-builtin-memcmp -g -DROCKSDB_USE_RTTI   -o CMakeFiles/rocksdb.dir/db/compaction_picker.cc.o -c /opt/rustwide/cargo-home/git/checkouts/rust-rocksdb-9e499ea8a4c2fa74/5c69c8a/rocksdb-sys/rocksdb/db/compaction_picker.cc
[INFO] [stderr]   [  3%] Building CXX object CMakeFiles/rocksdb.dir/db/compaction_picker_universal.cc.o
[INFO] [stderr]   /usr/bin/c++  -DOS_LINUX -DROCKSDB_LIB_IO_POSIX -DROCKSDB_MALLOC_USABLE_SIZE -DROCKSDB_PLATFORM_POSIX -DROCKSDB_SCHED_GETCPU_PRESENT -DSNAPPY -I/opt/rustwide/target/debug/build/parity-snappy-sys-26062fdf22f8aac9/out/build -I/opt/rustwide/cargo-home/git/checkouts/rust-rocksdb-9e499ea8a4c2fa74/5c69c8a/rocksdb-sys/rocksdb -I/opt/rustwide/cargo-home/git/checkouts/rust-rocksdb-9e499ea8a4c2fa74/5c69c8a/rocksdb-sys/rocksdb/include -isystem /opt/rustwide/cargo-home/git/checkouts/rust-rocksdb-9e499ea8a4c2fa74/5c69c8a/rocksdb-sys/rocksdb/third-party/gtest-1.7.0/fused-src  -ffunction-sections -fdata-sections -fPIC -m64 -W -Wextra -Wall -Wsign-compare -Wshadow -Wno-unused-parameter -Wno-unused-variable -Woverloaded-virtual -Wnon-virtual-dtor -Wno-missing-field-initializers -Wno-strict-aliasing -std=c++11 -fno-builtin-memcmp -g -DROCKSDB_USE_RTTI   -o CMakeFiles/rocksdb.dir/db/compaction_picker_universal.cc.o -c /opt/rustwide/cargo-home/git/checkouts/rust-rocksdb-9e499ea8a4c2fa74/5c69c8a/rocksdb-sys/rocksdb/db/compaction_picker_universal.cc
[INFO] [stderr]   [  3%] Building CXX object CMakeFiles/rocksdb.dir/db/convenience.cc.o
[INFO] [stderr]   /usr/bin/c++  -DOS_LINUX -DROCKSDB_LIB_IO_POSIX -DROCKSDB_MALLOC_USABLE_SIZE -DROCKSDB_PLATFORM_POSIX -DROCKSDB_SCHED_GETCPU_PRESENT -DSNAPPY -I/opt/rustwide/target/debug/build/parity-snappy-sys-26062fdf22f8aac9/out/build -I/opt/rustwide/cargo-home/git/checkouts/rust-rocksdb-9e499ea8a4c2fa74/5c69c8a/rocksdb-sys/rocksdb -I/opt/rustwide/cargo-home/git/checkouts/rust-rocksdb-9e499ea8a4c2fa74/5c69c8a/rocksdb-sys/rocksdb/include -isystem /opt/rustwide/cargo-home/git/checkouts/rust-rocksdb-9e499ea8a4c2fa74/5c69c8a/rocksdb-sys/rocksdb/third-party/gtest-1.7.0/fused-src  -ffunction-sections -fdata-sections -fPIC -m64 -W -Wextra -Wall -Wsign-compare -Wshadow -Wno-unused-parameter -Wno-unused-variable -Woverloaded-virtual -Wnon-virtual-dtor -Wno-missing-field-initializers -Wno-strict-aliasing -std=c++11 -fno-builtin-memcmp -g -DROCKSDB_USE_RTTI   -o CMakeFiles/rocksdb.dir/db/convenience.cc.o -c /opt/rustwide/cargo-home/git/checkouts/rust-rocksdb-9e499ea8a4c2fa74/5c69c8a/rocksdb-sys/rocksdb/db/convenience.cc
[INFO] [stderr]   [  3%] Building CXX object CMakeFiles/rocksdb.dir/db/db_filesnapshot.cc.o
[INFO] [stderr]   /usr/bin/c++  -DOS_LINUX -DROCKSDB_LIB_IO_POSIX -DROCKSDB_MALLOC_USABLE_SIZE -DROCKSDB_PLATFORM_POSIX -DROCKSDB_SCHED_GETCPU_PRESENT -DSNAPPY -I/opt/rustwide/target/debug/build/parity-snappy-sys-26062fdf22f8aac9/out/build -I/opt/rustwide/cargo-home/git/checkouts/rust-rocksdb-9e499ea8a4c2fa74/5c69c8a/rocksdb-sys/rocksdb -I/opt/rustwide/cargo-home/git/checkouts/rust-rocksdb-9e499ea8a4c2fa74/5c69c8a/rocksdb-sys/rocksdb/include -isystem /opt/rustwide/cargo-home/git/checkouts/rust-rocksdb-9e499ea8a4c2fa74/5c69c8a/rocksdb-sys/rocksdb/third-party/gtest-1.7.0/fused-src  -ffunction-sections -fdata-sections -fPIC -m64 -W -Wextra -Wall -Wsign-compare -Wshadow -Wno-unused-parameter -Wno-unused-variable -Woverloaded-virtual -Wnon-virtual-dtor -Wno-missing-field-initializers -Wno-strict-aliasing -std=c++11 -fno-builtin-memcmp -g -DROCKSDB_USE_RTTI   -o CMakeFiles/rocksdb.dir/db/db_filesnapshot.cc.o -c /opt/rustwide/cargo-home/git/checkouts/rust-rocksdb-9e499ea8a4c2fa74/5c69c8a/rocksdb-sys/rocksdb/db/db_filesnapshot.cc
[INFO] [stderr]   make[3]: Leaving directory '/opt/rustwide/target/debug/build/parity-rocksdb-sys-655bfc10d2473cb5/out/build'
[INFO] [stderr]   make[2]: Leaving directory '/opt/rustwide/target/debug/build/parity-rocksdb-sys-655bfc10d2473cb5/out/build'
[INFO] [stderr]   make[1]: Leaving directory '/opt/rustwide/target/debug/build/parity-rocksdb-sys-655bfc10d2473cb5/out/build'
[INFO] [stderr] 
[INFO] [stderr]   --- stderr
[INFO] [stderr]   CMake Warning at CMakeLists.txt:74 (find_package):
[INFO] [stderr]     By not providing "Findgflags.cmake" in CMAKE_MODULE_PATH this project has
[INFO] [stderr]     asked CMake to find a package configuration file provided by "gflags", but
[INFO] [stderr]     CMake did not find one.
[INFO] [stderr] 
[INFO] [stderr]     Could not find a package configuration file provided by "gflags" with any
[INFO] [stderr]     of the following names:
[INFO] [stderr] 
[INFO] [stderr]       gflagsConfig.cmake
[INFO] [stderr]       gflags-config.cmake
[INFO] [stderr] 
[INFO] [stderr]     Add the installation prefix of "gflags" to CMAKE_PREFIX_PATH or set
[INFO] [stderr]     "gflags_DIR" to a directory containing one of the above files.  If "gflags"
[INFO] [stderr]     provides a separate development package or SDK, be sure it has been
[INFO] [stderr]     installed.
[INFO] [stderr] 
[INFO] [stderr] 
[INFO] [stderr]   In file included from /opt/rustwide/cargo-home/git/checkouts/rust-rocksdb-9e499ea8a4c2fa74/5c69c8a/rocksdb-sys/rocksdb/db/range_del_aggregator.h:16,
[INFO] [stderr]                    from /opt/rustwide/cargo-home/git/checkouts/rust-rocksdb-9e499ea8a4c2fa74/5c69c8a/rocksdb-sys/rocksdb/db/memtable.h:19,
[INFO] [stderr]                    from /opt/rustwide/cargo-home/git/checkouts/rust-rocksdb-9e499ea8a4c2fa74/5c69c8a/rocksdb-sys/rocksdb/db/memtable_list.h:17,
[INFO] [stderr]                    from /opt/rustwide/cargo-home/git/checkouts/rust-rocksdb-9e499ea8a4c2fa74/5c69c8a/rocksdb-sys/rocksdb/db/column_family.h:17,
[INFO] [stderr]                    from /opt/rustwide/cargo-home/git/checkouts/rust-rocksdb-9e499ea8a4c2fa74/5c69c8a/rocksdb-sys/rocksdb/db/version_set.h:31,
[INFO] [stderr]                    from /opt/rustwide/cargo-home/git/checkouts/rust-rocksdb-9e499ea8a4c2fa74/5c69c8a/rocksdb-sys/rocksdb/db/compaction.h:11,
[INFO] [stderr]                    from /opt/rustwide/cargo-home/git/checkouts/rust-rocksdb-9e499ea8a4c2fa74/5c69c8a/rocksdb-sys/rocksdb/db/compaction_iterator.h:12,
[INFO] [stderr]                    from /opt/rustwide/cargo-home/git/checkouts/rust-rocksdb-9e499ea8a4c2fa74/5c69c8a/rocksdb-sys/rocksdb/db/builder.cc:16:
[INFO] [stderr]   /opt/rustwide/cargo-home/git/checkouts/rust-rocksdb-9e499ea8a4c2fa74/5c69c8a/rocksdb-sys/rocksdb/db/version_edit.h: In constructor 'rocksdb::FdWithKeyRange::FdWithKeyRange(rocksdb::FileDescriptor, rocksdb::Slice, rocksdb::Slice, rocksdb::FileMetaData*)':
[INFO] [stderr]   /opt/rustwide/cargo-home/git/checkouts/rust-rocksdb-9e499ea8a4c2fa74/5c69c8a/rocksdb-sys/rocksdb/db/version_edit.h:157:33: warning: implicitly-declared 'constexpr rocksdb::FileDescriptor::FileDescriptor(const rocksdb::FileDescriptor&)' is deprecated [-Wdeprecated-copy]
[INFO] [stderr]     157 |         largest_key(_largest_key) {}
[INFO] [stderr]         |                                 ^
[INFO] [stderr]   /opt/rustwide/cargo-home/git/checkouts/rust-rocksdb-9e499ea8a4c2fa74/5c69c8a/rocksdb-sys/rocksdb/db/version_edit.h:47:19: note: because 'rocksdb::FileDescriptor' has user-provided 'rocksdb::FileDescriptor& rocksdb::FileDescriptor::operator=(const rocksdb::FileDescriptor&)'
[INFO] [stderr]      47 |   FileDescriptor& operator=(const FileDescriptor& fd) {
[INFO] [stderr]         |                   ^~~~~~~~
[INFO] [stderr]   In file included from /opt/rustwide/cargo-home/git/checkouts/rust-rocksdb-9e499ea8a4c2fa74/5c69c8a/rocksdb-sys/rocksdb/db/range_del_aggregator.h:16,
[INFO] [stderr]                    from /opt/rustwide/cargo-home/git/checkouts/rust-rocksdb-9e499ea8a4c2fa74/5c69c8a/rocksdb-sys/rocksdb/db/memtable.h:19,
[INFO] [stderr]                    from /opt/rustwide/cargo-home/git/checkouts/rust-rocksdb-9e499ea8a4c2fa74/5c69c8a/rocksdb-sys/rocksdb/db/memtable_list.h:17,
[INFO] [stderr]                    from /opt/rustwide/cargo-home/git/checkouts/rust-rocksdb-9e499ea8a4c2fa74/5c69c8a/rocksdb-sys/rocksdb/db/column_family.h:17,
[INFO] [stderr]                    from /opt/rustwide/cargo-home/git/checkouts/rust-rocksdb-9e499ea8a4c2fa74/5c69c8a/rocksdb-sys/rocksdb/db/column_family.cc:10:
[INFO] [stderr]   /opt/rustwide/cargo-home/git/checkouts/rust-rocksdb-9e499ea8a4c2fa74/5c69c8a/rocksdb-sys/rocksdb/db/version_edit.h: In constructor 'rocksdb::FdWithKeyRange::FdWithKeyRange(rocksdb::FileDescriptor, rocksdb::Slice, rocksdb::Slice, rocksdb::FileMetaData*)':
[INFO] [stderr]   /opt/rustwide/cargo-home/git/checkouts/rust-rocksdb-9e499ea8a4c2fa74/5c69c8a/rocksdb-sys/rocksdb/db/version_edit.h:157:33: warning: implicitly-declared 'constexpr rocksdb::FileDescriptor::FileDescriptor(const rocksdb::FileDescriptor&)' is deprecated [-Wdeprecated-copy]
[INFO] [stderr]     157 |         largest_key(_largest_key) {}
[INFO] [stderr]         |                                 ^
[INFO] [stderr]   /opt/rustwide/cargo-home/git/checkouts/rust-rocksdb-9e499ea8a4c2fa74/5c69c8a/rocksdb-sys/rocksdb/db/version_edit.h:47:19: note: because 'rocksdb::FileDescriptor' has user-provided 'rocksdb::FileDescriptor& rocksdb::FileDescriptor::operator=(const rocksdb::FileDescriptor&)'
[INFO] [stderr]      47 |   FileDescriptor& operator=(const FileDescriptor& fd) {
[INFO] [stderr]         |                   ^~~~~~~~
[INFO] [stderr]   c++: fatal error: Killed signal terminated program cc1plus
[INFO] [stderr]   compilation terminated.
[INFO] [stderr]   make[3]: *** [CMakeFiles/rocksdb.dir/build.make:105: CMakeFiles/rocksdb.dir/db/builder.cc.o] Error 1
[INFO] [stderr]   make[3]: *** Waiting for unfinished jobs....
[INFO] [stderr]   c++: fatal error: Killed signal terminated program cc1plus
[INFO] [stderr]   compilation terminated.
[INFO] [stderr]   make[3]: *** [CMakeFiles/rocksdb.dir/build.make:118: CMakeFiles/rocksdb.dir/db/c.cc.o] Error 1
[INFO] [stderr]   In file included from /opt/rustwide/cargo-home/git/checkouts/rust-rocksdb-9e499ea8a4c2fa74/5c69c8a/rocksdb-sys/rocksdb/db/range_del_aggregator.h:16,
[INFO] [stderr]                    from /opt/rustwide/cargo-home/git/checkouts/rust-rocksdb-9e499ea8a4c2fa74/5c69c8a/rocksdb-sys/rocksdb/db/memtable.h:19,
[INFO] [stderr]                    from /opt/rustwide/cargo-home/git/checkouts/rust-rocksdb-9e499ea8a4c2fa74/5c69c8a/rocksdb-sys/rocksdb/db/memtable_list.h:17,
[INFO] [stderr]                    from /opt/rustwide/cargo-home/git/checkouts/rust-rocksdb-9e499ea8a4c2fa74/5c69c8a/rocksdb-sys/rocksdb/db/column_family.h:17,
[INFO] [stderr]                    from /opt/rustwide/cargo-home/git/checkouts/rust-rocksdb-9e499ea8a4c2fa74/5c69c8a/rocksdb-sys/rocksdb/db/db_impl.h:22,
[INFO] [stderr]                    from /opt/rustwide/cargo-home/git/checkouts/rust-rocksdb-9e499ea8a4c2fa74/5c69c8a/rocksdb-sys/rocksdb/db/compacted_db_impl.h:8,
[INFO] [stderr]                    from /opt/rustwide/cargo-home/git/checkouts/rust-rocksdb-9e499ea8a4c2fa74/5c69c8a/rocksdb-sys/rocksdb/db/compacted_db_impl.cc:7:
[INFO] [stderr]   /opt/rustwide/cargo-home/git/checkouts/rust-rocksdb-9e499ea8a4c2fa74/5c69c8a/rocksdb-sys/rocksdb/db/version_edit.h: In constructor 'rocksdb::FdWithKeyRange::FdWithKeyRange(rocksdb::FileDescriptor, rocksdb::Slice, rocksdb::Slice, rocksdb::FileMetaData*)':
[INFO] [stderr]   /opt/rustwide/cargo-home/git/checkouts/rust-rocksdb-9e499ea8a4c2fa74/5c69c8a/rocksdb-sys/rocksdb/db/version_edit.h:157:33: warning: implicitly-declared 'constexpr rocksdb::FileDescriptor::FileDescriptor(const rocksdb::FileDescriptor&)' is deprecated [-Wdeprecated-copy]
[INFO] [stderr]     157 |         largest_key(_largest_key) {}
[INFO] [stderr]         |                                 ^
[INFO] [stderr]   /opt/rustwide/cargo-home/git/checkouts/rust-rocksdb-9e499ea8a4c2fa74/5c69c8a/rocksdb-sys/rocksdb/db/version_edit.h:47:19: note: because 'rocksdb::FileDescriptor' has user-provided 'rocksdb::FileDescriptor& rocksdb::FileDescriptor::operator=(const rocksdb::FileDescriptor&)'
[INFO] [stderr]      47 |   FileDescriptor& operator=(const FileDescriptor& fd) {
[INFO] [stderr]         |                   ^~~~~~~~
[INFO] [stderr]   In file included from /opt/rustwide/cargo-home/git/checkouts/rust-rocksdb-9e499ea8a4c2fa74/5c69c8a/rocksdb-sys/rocksdb/db/range_del_aggregator.h:16,
[INFO] [stderr]                    from /opt/rustwide/cargo-home/git/checkouts/rust-rocksdb-9e499ea8a4c2fa74/5c69c8a/rocksdb-sys/rocksdb/db/memtable.h:19,
[INFO] [stderr]                    from /opt/rustwide/cargo-home/git/checkouts/rust-rocksdb-9e499ea8a4c2fa74/5c69c8a/rocksdb-sys/rocksdb/db/memtable_list.h:17,
[INFO] [stderr]                    from /opt/rustwide/cargo-home/git/checkouts/rust-rocksdb-9e499ea8a4c2fa74/5c69c8a/rocksdb-sys/rocksdb/db/column_family.h:17,
[INFO] [stderr]                    from /opt/rustwide/cargo-home/git/checkouts/rust-rocksdb-9e499ea8a4c2fa74/5c69c8a/rocksdb-sys/rocksdb/db/compaction_job.h:20,
[INFO] [stderr]                    from /opt/rustwide/cargo-home/git/checkouts/rust-rocksdb-9e499ea8a4c2fa74/5c69c8a/rocksdb-sys/rocksdb/db/compaction_job.cc:10:
[INFO] [stderr]   /opt/rustwide/cargo-home/git/checkouts/rust-rocksdb-9e499ea8a4c2fa74/5c69c8a/rocksdb-sys/rocksdb/db/version_edit.h: In constructor 'rocksdb::FdWithKeyRange::FdWithKeyRange(rocksdb::FileDescriptor, rocksdb::Slice, rocksdb::Slice, rocksdb::FileMetaData*)':
[INFO] [stderr]   /opt/rustwide/cargo-home/git/checkouts/rust-rocksdb-9e499ea8a4c2fa74/5c69c8a/rocksdb-sys/rocksdb/db/version_edit.h:157:33: warning: implicitly-declared 'constexpr rocksdb::FileDescriptor::FileDescriptor(const rocksdb::FileDescriptor&)' is deprecated [-Wdeprecated-copy]
[INFO] [stderr]     157 |         largest_key(_largest_key) {}
[INFO] [stderr]         |                                 ^
[INFO] [stderr]   /opt/rustwide/cargo-home/git/checkouts/rust-rocksdb-9e499ea8a4c2fa74/5c69c8a/rocksdb-sys/rocksdb/db/version_edit.h:47:19: note: because 'rocksdb::FileDescriptor' has user-provided 'rocksdb::FileDescriptor& rocksdb::FileDescriptor::operator=(const rocksdb::FileDescriptor&)'
[INFO] [stderr]      47 |   FileDescriptor& operator=(const FileDescriptor& fd) {
[INFO] [stderr]         |                   ^~~~~~~~
[INFO] [stderr]   In file included from /opt/rustwide/cargo-home/git/checkouts/rust-rocksdb-9e499ea8a4c2fa74/5c69c8a/rocksdb-sys/rocksdb/db/range_del_aggregator.h:16,
[INFO] [stderr]                    from /opt/rustwide/cargo-home/git/checkouts/rust-rocksdb-9e499ea8a4c2fa74/5c69c8a/rocksdb-sys/rocksdb/db/memtable.h:19,
[INFO] [stderr]                    from /opt/rustwide/cargo-home/git/checkouts/rust-rocksdb-9e499ea8a4c2fa74/5c69c8a/rocksdb-sys/rocksdb/db/memtable_list.h:17,
[INFO] [stderr]                    from /opt/rustwide/cargo-home/git/checkouts/rust-rocksdb-9e499ea8a4c2fa74/5c69c8a/rocksdb-sys/rocksdb/db/column_family.h:17,
[INFO] [stderr]                    from /opt/rustwide/cargo-home/git/checkouts/rust-rocksdb-9e499ea8a4c2fa74/5c69c8a/rocksdb-sys/rocksdb/db/version_set.h:31,
[INFO] [stderr]                    from /opt/rustwide/cargo-home/git/checkouts/rust-rocksdb-9e499ea8a4c2fa74/5c69c8a/rocksdb-sys/rocksdb/db/compaction.h:11,
[INFO] [stderr]                    from /opt/rustwide/cargo-home/git/checkouts/rust-rocksdb-9e499ea8a4c2fa74/5c69c8a/rocksdb-sys/rocksdb/db/compaction.cc:10:
[INFO] [stderr]   /opt/rustwide/cargo-home/git/checkouts/rust-rocksdb-9e499ea8a4c2fa74/5c69c8a/rocksdb-sys/rocksdb/db/version_edit.h: In constructor 'rocksdb::FdWithKeyRange::FdWithKeyRange(rocksdb::FileDescriptor, rocksdb::Slice, rocksdb::Slice, rocksdb::FileMetaData*)':
[INFO] [stderr]   /opt/rustwide/cargo-home/git/checkouts/rust-rocksdb-9e499ea8a4c2fa74/5c69c8a/rocksdb-sys/rocksdb/db/version_edit.h:157:33: warning: implicitly-declared 'constexpr rocksdb::FileDescriptor::FileDescriptor(const rocksdb::FileDescriptor&)' is deprecated [-Wdeprecated-copy]
[INFO] [stderr]     157 |         largest_key(_largest_key) {}
[INFO] [stderr]         |                                 ^
[INFO] [stderr]   /opt/rustwide/cargo-home/git/checkouts/rust-rocksdb-9e499ea8a4c2fa74/5c69c8a/rocksdb-sys/rocksdb/db/version_edit.h:47:19: note: because 'rocksdb::FileDescriptor' has user-provided 'rocksdb::FileDescriptor& rocksdb::FileDescriptor::operator=(const rocksdb::FileDescriptor&)'
[INFO] [stderr]      47 |   FileDescriptor& operator=(const FileDescriptor& fd) {
[INFO] [stderr]         |                   ^~~~~~~~
[INFO] [stderr]   In file included from /opt/rustwide/cargo-home/git/checkouts/rust-rocksdb-9e499ea8a4c2fa74/5c69c8a/rocksdb-sys/rocksdb/db/range_del_aggregator.h:16,
[INFO] [stderr]                    from /opt/rustwide/cargo-home/git/checkouts/rust-rocksdb-9e499ea8a4c2fa74/5c69c8a/rocksdb-sys/rocksdb/db/memtable.h:19,
[INFO] [stderr]                    from /opt/rustwide/cargo-home/git/checkouts/rust-rocksdb-9e499ea8a4c2fa74/5c69c8a/rocksdb-sys/rocksdb/db/memtable_list.h:17,
[INFO] [stderr]                    from /opt/rustwide/cargo-home/git/checkouts/rust-rocksdb-9e499ea8a4c2fa74/5c69c8a/rocksdb-sys/rocksdb/db/column_family.h:17,
[INFO] [stderr]                    from /opt/rustwide/cargo-home/git/checkouts/rust-rocksdb-9e499ea8a4c2fa74/5c69c8a/rocksdb-sys/rocksdb/db/version_set.h:31,
[INFO] [stderr]                    from /opt/rustwide/cargo-home/git/checkouts/rust-rocksdb-9e499ea8a4c2fa74/5c69c8a/rocksdb-sys/rocksdb/db/compaction.h:11,
[INFO] [stderr]                    from /opt/rustwide/cargo-home/git/checkouts/rust-rocksdb-9e499ea8a4c2fa74/5c69c8a/rocksdb-sys/rocksdb/db/compaction_iterator.h:12,
[INFO] [stderr]                    from /opt/rustwide/cargo-home/git/checkouts/rust-rocksdb-9e499ea8a4c2fa74/5c69c8a/rocksdb-sys/rocksdb/db/compaction_iterator.cc:6:
[INFO] [stderr]   /opt/rustwide/cargo-home/git/checkouts/rust-rocksdb-9e499ea8a4c2fa74/5c69c8a/rocksdb-sys/rocksdb/db/version_edit.h: In constructor 'rocksdb::FdWithKeyRange::FdWithKeyRange(rocksdb::FileDescriptor, rocksdb::Slice, rocksdb::Slice, rocksdb::FileMetaData*)':
[INFO] [stderr]   /opt/rustwide/cargo-home/git/checkouts/rust-rocksdb-9e499ea8a4c2fa74/5c69c8a/rocksdb-sys/rocksdb/db/version_edit.h:157:33: warning: implicitly-declared 'constexpr rocksdb::FileDescriptor::FileDescriptor(const rocksdb::FileDescriptor&)' is deprecated [-Wdeprecated-copy]
[INFO] [stderr]     157 |         largest_key(_largest_key) {}
[INFO] [stderr]         |                                 ^
[INFO] [stderr]   /opt/rustwide/cargo-home/git/checkouts/rust-rocksdb-9e499ea8a4c2fa74/5c69c8a/rocksdb-sys/rocksdb/db/version_edit.h:47:19: note: because 'rocksdb::FileDescriptor' has user-provided 'rocksdb::FileDescriptor& rocksdb::FileDescriptor::operator=(const rocksdb::FileDescriptor&)'
[INFO] [stderr]      47 |   FileDescriptor& operator=(const FileDescriptor& fd) {
[INFO] [stderr]         |                   ^~~~~~~~
[INFO] [stderr]   c++: fatal error: Killed signal terminated program cc1plus
[INFO] [stderr]   compilation terminated.
[INFO] [stderr]   make[3]: *** [CMakeFiles/rocksdb.dir/build.make:183: CMakeFiles/rocksdb.dir/db/compaction_job.cc.o] Error 1
[INFO] [stderr]   c++: fatal error: Killed signal terminated program cc1plus
[INFO] [stderr]   compilation terminated.
[INFO] [stderr]   make[3]: *** [CMakeFiles/rocksdb.dir/build.make:131: CMakeFiles/rocksdb.dir/db/column_family.cc.o] Error 1
[INFO] [stderr]   In file included from /opt/rustwide/cargo-home/git/checkouts/rust-rocksdb-9e499ea8a4c2fa74/5c69c8a/rocksdb-sys/rocksdb/db/range_del_aggregator.h:16,
[INFO] [stderr]                    from /opt/rustwide/cargo-home/git/checkouts/rust-rocksdb-9e499ea8a4c2fa74/5c69c8a/rocksdb-sys/rocksdb/db/memtable.h:19,
[INFO] [stderr]                    from /opt/rustwide/cargo-home/git/checkouts/rust-rocksdb-9e499ea8a4c2fa74/5c69c8a/rocksdb-sys/rocksdb/db/memtable_list.h:17,
[INFO] [stderr]                    from /opt/rustwide/cargo-home/git/checkouts/rust-rocksdb-9e499ea8a4c2fa74/5c69c8a/rocksdb-sys/rocksdb/db/column_family.h:17,
[INFO] [stderr]                    from /opt/rustwide/cargo-home/git/checkouts/rust-rocksdb-9e499ea8a4c2fa74/5c69c8a/rocksdb-sys/rocksdb/db/version_set.h:31,
[INFO] [stderr]                    from /opt/rustwide/cargo-home/git/checkouts/rust-rocksdb-9e499ea8a4c2fa74/5c69c8a/rocksdb-sys/rocksdb/db/compaction.h:11,
[INFO] [stderr]                    from /opt/rustwide/cargo-home/git/checkouts/rust-rocksdb-9e499ea8a4c2fa74/5c69c8a/rocksdb-sys/rocksdb/db/compaction_picker.h:18,
[INFO] [stderr]                    from /opt/rustwide/cargo-home/git/checkouts/rust-rocksdb-9e499ea8a4c2fa74/5c69c8a/rocksdb-sys/rocksdb/db/compaction_picker.cc:10:
[INFO] [stderr]   /opt/rustwide/cargo-home/git/checkouts/rust-rocksdb-9e499ea8a4c2fa74/5c69c8a/rocksdb-sys/rocksdb/db/version_edit.h: In constructor 'rocksdb::FdWithKeyRange::FdWithKeyRange(rocksdb::FileDescriptor, rocksdb::Slice, rocksdb::Slice, rocksdb::FileMetaData*)':
[INFO] [stderr]   /opt/rustwide/cargo-home/git/checkouts/rust-rocksdb-9e499ea8a4c2fa74/5c69c8a/rocksdb-sys/rocksdb/db/version_edit.h:157:33: warning: implicitly-declared 'constexpr rocksdb::FileDescriptor::FileDescriptor(const rocksdb::FileDescriptor&)' is deprecated [-Wdeprecated-copy]
[INFO] [stderr]     157 |         largest_key(_largest_key) {}
[INFO] [stderr]         |                                 ^
[INFO] [stderr]   /opt/rustwide/cargo-home/git/checkouts/rust-rocksdb-9e499ea8a4c2fa74/5c69c8a/rocksdb-sys/rocksdb/db/version_edit.h:47:19: note: because 'rocksdb::FileDescriptor' has user-provided 'rocksdb::FileDescriptor& rocksdb::FileDescriptor::operator=(const rocksdb::FileDescriptor&)'
[INFO] [stderr]      47 |   FileDescriptor& operator=(const FileDescriptor& fd) {
[INFO] [stderr]         |                   ^~~~~~~~
[INFO] [stderr]   In file included from /opt/rustwide/cargo-home/git/checkouts/rust-rocksdb-9e499ea8a4c2fa74/5c69c8a/rocksdb-sys/rocksdb/db/range_del_aggregator.h:16,
[INFO] [stderr]                    from /opt/rustwide/cargo-home/git/checkouts/rust-rocksdb-9e499ea8a4c2fa74/5c69c8a/rocksdb-sys/rocksdb/db/memtable.h:19,
[INFO] [stderr]                    from /opt/rustwide/cargo-home/git/checkouts/rust-rocksdb-9e499ea8a4c2fa74/5c69c8a/rocksdb-sys/rocksdb/db/memtable_list.h:17,
[INFO] [stderr]                    from /opt/rustwide/cargo-home/git/checkouts/rust-rocksdb-9e499ea8a4c2fa74/5c69c8a/rocksdb-sys/rocksdb/db/column_family.h:17,
[INFO] [stderr]                    from /opt/rustwide/cargo-home/git/checkouts/rust-rocksdb-9e499ea8a4c2fa74/5c69c8a/rocksdb-sys/rocksdb/db/version_set.h:31,
[INFO] [stderr]                    from /opt/rustwide/cargo-home/git/checkouts/rust-rocksdb-9e499ea8a4c2fa74/5c69c8a/rocksdb-sys/rocksdb/db/compaction.h:11,
[INFO] [stderr]                    from /opt/rustwide/cargo-home/git/checkouts/rust-rocksdb-9e499ea8a4c2fa74/5c69c8a/rocksdb-sys/rocksdb/db/compaction_picker.h:18,
[INFO] [stderr]                    from /opt/rustwide/cargo-home/git/checkouts/rust-rocksdb-9e499ea8a4c2fa74/5c69c8a/rocksdb-sys/rocksdb/db/compaction_picker_universal.h:13,
[INFO] [stderr]                    from /opt/rustwide/cargo-home/git/checkouts/rust-rocksdb-9e499ea8a4c2fa74/5c69c8a/rocksdb-sys/rocksdb/db/compaction_picker_universal.cc:10:
[INFO] [stderr]   /opt/rustwide/cargo-home/git/checkouts/rust-rocksdb-9e499ea8a4c2fa74/5c69c8a/rocksdb-sys/rocksdb/db/version_edit.h: In constructor 'rocksdb::FdWithKeyRange::FdWithKeyRange(rocksdb::FileDescriptor, rocksdb::Slice, rocksdb::Slice, rocksdb::FileMetaData*)':
[INFO] [stderr]   /opt/rustwide/cargo-home/git/checkouts/rust-rocksdb-9e499ea8a4c2fa74/5c69c8a/rocksdb-sys/rocksdb/db/version_edit.h:157:33: warning: implicitly-declared 'constexpr rocksdb::FileDescriptor::FileDescriptor(const rocksdb::FileDescriptor&)' is deprecated [-Wdeprecated-copy]
[INFO] [stderr]     157 |         largest_key(_largest_key) {}
[INFO] [stderr]         |                                 ^
[INFO] [stderr]   /opt/rustwide/cargo-home/git/checkouts/rust-rocksdb-9e499ea8a4c2fa74/5c69c8a/rocksdb-sys/rocksdb/db/version_edit.h:47:19: note: because 'rocksdb::FileDescriptor' has user-provided 'rocksdb::FileDescriptor& rocksdb::FileDescriptor::operator=(const rocksdb::FileDescriptor&)'
[INFO] [stderr]      47 |   FileDescriptor& operator=(const FileDescriptor& fd) {
[INFO] [stderr]         |                   ^~~~~~~~
[INFO] [stderr]   In file included from /opt/rustwide/cargo-home/git/checkouts/rust-rocksdb-9e499ea8a4c2fa74/5c69c8a/rocksdb-sys/rocksdb/db/range_del_aggregator.h:16,
[INFO] [stderr]                    from /opt/rustwide/cargo-home/git/checkouts/rust-rocksdb-9e499ea8a4c2fa74/5c69c8a/rocksdb-sys/rocksdb/db/memtable.h:19,
[INFO] [stderr]                    from /opt/rustwide/cargo-home/git/checkouts/rust-rocksdb-9e499ea8a4c2fa74/5c69c8a/rocksdb-sys/rocksdb/db/memtable_list.h:17,
[INFO] [stderr]                    from /opt/rustwide/cargo-home/git/checkouts/rust-rocksdb-9e499ea8a4c2fa74/5c69c8a/rocksdb-sys/rocksdb/db/column_family.h:17,
[INFO] [stderr]                    from /opt/rustwide/cargo-home/git/checkouts/rust-rocksdb-9e499ea8a4c2fa74/5c69c8a/rocksdb-sys/rocksdb/db/db_impl.h:22,
[INFO] [stderr]                    from /opt/rustwide/cargo-home/git/checkouts/rust-rocksdb-9e499ea8a4c2fa74/5c69c8a/rocksdb-sys/rocksdb/db/convenience.cc:11:
[INFO] [stderr]   /opt/rustwide/cargo-home/git/checkouts/rust-rocksdb-9e499ea8a4c2fa74/5c69c8a/rocksdb-sys/rocksdb/db/version_edit.h: In constructor 'rocksdb::FdWithKeyRange::FdWithKeyRange(rocksdb::FileDescriptor, rocksdb::Slice, rocksdb::Slice, rocksdb::FileMetaData*)':
[INFO] [stderr]   /opt/rustwide/cargo-home/git/checkouts/rust-rocksdb-9e499ea8a4c2fa74/5c69c8a/rocksdb-sys/rocksdb/db/version_edit.h:157:33: warning: implicitly-declared 'constexpr rocksdb::FileDescriptor::FileDescriptor(const rocksdb::FileDescriptor&)' is deprecated [-Wdeprecated-copy]
[INFO] [stderr]     157 |         largest_key(_largest_key) {}
[INFO] [stderr]         |                                 ^
[INFO] [stderr]   /opt/rustwide/cargo-home/git/checkouts/rust-rocksdb-9e499ea8a4c2fa74/5c69c8a/rocksdb-sys/rocksdb/db/version_edit.h:47:19: note: because 'rocksdb::FileDescriptor' has user-provided 'rocksdb::FileDescriptor& rocksdb::FileDescriptor::operator=(const rocksdb::FileDescriptor&)'
[INFO] [stderr]      47 |   FileDescriptor& operator=(const FileDescriptor& fd) {
[INFO] [stderr]         |                   ^~~~~~~~
[INFO] [stderr]   c++: fatal error: Killed signal terminated program cc1plus
[INFO] [stderr]   compilation terminated.
[INFO] [stderr]   make[3]: *** [CMakeFiles/rocksdb.dir/build.make:144: CMakeFiles/rocksdb.dir/db/compacted_db_impl.cc.o] Error 1
[INFO] [stderr]   In file included from /opt/rustwide/cargo-home/git/checkouts/rust-rocksdb-9e499ea8a4c2fa74/5c69c8a/rocksdb-sys/rocksdb/db/range_del_aggregator.h:16,
[INFO] [stderr]                    from /opt/rustwide/cargo-home/git/checkouts/rust-rocksdb-9e499ea8a4c2fa74/5c69c8a/rocksdb-sys/rocksdb/db/memtable.h:19,
[INFO] [stderr]                    from /opt/rustwide/cargo-home/git/checkouts/rust-rocksdb-9e499ea8a4c2fa74/5c69c8a/rocksdb-sys/rocksdb/db/memtable_list.h:17,
[INFO] [stderr]                    from /opt/rustwide/cargo-home/git/checkouts/rust-rocksdb-9e499ea8a4c2fa74/5c69c8a/rocksdb-sys/rocksdb/db/column_family.h:17,
[INFO] [stderr]                    from /opt/rustwide/cargo-home/git/checkouts/rust-rocksdb-9e499ea8a4c2fa74/5c69c8a/rocksdb-sys/rocksdb/db/db_impl.h:22,
[INFO] [stderr]                    from /opt/rustwide/cargo-home/git/checkouts/rust-rocksdb-9e499ea8a4c2fa74/5c69c8a/rocksdb-sys/rocksdb/db/db_filesnapshot.cc:17:
[INFO] [stderr]   /opt/rustwide/cargo-home/git/checkouts/rust-rocksdb-9e499ea8a4c2fa74/5c69c8a/rocksdb-sys/rocksdb/db/version_edit.h: In constructor 'rocksdb::FdWithKeyRange::FdWithKeyRange(rocksdb::FileDescriptor, rocksdb::Slice, rocksdb::Slice, rocksdb::FileMetaData*)':
[INFO] [stderr]   /opt/rustwide/cargo-home/git/checkouts/rust-rocksdb-9e499ea8a4c2fa74/5c69c8a/rocksdb-sys/rocksdb/db/version_edit.h:157:33: warning: implicitly-declared 'constexpr rocksdb::FileDescriptor::FileDescriptor(const rocksdb::FileDescriptor&)' is deprecated [-Wdeprecated-copy]
[INFO] [stderr]     157 |         largest_key(_largest_key) {}
[INFO] [stderr]         |                                 ^
[INFO] [stderr]   /opt/rustwide/cargo-home/git/checkouts/rust-rocksdb-9e499ea8a4c2fa74/5c69c8a/rocksdb-sys/rocksdb/db/version_edit.h:47:19: note: because 'rocksdb::FileDescriptor' has user-provided 'rocksdb::FileDescriptor& rocksdb::FileDescriptor::operator=(const rocksdb::FileDescriptor&)'
[INFO] [stderr]      47 |   FileDescriptor& operator=(const FileDescriptor& fd) {
[INFO] [stderr]         |                   ^~~~~~~~
[INFO] [stderr]   c++: fatal error: Killed signal terminated program cc1plus
[INFO] [stderr]   compilation terminated.
[INFO] [stderr]   make[3]: *** [CMakeFiles/rocksdb.dir/build.make:170: CMakeFiles/rocksdb.dir/db/compaction_iterator.cc.o] Error 1
[INFO] [stderr]   /opt/rustwide/cargo-home/git/checkouts/rust-rocksdb-9e499ea8a4c2fa74/5c69c8a/rocksdb-sys/rocksdb/db/version_edit.h: In instantiation of 'constexpr std::pair<_T1, _T2>::pair(_U1&&, _U2&&) [with _U1 = int&; _U2 = rocksdb::FileMetaData; typename std::enable_if<(std::_PCC<true, _T1, _T2>::_MoveConstructiblePair<_U1, _U2>() && std::_PCC<true, _T1, _T2>::_ImplicitlyMoveConvertiblePair<_U1, _U2>()), bool>::type <anonymous> = true; _T1 = int; _T2 = rocksdb::FileMetaData]':
[INFO] [stderr]   /usr/include/c++/9/ext/new_allocator.h:147:4:   required from 'void __gnu_cxx::new_allocator<_Tp>::construct(_Up*, _Args&& ...) [with _Up = std::pair<int, rocksdb::FileMetaData>; _Args = {int&, rocksdb::FileMetaData}; _Tp = std::pair<int, rocksdb::FileMetaData>]'
[INFO] [stderr]   /usr/include/c++/9/bits/alloc_traits.h:484:4:   required from 'static void std::allocator_traits<std::allocator<_Tp1> >::construct(std::allocator_traits<std::allocator<_Tp1> >::allocator_type&, _Up*, _Args&& ...) [with _Up = std::pair<int, rocksdb::FileMetaData>; _Args = {int&, rocksdb::FileMetaData}; _Tp = std::pair<int, rocksdb::FileMetaData>; std::allocator_traits<std::allocator<_Tp1> >::allocator_type = std::allocator<std::pair<int, rocksdb::FileMetaData> >]'
[INFO] [stderr]   /usr/include/c++/9/bits/vector.tcc:115:30:   required from 'void std::vector<_Tp, _Alloc>::emplace_back(_Args&& ...) [with _Args = {int&, rocksdb::FileMetaData}; _Tp = std::pair<int, rocksdb::FileMetaData>; _Alloc = std::allocator<std::pair<int, rocksdb::FileMetaData> >]'
[INFO] [stderr]   /opt/rustwide/cargo-home/git/checkouts/rust-rocksdb-9e499ea8a4c2fa74/5c69c8a/rocksdb-sys/rocksdb/db/version_edit.h:227:48:   required from here
[INFO] [stderr]   /opt/rustwide/cargo-home/git/checkouts/rust-rocksdb-9e499ea8a4c2fa74/5c69c8a/rocksdb-sys/rocksdb/db/version_edit.h:76:8: warning: implicitly-declared 'constexpr rocksdb::FileDescriptor::FileDescriptor(const rocksdb::FileDescriptor&)' is deprecated [-Wdeprecated-copy]
[INFO] [stderr]      76 | struct FileMetaData {
[INFO] [stderr]         |        ^~~~~~~~~~~~
[INFO] [stderr]   /opt/rustwide/cargo-home/git/checkouts/rust-rocksdb-9e499ea8a4c2fa74/5c69c8a/rocksdb-sys/rocksdb/db/version_edit.h:47:19: note: because 'rocksdb::FileDescriptor' has user-provided 'rocksdb::FileDescriptor& rocksdb::FileDescriptor::operator=(const rocksdb::FileDescriptor&)'
[INFO] [stderr]      47 |   FileDescriptor& operator=(const FileDescriptor& fd) {
[INFO] [stderr]         |                   ^~~~~~~~
[INFO] [stderr]   In file included from /usr/include/c++/9/bits/stl_algobase.h:64,
[INFO] [stderr]                    from /usr/include/c++/9/deque:60,
[INFO] [stderr]                    from /opt/rustwide/cargo-home/git/checkouts/rust-rocksdb-9e499ea8a4c2fa74/5c69c8a/rocksdb-sys/rocksdb/db/version_set.h:22,
[INFO] [stderr]                    from /opt/rustwide/cargo-home/git/checkouts/rust-rocksdb-9e499ea8a4c2fa74/5c69c8a/rocksdb-sys/rocksdb/db/compaction.h:11,
[INFO] [stderr]                    from /opt/rustwide/cargo-home/git/checkouts/rust-rocksdb-9e499ea8a4c2fa74/5c69c8a/rocksdb-sys/rocksdb/db/compaction.cc:10:
[INFO] [stderr]   /usr/include/c++/9/bits/stl_pair.h:342:64: note: synthesized method 'rocksdb::FileMetaData::FileMetaData(rocksdb::FileMetaData&&)' first required here
[INFO] [stderr]     342 |  : first(std::forward<_U1>(__x)), second(std::forward<_U2>(__y)) { }
[INFO] [stderr]         |                                                                ^
[INFO] [stderr]   In file included from /opt/rustwide/cargo-home/git/checkouts/rust-rocksdb-9e499ea8a4c2fa74/5c69c8a/rocksdb-sys/rocksdb/db/range_del_aggregator.h:16,
[INFO] [stderr]                    from /opt/rustwide/cargo-home/git/checkouts/rust-rocksdb-9e499ea8a4c2fa74/5c69c8a/rocksdb-sys/rocksdb/db/memtable.h:19,
[INFO] [stderr]                    from /opt/rustwide/cargo-home/git/checkouts/rust-rocksdb-9e499ea8a4c2fa74/5c69c8a/rocksdb-sys/rocksdb/db/memtable_list.h:17,
[INFO] [stderr]                    from /opt/rustwide/cargo-home/git/checkouts/rust-rocksdb-9e499ea8a4c2fa74/5c69c8a/rocksdb-sys/rocksdb/db/column_family.h:17,
[INFO] [stderr]                    from /opt/rustwide/cargo-home/git/checkouts/rust-rocksdb-9e499ea8a4c2fa74/5c69c8a/rocksdb-sys/rocksdb/db/version_set.h:31,
[INFO] [stderr]                    from /opt/rustwide/cargo-home/git/checkouts/rust-rocksdb-9e499ea8a4c2fa74/5c69c8a/rocksdb-sys/rocksdb/db/compaction.h:11,
[INFO] [stderr]                    from /opt/rustwide/cargo-home/git/checkouts/rust-rocksdb-9e499ea8a4c2fa74/5c69c8a/rocksdb-sys/rocksdb/db/compaction.cc:10:
[INFO] [stderr]   /opt/rustwide/cargo-home/git/checkouts/rust-rocksdb-9e499ea8a4c2fa74/5c69c8a/rocksdb-sys/rocksdb/db/version_edit.h: In instantiation of 'constexpr std::pair<_T1, _T2>::pair(_U1&&, const _T2&) [with _U1 = int&; typename std::enable_if<std::_PCC<true, _T1, _T2>::_MoveCopyPair<true, _U1, _T2>(), bool>::type <anonymous> = true; _T1 = int; _T2 = rocksdb::FileMetaData]':
[INFO] [stderr]   /usr/include/c++/9/ext/new_allocator.h:147:4:   required from 'void __gnu_cxx::new_allocator<_Tp>::construct(_Up*, _Args&& ...) [with _Up = std::pair<int, rocksdb::FileMetaData>; _Args = {int&, const rocksdb::FileMetaData&}; _Tp = std::pair<int, rocksdb::FileMetaData>]'
[INFO] [stderr]   /usr/include/c++/9/bits/alloc_traits.h:484:4:   required from 'static void std::allocator_traits<std::allocator<_Tp1> >::construct(std::allocator_traits<std::allocator<_Tp1> >::allocator_type&, _Up*, _Args&& ...) [with _Up = std::pair<int, rocksdb::FileMetaData>; _Args = {int&, const rocksdb::FileMetaData&}; _Tp = std::pair<int, rocksdb::FileMetaData>; std::allocator_traits<std::allocator<_Tp1> >::allocator_type = std::allocator<std::pair<int, rocksdb::FileMetaData> >]'
[INFO] [stderr]   /usr/include/c++/9/bits/vector.tcc:115:30:   required from 'void std::vector<_Tp, _Alloc>::emplace_back(_Args&& ...) [with _Args = {int&, const rocksdb::FileMetaData&}; _Tp = std::pair<int, rocksdb::FileMetaData>; _Alloc = std::allocator<std::pair<int, rocksdb::FileMetaData> >]'
[INFO] [stderr]   /opt/rustwide/cargo-home/git/checkouts/rust-rocksdb-9e499ea8a4c2fa74/5c69c8a/rocksdb-sys/rocksdb/db/version_edit.h:232:37:   required from here
[INFO] [stderr]   /opt/rustwide/cargo-home/git/checkouts/rust-rocksdb-9e499ea8a4c2fa74/5c69c8a/rocksdb-sys/rocksdb/db/version_edit.h:76:8: warning: implicitly-declared 'constexpr rocksdb::FileDescriptor::FileDescriptor(const rocksdb::FileDescriptor&)' is deprecated [-Wdeprecated-copy]
[INFO] [stderr]      76 | struct FileMetaData {
[INFO] [stderr]         |        ^~~~~~~~~~~~
[INFO] [stderr]   /opt/rustwide/cargo-home/git/checkouts/rust-rocksdb-9e499ea8a4c2fa74/5c69c8a/rocksdb-sys/rocksdb/db/version_edit.h:47:19: note: because 'rocksdb::FileDescriptor' has user-provided 'rocksdb::FileDescriptor& rocksdb::FileDescriptor::operator=(const rocksdb::FileDescriptor&)'
[INFO] [stderr]      47 |   FileDescriptor& operator=(const FileDescriptor& fd) {
[INFO] [stderr]         |                   ^~~~~~~~
[INFO] [stderr]   In file included from /usr/include/c++/9/bits/stl_algobase.h:64,
[INFO] [stderr]                    from /usr/include/c++/9/deque:60,
[INFO] [stderr]                    from /opt/rustwide/cargo-home/git/checkouts/rust-rocksdb-9e499ea8a4c2fa74/5c69c8a/rocksdb-sys/rocksdb/db/version_set.h:22,
[INFO] [stderr]                    from /opt/rustwide/cargo-home/git/checkouts/rust-rocksdb-9e499ea8a4c2fa74/5c69c8a/rocksdb-sys/rocksdb/db/compaction.h:11,
[INFO] [stderr]                    from /opt/rustwide/cargo-home/git/checkouts/rust-rocksdb-9e499ea8a4c2fa74/5c69c8a/rocksdb-sys/rocksdb/db/compaction.cc:10:
[INFO] [stderr]   /usr/include/c++/9/bits/stl_pair.h:312:51: note: synthesized method 'rocksdb::FileMetaData::FileMetaData(const rocksdb::FileMetaData&)' first required here
[INFO] [stderr]     312 |        : first(std::forward<_U1>(__x)), second(__y) { }
[INFO] [stderr]         |                                                   ^
[INFO] [stderr]   c++: fatal error: Killed signal terminated program cc1plus
[INFO] [stderr]   compilation terminated.
[INFO] [stderr]   make[3]: *** [CMakeFiles/rocksdb.dir/build.make:157: CMakeFiles/rocksdb.dir/db/compaction.cc.o] Error 1
[INFO] [stderr]   /opt/rustwide/cargo-home/git/checkouts/rust-rocksdb-9e499ea8a4c2fa74/5c69c8a/rocksdb-sys/rocksdb/db/version_edit.h: In instantiation of 'constexpr std::pair<_T1, _T2>::pair(_U1&&, _U2&&) [with _U1 = int&; _U2 = rocksdb::FileMetaData; typename std::enable_if<(std::_PCC<true, _T1, _T2>::_MoveConstructiblePair<_U1, _U2>() && std::_PCC<true, _T1, _T2>::_ImplicitlyMoveConvertiblePair<_U1, _U2>()), bool>::type <anonymous> = true; _T1 = int; _T2 = rocksdb::FileMetaData]':
[INFO] [stderr]   /usr/include/c++/9/ext/new_allocator.h:147:4:   required from 'void __gnu_cxx::new_allocator<_Tp>::construct(_Up*, _Args&& ...) [with _Up = std::pair<int, rocksdb::FileMetaData>; _Args = {int&, rocksdb::FileMetaData}; _Tp = std::pair<int, rocksdb::FileMetaData>]'
[INFO] [stderr]   /usr/include/c++/9/bits/alloc_traits.h:484:4:   required from 'static void std::allocator_traits<std::allocator<_Tp1> >::construct(std::allocator_traits<std::allocator<_Tp1> >::allocator_type&, _Up*, _Args&& ...) [with _Up = std::pair<int, rocksdb::FileMetaData>; _Args = {int&, rocksdb::FileMetaData}; _Tp = std::pair<int, rocksdb::FileMetaData>; std::allocator_traits<std::allocator<_Tp1> >::allocator_type = std::allocator<std::pair<int, rocksdb::FileMetaData> >]'
[INFO] [stderr]   /usr/include/c++/9/bits/vector.tcc:115:30:   required from 'void std::vector<_Tp, _Alloc>::emplace_back(_Args&& ...) [with _Args = {int&, rocksdb::FileMetaData}; _Tp = std::pair<int, rocksdb::FileMetaData>; _Alloc = std::allocator<std::pair<int, rocksdb::FileMetaData> >]'
[INFO] [stderr]   /opt/rustwide/cargo-home/git/checkouts/rust-rocksdb-9e499ea8a4c2fa74/5c69c8a/rocksdb-sys/rocksdb/db/version_edit.h:227:48:   required from here
[INFO] [stderr]   /opt/rustwide/cargo-home/git/checkouts/rust-rocksdb-9e499ea8a4c2fa74/5c69c8a/rocksdb-sys/rocksdb/db/version_edit.h:76:8: warning: implicitly-declared 'constexpr rocksdb::FileDescriptor::FileDescriptor(const rocksdb::FileDescriptor&)' is deprecated [-Wdeprecated-copy]
[INFO] [stderr]      76 | struct FileMetaData {
[INFO] [stderr]         |        ^~~~~~~~~~~~
[INFO] [stderr]   /opt/rustwide/cargo-home/git/checkouts/rust-rocksdb-9e499ea8a4c2fa74/5c69c8a/rocksdb-sys/rocksdb/db/version_edit.h:47:19: note: because 'rocksdb::FileDescriptor' has user-provided 'rocksdb::FileDescriptor& rocksdb::FileDescriptor::operator=(const rocksdb::FileDescriptor&)'
[INFO] [stderr]      47 |   FileDescriptor& operator=(const FileDescriptor& fd) {
[INFO] [stderr]         |                   ^~~~~~~~
[INFO] [stderr]   In file included from /usr/include/c++/9/bits/stl_algobase.h:64,
[INFO] [stderr]                    from /usr/include/c++/9/memory:62,
[INFO] [stderr]                    from /opt/rustwide/cargo-home/git/checkouts/rust-rocksdb-9e499ea8a4c2fa74/5c69c8a/rocksdb-sys/rocksdb/db/compaction_picker.h:12,
[INFO] [stderr]                    from /opt/rustwide/cargo-home/git/checkouts/rust-rocksdb-9e499ea8a4c2fa74/5c69c8a/rocksdb-sys/rocksdb/db/compaction_picker.cc:10:
[INFO] [stderr]   /usr/include/c++/9/bits/stl_pair.h:342:64: note: synthesized method 'rocksdb::FileMetaData::FileMetaData(rocksdb::FileMetaData&&)' first required here
[INFO] [stderr]     342 |  : first(std::forward<_U1>(__x)), second(std::forward<_U2>(__y)) { }
[INFO] [stderr]         |                                                                ^
[INFO] [stderr]   In file included from /opt/rustwide/cargo-home/git/checkouts/rust-rocksdb-9e499ea8a4c2fa74/5c69c8a/rocksdb-sys/rocksdb/db/range_del_aggregator.h:16,
[INFO] [stderr]                    from /opt/rustwide/cargo-home/git/checkouts/rust-rocksdb-9e499ea8a4c2fa74/5c69c8a/rocksdb-sys/rocksdb/db/memtable.h:19,
[INFO] [stderr]                    from /opt/rustwide/cargo-home/git/checkouts/rust-rocksdb-9e499ea8a4c2fa74/5c69c8a/rocksdb-sys/rocksdb/db/memtable_list.h:17,
[INFO] [stderr]                    from /opt/rustwide/cargo-home/git/checkouts/rust-rocksdb-9e499ea8a4c2fa74/5c69c8a/rocksdb-sys/rocksdb/db/column_family.h:17,
[INFO] [stderr]                    from /opt/rustwide/cargo-home/git/checkouts/rust-rocksdb-9e499ea8a4c2fa74/5c69c8a/rocksdb-sys/rocksdb/db/version_set.h:31,
[INFO] [stderr]                    from /opt/rustwide/cargo-home/git/checkouts/rust-rocksdb-9e499ea8a4c2fa74/5c69c8a/rocksdb-sys/rocksdb/db/compaction.h:11,
[INFO] [stderr]                    from /opt/rustwide/cargo-home/git/checkouts/rust-rocksdb-9e499ea8a4c2fa74/5c69c8a/rocksdb-sys/rocksdb/db/compaction_picker.h:18,
[INFO] [stderr]                    from /opt/rustwide/cargo-home/git/checkouts/rust-rocksdb-9e499ea8a4c2fa74/5c69c8a/rocksdb-sys/rocksdb/db/compaction_picker.cc:10:
[INFO] [stderr]   /opt/rustwide/cargo-home/git/checkouts/rust-rocksdb-9e499ea8a4c2fa74/5c69c8a/rocksdb-sys/rocksdb/db/version_edit.h: In instantiation of 'constexpr std::pair<_T1, _T2>::pair(_U1&&, const _T2&) [with _U1 = int&; typename std::enable_if<std::_PCC<true, _T1, _T2>::_MoveCopyPair<true, _U1, _T2>(), bool>::type <anonymous> = true; _T1 = int; _T2 = rocksdb::FileMetaData]':
[INFO] [stderr]   /usr/include/c++/9/ext/new_allocator.h:147:4:   required from 'void __gnu_cxx::new_allocator<_Tp>::construct(_Up*, _Args&& ...) [with _Up = std::pair<int, rocksdb::FileMetaData>; _Args = {int&, const rocksdb::FileMetaData&}; _Tp = std::pair<int, rocksdb::FileMetaData>]'
[INFO] [stderr]   /usr/include/c++/9/bits/alloc_traits.h:484:4:   required from 'static void std::allocator_traits<std::allocator<_Tp1> >::construct(std::allocator_traits<std::allocator<_Tp1> >::allocator_type&, _Up*, _Args&& ...) [with _Up = std::pair<int, rocksdb::FileMetaData>; _Args = {int&, const rocksdb::FileMetaData&}; _Tp = std::pair<int, rocksdb::FileMetaData>; std::allocator_traits<std::allocator<_Tp1> >::allocator_type = std::allocator<std::pair<int, rocksdb::FileMetaData> >]'
[INFO] [stderr]   /usr/include/c++/9/bits/vector.tcc:115:30:   required from 'void std::vector<_Tp, _Alloc>::emplace_back(_Args&& ...) [with _Args = {int&, const rocksdb::FileMetaData&}; _Tp = std::pair<int, rocksdb::FileMetaData>; _Alloc = std::allocator<std::pair<int, rocksdb::FileMetaData> >]'
[INFO] [stderr]   /opt/rustwide/cargo-home/git/checkouts/rust-rocksdb-9e499ea8a4c2fa74/5c69c8a/rocksdb-sys/rocksdb/db/version_edit.h:232:37:   required from here
[INFO] [stderr]   /opt/rustwide/cargo-home/git/checkouts/rust-rocksdb-9e499ea8a4c2fa74/5c69c8a/rocksdb-sys/rocksdb/db/version_edit.h:76:8: warning: implicitly-declared 'constexpr rocksdb::FileDescriptor::FileDescriptor(const rocksdb::FileDescriptor&)' is deprecated [-Wdeprecated-copy]
[INFO] [stderr]      76 | struct FileMetaData {
[INFO] [stderr]         |        ^~~~~~~~~~~~
[INFO] [stderr]   /opt/rustwide/cargo-home/git/checkouts/rust-rocksdb-9e499ea8a4c2fa74/5c69c8a/rocksdb-sys/rocksdb/db/version_edit.h:47:19: note: because 'rocksdb::FileDescriptor' has user-provided 'rocksdb::FileDescriptor& rocksdb::FileDescriptor::operator=(const rocksdb::FileDescriptor&)'
[INFO] [stderr]      47 |   FileDescriptor& operator=(const FileDescriptor& fd) {
[INFO] [stderr]         |                   ^~~~~~~~
[INFO] [stderr]   In file included from /usr/include/c++/9/bits/stl_algobase.h:64,
[INFO] [stderr]                    from /usr/include/c++/9/memory:62,
[INFO] [stderr]                    from /opt/rustwide/cargo-home/git/checkouts/rust-rocksdb-9e499ea8a4c2fa74/5c69c8a/rocksdb-sys/rocksdb/db/compaction_picker.h:12,
[INFO] [stderr]                    from /opt/rustwide/cargo-home/git/checkouts/rust-rocksdb-9e499ea8a4c2fa74/5c69c8a/rocksdb-sys/rocksdb/db/compaction_picker.cc:10:
[INFO] [stderr]   /usr/include/c++/9/bits/stl_pair.h:312:51: note: synthesized method 'rocksdb::FileMetaData::FileMetaData(const rocksdb::FileMetaData&)' first required here
[INFO] [stderr]     312 |        : first(std::forward<_U1>(__x)), second(__y) { }
[INFO] [stderr]         |                                                   ^
[INFO] [stderr]   /opt/rustwide/cargo-home/git/checkouts/rust-rocksdb-9e499ea8a4c2fa74/5c69c8a/rocksdb-sys/rocksdb/db/version_edit.h: In instantiation of 'constexpr std::pair<_T1, _T2>::pair(_U1&&, _U2&&) [with _U1 = int&; _U2 = rocksdb::FileMetaData; typename std::enable_if<(std::_PCC<true, _T1, _T2>::_MoveConstructiblePair<_U1, _U2>() && std::_PCC<true, _T1, _T2>::_ImplicitlyMoveConvertiblePair<_U1, _U2>()), bool>::type <anonymous> = true; _T1 = int; _T2 = rocksdb::FileMetaData]':
[INFO] [stderr]   /usr/include/c++/9/ext/new_allocator.h:147:4:   required from 'void __gnu_cxx::new_allocator<_Tp>::construct(_Up*, _Args&& ...) [with _Up = std::pair<int, rocksdb::FileMetaData>; _Args = {int&, rocksdb::FileMetaData}; _Tp = std::pair<int, rocksdb::FileMetaData>]'
[INFO] [stderr]   /usr/include/c++/9/bits/alloc_traits.h:484:4:   required from 'static void std::allocator_traits<std::allocator<_Tp1> >::construct(std::allocator_traits<std::allocator<_Tp1> >::allocator_type&, _Up*, _Args&& ...) [with _Up = std::pair<int, rocksdb::FileMetaData>; _Args = {int&, rocksdb::FileMetaData}; _Tp = std::pair<int, rocksdb::FileMetaData>; std::allocator_traits<std::allocator<_Tp1> >::allocator_type = std::allocator<std::pair<int, rocksdb::FileMetaData> >]'
[INFO] [stderr]   /usr/include/c++/9/bits/vector.tcc:115:30:   required from 'void std::vector<_Tp, _Alloc>::emplace_back(_Args&& ...) [with _Args = {int&, rocksdb::FileMetaData}; _Tp = std::pair<int, rocksdb::FileMetaData>; _Alloc = std::allocator<std::pair<int, rocksdb::FileMetaData> >]'
[INFO] [stderr]   /opt/rustwide/cargo-home/git/checkouts/rust-rocksdb-9e499ea8a4c2fa74/5c69c8a/rocksdb-sys/rocksdb/db/version_edit.h:227:48:   required from here
[INFO] [stderr]   /opt/rustwide/cargo-home/git/checkouts/rust-rocksdb-9e499ea8a4c2fa74/5c69c8a/rocksdb-sys/rocksdb/db/version_edit.h:76:8: warning: implicitly-declared 'constexpr rocksdb::FileDescriptor::FileDescriptor(const rocksdb::FileDescriptor&)' is deprecated [-Wdeprecated-copy]
[INFO] [stderr]      76 | struct FileMetaData {
[INFO] [stderr]         |        ^~~~~~~~~~~~
[INFO] [stderr]   /opt/rustwide/cargo-home/git/checkouts/rust-rocksdb-9e499ea8a4c2fa74/5c69c8a/rocksdb-sys/rocksdb/db/version_edit.h:47:19: note: because 'rocksdb::FileDescriptor' has user-provided 'rocksdb::FileDescriptor& rocksdb::FileDescriptor::operator=(const rocksdb::FileDescriptor&)'
[INFO] [stderr]      47 |   FileDescriptor& operator=(const FileDescriptor& fd) {
[INFO] [stderr]         |                   ^~~~~~~~
[INFO] [stderr]   In file included from /usr/include/c++/9/bits/stl_algobase.h:64,
[INFO] [stderr]                    from /usr/include/c++/9/memory:62,
[INFO] [stderr]                    from /opt/rustwide/cargo-home/git/checkouts/rust-rocksdb-9e499ea8a4c2fa74/5c69c8a/rocksdb-sys/rocksdb/db/compaction_picker.h:12,
[INFO] [stderr]                    from /opt/rustwide/cargo-home/git/checkouts/rust-rocksdb-9e499ea8a4c2fa74/5c69c8a/rocksdb-sys/rocksdb/db/compaction_picker_universal.h:13,
[INFO] [stderr]                    from /opt/rustwide/cargo-home/git/checkouts/rust-rocksdb-9e499ea8a4c2fa74/5c69c8a/rocksdb-sys/rocksdb/db/compaction_picker_universal.cc:10:
[INFO] [stderr]   /usr/include/c++/9/bits/stl_pair.h:342:64: note: synthesized method 'rocksdb::FileMetaData::FileMetaData(rocksdb::FileMetaData&&)' first required here
[INFO] [stderr]     342 |  : first(std::forward<_U1>(__x)), second(std::forward<_U2>(__y)) { }
[INFO] [stderr]         |                                                                ^
[INFO] [stderr]   In file included from /opt/rustwide/cargo-home/git/checkouts/rust-rocksdb-9e499ea8a4c2fa74/5c69c8a/rocksdb-sys/rocksdb/db/range_del_aggregator.h:16,
[INFO] [stderr]                    from /opt/rustwide/cargo-home/git/checkouts/rust-rocksdb-9e499ea8a4c2fa74/5c69c8a/rocksdb-sys/rocksdb/db/memtable.h:19,
[INFO] [stderr]                    from /opt/rustwide/cargo-home/git/checkouts/rust-rocksdb-9e499ea8a4c2fa74/5c69c8a/rocksdb-sys/rocksdb/db/memtable_list.h:17,
[INFO] [stderr]                    from /opt/rustwide/cargo-home/git/checkouts/rust-rocksdb-9e499ea8a4c2fa74/5c69c8a/rocksdb-sys/rocksdb/db/column_family.h:17,
[INFO] [stderr]                    from /opt/rustwide/cargo-home/git/checkouts/rust-rocksdb-9e499ea8a4c2fa74/5c69c8a/rocksdb-sys/rocksdb/db/version_set.h:31,
[INFO] [stderr]                    from /opt/rustwide/cargo-home/git/checkouts/rust-rocksdb-9e499ea8a4c2fa74/5c69c8a/rocksdb-sys/rocksdb/db/compaction.h:11,
[INFO] [stderr]                    from /opt/rustwide/cargo-home/git/checkouts/rust-rocksdb-9e499ea8a4c2fa74/5c69c8a/rocksdb-sys/rocksdb/db/compaction_picker.h:18,
[INFO] [stderr]                    from /opt/rustwide/cargo-home/git/checkouts/rust-rocksdb-9e499ea8a4c2fa74/5c69c8a/rocksdb-sys/rocksdb/db/compaction_picker_universal.h:13,
[INFO] [stderr]                    from /opt/rustwide/cargo-home/git/checkouts/rust-rocksdb-9e499ea8a4c2fa74/5c69c8a/rocksdb-sys/rocksdb/db/compaction_picker_universal.cc:10:
[INFO] [stderr]   /opt/rustwide/cargo-home/git/checkouts/rust-rocksdb-9e499ea8a4c2fa74/5c69c8a/rocksdb-sys/rocksdb/db/version_edit.h: In instantiation of 'constexpr std::pair<_T1, _T2>::pair(_U1&&, const _T2&) [with _U1 = int&; typename std::enable_if<std::_PCC<true, _T1, _T2>::_MoveCopyPair<true, _U1, _T2>(), bool>::type <anonymous> = true; _T1 = int; _T2 = rocksdb::FileMetaData]':
[INFO] [stderr]   /usr/include/c++/9/ext/new_allocator.h:147:4:   required from 'void __gnu_cxx::new_allocator<_Tp>::construct(_Up*, _Args&& ...) [with _Up = std::pair<int, rocksdb::FileMetaData>; _Args = {int&, const rocksdb::FileMetaData&}; _Tp = std::pair<int, rocksdb::FileMetaData>]'
[INFO] [stderr]   /usr/include/c++/9/bits/alloc_traits.h:484:4:   required from 'static void std::allocator_traits<std::allocator<_Tp1> >::construct(std::allocator_traits<std::allocator<_Tp1> >::allocator_type&, _Up*, _Args&& ...) [with _Up = std::pair<int, rocksdb::FileMetaData>; _Args = {int&, const rocksdb::FileMetaData&}; _Tp = std::pair<int, rocksdb::FileMetaData>; std::allocator_traits<std::allocator<_Tp1> >::allocator_type = std::allocator<std::pair<int, rocksdb::FileMetaData> >]'
[INFO] [stderr]   /usr/include/c++/9/bits/vector.tcc:115:30:   required from 'void std::vector<_Tp, _Alloc>::emplace_back(_Args&& ...) [with _Args = {int&, const rocksdb::FileMetaData&}; _Tp = std::pair<int, rocksdb::FileMetaData>; _Alloc = std::allocator<std::pair<int, rocksdb::FileMetaData> >]'
[INFO] [stderr]   /opt/rustwide/cargo-home/git/checkouts/rust-rocksdb-9e499ea8a4c2fa74/5c69c8a/rocksdb-sys/rocksdb/db/version_edit.h:232:37:   required from here
[INFO] [stderr]   /opt/rustwide/cargo-home/git/checkouts/rust-rocksdb-9e499ea8a4c2fa74/5c69c8a/rocksdb-sys/rocksdb/db/version_edit.h:76:8: warning: implicitly-declared 'constexpr rocksdb::FileDescriptor::FileDescriptor(const rocksdb::FileDescriptor&)' is deprecated [-Wdeprecated-copy]
[INFO] [stderr]      76 | struct FileMetaData {
[INFO] [stderr]         |        ^~~~~~~~~~~~
[INFO] [stderr]   /opt/rustwide/cargo-home/git/checkouts/rust-rocksdb-9e499ea8a4c2fa74/5c69c8a/rocksdb-sys/rocksdb/db/version_edit.h:47:19: note: because 'rocksdb::FileDescriptor' has user-provided 'rocksdb::FileDescriptor& rocksdb::FileDescriptor::operator=(const rocksdb::FileDescriptor&)'
[INFO] [stderr]      47 |   FileDescriptor& operator=(const FileDescriptor& fd) {
[INFO] [stderr]         |                   ^~~~~~~~
[INFO] [stderr]   In file included from /usr/include/c++/9/bits/stl_algobase.h:64,
[INFO] [stderr]                    from /usr/include/c++/9/memory:62,
[INFO] [stderr]                    from /opt/rustwide/cargo-home/git/checkouts/rust-rocksdb-9e499ea8a4c2fa74/5c69c8a/rocksdb-sys/rocksdb/db/compaction_picker.h:12,
[INFO] [stderr]                    from /opt/rustwide/cargo-home/git/checkouts/rust-rocksdb-9e499ea8a4c2fa74/5c69c8a/rocksdb-sys/rocksdb/db/compaction_picker_universal.h:13,
[INFO] [stderr]                    from /opt/rustwide/cargo-home/git/checkouts/rust-rocksdb-9e499ea8a4c2fa74/5c69c8a/rocksdb-sys/rocksdb/db/compaction_picker_universal.cc:10:
[INFO] [stderr]   /usr/include/c++/9/bits/stl_pair.h:312:51: note: synthesized method 'rocksdb::FileMetaData::FileMetaData(const rocksdb::FileMetaData&)' first required here
[INFO] [stderr]     312 |        : first(std::forward<_U1>(__x)), second(__y) { }
[INFO] [stderr]         |                                                   ^
[INFO] [stderr]   c++: fatal error: Killed signal terminated program cc1plus
[INFO] [stderr]   compilation terminated.
[INFO] [stderr]   make[3]: *** [CMakeFiles/rocksdb.dir/build.make:196: CMakeFiles/rocksdb.dir/db/compaction_picker.cc.o] Error 1
[INFO] [stderr]   /opt/rustwide/cargo-home/git/checkouts/rust-rocksdb-9e499ea8a4c2fa74/5c69c8a/rocksdb-sys/rocksdb/db/db_filesnapshot.cc: In member function 'virtual rocksdb::Status rocksdb::DBImpl::GetLiveFiles(std::vector<std::__cxx11::basic_string<char> >&, uint64_t*, bool)':
[INFO] [stderr]   /opt/rustwide/cargo-home/git/checkouts/rust-rocksdb-9e499ea8a4c2fa74/5c69c8a/rocksdb-sys/rocksdb/db/db_filesnapshot.cc:129:25: warning: implicitly-declared 'constexpr rocksdb::FileDescriptor::FileDescriptor(const rocksdb::FileDescriptor&)' is deprecated [-Wdeprecated-copy]
[INFO] [stderr]     129 |   for (auto live_file : live) {
[INFO] [stderr]         |                         ^~~~
[INFO] [stderr]   In file included from /opt/rustwide/cargo-home/git/checkouts/rust-rocksdb-9e499ea8a4c2fa74/5c69c8a/rocksdb-sys/rocksdb/db/range_del_aggregator.h:16,
[INFO] [stderr]                    from /opt/rustwide/cargo-home/git/checkouts/rust-rocksdb-9e499ea8a4c2fa74/5c69c8a/rocksdb-sys/rocksdb/db/memtable.h:19,
[INFO] [stderr]                    from /opt/rustwide/cargo-home/git/checkouts/rust-rocksdb-9e499ea8a4c2fa74/5c69c8a/rocksdb-sys/rocksdb/db/memtable_list.h:17,
[INFO] [stderr]                    from /opt/rustwide/cargo-home/git/checkouts/rust-rocksdb-9e499ea8a4c2fa74/5c69c8a/rocksdb-sys/rocksdb/db/column_family.h:17,
[INFO] [stderr]                    from /opt/rustwide/cargo-home/git/checkouts/rust-rocksdb-9e499ea8a4c2fa74/5c69c8a/rocksdb-sys/rocksdb/db/db_impl.h:22,
[INFO] [stderr]                    from /opt/rustwide/cargo-home/git/checkouts/rust-rocksdb-9e499ea8a4c2fa74/5c69c8a/rocksdb-sys/rocksdb/db/db_filesnapshot.cc:17:
[INFO] [stderr]   /opt/rustwide/cargo-home/git/checkouts/rust-rocksdb-9e499ea8a4c2fa74/5c69c8a/rocksdb-sys/rocksdb/db/version_edit.h:47:19: note: because 'rocksdb::FileDescriptor' has user-provided 'rocksdb::FileDescriptor& rocksdb::FileDescriptor::operator=(const rocksdb::FileDescriptor&)'
[INFO] [stderr]      47 |   FileDescriptor& operator=(const FileDescriptor& fd) {
[INFO] [stderr]         |                   ^~~~~~~~
[INFO] [stderr]   /opt/rustwide/cargo-home/git/checkouts/rust-rocksdb-9e499ea8a4c2fa74/5c69c8a/rocksdb-sys/rocksdb/db/version_edit.h: In instantiation of 'constexpr std::pair<_T1, _T2>::pair(_U1&&, _U2&&) [with _U1 = int&; _U2 = rocksdb::FileMetaData; typename std::enable_if<(std::_PCC<true, _T1, _T2>::_MoveConstructiblePair<_U1, _U2>() && std::_PCC<true, _T1, _T2>::_ImplicitlyMoveConvertiblePair<_U1, _U2>()), bool>::type <anonymous> = true; _T1 = int; _T2 = rocksdb::FileMetaData]':
[INFO] [stderr]   /usr/include/c++/9/ext/new_allocator.h:147:4:   required from 'void __gnu_cxx::new_allocator<_Tp>::construct(_Up*, _Args&& ...) [with _Up = std::pair<int, rocksdb::FileMetaData>; _Args = {int&, rocksdb::FileMetaData}; _Tp = std::pair<int, rocksdb::FileMetaData>]'
[INFO] [stderr]   /usr/include/c++/9/bits/alloc_traits.h:484:4:   required from 'static void std::allocator_traits<std::allocator<_CharT> >::construct(std::allocator_traits<std::allocator<_CharT> >::allocator_type&, _Up*, _Args&& ...) [with _Up = std::pair<int, rocksdb::FileMetaData>; _Args = {int&, rocksdb::FileMetaData}; _Tp = std::pair<int, rocksdb::FileMetaData>; std::allocator_traits<std::allocator<_CharT> >::allocator_type = std::allocator<std::pair<int, rocksdb::FileMetaData> >]'
[INFO] [stderr]   /usr/include/c++/9/bits/vector.tcc:115:30:   required from 'void std::vector<_Tp, _Alloc>::emplace_back(_Args&& ...) [with _Args = {int&, rocksdb::FileMetaData}; _Tp = std::pair<int, rocksdb::FileMetaData>; _Alloc = std::allocator<std::pair<int, rocksdb::FileMetaData> >]'
[INFO] [stderr]   /opt/rustwide/cargo-home/git/checkouts/rust-rocksdb-9e499ea8a4c2fa74/5c69c8a/rocksdb-sys/rocksdb/db/version_edit.h:227:48:   required from here
[INFO] [stderr]   /opt/rustwide/cargo-home/git/checkouts/rust-rocksdb-9e499ea8a4c2fa74/5c69c8a/rocksdb-sys/rocksdb/db/version_edit.h:76:8: warning: implicitly-declared 'constexpr rocksdb::FileDescriptor::FileDescriptor(const rocksdb::FileDescriptor&)' is deprecated [-Wdeprecated-copy]
[INFO] [stderr]      76 | struct FileMetaData {
[INFO] [stderr]         |        ^~~~~~~~~~~~
[INFO] [stderr]   /opt/rustwide/cargo-home/git/checkouts/rust-rocksdb-9e499ea8a4c2fa74/5c69c8a/rocksdb-sys/rocksdb/db/version_edit.h:47:19: note: because 'rocksdb::FileDescriptor' has user-provided 'rocksdb::FileDescriptor& rocksdb::FileDescriptor::operator=(const rocksdb::FileDescriptor&)'
[INFO] [stderr]      47 |   FileDescriptor& operator=(const FileDescriptor& fd) {
[INFO] [stderr]         |                   ^~~~~~~~
[INFO] [stderr]   In file included from /usr/include/c++/9/bits/stl_algobase.h:64,
[INFO] [stderr]                    from /usr/include/c++/9/bits/char_traits.h:39,
[INFO] [stderr]                    from /usr/include/c++/9/string:40,
[INFO] [stderr]                    from /opt/rustwide/cargo-home/git/checkouts/rust-rocksdb-9e499ea8a4c2fa74/5c69c8a/rocksdb-sys/rocksdb/include/rocksdb/convenience.h:8,
[INFO] [stderr]                    from /opt/rustwide/cargo-home/git/checkouts/rust-rocksdb-9e499ea8a4c2fa74/5c69c8a/rocksdb-sys/rocksdb/db/convenience.cc:9:
[INFO] [stderr]   /usr/include/c++/9/bits/stl_pair.h:342:64: note: synthesized method 'rocksdb::FileMetaData::FileMetaData(rocksdb::FileMetaData&&)' first required here
[INFO] [stderr]     342 |  : first(std::forward<_U1>(__x)), second(std::forward<_U2>(__y)) { }
[INFO] [stderr]         |                                                                ^
[INFO] [stderr]   In file included from /opt/rustwide/cargo-home/git/checkouts/rust-rocksdb-9e499ea8a4c2fa74/5c69c8a/rocksdb-sys/rocksdb/db/range_del_aggregator.h:16,
[INFO] [stderr]                    from /opt/rustwide/cargo-home/git/checkouts/rust-rocksdb-9e499ea8a4c2fa74/5c69c8a/rocksdb-sys/rocksdb/db/memtable.h:19,
[INFO] [stderr]                    from /opt/rustwide/cargo-home/git/checkouts/rust-rocksdb-9e499ea8a4c2fa74/5c69c8a/rocksdb-sys/rocksdb/db/memtable_list.h:17,
[INFO] [stderr]                    from /opt/rustwide/cargo-home/git/checkouts/rust-rocksdb-9e499ea8a4c2fa74/5c69c8a/rocksdb-sys/rocksdb/db/column_family.h:17,
[INFO] [stderr]                    from /opt/rustwide/cargo-home/git/checkouts/rust-rocksdb-9e499ea8a4c2fa74/5c69c8a/rocksdb-sys/rocksdb/db/db_impl.h:22,
[INFO] [stderr]                    from /opt/rustwide/cargo-home/git/checkouts/rust-rocksdb-9e499ea8a4c2fa74/5c69c8a/rocksdb-sys/rocksdb/db/convenience.cc:11:
[INFO] [stderr]   /opt/rustwide/cargo-home/git/checkouts/rust-rocksdb-9e499ea8a4c2fa74/5c69c8a/rocksdb-sys/rocksdb/db/version_edit.h: In instantiation of 'constexpr std::pair<_T1, _T2>::pair(_U1&&, const _T2&) [with _U1 = int&; typename std::enable_if<std::_PCC<true, _T1, _T2>::_MoveCopyPair<true, _U1, _T2>(), bool>::type <anonymous> = true; _T1 = int; _T2 = rocksdb::FileMetaData]':
[INFO] [stderr]   /usr/include/c++/9/ext/new_allocator.h:147:4:   required from 'void __gnu_cxx::new_allocator<_Tp>::construct(_Up*, _Args&& ...) [with _Up = std::pair<int, rocksdb::FileMetaData>; _Args = {int&, const rocksdb::FileMetaData&}; _Tp = std::pair<int, rocksdb::FileMetaData>]'
[INFO] [stderr]   /usr/include/c++/9/bits/alloc_traits.h:484:4:   required from 'static void std::allocator_traits<std::allocator<_CharT> >::construct(std::allocator_traits<std::allocator<_CharT> >::allocator_type&, _Up*, _Args&& ...) [with _Up = std::pair<int, rocksdb::FileMetaData>; _Args = {int&, const rocksdb::FileMetaData&}; _Tp = std::pair<int, rocksdb::FileMetaData>; std::allocator_traits<std::allocator<_CharT> >::allocator_type = std::allocator<std::pair<int, rocksdb::FileMetaData> >]'
[INFO] [stderr]   /usr/include/c++/9/bits/vector.tcc:115:30:   required from 'void std::vector<_Tp, _Alloc>::emplace_back(_Args&& ...) [with _Args = {int&, const rocksdb::FileMetaData&}; _Tp = std::pair<int, rocksdb::FileMetaData>; _Alloc = std::allocator<std::pair<int, rocksdb::FileMetaData> >]'
[INFO] [stderr]   /opt/rustwide/cargo-home/git/checkouts/rust-rocksdb-9e499ea8a4c2fa74/5c69c8a/rocksdb-sys/rocksdb/db/version_edit.h:232:37:   required from here
[INFO] [stderr]   /opt/rustwide/cargo-home/git/checkouts/rust-rocksdb-9e499ea8a4c2fa74/5c69c8a/rocksdb-sys/rocksdb/db/version_edit.h:76:8: warning: implicitly-declared 'constexpr rocksdb::FileDescriptor::FileDescriptor(const rocksdb::FileDescriptor&)' is deprecated [-Wdeprecated-copy]
[INFO] [stderr]      76 | struct FileMetaData {
[INFO] [stderr]         |        ^~~~~~~~~~~~
[INFO] [stderr]   /opt/rustwide/cargo-home/git/checkouts/rust-rocksdb-9e499ea8a4c2fa74/5c69c8a/rocksdb-sys/rocksdb/db/version_edit.h:47:19: note: because 'rocksdb::FileDescriptor' has user-provided 'rocksdb::FileDescriptor& rocksdb::FileDescriptor::operator=(const rocksdb::FileDescriptor&)'
[INFO] [stderr]      47 |   FileDescriptor& operator=(const FileDescriptor& fd) {
[INFO] [stderr]         |                   ^~~~~~~~
[INFO] [stderr]   In file included from /usr/include/c++/9/bits/stl_algobase.h:64,
[INFO] [stderr]                    from /usr/include/c++/9/bits/char_traits.h:39,
[INFO] [stderr]                    from /usr/include/c++/9/string:40,
[INFO] [stderr]                    from /opt/rustwide/cargo-home/git/checkouts/rust-rocksdb-9e499ea8a4c2fa74/5c69c8a/rocksdb-sys/rocksdb/include/rocksdb/convenience.h:8,
[INFO] [stderr]                    from /opt/rustwide/cargo-home/git/checkouts/rust-rocksdb-9e499ea8a4c2fa74/5c69c8a/rocksdb-sys/rocksdb/db/convenience.cc:9:
[INFO] [stderr]   /usr/include/c++/9/bits/stl_pair.h:312:51: note: synthesized method 'rocksdb::FileMetaData::FileMetaData(const rocksdb::FileMetaData&)' first required here
[INFO] [stderr]     312 |        : first(std::forward<_U1>(__x)), second(__y) { }
[INFO] [stderr]         |                                                   ^
[INFO] [stderr]   /opt/rustwide/cargo-home/git/checkouts/rust-rocksdb-9e499ea8a4c2fa74/5c69c8a/rocksdb-sys/rocksdb/db/version_edit.h: In instantiation of 'constexpr std::pair<_T1, _T2>::pair(_U1&&, _U2&&) [with _U1 = int&; _U2 = rocksdb::FileMetaData; typename std::enable_if<(std::_PCC<true, _T1, _T2>::_MoveConstructiblePair<_U1, _U2>() && std::_PCC<true, _T1, _T2>::_ImplicitlyMoveConvertiblePair<_U1, _U2>()), bool>::type <anonymous> = true; _T1 = int; _T2 = rocksdb::FileMetaData]':
[INFO] [stderr]   /usr/include/c++/9/ext/new_allocator.h:147:4:   required from 'void __gnu_cxx::new_allocator<_Tp>::construct(_Up*, _Args&& ...) [with _Up = std::pair<int, rocksdb::FileMetaData>; _Args = {int&, rocksdb::FileMetaData}; _Tp = std::pair<int, rocksdb::FileMetaData>]'
[INFO] [stderr]   /usr/include/c++/9/bits/alloc_traits.h:484:4:   required from 'static void std::allocator_traits<std::allocator<_Tp> >::construct(std::allocator_traits<std::allocator<_Tp> >::allocator_type&, _Up*, _Args&& ...) [with _Up = std::pair<int, rocksdb::FileMetaData>; _Args = {int&, rocksdb::FileMetaData}; _Tp = std::pair<int, rocksdb::FileMetaData>; std::allocator_traits<std::allocator<_Tp> >::allocator_type = std::allocator<std::pair<int, rocksdb::FileMetaData> >]'
[INFO] [stderr]   /usr/include/c++/9/bits/vector.tcc:115:30:   required from 'void std::vector<_Tp, _Alloc>::emplace_back(_Args&& ...) [with _Args = {int&, rocksdb::FileMetaData}; _Tp = std::pair<int, rocksdb::FileMetaData>; _Alloc = std::allocator<std::pair<int, rocksdb::FileMetaData> >]'
[INFO] [stderr]   /opt/rustwide/cargo-home/git/checkouts/rust-rocksdb-9e499ea8a4c2fa74/5c69c8a/rocksdb-sys/rocksdb/db/version_edit.h:227:48:   required from here
[INFO] [stderr]   /opt/rustwide/cargo-home/git/checkouts/rust-rocksdb-9e499ea8a4c2fa74/5c69c8a/rocksdb-sys/rocksdb/db/version_edit.h:76:8: warning: implicitly-declared 'constexpr rocksdb::FileDescriptor::FileDescriptor(const rocksdb::FileDescriptor&)' is deprecated [-Wdeprecated-copy]
[INFO] [stderr]      76 | struct FileMetaData {
[INFO] [stderr]         |        ^~~~~~~~~~~~
[INFO] [stderr]   /opt/rustwide/cargo-home/git/checkouts/rust-rocksdb-9e499ea8a4c2fa74/5c69c8a/rocksdb-sys/rocksdb/db/version_edit.h:47:19: note: because 'rocksdb::FileDescriptor' has user-provided 'rocksdb::FileDescriptor& rocksdb::FileDescriptor::operator=(const rocksdb::FileDescriptor&)'
[INFO] [stderr]      47 |   FileDescriptor& operator=(const FileDescriptor& fd) {
[INFO] [stderr]         |                   ^~~~~~~~
[INFO] [stderr]   In file included from /usr/include/c++/9/utility:70,
[INFO] [stderr]                    from /usr/include/c++/9/algorithm:60,
[INFO] [stderr]                    from /opt/rustwide/cargo-home/git/checkouts/rust-rocksdb-9e499ea8a4c2fa74/5c69c8a/rocksdb-sys/rocksdb/db/db_filesnapshot.cc:15:
[INFO] [stderr]   /usr/include/c++/9/bits/stl_pair.h:342:64: note: synthesized method 'rocksdb::FileMetaData::FileMetaData(rocksdb::FileMetaData&&)' first required here
[INFO] [stderr]     342 |  : first(std::forward<_U1>(__x)), second(std::forward<_U2>(__y)) { }
[INFO] [stderr]         |                                                                ^
[INFO] [stderr]   In file included from /opt/rustwide/cargo-home/git/checkouts/rust-rocksdb-9e499ea8a4c2fa74/5c69c8a/rocksdb-sys/rocksdb/db/range_del_aggregator.h:16,
[INFO] [stderr]                    from /opt/rustwide/cargo-home/git/checkouts/rust-rocksdb-9e499ea8a4c2fa74/5c69c8a/rocksdb-sys/rocksdb/db/memtable.h:19,
[INFO] [stderr]                    from /opt/rustwide/cargo-home/git/checkouts/rust-rocksdb-9e499ea8a4c2fa74/5c69c8a/rocksdb-sys/rocksdb/db/memtable_list.h:17,
[INFO] [stderr]                    from /opt/rustwide/cargo-home/git/checkouts/rust-rocksdb-9e499ea8a4c2fa74/5c69c8a/rocksdb-sys/rocksdb/db/column_family.h:17,
[INFO] [stderr]                    from /opt/rustwide/cargo-home/git/checkouts/rust-rocksdb-9e499ea8a4c2fa74/5c69c8a/rocksdb-sys/rocksdb/db/db_impl.h:22,
[INFO] [stderr]                    from /opt/rustwide/cargo-home/git/checkouts/rust-rocksdb-9e499ea8a4c2fa74/5c69c8a/rocksdb-sys/rocksdb/db/db_filesnapshot.cc:17:
[INFO] [stderr]   /opt/rustwide/cargo-home/git/checkouts/rust-rocksdb-9e499ea8a4c2fa74/5c69c8a/rocksdb-sys/rocksdb/db/version_edit.h: In instantiation of 'constexpr std::pair<_T1, _T2>::pair(_U1&&, const _T2&) [with _U1 = int&; typename std::enable_if<std::_PCC<true, _T1, _T2>::_MoveCopyPair<true, _U1, _T2>(), bool>::type <anonymous> = true; _T1 = int; _T2 = rocksdb::FileMetaData]':
[INFO] [stderr]   /usr/include/c++/9/ext/new_allocator.h:147:4:   required from 'void __gnu_cxx::new_allocator<_Tp>::construct(_Up*, _Args&& ...) [with _Up = std::pair<int, rocksdb::FileMetaData>; _Args = {int&, const rocksdb::FileMetaData&}; _Tp = std::pair<int, rocksdb::FileMetaData>]'
[INFO] [stderr]   /usr/include/c++/9/bits/alloc_traits.h:484:4:   required from 'static void std::allocator_traits<std::allocator<_Tp> >::construct(std::allocator_traits<std::allocator<_Tp> >::allocator_type&, _Up*, _Args&& ...) [with _Up = std::pair<int, rocksdb::FileMetaData>; _Args = {int&, const rocksdb::FileMetaData&}; _Tp = std::pair<int, rocksdb::FileMetaData>; std::allocator_traits<std::allocator<_Tp> >::allocator_type = std::allocator<std::pair<int, rocksdb::FileMetaData> >]'
[INFO] [stderr]   /usr/include/c++/9/bits/vector.tcc:115:30:   required from 'void std::vector<_Tp, _Alloc>::emplace_back(_Args&& ...) [with _Args = {int&, const rocksdb::FileMetaData&}; _Tp = std::pair<int, rocksdb::FileMetaData>; _Alloc = std::allocator<std::pair<int, rocksdb::FileMetaData> >]'
[INFO] [stderr]   /opt/rustwide/cargo-home/git/checkouts/rust-rocksdb-9e499ea8a4c2fa74/5c69c8a/rocksdb-sys/rocksdb/db/version_edit.h:232:37:   required from here
[INFO] [stderr]   /opt/rustwide/cargo-home/git/checkouts/rust-rocksdb-9e499ea8a4c2fa74/5c69c8a/rocksdb-sys/rocksdb/db/version_edit.h:76:8: warning: implicitly-declared 'constexpr rocksdb::FileDescriptor::FileDescriptor(const rocksdb::FileDescriptor&)' is deprecated [-Wdeprecated-copy]
[INFO] [stderr]      76 | struct FileMetaData {
[INFO] [stderr]         |        ^~~~~~~~~~~~
[INFO] [stderr]   /opt/rustwide/cargo-home/git/checkouts/rust-rocksdb-9e499ea8a4c2fa74/5c69c8a/rocksdb-sys/rocksdb/db/version_edit.h:47:19: note: because 'rocksdb::FileDescriptor' has user-provided 'rocksdb::FileDescriptor& rocksdb::FileDescriptor::operator=(const rocksdb::FileDescriptor&)'
[INFO] [stderr]      47 |   FileDescriptor& operator=(const FileDescriptor& fd) {
[INFO] [stderr]         |                   ^~~~~~~~
[INFO] [stderr]   In file included from /usr/include/c++/9/utility:70,
[INFO] [stderr]                    from /usr/include/c++/9/algorithm:60,
[INFO] [stderr]                    from /opt/rustwide/cargo-home/git/checkouts/rust-rocksdb-9e499ea8a4c2fa74/5c69c8a/rocksdb-sys/rocksdb/db/db_filesnapshot.cc:15:
[INFO] [stderr]   /usr/include/c++/9/bits/stl_pair.h:312:51: note: synthesized method 'rocksdb::FileMetaData::FileMetaData(const rocksdb::FileMetaData&)' first required here
[INFO] [stderr]     312 |        : first(std::forward<_U1>(__x)), second(__y) { }
[INFO] [stderr]         |                                                   ^
[INFO] [stderr]   make[2]: *** [CMakeFiles/Makefile2:2205: CMakeFiles/rocksdb.dir/all] Error 2
[INFO] [stderr]   make[1]: *** [CMakeFiles/Makefile2:2212: CMakeFiles/rocksdb.dir/rule] Error 2
[INFO] [stderr]   make: *** [Makefile:893: rocksdb] Error 2
[INFO] [stderr]   thread 'main' panicked at '
[INFO] [stderr]   command did not execute successfully, got: exit status: 2
[INFO] [stderr] 
[INFO] [stderr]   build script failed, must exit now', /opt/rustwide/cargo-home/registry/src/github.com-1ecc6299db9ec823/cmake-0.1.35/src/lib.rs:778:5
[INFO] [stderr]   stack backtrace:
[INFO] [stderr]      0:     0x55b0cf3f0400 - std::backtrace_rs::backtrace::libunwind::trace::h34055254b57d8e79
[INFO] [stderr]                                  at /rustc/a178d0322ce20e33eac124758e837cbd80a6f633/library/std/src/../../backtrace/src/backtrace/libunwind.rs:90:5
[INFO] [stderr]      1:     0x55b0cf3f0400 - std::backtrace_rs::backtrace::trace_unsynchronized::h8f1e3fbd9afff6ec
[INFO] [stderr]                                  at /rustc/a178d0322ce20e33eac124758e837cbd80a6f633/library/std/src/../../backtrace/src/backtrace/mod.rs:66:5
[INFO] [stderr]      2:     0x55b0cf3f0400 - std::sys_common::backtrace::_print_fmt::h3a99a796b770c360
[INFO] [stderr]                                  at /rustc/a178d0322ce20e33eac124758e837cbd80a6f633/library/std/src/sys_common/backtrace.rs:67:5
[INFO] [stderr]      3:     0x55b0cf3f0400 - <std::sys_common::backtrace::_print::DisplayBacktrace as core::fmt::Display>::fmt::h32d1f94a80615d18
[INFO] [stderr]                                  at /rustc/a178d0322ce20e33eac124758e837cbd80a6f633/library/std/src/sys_common/backtrace.rs:46:22
[INFO] [stderr]      4:     0x55b0cf40fb8c - core::fmt::write::h306731c068f7162c
[INFO] [stderr]                                  at /rustc/a178d0322ce20e33eac124758e837cbd80a6f633/library/core/src/fmt/mod.rs:1110:17
[INFO] [stderr]      5:     0x55b0cf3ed465 - std::io::Write::write_fmt::hd2fa90334eee2a21
[INFO] [stderr]                                  at /rustc/a178d0322ce20e33eac124758e837cbd80a6f633/library/std/src/io/mod.rs:1588:15
[INFO] [stderr]      6:     0x55b0cf3f291b - std::sys_common::backtrace::_print::h5abaa2601a852287
[INFO] [stderr]                                  at /rustc/a178d0322ce20e33eac124758e837cbd80a6f633/library/std/src/sys_common/backtrace.rs:49:5
[INFO] [stderr]      7:     0x55b0cf3f291b - std::sys_common::backtrace::print::h8d81445442bb638f
[INFO] [stderr]                                  at /rustc/a178d0322ce20e33eac124758e837cbd80a6f633/library/std/src/sys_common/backtrace.rs:36:9
[INFO] [stderr]      8:     0x55b0cf3f291b - std::panicking::default_hook::{{closure}}::hcfe804496a9fa747
[INFO] [stderr]                                  at /rustc/a178d0322ce20e33eac124758e837cbd80a6f633/library/std/src/panicking.rs:208:50
[INFO] [stderr]      9:     0x55b0cf3f23f1 - std::panicking::default_hook::hbea8e3ccf2ba8901
[INFO] [stderr]                                  at /rustc/a178d0322ce20e33eac124758e837cbd80a6f633/library/std/src/panicking.rs:225:9
[INFO] [stderr]     10:     0x55b0cf3f2fe4 - std::panicking::rust_panic_with_hook::h7ee9e1a2d0f8975a
[INFO] [stderr]                                  at /rustc/a178d0322ce20e33eac124758e837cbd80a6f633/library/std/src/panicking.rs:622:17
[INFO] [stderr]     11:     0x55b0cf3f2ac7 - std::panicking::begin_panic_handler::{{closure}}::h8ab3b4491718b2c7
[INFO] [stderr]                                  at /rustc/a178d0322ce20e33eac124758e837cbd80a6f633/library/std/src/panicking.rs:519:13
[INFO] [stderr]     12:     0x55b0cf3f08fc - std::sys_common::backtrace::__rust_end_short_backtrace::hd489062ffa586a9f
[INFO] [stderr]                                  at /rustc/a178d0322ce20e33eac124758e837cbd80a6f633/library/std/src/sys_common/backtrace.rs:141:18
[INFO] [stderr]     13:     0x55b0cf3f2a29 - rust_begin_unwind
[INFO] [stderr]                                  at /rustc/a178d0322ce20e33eac124758e837cbd80a6f633/library/std/src/panicking.rs:515:5
[INFO] [stderr]     14:     0x55b0cf384beb - std::panicking::begin_panic_fmt::h5479575e112541f8
[INFO] [stderr]                                  at /rustc/a178d0322ce20e33eac124758e837cbd80a6f633/library/std/src/panicking.rs:457:5
[INFO] [stderr]     15:     0x55b0cf38f163 - cmake::fail::h160a12928756a382
[INFO] [stderr]                                  at /opt/rustwide/cargo-home/registry/src/github.com-1ecc6299db9ec823/cmake-0.1.35/src/lib.rs:778:5
[INFO] [stderr]     16:     0x55b0cf38eb71 - cmake::run::h9165e79db95d30e3
[INFO] [stderr]                                  at /opt/rustwide/cargo-home/registry/src/github.com-1ecc6299db9ec823/cmake-0.1.35/src/lib.rs:759:9
[INFO] [stderr]     17:     0x55b0cf38bd47 - cmake::Config::build::ha31690eb82ef17d3
[INFO] [stderr]                                  at /opt/rustwide/cargo-home/registry/src/github.com-1ecc6299db9ec823/cmake-0.1.35/src/lib.rs:671:9
[INFO] [stderr]     18:     0x55b0cf3862fd - build_script_build::main::h3546619435b5c2f8
[INFO] [stderr]                                  at /opt/rustwide/cargo-home/git/checkouts/rust-rocksdb-9e499ea8a4c2fa74/5c69c8a/rocksdb-sys/build.rs:50:15
[INFO] [stderr]     19:     0x55b0cf38768b - core::ops::function::FnOnce::call_once::h4942f3e6ca4bb085
[INFO] [stderr]                                  at /rustc/a178d0322ce20e33eac124758e837cbd80a6f633/library/core/src/ops/function.rs:227:5
[INFO] [stderr]     20:     0x55b0cf3874fe - std::sys_common::backtrace::__rust_begin_short_backtrace::h4c859971884d61a4
[INFO] [stderr]                                  at /rustc/a178d0322ce20e33eac124758e837cbd80a6f633/library/std/src/sys_common/backtrace.rs:125:18
[INFO] [stderr]     21:     0x55b0cf387d81 - std::rt::lang_start::{{closure}}::h2bd502d000baf16a
[INFO] [stderr]                                  at /rustc/a178d0322ce20e33eac124758e837cbd80a6f633/library/std/src/rt.rs:49:18
[INFO] [stderr]     22:     0x55b0cf3f34e9 - core::ops::function::impls::<impl core::ops::function::FnOnce<A> for &F>::call_once::h2aabc384aab89b7b
[INFO] [stderr]                                  at /rustc/a178d0322ce20e33eac124758e837cbd80a6f633/library/core/src/ops/function.rs:259:13
[INFO] [stderr]     23:     0x55b0cf3f34e9 - std::panicking::try::do_call::hc5fcacb7a85fc7b1
[INFO] [stderr]                                  at /rustc/a178d0322ce20e33eac124758e837cbd80a6f633/library/std/src/panicking.rs:401:40
[INFO] [stderr]     24:     0x55b0cf3f34e9 - std::panicking::try::hb5d9603af3abbe3a
[INFO] [stderr]                                  at /rustc/a178d0322ce20e33eac124758e837cbd80a6f633/library/std/src/panicking.rs:365:19
[INFO] [stderr]     25:     0x55b0cf3f34e9 - std::panic::catch_unwind::h98fe6ac3925e64b4
[INFO] [stderr]                                  at /rustc/a178d0322ce20e33eac124758e837cbd80a6f633/library/std/src/panic.rs:434:14
[INFO] [stderr]     26:     0x55b0cf3f34e9 - std::rt::lang_start_internal::h22ac7383c516f93e
[INFO] [stderr]                                  at /rustc/a178d0322ce20e33eac124758e837cbd80a6f633/library/std/src/rt.rs:34:21
[INFO] [stderr]     27:     0x55b0cf387d60 - std::rt::lang_start::h8c7c6026c2a7c48d
[INFO] [stderr]                                  at /rustc/a178d0322ce20e33eac124758e837cbd80a6f633/library/std/src/rt.rs:48:5
[INFO] [stderr]     28:     0x55b0cf386bdc - main
[INFO] [stderr]     29:     0x7f388f1340b3 - __libc_start_main
[INFO] [stderr]     30:     0x55b0cf3859fe - _start
[INFO] [stderr]     31:                0x0 - <unknown>
[INFO] [stderr] warning: build failed, waiting for other jobs to finish...
[INFO] [stderr] error: build failed
[INFO] running `Command { std: "docker" "inspect" "66ca469a9007b9c06134d2fe178482bb2f1d5e59ae03467c669670c77a01ec7e", kill_on_drop: false }`
[INFO] running `Command { std: "docker" "rm" "-f" "66ca469a9007b9c06134d2fe178482bb2f1d5e59ae03467c669670c77a01ec7e", kill_on_drop: false }`
[INFO] [stdout] 66ca469a9007b9c06134d2fe178482bb2f1d5e59ae03467c669670c77a01ec7e
