[INFO] cloning repository https://github.com/tetcoin-staging/desub
[INFO] running `Command { std: "git" "-c" "credential.helper=" "-c" "credential.helper=/workspace/cargo-home/bin/git-credential-null" "clone" "--bare" "https://github.com/tetcoin-staging/desub" "/workspace/cache/git-repos/https%3A%2F%2Fgithub.com%2Ftetcoin-staging%2Fdesub", kill_on_drop: false }`
[INFO] [stderr] Cloning into bare repository '/workspace/cache/git-repos/https%3A%2F%2Fgithub.com%2Ftetcoin-staging%2Fdesub'...
[INFO] running `Command { std: "git" "rev-parse" "HEAD", kill_on_drop: false }`
[INFO] [stdout] 4419de738a417fbe0b08e97f2f2bf8cbeb6a9f44
[INFO] testing tetcoin-staging/desub against beta-2021-08-01 for beta-1.55-1
[INFO] running `Command { std: "git" "clone" "/workspace/cache/git-repos/https%3A%2F%2Fgithub.com%2Ftetcoin-staging%2Fdesub" "/workspace/builds/worker-7/source", kill_on_drop: false }`
[INFO] [stderr] Cloning into '/workspace/builds/worker-7/source'...
[INFO] [stderr] done.
[INFO] validating manifest of git repo https://github.com/tetcoin-staging/desub on toolchain beta-2021-08-01
[INFO] running `Command { std: "/workspace/cargo-home/bin/cargo" "+beta-2021-08-01" "metadata" "--manifest-path" "Cargo.toml" "--no-deps", kill_on_drop: false }`
[INFO] started tweaking git repo https://github.com/tetcoin-staging/desub
[INFO] finished tweaking git repo https://github.com/tetcoin-staging/desub
[INFO] tweaked toml for git repo https://github.com/tetcoin-staging/desub written to /workspace/builds/worker-7/source/Cargo.toml
[INFO] crate git repo https://github.com/tetcoin-staging/desub already has a lockfile, it will not be regenerated
[INFO] running `Command { std: "/workspace/cargo-home/bin/cargo" "+beta-2021-08-01" "fetch" "--manifest-path" "Cargo.toml", kill_on_drop: false }`
[INFO] [stderr]     Updating git repository `https://github.com/insipx/type-metadata`
[INFO] [stderr]  Downloading crates ...
[INFO] [stderr]   Downloaded parity-multihash v0.2.1
[INFO] [stderr]   Downloaded futures-diagnose v1.0.0
[INFO] [stderr]   Downloaded yamux v0.4.1
[INFO] [stderr]   Downloaded substrate-bip39 v0.2.2
[INFO] [stderr]   Downloaded enumflags2_derive v0.6.2
[INFO] [stderr]   Downloaded enumflags2 v0.6.2
[INFO] [stderr]   Downloaded trie-db v0.19.2
[INFO] [stderr]   Downloaded aho-corasick v0.7.7
[INFO] [stderr]   Downloaded libsecp256k1 v0.3.4
[INFO] [stderr]   Downloaded ring v0.16.10
[INFO] [stderr]   Downloaded hash-db v0.14.0
[INFO] [stderr]   Downloaded hash256-std-hasher v0.14.0
[INFO] [stderr]   Downloaded impl-codec v0.3.0
[INFO] [stderr]   Downloaded primitive-types v0.4.0
[INFO] [stderr]   Downloaded parity-codec v4.1.4
[INFO] [stderr]   Downloaded bitvec v0.11.3
[INFO] running `Command { std: "docker" "create" "-v" "/var/lib/crater-agent-workspace/builds/worker-7/target:/opt/rustwide/target:rw,Z" "-v" "/var/lib/crater-agent-workspace/builds/worker-7/source:/opt/rustwide/workdir:ro,Z" "-v" "/var/lib/crater-agent-workspace/cargo-home:/opt/rustwide/cargo-home:ro,Z" "-v" "/var/lib/crater-agent-workspace/rustup-home:/opt/rustwide/rustup-home:ro,Z" "-e" "SOURCE_DIR=/opt/rustwide/workdir" "-e" "CARGO_TARGET_DIR=/opt/rustwide/target" "-e" "CARGO_HOME=/opt/rustwide/cargo-home" "-e" "RUSTUP_HOME=/opt/rustwide/rustup-home" "-w" "/opt/rustwide/workdir" "-m" "1610612736" "--user" "0:0" "--network" "none" "ghcr.io/rust-lang/crates-build-env/linux@sha256:34b6a614d2c27851fe6cbf88fbd1137609cefab8b10d0615aaeb6fd47975d74e" "/opt/rustwide/cargo-home/bin/cargo" "+beta-2021-08-01" "metadata" "--no-deps" "--format-version=1", kill_on_drop: false }`
[INFO] [stdout] dc1e7c59ee53a4e97aae5d4b5581c0b5685391f3eb5ea4ad179996555db2d4a4
[INFO] [stderr] WARNING: Your kernel does not support swap limit capabilities or the cgroup is not mounted. Memory limited without swap.
[INFO] running `Command { std: "docker" "start" "-a" "dc1e7c59ee53a4e97aae5d4b5581c0b5685391f3eb5ea4ad179996555db2d4a4", kill_on_drop: false }`
[INFO] running `Command { std: "docker" "inspect" "dc1e7c59ee53a4e97aae5d4b5581c0b5685391f3eb5ea4ad179996555db2d4a4", kill_on_drop: false }`
[INFO] running `Command { std: "docker" "rm" "-f" "dc1e7c59ee53a4e97aae5d4b5581c0b5685391f3eb5ea4ad179996555db2d4a4", kill_on_drop: false }`
[INFO] [stdout] dc1e7c59ee53a4e97aae5d4b5581c0b5685391f3eb5ea4ad179996555db2d4a4
[INFO] running `Command { std: "docker" "create" "-v" "/var/lib/crater-agent-workspace/builds/worker-7/target:/opt/rustwide/target:rw,Z" "-v" "/var/lib/crater-agent-workspace/builds/worker-7/source:/opt/rustwide/workdir:ro,Z" "-v" "/var/lib/crater-agent-workspace/cargo-home:/opt/rustwide/cargo-home:ro,Z" "-v" "/var/lib/crater-agent-workspace/rustup-home:/opt/rustwide/rustup-home:ro,Z" "-e" "SOURCE_DIR=/opt/rustwide/workdir" "-e" "CARGO_TARGET_DIR=/opt/rustwide/target" "-e" "CARGO_INCREMENTAL=0" "-e" "RUST_BACKTRACE=full" "-e" "RUSTFLAGS=--cap-lints=warn" "-e" "CARGO_HOME=/opt/rustwide/cargo-home" "-e" "RUSTUP_HOME=/opt/rustwide/rustup-home" "-w" "/opt/rustwide/workdir" "-m" "1610612736" "--user" "0:0" "--network" "none" "ghcr.io/rust-lang/crates-build-env/linux@sha256:34b6a614d2c27851fe6cbf88fbd1137609cefab8b10d0615aaeb6fd47975d74e" "/opt/rustwide/cargo-home/bin/cargo" "+beta-2021-08-01" "build" "--frozen" "--message-format=json", kill_on_drop: false }`
[INFO] [stderr] WARNING: Your kernel does not support swap limit capabilities or the cgroup is not mounted. Memory limited without swap.
[INFO] [stdout] 3f17c73f1490ffac9d241e3619434611444c4586b041ad600200e6d83c826795
[INFO] running `Command { std: "docker" "start" "-a" "3f17c73f1490ffac9d241e3619434611444c4586b041ad600200e6d83c826795", kill_on_drop: false }`
[INFO] [stderr]     Blocking waiting for file lock on package cache
[INFO] [stderr]    Compiling syn v1.0.14
[INFO] [stderr]    Compiling serde v1.0.104
[INFO] [stderr]    Compiling byteorder v1.3.2
[INFO] [stderr]    Compiling rustc-hex v2.1.0
[INFO] [stderr]    Compiling subtle v2.2.2
[INFO] [stderr]    Compiling arrayvec v0.5.1
[INFO] [stderr]    Compiling parity-wasm v0.41.0
[INFO] [stderr]    Compiling zeroize v0.9.3
[INFO] [stderr]    Compiling sp-std v2.0.0 (https://github.com/paritytech/substrate/?branch=polkadot-master#de2ffd93)
[INFO] [stderr]    Compiling hex v0.4.0
[INFO] [stderr]    Compiling sp-std v2.0.0 (https://github.com/paritytech/substrate/?rev=e931f9e5c2ae165658587f04d075c59a338061fb#e931f9e5)
[INFO] [stderr]    Compiling bitvec v0.11.3
[INFO] [stderr]    Compiling sr-std v2.0.0 (https://github.com/paritytech/substrate/?rev=a512dcdd3931aa571c92c8550a0e079d5b27239a#a512dcdd)
[INFO] [stderr]    Compiling parity-wasm v0.40.3
[INFO] [stderr]    Compiling zeroize v0.10.1
[INFO] [stderr]    Compiling hash-db v0.14.0
[INFO] [stderr]    Compiling desub-cli v0.0.1 (/opt/rustwide/workdir/cli)
[INFO] [stderr]    Compiling clear_on_drop v0.2.3
[INFO] [stderr]    Compiling num-rational v0.2.3
[INFO] [stderr]    Compiling hashbrown v0.6.3
[INFO] [stderr]    Compiling rand v0.5.6
[INFO] [stderr]    Compiling sr-std v2.0.0 (https://github.com/paritytech/substrate/?rev=ac11c330a95827211e1999781b5f691e72387c9e#ac11c330)
[INFO] [stderr]    Compiling sr-std v2.0.0 (https://github.com/paritytech/substrate/?rev=7c8bd73cef8c6afd60fec837d8f5e732a39a5615#7c8bd73c)
[INFO] [stderr]    Compiling hash256-std-hasher v0.14.0
[INFO] [stderr]    Compiling aho-corasick v0.7.7
[INFO] [stderr]    Compiling parking_lot_core v0.5.0
[INFO] [stderr]    Compiling parking_lot v0.8.0
[INFO] [stderr]    Compiling digest v0.8.1
[INFO] [stderr]    Compiling crypto-mac v0.7.0
[INFO] [stderr]    Compiling rand v0.6.5
[INFO] [stderr]    Compiling sp-panic-handler v2.0.0 (https://github.com/paritytech/substrate/?branch=polkadot-master#de2ffd93)
[INFO] [stderr]    Compiling parking_lot v0.9.0
[INFO] [stderr]    Compiling twox-hash v1.5.0
[INFO] [stderr]    Compiling hmac v0.7.1
[INFO] [stderr]    Compiling hmac-drbg v0.2.0
[INFO] [stderr]    Compiling block-buffer v0.7.3
[INFO] [stderr]    Compiling uint v0.8.2
[INFO] [stderr]    Compiling pbkdf2 v0.3.0
[INFO] [stderr]    Compiling hashbrown v0.1.8
[INFO] [stderr]    Compiling fixed-hash v0.5.2
[INFO] [stderr]    Compiling parity-wasm v0.31.3
[INFO] [stderr]    Compiling curve25519-dalek v1.2.3
[INFO] [stderr]    Compiling fixed-hash v0.4.0
[INFO] [stderr]    Compiling sha2 v0.8.1
[INFO] [stderr]    Compiling sha3 v0.8.2
[INFO] [stderr]    Compiling wasmi-validation v0.3.0
[INFO] [stderr]    Compiling regex v1.3.4
[INFO] [stderr]    Compiling parking_lot_core v0.4.0
[INFO] [stderr]    Compiling wasmi-validation v0.2.0
[INFO] [stderr]    Compiling libsecp256k1 v0.3.4
[INFO] [stderr]    Compiling wasmi v0.6.2
[INFO] [stderr]    Compiling parking_lot v0.7.1
[INFO] [stderr]    Compiling wasmi v0.5.1
[INFO] [stderr]    Compiling once_cell v0.1.8
[INFO] [stderr]    Compiling Inflector v0.11.4
[INFO] [stderr]    Compiling env_logger v0.7.1
[INFO] [stderr]    Compiling wasmi-validation v0.1.0
[INFO] [stderr]    Compiling wasmi v0.4.5
[INFO] [stderr]    Compiling synstructure v0.12.3
[INFO] [stderr]    Compiling serde_derive v1.0.104
[INFO] [stderr]    Compiling impl-trait-for-tuples v0.1.3
[INFO] [stderr]    Compiling proc-macro-hack v0.5.11
[INFO] [stderr]    Compiling sp-debug-derive v2.0.0 (https://github.com/paritytech/substrate/?branch=polkadot-master#de2ffd93)
[INFO] [stderr]    Compiling substrate-debug-derive v2.0.0 (https://github.com/paritytech/substrate/?rev=a512dcdd3931aa571c92c8550a0e079d5b27239a#a512dcdd)
[INFO] [stderr]    Compiling sp-debug-derive v2.0.0 (https://github.com/paritytech/substrate/?rev=e931f9e5c2ae165658587f04d075c59a338061fb#e931f9e5)
[INFO] [stderr]    Compiling derive_more v0.99.2
[INFO] [stderr]    Compiling type-metadata-derive v0.1.0 (https://github.com/insipx/type-metadata?branch=insipx/deserialize-registry-merge#baacb700)
[INFO] [stderr]    Compiling zeroize_derive v1.0.0
[INFO] [stderr]    Compiling failure_derive v0.1.6
[INFO] [stderr]    Compiling malloc_size_of_derive v0.1.1
[INFO] [stderr]    Compiling failure v0.1.6
[INFO] [stderr]    Compiling parity-util-mem v0.3.0
[INFO] [stderr]    Compiling zeroize v1.1.0
[INFO] [stderr]    Compiling tiny-bip39 v0.6.2
[INFO] [stderr]    Compiling ed25519-dalek v0.9.1
[INFO] [stderr]    Compiling const-random-macro v0.1.8
[INFO] [stderr]    Compiling paste-impl v0.1.6
[INFO] [stderr]    Compiling merlin v1.3.0
[INFO] [stderr]    Compiling curve25519-dalek v2.0.0
[INFO] [stderr]    Compiling schnorrkel v0.8.5
[INFO] [stderr]    Compiling const-random v0.1.8
[INFO] [stderr]    Compiling ahash v0.2.18
[INFO] [stderr]    Compiling ed25519-dalek v1.0.0-pre.3
[INFO] [stderr]    Compiling substrate-bip39 v0.3.1
[INFO] [stderr]    Compiling paste v0.1.6
[INFO] [stderr]    Compiling trie-db v0.19.2
[INFO] [stderr]    Compiling memory-db v0.18.1
[INFO] [stderr]    Compiling schnorrkel v0.1.1
[INFO] [stderr]    Compiling substrate-bip39 v0.2.2
[INFO] [stderr]    Compiling substrate-wasm-interface v2.0.0 (https://github.com/paritytech/substrate/?rev=a512dcdd3931aa571c92c8550a0e079d5b27239a#a512dcdd)
[INFO] [stderr]    Compiling toml v0.5.6
[INFO] [stderr]    Compiling impl-serde v0.2.3
[INFO] [stderr]    Compiling impl-serde v0.3.0
[INFO] [stderr]    Compiling impl-serde v0.1.1
[INFO] [stderr]    Compiling type-metadata v0.1.0 (https://github.com/insipx/type-metadata?branch=insipx/deserialize-registry-merge#baacb700)
[INFO] [stderr]    Compiling serde_json v1.0.46
[INFO] [stderr]    Compiling sp-storage v2.0.0 (https://github.com/paritytech/substrate/?branch=polkadot-master#de2ffd93)
[INFO] [stderr]    Compiling sp-storage v2.0.0 (https://github.com/paritytech/substrate/?rev=e931f9e5c2ae165658587f04d075c59a338061fb#e931f9e5)
[INFO] [stderr]    Compiling substrate-primitives-storage v2.0.0 (https://github.com/paritytech/substrate/?rev=a512dcdd3931aa571c92c8550a0e079d5b27239a#a512dcdd)
[INFO] [stderr]    Compiling sp-externalities v0.8.0 (https://github.com/paritytech/substrate/?branch=polkadot-master#de2ffd93)
[INFO] [stderr]    Compiling sp-externalities v0.8.0 (https://github.com/paritytech/substrate/?rev=e931f9e5c2ae165658587f04d075c59a338061fb#e931f9e5)
[INFO] [stderr]    Compiling proc-macro-crate v0.1.4
[INFO] [stderr]    Compiling parity-scale-codec-derive v1.1.1
[INFO] [stderr]    Compiling sp-runtime-interface-proc-macro v2.0.0 (https://github.com/paritytech/substrate/?branch=polkadot-master#de2ffd93)
[INFO] [stderr]    Compiling parity-codec-derive v3.3.0
[INFO] [stderr]    Compiling substrate-runtime-interface-proc-macro v2.0.0 (https://github.com/paritytech/substrate/?rev=a512dcdd3931aa571c92c8550a0e079d5b27239a#a512dcdd)
[INFO] [stderr]    Compiling sp-runtime-interface-proc-macro v2.0.0 (https://github.com/paritytech/substrate/?rev=e931f9e5c2ae165658587f04d075c59a338061fb#e931f9e5)
[INFO] [stderr]    Compiling parity-scale-codec v1.1.2
[INFO] [stderr]    Compiling parity-codec v4.1.4
[INFO] [stderr]    Compiling impl-codec v0.3.0
[INFO] [stderr]    Compiling primitive-types v0.4.0
[INFO] [stderr]    Compiling impl-codec v0.4.2
[INFO] [stderr]    Compiling sp-wasm-interface v2.0.0 (https://github.com/paritytech/substrate/?branch=polkadot-master#de2ffd93)
[INFO] [stderr]    Compiling sp-wasm-interface v2.0.0 (https://github.com/paritytech/substrate/?rev=e931f9e5c2ae165658587f04d075c59a338061fb#e931f9e5)
[INFO] [stderr]    Compiling sp-arithmetic v2.0.0 (https://github.com/paritytech/substrate/?branch=polkadot-master#de2ffd93)
[INFO] [stderr]    Compiling substrate-primitives v2.0.0 (https://github.com/paritytech/substrate/?rev=7c8bd73cef8c6afd60fec837d8f5e732a39a5615#7c8bd73c)
[INFO] [stderr]    Compiling primitive-types v0.6.2
[INFO] [stderr]    Compiling primitive-types v0.5.1
[INFO] [stderr]    Compiling srml-metadata v2.0.0 (https://github.com/paritytech/substrate/?rev=7c8bd73cef8c6afd60fec837d8f5e732a39a5615#7c8bd73c)
[INFO] [stderr]    Compiling sp-runtime-interface v2.0.0 (https://github.com/paritytech/substrate/?branch=polkadot-master#de2ffd93)
[INFO] [stderr]    Compiling substrate-externalities v2.0.0 (https://github.com/paritytech/substrate/?rev=a512dcdd3931aa571c92c8550a0e079d5b27239a#a512dcdd)
[INFO] [stderr]    Compiling sp-runtime-interface v2.0.0 (https://github.com/paritytech/substrate/?rev=e931f9e5c2ae165658587f04d075c59a338061fb#e931f9e5)
[INFO] [stderr]    Compiling substrate-primitives v2.0.0 (https://github.com/paritytech/substrate/?rev=ac11c330a95827211e1999781b5f691e72387c9e#ac11c330)
[INFO] [stderr]    Compiling substrate-runtime-interface v2.0.0 (https://github.com/paritytech/substrate/?rev=a512dcdd3931aa571c92c8550a0e079d5b27239a#a512dcdd)
[INFO] [stderr]    Compiling sp-core v2.0.0 (https://github.com/paritytech/substrate/?branch=polkadot-master#de2ffd93)
[INFO] [stderr]    Compiling sp-core v2.0.0 (https://github.com/paritytech/substrate/?rev=e931f9e5c2ae165658587f04d075c59a338061fb#e931f9e5)
[INFO] [stderr]    Compiling substrate-primitives v2.0.0 (https://github.com/paritytech/substrate/?rev=a512dcdd3931aa571c92c8550a0e079d5b27239a#a512dcdd)
[INFO] [stderr]    Compiling srml-metadata v2.0.0 (https://github.com/paritytech/substrate/?rev=ac11c330a95827211e1999781b5f691e72387c9e#ac11c330)
[INFO] [stderr]    Compiling sp-trie v2.0.0 (https://github.com/paritytech/substrate/?branch=polkadot-master#de2ffd93)
[INFO] [stderr]    Compiling sp-inherents v2.0.0 (https://github.com/paritytech/substrate/?branch=polkadot-master#de2ffd93)
[INFO] [stderr]    Compiling frame-metadata v11.0.0 (https://github.com/paritytech/substrate/?branch=polkadot-master#de2ffd93)
[INFO] [stderr]    Compiling frame-metadata v10.0.0 (https://github.com/paritytech/substrate/?rev=e931f9e5c2ae165658587f04d075c59a338061fb#e931f9e5)
[INFO] [stderr]    Compiling frame-metadata v2.0.0 (https://github.com/paritytech/substrate/?rev=a512dcdd3931aa571c92c8550a0e079d5b27239a#a512dcdd)
[INFO] [stderr]    Compiling sp-state-machine v0.8.0 (https://github.com/paritytech/substrate/?branch=polkadot-master#de2ffd93)
[INFO] [stderr]    Compiling sp-io v2.0.0 (https://github.com/paritytech/substrate/?branch=polkadot-master#de2ffd93)
[INFO] [stderr]    Compiling sp-application-crypto v2.0.0 (https://github.com/paritytech/substrate/?branch=polkadot-master#de2ffd93)
[INFO] [stdout] error: unexpected token
[INFO] [stdout]   --> /opt/rustwide/cargo-home/git/checkouts/substrate-7e08433d4c370a21/de2ffd9/primitives/application-crypto/src/lib.rs:57:49
[INFO] [stdout]    |
[INFO] [stdout] 57 |         $crate::app_crypto_public_full_crypto!($module::Public, $key_type);
[INFO] [stdout]    |                                                       ^^
[INFO] [stdout]    | 
[INFO] [stdout]   ::: /opt/rustwide/cargo-home/git/checkouts/substrate-7e08433d4c370a21/de2ffd9/primitives/application-crypto/src/ed25519.rs:27:5
[INFO] [stdout]    |
[INFO] [stdout] 27 |     crate::app_crypto!(super, ED25519);
[INFO] [stdout]    |     ----------------------------------- in this macro invocation
[INFO] [stdout]    |
[INFO] [stdout]    = note: this error originates in the macro `crate::app_crypto` (in Nightly builds, run with -Z macro-backtrace for more info)
[INFO] [stdout] 
[INFO] [stdout] 
[INFO] [stdout] error: unexpected token
[INFO] [stdout]   --> /opt/rustwide/cargo-home/git/checkouts/substrate-7e08433d4c370a21/de2ffd9/primitives/application-crypto/src/lib.rs:59:52
[INFO] [stdout]    |
[INFO] [stdout] 59 |         $crate::app_crypto_signature_full_crypto!($module::Signature, $key_type);
[INFO] [stdout]    |                                                          ^^
[INFO] [stdout]    | 
[INFO] [stdout]   ::: /opt/rustwide/cargo-home/git/checkouts/substrate-7e08433d4c370a21/de2ffd9/primitives/application-crypto/src/ed25519.rs:27:5
[INFO] [stdout]    |
[INFO] [stdout] 27 |     crate::app_crypto!(super, ED25519);
[INFO] [stdout]    |     ----------------------------------- in this macro invocation
[INFO] [stdout]    |
[INFO] [stdout]    = note: this error originates in the macro `crate::app_crypto` (in Nightly builds, run with -Z macro-backtrace for more info)
[INFO] [stdout] 
[INFO] [stdout] 
[INFO] [stdout] error: unexpected token
[INFO] [stdout]   --> /opt/rustwide/cargo-home/git/checkouts/substrate-7e08433d4c370a21/de2ffd9/primitives/application-crypto/src/lib.rs:57:49
[INFO] [stdout]    |
[INFO] [stdout] 57 |         $crate::app_crypto_public_full_crypto!($module::Public, $key_type);
[INFO] [stdout]    |                                                       ^^
[INFO] [stdout]    | 
[INFO] [stdout]   ::: /opt/rustwide/cargo-home/git/checkouts/substrate-7e08433d4c370a21/de2ffd9/primitives/application-crypto/src/sr25519.rs:27:5
[INFO] [stdout]    |
[INFO] [stdout] 27 |     crate::app_crypto!(super, SR25519);
[INFO] [stdout]    |     ----------------------------------- in this macro invocation
[INFO] [stdout]    |
[INFO] [stdout]    = note: this error originates in the macro `crate::app_crypto` (in Nightly builds, run with -Z macro-backtrace for more info)
[INFO] [stdout] 
[INFO] [stdout] 
[INFO] [stdout] error: unexpected token
[INFO] [stdout]   --> /opt/rustwide/cargo-home/git/checkouts/substrate-7e08433d4c370a21/de2ffd9/primitives/application-crypto/src/lib.rs:59:52
[INFO] [stdout]    |
[INFO] [stdout] 59 |         $crate::app_crypto_signature_full_crypto!($module::Signature, $key_type);
[INFO] [stdout]    |                                                          ^^
[INFO] [stdout]    | 
[INFO] [stdout]   ::: /opt/rustwide/cargo-home/git/checkouts/substrate-7e08433d4c370a21/de2ffd9/primitives/application-crypto/src/sr25519.rs:27:5
[INFO] [stdout]    |
[INFO] [stdout] 27 |     crate::app_crypto!(super, SR25519);
[INFO] [stdout]    |     ----------------------------------- in this macro invocation
[INFO] [stdout]    |
[INFO] [stdout]    = note: this error originates in the macro `crate::app_crypto` (in Nightly builds, run with -Z macro-backtrace for more info)
[INFO] [stdout] 
[INFO] [stdout] 
[INFO] [stdout] error[E0277]: `ed25519::app::Public` doesn't implement `std::fmt::Debug`
[INFO] [stdout]    --> /opt/rustwide/cargo-home/git/checkouts/substrate-7e08433d4c370a21/de2ffd9/primitives/application-crypto/src/lib.rs:277:8
[INFO] [stdout]     |
[INFO] [stdout] 277 |         impl $crate::AppPublic for Public {
[INFO] [stdout]     |              ^^^^^^^^^^^^^^^^^ `ed25519::app::Public` cannot be formatted using `{:?}`
[INFO] [stdout]     | 
[INFO] [stdout]    ::: /opt/rustwide/cargo-home/git/checkouts/substrate-7e08433d4c370a21/de2ffd9/primitives/application-crypto/src/traits.rs:62:11
[INFO] [stdout]     |
[INFO] [stdout] 62  | pub trait AppPublic:
[INFO] [stdout]     |           --------- required by a bound in this
[INFO] [stdout] 63  |     AppKey + Public + Ord + PartialOrd + Eq + PartialEq + Debug + MaybeHash + codec::Codec
[INFO] [stdout]     |                                                           ----- required by this bound in `traits::AppPublic`
[INFO] [stdout]     | 
[INFO] [stdout]    ::: /opt/rustwide/cargo-home/git/checkouts/substrate-7e08433d4c370a21/de2ffd9/primitives/application-crypto/src/ed25519.rs:27:5
[INFO] [stdout]     |
[INFO] [stdout] 27  |     crate::app_crypto!(super, ED25519);
[INFO] [stdout]     |     ----------------------------------- in this macro invocation
[INFO] [stdout]     |
[INFO] [stdout]     = help: the trait `std::fmt::Debug` is not implemented for `ed25519::app::Public`
[INFO] [stdout]     = note: add `#[derive(Debug)]` to `ed25519::app::Public` or manually `impl std::fmt::Debug for ed25519::app::Public`
[INFO] [stdout]     = note: this error originates in the macro `$crate::app_crypto_public_common` (in Nightly builds, run with -Z macro-backtrace for more info)
[INFO] [stdout] 
[INFO] [stdout] 
[INFO] [stdout] error[E0277]: the trait bound `ed25519::app::Public: WrapperTypeEncode` is not satisfied
[INFO] [stdout]    --> /opt/rustwide/cargo-home/git/checkouts/substrate-7e08433d4c370a21/de2ffd9/primitives/application-crypto/src/lib.rs:277:8
[INFO] [stdout]     |
[INFO] [stdout] 277 |         impl $crate::AppPublic for Public {
[INFO] [stdout]     |              ^^^^^^^^^^^^^^^^^ the trait `WrapperTypeEncode` is not implemented for `ed25519::app::Public`
[INFO] [stdout]     | 
[INFO] [stdout]    ::: /opt/rustwide/cargo-home/git/checkouts/substrate-7e08433d4c370a21/de2ffd9/primitives/application-crypto/src/traits.rs:62:11
[INFO] [stdout]     |
[INFO] [stdout] 62  | pub trait AppPublic:
[INFO] [stdout]     |           --------- required by a bound in this
[INFO] [stdout] 63  |     AppKey + Public + Ord + PartialOrd + Eq + PartialEq + Debug + MaybeHash + codec::Codec
[INFO] [stdout]     |                                                                               ------------ required by this bound in `traits::AppPublic`
[INFO] [stdout]     | 
[INFO] [stdout]    ::: /opt/rustwide/cargo-home/git/checkouts/substrate-7e08433d4c370a21/de2ffd9/primitives/application-crypto/src/ed25519.rs:27:5
[INFO] [stdout]     |
[INFO] [stdout] 27  |     crate::app_crypto!(super, ED25519);
[INFO] [stdout]     |     ----------------------------------- in this macro invocation
[INFO] [stdout]     |
[INFO] [stdout]     = note: required because of the requirements on the impl of `Encode` for `ed25519::app::Public`
[INFO] [stdout]     = note: this error originates in the macro `$crate::app_crypto_public_common` (in Nightly builds, run with -Z macro-backtrace for more info)
[INFO] [stdout] 
[INFO] [stdout] 
[INFO] [stdout] error[E0277]: the trait bound `ed25519::app::Public: WrapperTypeDecode` is not satisfied
[INFO] [stdout]    --> /opt/rustwide/cargo-home/git/checkouts/substrate-7e08433d4c370a21/de2ffd9/primitives/application-crypto/src/lib.rs:277:8
[INFO] [stdout]     |
[INFO] [stdout] 277 |         impl $crate::AppPublic for Public {
[INFO] [stdout]     |              ^^^^^^^^^^^^^^^^^ the trait `WrapperTypeDecode` is not implemented for `ed25519::app::Public`
[INFO] [stdout]     | 
[INFO] [stdout]    ::: /opt/rustwide/cargo-home/git/checkouts/substrate-7e08433d4c370a21/de2ffd9/primitives/application-crypto/src/traits.rs:62:11
[INFO] [stdout]     |
[INFO] [stdout] 62  | pub trait AppPublic:
[INFO] [stdout]     |           --------- required by a bound in this
[INFO] [stdout] 63  |     AppKey + Public + Ord + PartialOrd + Eq + PartialEq + Debug + MaybeHash + codec::Codec
[INFO] [stdout]     |                                                                               ------------ required by this bound in `traits::AppPublic`
[INFO] [stdout]     | 
[INFO] [stdout]    ::: /opt/rustwide/cargo-home/git/checkouts/substrate-7e08433d4c370a21/de2ffd9/primitives/application-crypto/src/ed25519.rs:27:5
[INFO] [stdout]     |
[INFO] [stdout] 27  |     crate::app_crypto!(super, ED25519);
[INFO] [stdout]     |     ----------------------------------- in this macro invocation
[INFO] [stdout]     |
[INFO] [stdout]     = note: required because of the requirements on the impl of `Decode` for `ed25519::app::Public`
[INFO] [stdout]     = note: this error originates in the macro `$crate::app_crypto_public_common` (in Nightly builds, run with -Z macro-backtrace for more info)
[INFO] [stdout] 
[INFO] [stdout] 
[INFO] [stdout] error[E0277]: `ed25519::app::Signature` doesn't implement `std::fmt::Debug`
[INFO] [stdout]    --> /opt/rustwide/cargo-home/git/checkouts/substrate-7e08433d4c370a21/de2ffd9/primitives/application-crypto/src/lib.rs:388:8
[INFO] [stdout]     |
[INFO] [stdout] 388 |         impl $crate::AppSignature for Signature {
[INFO] [stdout]     |              ^^^^^^^^^^^^^^^^^^^^ `ed25519::app::Signature` cannot be formatted using `{:?}`
[INFO] [stdout]     | 
[INFO] [stdout]    ::: /opt/rustwide/cargo-home/git/checkouts/substrate-7e08433d4c370a21/de2ffd9/primitives/application-crypto/src/traits.rs:78:51
[INFO] [stdout]     |
[INFO] [stdout] 78  | pub trait AppSignature: AppKey + Eq + PartialEq + Debug + MaybeHash {
[INFO] [stdout]     |                                                   ----- required by this bound in `traits::AppSignature`
[INFO] [stdout]     | 
[INFO] [stdout]    ::: /opt/rustwide/cargo-home/git/checkouts/substrate-7e08433d4c370a21/de2ffd9/primitives/application-crypto/src/ed25519.rs:27:5
[INFO] [stdout]     |
[INFO] [stdout] 27  |     crate::app_crypto!(super, ED25519);
[INFO] [stdout]     |     ----------------------------------- in this macro invocation
[INFO] [stdout]     |
[INFO] [stdout]     = help: the trait `std::fmt::Debug` is not implemented for `ed25519::app::Signature`
[INFO] [stdout]     = note: add `#[derive(Debug)]` to `ed25519::app::Signature` or manually `impl std::fmt::Debug for ed25519::app::Signature`
[INFO] [stdout]     = note: this error originates in the macro `$crate::app_crypto_signature_common` (in Nightly builds, run with -Z macro-backtrace for more info)
[INFO] [stdout] 
[INFO] [stdout] 
[INFO] [stdout] error[E0277]: `sr25519::app::Public` doesn't implement `std::fmt::Debug`
[INFO] [stdout]    --> /opt/rustwide/cargo-home/git/checkouts/substrate-7e08433d4c370a21/de2ffd9/primitives/application-crypto/src/lib.rs:277:8
[INFO] [stdout]     |
[INFO] [stdout] 277 |         impl $crate::AppPublic for Public {
[INFO] [stdout]     |              ^^^^^^^^^^^^^^^^^ `sr25519::app::Public` cannot be formatted using `{:?}`
[INFO] [stdout]     | 
[INFO] [stdout]    ::: /opt/rustwide/cargo-home/git/checkouts/substrate-7e08433d4c370a21/de2ffd9/primitives/application-crypto/src/traits.rs:62:11
[INFO] [stdout]     |
[INFO] [stdout] 62  | pub trait AppPublic:
[INFO] [stdout]     |           --------- required by a bound in this
[INFO] [stdout] 63  |     AppKey + Public + Ord + PartialOrd + Eq + PartialEq + Debug + MaybeHash + codec::Codec
[INFO] [stdout]     |                                                           ----- required by this bound in `traits::AppPublic`
[INFO] [stdout]     | 
[INFO] [stdout]    ::: /opt/rustwide/cargo-home/git/checkouts/substrate-7e08433d4c370a21/de2ffd9/primitives/application-crypto/src/sr25519.rs:27:5
[INFO] [stdout]     |
[INFO] [stdout] 27  |     crate::app_crypto!(super, SR25519);
[INFO] [stdout]     |     ----------------------------------- in this macro invocation
[INFO] [stdout]     |
[INFO] [stdout]     = help: the trait `std::fmt::Debug` is not implemented for `sr25519::app::Public`
[INFO] [stdout]     = note: add `#[derive(Debug)]` to `sr25519::app::Public` or manually `impl std::fmt::Debug for sr25519::app::Public`
[INFO] [stdout]     = note: this error originates in the macro `$crate::app_crypto_public_common` (in Nightly builds, run with -Z macro-backtrace for more info)
[INFO] [stdout] 
[INFO] [stdout] 
[INFO] [stdout] error[E0277]: the trait bound `sr25519::app::Public: WrapperTypeEncode` is not satisfied
[INFO] [stdout]    --> /opt/rustwide/cargo-home/git/checkouts/substrate-7e08433d4c370a21/de2ffd9/primitives/application-crypto/src/lib.rs:277:8
[INFO] [stdout]     |
[INFO] [stdout] 277 |         impl $crate::AppPublic for Public {
[INFO] [stdout]     |              ^^^^^^^^^^^^^^^^^ the trait `WrapperTypeEncode` is not implemented for `sr25519::app::Public`
[INFO] [stdout]     | 
[INFO] [stdout]    ::: /opt/rustwide/cargo-home/git/checkouts/substrate-7e08433d4c370a21/de2ffd9/primitives/application-crypto/src/traits.rs:62:11
[INFO] [stdout]     |
[INFO] [stdout] 62  | pub trait AppPublic:
[INFO] [stdout]     |           --------- required by a bound in this
[INFO] [stdout] 63  |     AppKey + Public + Ord + PartialOrd + Eq + PartialEq + Debug + MaybeHash + codec::Codec
[INFO] [stdout]     |                                                                               ------------ required by this bound in `traits::AppPublic`
[INFO] [stdout]     | 
[INFO] [stdout]    ::: /opt/rustwide/cargo-home/git/checkouts/substrate-7e08433d4c370a21/de2ffd9/primitives/application-crypto/src/sr25519.rs:27:5
[INFO] [stdout]     |
[INFO] [stdout] 27  |     crate::app_crypto!(super, SR25519);
[INFO] [stdout]     |     ----------------------------------- in this macro invocation
[INFO] [stdout]     |
[INFO] [stdout]     = note: required because of the requirements on the impl of `Encode` for `sr25519::app::Public`
[INFO] [stdout]     = note: this error originates in the macro `$crate::app_crypto_public_common` (in Nightly builds, run with -Z macro-backtrace for more info)
[INFO] [stdout] 
[INFO] [stdout] 
[INFO] [stdout] error[E0277]: the trait bound `sr25519::app::Public: WrapperTypeDecode` is not satisfied
[INFO] [stdout]    --> /opt/rustwide/cargo-home/git/checkouts/substrate-7e08433d4c370a21/de2ffd9/primitives/application-crypto/src/lib.rs:277:8
[INFO] [stdout]     |
[INFO] [stdout] 277 |         impl $crate::AppPublic for Public {
[INFO] [stdout]     |              ^^^^^^^^^^^^^^^^^ the trait `WrapperTypeDecode` is not implemented for `sr25519::app::Public`
[INFO] [stdout]     | 
[INFO] [stdout]    ::: /opt/rustwide/cargo-home/git/checkouts/substrate-7e08433d4c370a21/de2ffd9/primitives/application-crypto/src/traits.rs:62:11
[INFO] [stdout]     |
[INFO] [stdout] 62  | pub trait AppPublic:
[INFO] [stdout]     |           --------- required by a bound in this
[INFO] [stdout] 63  |     AppKey + Public + Ord + PartialOrd + Eq + PartialEq + Debug + MaybeHash + codec::Codec
[INFO] [stdout]     |                                                                               ------------ required by this bound in `traits::AppPublic`
[INFO] [stdout]     | 
[INFO] [stdout]    ::: /opt/rustwide/cargo-home/git/checkouts/substrate-7e08433d4c370a21/de2ffd9/primitives/application-crypto/src/sr25519.rs:27:5
[INFO] [stdout]     |
[INFO] [stdout] 27  |     crate::app_crypto!(super, SR25519);
[INFO] [stdout]     |     ----------------------------------- in this macro invocation
[INFO] [stdout]     |
[INFO] [stdout]     = note: required because of the requirements on the impl of `Decode` for `sr25519::app::Public`
[INFO] [stdout]     = note: this error originates in the macro `$crate::app_crypto_public_common` (in Nightly builds, run with -Z macro-backtrace for more info)
[INFO] [stdout] 
[INFO] [stdout] 
[INFO] [stdout] error[E0277]: `sr25519::app::Signature` doesn't implement `std::fmt::Debug`
[INFO] [stdout]    --> /opt/rustwide/cargo-home/git/checkouts/substrate-7e08433d4c370a21/de2ffd9/primitives/application-crypto/src/lib.rs:388:8
[INFO] [stdout]     |
[INFO] [stdout] 388 |         impl $crate::AppSignature for Signature {
[INFO] [stdout]     |              ^^^^^^^^^^^^^^^^^^^^ `sr25519::app::Signature` cannot be formatted using `{:?}`
[INFO] [stdout]     | 
[INFO] [stdout]    ::: /opt/rustwide/cargo-home/git/checkouts/substrate-7e08433d4c370a21/de2ffd9/primitives/application-crypto/src/traits.rs:78:51
[INFO] [stdout]     |
[INFO] [stdout] 78  | pub trait AppSignature: AppKey + Eq + PartialEq + Debug + MaybeHash {
[INFO] [stdout]     |                                                   ----- required by this bound in `traits::AppSignature`
[INFO] [stdout]     | 
[INFO] [stdout]    ::: /opt/rustwide/cargo-home/git/checkouts/substrate-7e08433d4c370a21/de2ffd9/primitives/application-crypto/src/sr25519.rs:27:5
[INFO] [stdout]     |
[INFO] [stdout] 27  |     crate::app_crypto!(super, SR25519);
[INFO] [stdout]     |     ----------------------------------- in this macro invocation
[INFO] [stdout]     |
[INFO] [stdout]     = help: the trait `std::fmt::Debug` is not implemented for `sr25519::app::Signature`
[INFO] [stdout]     = note: add `#[derive(Debug)]` to `sr25519::app::Signature` or manually `impl std::fmt::Debug for sr25519::app::Signature`
[INFO] [stdout]     = note: this error originates in the macro `$crate::app_crypto_signature_common` (in Nightly builds, run with -Z macro-backtrace for more info)
[INFO] [stdout] 
[INFO] [stdout] 
[INFO] [stdout] error: aborting due to 12 previous errors
[INFO] [stdout] 
[INFO] [stdout] 
[INFO] [stdout] For more information about this error, try `rustc --explain E0277`.
[INFO] [stdout] 
[INFO] [stderr] error: could not compile `sp-application-crypto` due to 13 previous errors
[INFO] running `Command { std: "docker" "inspect" "3f17c73f1490ffac9d241e3619434611444c4586b041ad600200e6d83c826795", kill_on_drop: false }`
[INFO] running `Command { std: "docker" "rm" "-f" "3f17c73f1490ffac9d241e3619434611444c4586b041ad600200e6d83c826795", kill_on_drop: false }`
[INFO] [stdout] 3f17c73f1490ffac9d241e3619434611444c4586b041ad600200e6d83c826795
