[INFO] cloning repository https://github.com/terranodo/ruido
[INFO] running `Command { std: "git" "-c" "credential.helper=" "-c" "credential.helper=/workspace/cargo-home/bin/git-credential-null" "clone" "--bare" "https://github.com/terranodo/ruido" "/workspace/cache/git-repos/https%3A%2F%2Fgithub.com%2Fterranodo%2Fruido", kill_on_drop: false }`
[INFO] [stderr] Cloning into bare repository '/workspace/cache/git-repos/https%3A%2F%2Fgithub.com%2Fterranodo%2Fruido'...
[INFO] running `Command { std: "git" "rev-parse" "HEAD", kill_on_drop: false }`
[INFO] [stdout] ed24c9eb885d235bcb35be22c7fc78d30172fba5
[INFO] testing terranodo/ruido against 1.54.0 for beta-1.55-1
[INFO] running `Command { std: "git" "clone" "/workspace/cache/git-repos/https%3A%2F%2Fgithub.com%2Fterranodo%2Fruido" "/workspace/builds/worker-0/source", kill_on_drop: false }`
[INFO] [stderr] Cloning into '/workspace/builds/worker-0/source'...
[INFO] [stderr] done.
[INFO] validating manifest of git repo https://github.com/terranodo/ruido on toolchain 1.54.0
[INFO] running `Command { std: "/workspace/cargo-home/bin/cargo" "+1.54.0" "metadata" "--manifest-path" "Cargo.toml" "--no-deps", kill_on_drop: false }`
[INFO] started tweaking git repo https://github.com/terranodo/ruido
[INFO] finished tweaking git repo https://github.com/terranodo/ruido
[INFO] tweaked toml for git repo https://github.com/terranodo/ruido written to /workspace/builds/worker-0/source/Cargo.toml
[INFO] crate git repo https://github.com/terranodo/ruido already has a lockfile, it will not be regenerated
[INFO] running `Command { std: "/workspace/cargo-home/bin/cargo" "+1.54.0" "fetch" "--manifest-path" "Cargo.toml", kill_on_drop: false }`
[INFO] [stderr]     Blocking waiting for file lock on package cache
[INFO] running `Command { std: "docker" "create" "-v" "/var/lib/crater-agent-workspace/builds/worker-0/target:/opt/rustwide/target:rw,Z" "-v" "/var/lib/crater-agent-workspace/builds/worker-0/source:/opt/rustwide/workdir:ro,Z" "-v" "/var/lib/crater-agent-workspace/cargo-home:/opt/rustwide/cargo-home:ro,Z" "-v" "/var/lib/crater-agent-workspace/rustup-home:/opt/rustwide/rustup-home:ro,Z" "-e" "SOURCE_DIR=/opt/rustwide/workdir" "-e" "CARGO_TARGET_DIR=/opt/rustwide/target" "-e" "CARGO_HOME=/opt/rustwide/cargo-home" "-e" "RUSTUP_HOME=/opt/rustwide/rustup-home" "-w" "/opt/rustwide/workdir" "-m" "1610612736" "--user" "0:0" "--network" "none" "ghcr.io/rust-lang/crates-build-env/linux@sha256:34b6a614d2c27851fe6cbf88fbd1137609cefab8b10d0615aaeb6fd47975d74e" "/opt/rustwide/cargo-home/bin/cargo" "+1.54.0" "metadata" "--no-deps" "--format-version=1", kill_on_drop: false }`
[INFO] [stderr] WARNING: Your kernel does not support swap limit capabilities or the cgroup is not mounted. Memory limited without swap.
[INFO] [stdout] eb5747beb42b923e87f22ab79045e70fa5c5ed70ba17887ea58ac4869f687215
[INFO] running `Command { std: "docker" "start" "-a" "eb5747beb42b923e87f22ab79045e70fa5c5ed70ba17887ea58ac4869f687215", kill_on_drop: false }`
[INFO] running `Command { std: "docker" "inspect" "eb5747beb42b923e87f22ab79045e70fa5c5ed70ba17887ea58ac4869f687215", kill_on_drop: false }`
[INFO] running `Command { std: "docker" "rm" "-f" "eb5747beb42b923e87f22ab79045e70fa5c5ed70ba17887ea58ac4869f687215", kill_on_drop: false }`
[INFO] [stdout] eb5747beb42b923e87f22ab79045e70fa5c5ed70ba17887ea58ac4869f687215
[INFO] running `Command { std: "docker" "create" "-v" "/var/lib/crater-agent-workspace/builds/worker-0/target:/opt/rustwide/target:rw,Z" "-v" "/var/lib/crater-agent-workspace/builds/worker-0/source:/opt/rustwide/workdir:ro,Z" "-v" "/var/lib/crater-agent-workspace/cargo-home:/opt/rustwide/cargo-home:ro,Z" "-v" "/var/lib/crater-agent-workspace/rustup-home:/opt/rustwide/rustup-home:ro,Z" "-e" "SOURCE_DIR=/opt/rustwide/workdir" "-e" "CARGO_TARGET_DIR=/opt/rustwide/target" "-e" "CARGO_INCREMENTAL=0" "-e" "RUST_BACKTRACE=full" "-e" "RUSTFLAGS=--cap-lints=warn" "-e" "CARGO_HOME=/opt/rustwide/cargo-home" "-e" "RUSTUP_HOME=/opt/rustwide/rustup-home" "-w" "/opt/rustwide/workdir" "-m" "1610612736" "--user" "0:0" "--network" "none" "ghcr.io/rust-lang/crates-build-env/linux@sha256:34b6a614d2c27851fe6cbf88fbd1137609cefab8b10d0615aaeb6fd47975d74e" "/opt/rustwide/cargo-home/bin/cargo" "+1.54.0" "build" "--frozen" "--message-format=json", kill_on_drop: false }`
[INFO] [stderr] WARNING: Your kernel does not support swap limit capabilities or the cgroup is not mounted. Memory limited without swap.
[INFO] [stdout] 5b8be51dbb6865b6e857fdfe6bc555b2e949c0baab32afeca9ab20cde078cf42
[INFO] running `Command { std: "docker" "start" "-a" "5b8be51dbb6865b6e857fdfe6bc555b2e949c0baab32afeca9ab20cde078cf42", kill_on_drop: false }`
[INFO] [stderr]     Blocking waiting for file lock on package cache
[INFO] [stderr]     Blocking waiting for file lock on package cache
[INFO] [stderr]    Compiling make-cmd v0.1.0
[INFO] [stderr]    Compiling bit_utils v0.1.1
[INFO] [stderr]    Compiling cpython v0.1.0
[INFO] [stderr]    Compiling noise_search v0.7.0
[INFO] [stderr]    Compiling unicode-segmentation v0.1.3
[INFO] [stderr]    Compiling num_cpus v1.8.0
[INFO] [stderr]    Compiling crossbeam-epoch v0.3.0
[INFO] [stderr]    Compiling uuid v0.3.1
[INFO] [stderr]    Compiling python3-sys v0.1.3
[INFO] [stderr]    Compiling varint v0.9.0
[INFO] [stderr]    Compiling crossbeam-deque v0.2.0
[INFO] [stderr]    Compiling rayon-core v1.4.0
[INFO] [stderr]    Compiling rayon v0.8.2
[INFO] [stdout] error[E0425]: cannot find function, tuple struct or tuple variant `PyEval_ThreadsInitialized` in crate `ffi`
[INFO] [stdout]   --> /opt/rustwide/cargo-home/registry/src/github.com-1ecc6299db9ec823/cpython-0.1.0/src/pythonrun.rs:55:26
[INFO] [stdout]    |
[INFO] [stdout] 55 |             assert!(ffi::PyEval_ThreadsInitialized() != 0);
[INFO] [stdout]    |                          ^^^^^^^^^^^^^^^^^^^^^^^^^ not found in `ffi`
[INFO] [stdout] 
[INFO] [stdout] 
[INFO] [stdout] error[E0425]: cannot find function, tuple struct or tuple variant `PyEval_ThreadsInitialized` in crate `ffi`
[INFO] [stdout]   --> /opt/rustwide/cargo-home/registry/src/github.com-1ecc6299db9ec823/cpython-0.1.0/src/pythonrun.rs:58:26
[INFO] [stdout]    |
[INFO] [stdout] 58 |             assert!(ffi::PyEval_ThreadsInitialized() == 0);
[INFO] [stdout]    |                          ^^^^^^^^^^^^^^^^^^^^^^^^^ not found in `ffi`
[INFO] [stdout] 
[INFO] [stdout] 
[INFO] [stdout] error[E0425]: cannot find function, tuple struct or tuple variant `PyEval_InitThreads` in crate `ffi`
[INFO] [stdout]   --> /opt/rustwide/cargo-home/registry/src/github.com-1ecc6299db9ec823/cpython-0.1.0/src/pythonrun.rs:65:18
[INFO] [stdout]    |
[INFO] [stdout] 65 |             ffi::PyEval_InitThreads();
[INFO] [stdout]    |                  ^^^^^^^^^^^^^^^^^^ help: a function with a similar name exists: `PyEval_SaveThread`
[INFO] [stdout]    | 
[INFO] [stdout]   ::: /opt/rustwide/cargo-home/registry/src/github.com-1ecc6299db9ec823/python3-sys-0.1.3/src/ceval.rs:49:5
[INFO] [stdout]    |
[INFO] [stdout] 49 |     pub fn PyEval_SaveThread() -> *mut PyThreadState;
[INFO] [stdout]    |     ------------------------------------------------- similarly named function `PyEval_SaveThread` defined here
[INFO] [stdout] 
[INFO] [stdout] 
[INFO] [stdout] error[E0425]: cannot find function, tuple struct or tuple variant `PyEval_InitThreads` in crate `ffi`
[INFO] [stdout]    --> /opt/rustwide/cargo-home/registry/src/github.com-1ecc6299db9ec823/cpython-0.1.0/src/lib.rs:333:10
[INFO] [stdout]     |
[INFO] [stdout] 333 |     ffi::PyEval_InitThreads();
[INFO] [stdout]     |          ^^^^^^^^^^^^^^^^^^ help: a function with a similar name exists: `PyEval_SaveThread`
[INFO] [stdout]     | 
[INFO] [stdout]    ::: /opt/rustwide/cargo-home/registry/src/github.com-1ecc6299db9ec823/python3-sys-0.1.3/src/ceval.rs:49:5
[INFO] [stdout]     |
[INFO] [stdout] 49  |     pub fn PyEval_SaveThread() -> *mut PyThreadState;
[INFO] [stdout]     |     ------------------------------------------------- similarly named function `PyEval_SaveThread` defined here
[INFO] [stdout] 
[INFO] [stdout] 
[INFO] [stderr]    Compiling gcc v0.3.54
[INFO] [stdout] error: aborting due to 4 previous errors
[INFO] [stdout] 
[INFO] [stdout] 
[INFO] [stdout] For more information about this error, try `rustc --explain E0425`.
[INFO] [stdout] 
[INFO] [stderr] error: could not compile `cpython`
[INFO] [stderr] 
[INFO] [stderr] To learn more, run the command again with --verbose.
[INFO] [stderr] warning: build failed, waiting for other jobs to finish...
[INFO] [stderr] error: build failed
[INFO] running `Command { std: "docker" "inspect" "5b8be51dbb6865b6e857fdfe6bc555b2e949c0baab32afeca9ab20cde078cf42", kill_on_drop: false }`
[INFO] running `Command { std: "docker" "rm" "-f" "5b8be51dbb6865b6e857fdfe6bc555b2e949c0baab32afeca9ab20cde078cf42", kill_on_drop: false }`
[INFO] [stdout] 5b8be51dbb6865b6e857fdfe6bc555b2e949c0baab32afeca9ab20cde078cf42
