[INFO] cloning repository https://github.com/terakilobyte/rust_gol
[INFO] running `Command { std: "git" "-c" "credential.helper=" "-c" "credential.helper=/workspace/cargo-home/bin/git-credential-null" "clone" "--bare" "https://github.com/terakilobyte/rust_gol" "/workspace/cache/git-repos/https%3A%2F%2Fgithub.com%2Fterakilobyte%2Frust_gol", kill_on_drop: false }`
[INFO] [stderr] Cloning into bare repository '/workspace/cache/git-repos/https%3A%2F%2Fgithub.com%2Fterakilobyte%2Frust_gol'...
[INFO] running `Command { std: "git" "rev-parse" "HEAD", kill_on_drop: false }`
[INFO] [stdout] 190dc80b6af6e1cf12ba0ee5a8479aa76e7a54e8
[INFO] testing terakilobyte/rust_gol against beta-2021-08-01 for beta-1.55-1
[INFO] running `Command { std: "git" "clone" "/workspace/cache/git-repos/https%3A%2F%2Fgithub.com%2Fterakilobyte%2Frust_gol" "/workspace/builds/worker-2/source", kill_on_drop: false }`
[INFO] [stderr] Cloning into '/workspace/builds/worker-2/source'...
[INFO] [stderr] done.
[INFO] validating manifest of git repo https://github.com/terakilobyte/rust_gol on toolchain beta-2021-08-01
[INFO] running `Command { std: "/workspace/cargo-home/bin/cargo" "+beta-2021-08-01" "metadata" "--manifest-path" "Cargo.toml" "--no-deps", kill_on_drop: false }`
[INFO] started tweaking git repo https://github.com/terakilobyte/rust_gol
[INFO] finished tweaking git repo https://github.com/terakilobyte/rust_gol
[INFO] tweaked toml for git repo https://github.com/terakilobyte/rust_gol written to /workspace/builds/worker-2/source/Cargo.toml
[INFO] crate git repo https://github.com/terakilobyte/rust_gol already has a lockfile, it will not be regenerated
[INFO] running `Command { std: "/workspace/cargo-home/bin/cargo" "+beta-2021-08-01" "fetch" "--manifest-path" "Cargo.toml", kill_on_drop: false }`
[INFO] [stderr]     Blocking waiting for file lock on package cache
[INFO] running `Command { std: "docker" "create" "-v" "/var/lib/crater-agent-workspace/builds/worker-2/target:/opt/rustwide/target:rw,Z" "-v" "/var/lib/crater-agent-workspace/builds/worker-2/source:/opt/rustwide/workdir:ro,Z" "-v" "/var/lib/crater-agent-workspace/cargo-home:/opt/rustwide/cargo-home:ro,Z" "-v" "/var/lib/crater-agent-workspace/rustup-home:/opt/rustwide/rustup-home:ro,Z" "-e" "SOURCE_DIR=/opt/rustwide/workdir" "-e" "CARGO_TARGET_DIR=/opt/rustwide/target" "-e" "CARGO_HOME=/opt/rustwide/cargo-home" "-e" "RUSTUP_HOME=/opt/rustwide/rustup-home" "-w" "/opt/rustwide/workdir" "-m" "1610612736" "--user" "0:0" "--network" "none" "ghcr.io/rust-lang/crates-build-env/linux@sha256:34b6a614d2c27851fe6cbf88fbd1137609cefab8b10d0615aaeb6fd47975d74e" "/opt/rustwide/cargo-home/bin/cargo" "+beta-2021-08-01" "metadata" "--no-deps" "--format-version=1", kill_on_drop: false }`
[INFO] [stdout] 46aa57f7bb32ad64f78884a68df1c119cea94da697d82db633db476184040651
[INFO] [stderr] WARNING: Your kernel does not support swap limit capabilities or the cgroup is not mounted. Memory limited without swap.
[INFO] running `Command { std: "docker" "start" "-a" "46aa57f7bb32ad64f78884a68df1c119cea94da697d82db633db476184040651", kill_on_drop: false }`
[INFO] running `Command { std: "docker" "inspect" "46aa57f7bb32ad64f78884a68df1c119cea94da697d82db633db476184040651", kill_on_drop: false }`
[INFO] running `Command { std: "docker" "rm" "-f" "46aa57f7bb32ad64f78884a68df1c119cea94da697d82db633db476184040651", kill_on_drop: false }`
[INFO] [stdout] 46aa57f7bb32ad64f78884a68df1c119cea94da697d82db633db476184040651
[INFO] running `Command { std: "docker" "create" "-v" "/var/lib/crater-agent-workspace/builds/worker-2/target:/opt/rustwide/target:rw,Z" "-v" "/var/lib/crater-agent-workspace/builds/worker-2/source:/opt/rustwide/workdir:ro,Z" "-v" "/var/lib/crater-agent-workspace/cargo-home:/opt/rustwide/cargo-home:ro,Z" "-v" "/var/lib/crater-agent-workspace/rustup-home:/opt/rustwide/rustup-home:ro,Z" "-e" "SOURCE_DIR=/opt/rustwide/workdir" "-e" "CARGO_TARGET_DIR=/opt/rustwide/target" "-e" "CARGO_INCREMENTAL=0" "-e" "RUST_BACKTRACE=full" "-e" "RUSTFLAGS=--cap-lints=warn" "-e" "CARGO_HOME=/opt/rustwide/cargo-home" "-e" "RUSTUP_HOME=/opt/rustwide/rustup-home" "-w" "/opt/rustwide/workdir" "-m" "1610612736" "--user" "0:0" "--network" "none" "ghcr.io/rust-lang/crates-build-env/linux@sha256:34b6a614d2c27851fe6cbf88fbd1137609cefab8b10d0615aaeb6fd47975d74e" "/opt/rustwide/cargo-home/bin/cargo" "+beta-2021-08-01" "build" "--frozen" "--message-format=json", kill_on_drop: false }`
[INFO] [stdout] 41a22997ff62a8a24073c6073f8cce95ce1639a893a0a6c8e94f264d32290242
[INFO] [stderr] WARNING: Your kernel does not support swap limit capabilities or the cgroup is not mounted. Memory limited without swap.
[INFO] running `Command { std: "docker" "start" "-a" "41a22997ff62a8a24073c6073f8cce95ce1639a893a0a6c8e94f264d32290242", kill_on_drop: false }`
[INFO] [stderr]    Compiling libc v0.2.81
[INFO] [stderr]    Compiling cc v1.0.15
[INFO] [stderr]    Compiling syn v0.15.44
[INFO] [stderr]    Compiling syn v1.0.56
[INFO] [stderr]    Compiling pulldown-cmark v0.2.0
[INFO] [stderr]    Compiling getrandom v0.2.1
[INFO] [stderr]    Compiling mint v0.5.6
[INFO] [stderr]    Compiling x11-dl v2.18.5
[INFO] [stderr]    Compiling draw_state v0.8.0
[INFO] [stderr]    Compiling libudev-sys v0.1.4
[INFO] [stderr]    Compiling alsa-sys v0.1.1
[INFO] [stderr]    Compiling inflate v0.4.5
[INFO] [stderr]    Compiling gif v0.10.3
[INFO] [stderr]    Compiling ogg v0.7.1
[INFO] [stderr]    Compiling deflate v0.7.18
[INFO] [stderr]    Compiling jpeg-decoder v0.1.14
[INFO] [stderr]    Compiling semver v0.9.0
[INFO] [stderr]    Compiling toml v0.5.8
[INFO] [stderr]    Compiling wayland-sys v0.21.13
[INFO] [stderr]    Compiling serde_json v1.0.61
[INFO] [stderr]    Compiling approx v0.3.2
[INFO] [stderr]    Compiling ordered-float v1.1.1
[INFO] [stderr]    Compiling num-integer v0.1.44
[INFO] [stderr]    Compiling line_drawing v0.7.0
[INFO] [stderr]    Compiling generic-array v0.12.3
[INFO] [stderr]    Compiling gfx_core v0.9.2
[INFO] [stderr]    Compiling gfx_gl v0.6.1
[INFO] [stderr]    Compiling sid v0.5.2
[INFO] [stderr]    Compiling png v0.15.3
[INFO] [stderr]    Compiling alga v0.9.3
[INFO] [stderr]    Compiling lewton v0.9.4
[INFO] [stderr]    Compiling rustc_version v0.2.3
[INFO] [stderr]    Compiling num-rational v0.2.4
[INFO] [stderr]    Compiling num-iter v0.1.35
[INFO] [stderr]    Compiling parking_lot_core v0.6.2
[INFO] [stderr]    Compiling parking_lot v0.9.0
[INFO] [stderr]    Compiling minimp3-sys v0.3.2
[INFO] [stderr]    Compiling bzip2-sys v0.1.6
[INFO] [stderr]    Compiling libloading v0.5.2
[INFO] [stderr]    Compiling gfx v0.18.2
[INFO] [stderr]    Compiling num_cpus v1.8.0
[INFO] [stderr]    Compiling getrandom v0.1.15
[INFO] [stderr]    Compiling nix v0.14.1
[INFO] [stderr]    Compiling memmap v0.7.0
[INFO] [stderr]    Compiling shared_library v0.1.9
[INFO] [stderr]    Compiling raw-window-handle v0.3.3
[INFO] [stderr]    Compiling rand_os v0.1.3
[INFO] [stderr]    Compiling slice-deque v0.3.0
[INFO] [stderr]    Compiling nix v0.15.0
[INFO] [stderr]    Compiling dirs-sys v0.3.5
[INFO] [stderr]    Compiling bzip2 v0.3.3
[INFO] [stderr]    Compiling rand v0.6.5
[INFO] [stderr]    Compiling rusttype v0.8.3
[INFO] [stderr]    Compiling osmesa-sys v0.1.2
[INFO] [stderr]    Compiling rand_core v0.5.1
[INFO] [stderr]    Compiling cpal v0.8.2
[INFO] [stderr]    Compiling rand_core v0.6.1
[INFO] [stderr]    Compiling minimp3 v0.3.5
[INFO] [stderr]    Compiling directories v2.0.2
[INFO] [stderr]    Compiling rand_chacha v0.2.2
[INFO] [stderr]    Compiling rand_chacha v0.3.0
[INFO] [stderr]    Compiling rusttype v0.7.9
[INFO] [stderr]    Compiling glyph_brush_layout v0.1.9
[INFO] [stderr]    Compiling rand v0.8.3
[INFO] [stderr]    Compiling rand v0.7.3
[INFO] [stderr]    Compiling andrew v0.2.1
[INFO] [stderr]    Compiling nalgebra v0.18.1
[INFO] [stderr]    Compiling glutin_glx_sys v0.1.7
[INFO] [stderr]    Compiling tempfile v3.1.0
[INFO] [stderr]    Compiling twox-hash v1.6.0
[INFO] [stderr]    Compiling gfx_device_gl v0.16.2
[INFO] [stderr]    Compiling euclid_macros v0.1.0
[INFO] [stderr]    Compiling num-derive v0.2.5
[INFO] [stderr]    Compiling smart-default v0.5.2
[INFO] [stderr]    Compiling glyph_brush v0.6.3
[INFO] [stderr]    Compiling gilrs-core v0.2.6
[INFO] [stderr]    Compiling glyph_brush v0.5.4
[INFO] [stderr]    Compiling wayland-commons v0.21.13
[INFO] [stderr]    Compiling gilrs v0.7.4
[INFO] [stderr]    Compiling serde_derive v1.0.118
[INFO] [stderr]    Compiling thiserror-impl v1.0.23
[INFO] [stderr]    Compiling wayland-client v0.21.13
[INFO] [stderr]    Compiling euclid v0.19.9
[INFO] [stderr]    Compiling wayland-protocols v0.21.13
[INFO] [stderr]    Compiling tiff v0.3.1
[INFO] [stderr]    Compiling thiserror v1.0.23
[INFO] [stderr]    Compiling lyon_geom v0.12.7
[INFO] [stderr]    Compiling zip v0.5.9
[INFO] [stderr]    Compiling image v0.22.5
[INFO] [stderr]    Compiling lyon_path v0.13.2
[INFO] [stderr]    Compiling lyon_algorithms v0.13.4
[INFO] [stderr]    Compiling lyon_tessellation v0.13.5
[INFO] [stderr]    Compiling lyon v0.13.5
[INFO] [stderr]    Compiling smithay-client-toolkit v0.4.6
[INFO] [stderr]    Compiling cargo_metadata v0.10.0
[INFO] [stderr]    Compiling winit v0.19.5
[INFO] [stderr]    Compiling skeptic v0.13.5
[INFO] [stderr]    Compiling ggez v0.5.1
[INFO] [stderr]    Compiling glutin v0.20.1
[INFO] [stderr]    Compiling gfx_window_glutin v0.30.0
[INFO] [stderr]    Compiling rodio v0.9.0
[INFO] [stderr]    Compiling game_of_life v0.1.0 (/opt/rustwide/workdir)
[INFO] [stdout] error[E0425]: cannot find function `get_ticks` in module `timer`
[INFO] [stdout]   --> src/main.rs:85:19
[INFO] [stdout]    |
[INFO] [stdout] 85 |         if timer::get_ticks(ctx) % 100 == 0 {
[INFO] [stdout]    |                   ^^^^^^^^^ not found in `timer`
[INFO] [stdout] 
[INFO] [stdout] 
[INFO] [stdout] error[E0425]: cannot find function `get_delta` in module `timer`
[INFO] [stdout]   --> src/main.rs:86:56
[INFO] [stdout]    |
[INFO] [stdout] 86 |             println!("Delta frame time: {:?} ", timer::get_delta(ctx));
[INFO] [stdout]    |                                                        ^^^^^^^^^ not found in `timer`
[INFO] [stdout] 
[INFO] [stdout] 
[INFO] [stdout] error[E0425]: cannot find function `get_fps` in module `timer`
[INFO] [stdout]   --> src/main.rs:87:48
[INFO] [stdout]    |
[INFO] [stdout] 87 |             println!("Average FPS: {}", timer::get_fps(ctx));
[INFO] [stdout]    |                                                ^^^^^^^ not found in `timer`
[INFO] [stdout] 
[INFO] [stdout] 
[INFO] [stdout] error[E0425]: cannot find function `draw_ex` in module `graphics`
[INFO] [stdout]    --> src/main.rs:105:19
[INFO] [stdout]     |
[INFO] [stdout] 105 |         graphics::draw_ex(ctx, &self.spritebatch, Default::default())?;
[INFO] [stdout]     |                   ^^^^^^^ not found in `graphics`
[INFO] [stdout] 
[INFO] [stdout] 
[INFO] [stdout] error[E0603]: type alias `Point2` is private
[INFO] [stdout]   --> src/main.rs:98:41
[INFO] [stdout]    |
[INFO] [stdout] 98 |                         dest: graphics::Point2::new(i as f32 * CELL_SIZE, j as f32 * CELL_SIZE),
[INFO] [stdout]    |                                         ^^^^^^ private type alias
[INFO] [stdout]    |
[INFO] [stdout] note: the type alias `Point2` is defined here
[INFO] [stdout]   --> /opt/rustwide/cargo-home/registry/src/github.com-1ecc6299db9ec823/ggez-0.5.1/src/graphics/mod.rs:61:9
[INFO] [stdout]    |
[INFO] [stdout] 61 | pub use crate::graphics::types::*;
[INFO] [stdout]    |         ^^^^^^^^^^^^^^^^^^^^^^^^^
[INFO] [stdout] 
[INFO] [stdout] 
[INFO] [stdout] error[E0616]: field `conf` of struct `ggez::Context` is private
[INFO] [stdout]   --> src/main.rs:55:25
[INFO] [stdout]    |
[INFO] [stdout] 55 |         let limit = ctx.conf.window_mode.width as usize / CELL_SIZE as usize;
[INFO] [stdout]    |                         ^^^^ private field
[INFO] [stdout] 
[INFO] [stdout] 
[INFO] [stdout] error[E0061]: this function takes 2 arguments but 1 argument was supplied
[INFO] [stdout]    --> src/main.rs:93:9
[INFO] [stdout]     |
[INFO] [stdout] 93  |         graphics::clear(ctx);
[INFO] [stdout]     |         ^^^^^^^^^^^^^^^ --- supplied 1 argument
[INFO] [stdout]     |         |
[INFO] [stdout]     |         expected 2 arguments
[INFO] [stdout]     |
[INFO] [stdout] note: function defined here
[INFO] [stdout]    --> /opt/rustwide/cargo-home/registry/src/github.com-1ecc6299db9ec823/ggez-0.5.1/src/graphics/mod.rs:468:8
[INFO] [stdout]     |
[INFO] [stdout] 468 | pub fn clear(ctx: &mut Context, color: Color) {
[INFO] [stdout]     |        ^^^^^
[INFO] [stdout] 
[INFO] [stdout] 
[INFO] [stdout] error[E0308]: mismatched types
[INFO] [stdout]   --> src/main.rs:98:31
[INFO] [stdout]    |
[INFO] [stdout] 98 |                         dest: graphics::Point2::new(i as f32 * CELL_SIZE, j as f32 * CELL_SIZE),
[INFO] [stdout]    |                               ^^^^^^^^^^^^^^^^^^^^^^^^^^^^^^^^^^^^^^^^^^^^^^^^^^^^^^^^^^^^^^^^^ expected struct `Point2`, found struct `Point`
[INFO] [stdout]    |
[INFO] [stdout]    = note: expected struct `Point2<f32>`
[INFO] [stdout]               found struct `Point<f32, U2>`
[INFO] [stdout] 
[INFO] [stdout] 
[INFO] [stdout] error[E0308]: mismatched types
[INFO] [stdout]    --> src/main.rs:115:61
[INFO] [stdout]     |
[INFO] [stdout] 115 |         .window_mode(conf::WindowMode::default().dimensions(WINDOW_SIZE, WINDOW_SIZE));
[INFO] [stdout]     |                                                             ^^^^^^^^^^^ expected `f32`, found `u32`
[INFO] [stdout]     |
[INFO] [stdout] help: you can cast a `u32` to an `f32`, producing the floating point representation of the integer,
[INFO] [stdout]     |                                              rounded if necessary
[INFO] [stdout] 115 |         .window_mode(conf::WindowMode::default().dimensions(WINDOW_SIZE as f32, WINDOW_SIZE));
[INFO] [stdout]     |                                                             ^^^^^^^^^^^^^^^^^^
[INFO] [stdout] 
[INFO] [stdout] 
[INFO] [stdout] error[E0308]: mismatched types
[INFO] [stdout]    --> src/main.rs:115:74
[INFO] [stdout]     |
[INFO] [stdout] 115 |         .window_mode(conf::WindowMode::default().dimensions(WINDOW_SIZE, WINDOW_SIZE));
[INFO] [stdout]     |                                                                          ^^^^^^^^^^^ expected `f32`, found `u32`
[INFO] [stdout]     |
[INFO] [stdout] help: you can cast a `u32` to an `f32`, producing the floating point representation of the integer,
[INFO] [stdout]     |                                              rounded if necessary
[INFO] [stdout] 115 |         .window_mode(conf::WindowMode::default().dimensions(WINDOW_SIZE, WINDOW_SIZE as f32));
[INFO] [stdout]     |                                                                          ^^^^^^^^^^^^^^^^^^
[INFO] [stdout] 
[INFO] [stdout] 
[INFO] [stdout] error[E0609]: no field `filesystem` on type `&mut (ggez::Context, EventsLoop)`
[INFO] [stdout]    --> src/main.rs:120:13
[INFO] [stdout]     |
[INFO] [stdout] 120 |         ctx.filesystem.mount(&path, true);
[INFO] [stdout]     |             ^^^^^^^^^^
[INFO] [stdout] 
[INFO] [stdout] 
[INFO] [stdout] error[E0308]: mismatched types
[INFO] [stdout]    --> src/main.rs:122:37
[INFO] [stdout]     |
[INFO] [stdout] 122 |     let state = &mut MainState::new(ctx).unwrap();
[INFO] [stdout]     |                                     ^^^ expected struct `ggez::Context`, found tuple
[INFO] [stdout]     |
[INFO] [stdout]     = note: expected mutable reference `&mut ggez::Context`
[INFO] [stdout]                found mutable reference `&mut (ggez::Context, EventsLoop)`
[INFO] [stdout] 
[INFO] [stdout] 
[INFO] [stdout] error[E0061]: this function takes 3 arguments but 2 arguments were supplied
[INFO] [stdout]    --> src/main.rs:123:5
[INFO] [stdout]     |
[INFO] [stdout] 123 |     event::run(ctx, state).unwrap();
[INFO] [stdout]     |     ^^^^^^^^^^ ---  ----- supplied 2 arguments
[INFO] [stdout]     |     |
[INFO] [stdout]     |     expected 3 arguments
[INFO] [stdout]     |
[INFO] [stdout] note: function defined here
[INFO] [stdout]    --> /opt/rustwide/cargo-home/registry/src/github.com-1ecc6299db9ec823/ggez-0.5.1/src/event.rs:163:8
[INFO] [stdout]     |
[INFO] [stdout] 163 | pub fn run<S>(ctx: &mut Context, events_loop: &mut EventsLoop, state: &mut S) -> GameResult
[INFO] [stdout]     |        ^^^
[INFO] [stdout] 
[INFO] [stdout] 
[INFO] [stdout] error: aborting due to 13 previous errors
[INFO] [stdout] 
[INFO] [stdout] 
[INFO] [stdout] Some errors have detailed explanations: E0061, E0308, E0425, E0603, E0609, E0616.
[INFO] [stdout] 
[INFO] [stdout] For more information about an error, try `rustc --explain E0061`.
[INFO] [stdout] 
[INFO] [stderr] error: could not compile `game_of_life` due to 14 previous errors
[INFO] running `Command { std: "docker" "inspect" "41a22997ff62a8a24073c6073f8cce95ce1639a893a0a6c8e94f264d32290242", kill_on_drop: false }`
[INFO] running `Command { std: "docker" "rm" "-f" "41a22997ff62a8a24073c6073f8cce95ce1639a893a0a6c8e94f264d32290242", kill_on_drop: false }`
[INFO] [stdout] 41a22997ff62a8a24073c6073f8cce95ce1639a893a0a6c8e94f264d32290242
