[INFO] cloning repository https://github.com/temp1011/twitch_chat_parser
[INFO] running `Command { std: "git" "-c" "credential.helper=" "-c" "credential.helper=/workspace/cargo-home/bin/git-credential-null" "clone" "--bare" "https://github.com/temp1011/twitch_chat_parser" "/workspace/cache/git-repos/https%3A%2F%2Fgithub.com%2Ftemp1011%2Ftwitch_chat_parser", kill_on_drop: false }`
[INFO] [stderr] Cloning into bare repository '/workspace/cache/git-repos/https%3A%2F%2Fgithub.com%2Ftemp1011%2Ftwitch_chat_parser'...
[INFO] running `Command { std: "git" "rev-parse" "HEAD", kill_on_drop: false }`
[INFO] [stdout] 3556f058e9744514f38b4913aa210efb47c86bd2
[INFO] testing temp1011/twitch_chat_parser against 1.54.0 for beta-1.55-1
[INFO] running `Command { std: "git" "clone" "/workspace/cache/git-repos/https%3A%2F%2Fgithub.com%2Ftemp1011%2Ftwitch_chat_parser" "/workspace/builds/worker-2/source", kill_on_drop: false }`
[INFO] [stderr] Cloning into '/workspace/builds/worker-2/source'...
[INFO] [stderr] done.
[INFO] validating manifest of git repo https://github.com/temp1011/twitch_chat_parser on toolchain 1.54.0
[INFO] running `Command { std: "/workspace/cargo-home/bin/cargo" "+1.54.0" "metadata" "--manifest-path" "Cargo.toml" "--no-deps", kill_on_drop: false }`
[INFO] started tweaking git repo https://github.com/temp1011/twitch_chat_parser
[INFO] finished tweaking git repo https://github.com/temp1011/twitch_chat_parser
[INFO] tweaked toml for git repo https://github.com/temp1011/twitch_chat_parser written to /workspace/builds/worker-2/source/Cargo.toml
[INFO] crate git repo https://github.com/temp1011/twitch_chat_parser already has a lockfile, it will not be regenerated
[INFO] running `Command { std: "/workspace/cargo-home/bin/cargo" "+1.54.0" "fetch" "--manifest-path" "Cargo.toml", kill_on_drop: false }`
[INFO] [stderr]     Blocking waiting for file lock on package cache
[INFO] running `Command { std: "docker" "create" "-v" "/var/lib/crater-agent-workspace/builds/worker-2/target:/opt/rustwide/target:rw,Z" "-v" "/var/lib/crater-agent-workspace/builds/worker-2/source:/opt/rustwide/workdir:ro,Z" "-v" "/var/lib/crater-agent-workspace/cargo-home:/opt/rustwide/cargo-home:ro,Z" "-v" "/var/lib/crater-agent-workspace/rustup-home:/opt/rustwide/rustup-home:ro,Z" "-e" "SOURCE_DIR=/opt/rustwide/workdir" "-e" "CARGO_TARGET_DIR=/opt/rustwide/target" "-e" "CARGO_HOME=/opt/rustwide/cargo-home" "-e" "RUSTUP_HOME=/opt/rustwide/rustup-home" "-w" "/opt/rustwide/workdir" "-m" "1610612736" "--user" "0:0" "--network" "none" "ghcr.io/rust-lang/crates-build-env/linux@sha256:34b6a614d2c27851fe6cbf88fbd1137609cefab8b10d0615aaeb6fd47975d74e" "/opt/rustwide/cargo-home/bin/cargo" "+1.54.0" "metadata" "--no-deps" "--format-version=1", kill_on_drop: false }`
[INFO] [stdout] 421e2684aee9f5c984f2edfff3969762729e6b18559a6dd65f07d52def4dd259
[INFO] [stderr] WARNING: Your kernel does not support swap limit capabilities or the cgroup is not mounted. Memory limited without swap.
[INFO] running `Command { std: "docker" "start" "-a" "421e2684aee9f5c984f2edfff3969762729e6b18559a6dd65f07d52def4dd259", kill_on_drop: false }`
[INFO] running `Command { std: "docker" "inspect" "421e2684aee9f5c984f2edfff3969762729e6b18559a6dd65f07d52def4dd259", kill_on_drop: false }`
[INFO] running `Command { std: "docker" "rm" "-f" "421e2684aee9f5c984f2edfff3969762729e6b18559a6dd65f07d52def4dd259", kill_on_drop: false }`
[INFO] [stdout] 421e2684aee9f5c984f2edfff3969762729e6b18559a6dd65f07d52def4dd259
[INFO] running `Command { std: "docker" "create" "-v" "/var/lib/crater-agent-workspace/builds/worker-2/target:/opt/rustwide/target:rw,Z" "-v" "/var/lib/crater-agent-workspace/builds/worker-2/source:/opt/rustwide/workdir:ro,Z" "-v" "/var/lib/crater-agent-workspace/cargo-home:/opt/rustwide/cargo-home:ro,Z" "-v" "/var/lib/crater-agent-workspace/rustup-home:/opt/rustwide/rustup-home:ro,Z" "-e" "SOURCE_DIR=/opt/rustwide/workdir" "-e" "CARGO_TARGET_DIR=/opt/rustwide/target" "-e" "CARGO_INCREMENTAL=0" "-e" "RUST_BACKTRACE=full" "-e" "RUSTFLAGS=--cap-lints=warn" "-e" "CARGO_HOME=/opt/rustwide/cargo-home" "-e" "RUSTUP_HOME=/opt/rustwide/rustup-home" "-w" "/opt/rustwide/workdir" "-m" "1610612736" "--user" "0:0" "--network" "none" "ghcr.io/rust-lang/crates-build-env/linux@sha256:34b6a614d2c27851fe6cbf88fbd1137609cefab8b10d0615aaeb6fd47975d74e" "/opt/rustwide/cargo-home/bin/cargo" "+1.54.0" "build" "--frozen" "--message-format=json", kill_on_drop: false }`
[INFO] [stderr] WARNING: Your kernel does not support swap limit capabilities or the cgroup is not mounted. Memory limited without swap.
[INFO] [stdout] d96a81f3f9770bf6b1ff49525cc510b927022bf1bbbc92128c51e3e041aa28e7
[INFO] running `Command { std: "docker" "start" "-a" "d96a81f3f9770bf6b1ff49525cc510b927022bf1bbbc92128c51e3e041aa28e7", kill_on_drop: false }`
[INFO] [stderr]    Compiling cc v1.0.40
[INFO] [stderr]    Compiling syn v0.15.44
[INFO] [stderr]    Compiling pkg-config v0.3.15
[INFO] [stderr]    Compiling serde v1.0.98
[INFO] [stderr]    Compiling http v0.2.1
[INFO] [stderr]    Compiling lock_api v0.3.4
[INFO] [stderr]    Compiling log v0.4.8
[INFO] [stderr]    Compiling iovec v0.1.4
[INFO] [stderr]    Compiling num_cpus v1.13.0
[INFO] [stderr]    Compiling parking_lot_core v0.7.2
[INFO] [stderr]    Compiling syn v1.0.18
[INFO] [stderr]    Compiling url v2.1.1
[INFO] [stderr]    Compiling mime_guess v2.0.1
[INFO] [stderr]    Compiling mio v0.6.22
[INFO] [stderr]    Compiling want v0.3.0
[INFO] [stderr]    Compiling parking_lot v0.10.2
[INFO] [stderr]    Compiling libsqlite3-sys v0.12.0
[INFO] [stderr]    Compiling openssl-sys v0.9.48
[INFO] [stderr]    Compiling backtrace-sys v0.1.31
[INFO] [stderr]    Compiling http-body v0.3.1
[INFO] [stderr]    Compiling openssl v0.10.24
[INFO] [stderr]    Compiling native-tls v0.2.3
[INFO] [stderr]    Compiling backtrace v0.3.34
[INFO] [stderr]    Compiling synstructure v0.10.2
[INFO] [stderr]    Compiling tokio-macros v0.2.5
[INFO] [stderr]    Compiling futures-macro v0.3.4
[INFO] [stderr]    Compiling pin-project-internal v0.4.10
[INFO] [stderr]    Compiling tokio v0.2.20
[INFO] [stderr]    Compiling serde_derive v1.0.98
[INFO] [stderr]    Compiling failure_derive v0.1.5
[INFO] [stderr]    Compiling diesel_derives v1.4.0
[INFO] [stderr]    Compiling futures-util v0.3.4
[INFO] [stderr]    Compiling pin-project v0.4.10
[INFO] [stderr]    Compiling failure v0.1.5
[INFO] [stderr]    Compiling dotenv v0.13.0
[INFO] [stderr]    Compiling futures-executor v0.3.4
[INFO] [stderr]    Compiling futures v0.3.4
[INFO] [stderr]    Compiling tokio-util v0.3.1
[INFO] [stderr]    Compiling tokio-tls v0.3.0
[INFO] [stderr]    Compiling twitchchat v0.10.2
[INFO] [stderr]    Compiling h2 v0.2.5
[INFO] [stderr]    Compiling diesel v1.4.2
[INFO] [stderr]    Compiling hyper v0.13.5
[INFO] [stderr]    Compiling hyper-tls v0.4.1
[INFO] [stderr]    Compiling serde_urlencoded v0.6.1
[INFO] [stderr]    Compiling serde_json v1.0.40
[INFO] [stderr]    Compiling chrono v0.4.7
[INFO] [stderr]    Compiling uuid v0.7.4
[INFO] [stderr]    Compiling reqwest v0.10.4
[INFO] [stderr]    Compiling twitch_chat_parser v0.1.0 (/opt/rustwide/workdir)
[INFO] [stderr]     Finished dev [unoptimized + debuginfo] target(s) in 1m 19s
[INFO] running `Command { std: "docker" "inspect" "d96a81f3f9770bf6b1ff49525cc510b927022bf1bbbc92128c51e3e041aa28e7", kill_on_drop: false }`
[INFO] running `Command { std: "docker" "rm" "-f" "d96a81f3f9770bf6b1ff49525cc510b927022bf1bbbc92128c51e3e041aa28e7", kill_on_drop: false }`
[INFO] [stdout] d96a81f3f9770bf6b1ff49525cc510b927022bf1bbbc92128c51e3e041aa28e7
[INFO] running `Command { std: "docker" "create" "-v" "/var/lib/crater-agent-workspace/builds/worker-2/target:/opt/rustwide/target:rw,Z" "-v" "/var/lib/crater-agent-workspace/builds/worker-2/source:/opt/rustwide/workdir:ro,Z" "-v" "/var/lib/crater-agent-workspace/cargo-home:/opt/rustwide/cargo-home:ro,Z" "-v" "/var/lib/crater-agent-workspace/rustup-home:/opt/rustwide/rustup-home:ro,Z" "-e" "SOURCE_DIR=/opt/rustwide/workdir" "-e" "CARGO_TARGET_DIR=/opt/rustwide/target" "-e" "CARGO_INCREMENTAL=0" "-e" "RUST_BACKTRACE=full" "-e" "RUSTFLAGS=--cap-lints=warn" "-e" "CARGO_HOME=/opt/rustwide/cargo-home" "-e" "RUSTUP_HOME=/opt/rustwide/rustup-home" "-w" "/opt/rustwide/workdir" "-m" "1610612736" "--user" "0:0" "--network" "none" "ghcr.io/rust-lang/crates-build-env/linux@sha256:34b6a614d2c27851fe6cbf88fbd1137609cefab8b10d0615aaeb6fd47975d74e" "/opt/rustwide/cargo-home/bin/cargo" "+1.54.0" "test" "--frozen" "--no-run" "--message-format=json", kill_on_drop: false }`
[INFO] [stdout] a746159dcb40bfab54b940847ec467683c13b134bdb9f219e6db8ced4dcc3ba3
[INFO] [stderr] WARNING: Your kernel does not support swap limit capabilities or the cgroup is not mounted. Memory limited without swap.
[INFO] running `Command { std: "docker" "start" "-a" "a746159dcb40bfab54b940847ec467683c13b134bdb9f219e6db8ced4dcc3ba3", kill_on_drop: false }`
[INFO] [stderr]    Compiling twitch_chat_parser v0.1.0 (/opt/rustwide/workdir)
[INFO] [stdout] error[E0433]: failed to resolve: use of undeclared crate or module `controller`
[INFO] [stdout]    --> src/main.rs:128:9
[INFO] [stdout]     |
[INFO] [stdout] 128 |     use controller::test::*;
[INFO] [stdout]     |         ^^^^^^^^^^ use of undeclared crate or module `controller`
[INFO] [stdout] 
[INFO] [stdout] 
[INFO] [stdout] error[E0433]: failed to resolve: use of undeclared type `TestController`
[INFO] [stdout]    --> src/main.rs:139:33
[INFO] [stdout]     |
[INFO] [stdout] 139 |                 |c, _| Box::new(TestController::init(c)),
[INFO] [stdout]     |                                 ^^^^^^^^^^^^^^ use of undeclared type `TestController`
[INFO] [stdout] 
[INFO] [stdout] 
[INFO] [stdout] error[E0433]: failed to resolve: use of undeclared type `Controller`
[INFO] [stdout]    --> src/main.rs:146:31
[INFO] [stdout]     |
[INFO] [stdout] 146 |         let (_, controller) = Controller::init(Vec::new()).unwrap();
[INFO] [stdout]     |                               ^^^^^^^^^^ use of undeclared type `Controller`
[INFO] [stdout] 
[INFO] [stdout] 
[INFO] [stdout] error[E0433]: failed to resolve: use of undeclared type `TestController`
[INFO] [stdout]    --> src/main.rs:159:26
[INFO] [stdout]     |
[INFO] [stdout] 159 |         let controller = TestController::new();
[INFO] [stdout]     |                          ^^^^^^^^^^^^^^ use of undeclared type `TestController`
[INFO] [stdout] 
[INFO] [stdout] 
[INFO] [stdout] error[E0433]: failed to resolve: use of undeclared type `ControllerGroup`
[INFO] [stdout]    --> src/main.rs:182:13
[INFO] [stdout]     |
[INFO] [stdout] 182 |             ControllerGroup::init_test(new_channels.clone(), 2),
[INFO] [stdout]     |             ^^^^^^^^^^^^^^^ use of undeclared type `ControllerGroup`
[INFO] [stdout] 
[INFO] [stdout] 
[INFO] [stdout] error[E0433]: failed to resolve: use of undeclared type `ControllerGroup`
[INFO] [stdout]    --> src/main.rs:194:30
[INFO] [stdout]     |
[INFO] [stdout] 194 |         assert_refresh_works(ControllerGroup::init_test(channels, 10), new_channels);
[INFO] [stdout]     |                              ^^^^^^^^^^^^^^^ use of undeclared type `ControllerGroup`
[INFO] [stdout] 
[INFO] [stdout] 
[INFO] [stdout] error[E0433]: failed to resolve: use of undeclared type `ControllerGroup`
[INFO] [stdout]    --> src/main.rs:202:30
[INFO] [stdout]     |
[INFO] [stdout] 202 |         assert_refresh_works(ControllerGroup::init_test(channels, 10), new_channels);
[INFO] [stdout]     |                              ^^^^^^^^^^^^^^^ use of undeclared type `ControllerGroup`
[INFO] [stdout] 
[INFO] [stdout] 
[INFO] [stdout] error[E0433]: failed to resolve: use of undeclared type `ControllerGroup`
[INFO] [stdout]    --> src/main.rs:208:21
[INFO] [stdout]     |
[INFO] [stdout] 208 |         let group = ControllerGroup::init_test(channels, 10);
[INFO] [stdout]     |                     ^^^^^^^^^^^^^^^ use of undeclared type `ControllerGroup`
[INFO] [stdout] 
[INFO] [stdout] 
[INFO] [stdout] error[E0412]: cannot find type `ControllerGroup` in this scope
[INFO] [stdout]    --> src/main.rs:131:10
[INFO] [stdout]     |
[INFO] [stdout] 131 |     impl ControllerGroup {
[INFO] [stdout]     |          ^^^^^^^^^^^^^^^ not found in this scope
[INFO] [stdout] 
[INFO] [stdout] 
[INFO] [stdout] error[E0412]: cannot find type `ControllerGroup` in this scope
[INFO] [stdout]    --> src/main.rs:132:78
[INFO] [stdout]     |
[INFO] [stdout] 132 |         fn init_test(channels: Vec<String>, channels_per_controller: u64) -> ControllerGroup {
[INFO] [stdout]     |                                                                              ^^^^^^^^^^^^^^^ not found in this scope
[INFO] [stdout] 
[INFO] [stdout] 
[INFO] [stdout] error[E0425]: cannot find function `channel` in this scope
[INFO] [stdout]    --> src/main.rs:138:17
[INFO] [stdout]     |
[INFO] [stdout] 138 |                 channel().0,
[INFO] [stdout]     |                 ^^^^^^^
[INFO] [stdout]     |
[INFO] [stdout] help: a local variable with a similar name exists
[INFO] [stdout]     |
[INFO] [stdout] 138 |                 channels().0,
[INFO] [stdout]     |                 ^^^^^^^^
[INFO] [stdout] help: consider importing one of these items
[INFO] [stdout]     |
[INFO] [stdout] 127 |     use crate::schema::messages::channel;
[INFO] [stdout]     |
[INFO] [stdout] 127 |     use futures::channel::mpsc::channel;
[INFO] [stdout]     |
[INFO] [stdout] 127 |     use futures::channel::oneshot::channel;
[INFO] [stdout]     |
[INFO] [stdout] 127 |     use std::sync::mpsc::channel;
[INFO] [stdout]     |
[INFO] [stdout]       and 4 other candidates
[INFO] [stdout] 
[INFO] [stdout] 
[INFO] [stdout] error[E0412]: cannot find type `ControllerGroup` in this scope
[INFO] [stdout]    --> src/main.rs:165:38
[INFO] [stdout]     |
[INFO] [stdout] 165 |     fn assert_refresh_works(initial: ControllerGroup, final_channels: Vec<String>) {
[INFO] [stdout]     |                                      ^^^^^^^^^^^^^^^ not found in this scope
[INFO] [stdout] 
[INFO] [stdout] 
[INFO] [stdout] error[E0425]: cannot find function `refresh_channels_inner` in this scope
[INFO] [stdout]    --> src/main.rs:166:9
[INFO] [stdout]     |
[INFO] [stdout] 166 |         refresh_channels_inner(&initial, final_channels.clone());
[INFO] [stdout]     |         ^^^^^^^^^^^^^^^^^^^^^^ not found in this scope
[INFO] [stdout] 
[INFO] [stdout] 
[INFO] [stdout] error[E0425]: cannot find function `refresh_channels_inner` in this scope
[INFO] [stdout]    --> src/main.rs:210:9
[INFO] [stdout]     |
[INFO] [stdout] 210 |         refresh_channels_inner(&group, new_channels);
[INFO] [stdout]     |         ^^^^^^^^^^^^^^^^^^^^^^ not found in this scope
[INFO] [stdout] 
[INFO] [stdout] 
[INFO] [stdout] error[E0599]: no method named `get` found for opaque type `impl futures::Future` in the current scope
[INFO] [stdout]    --> src/main.rs:147:56
[INFO] [stdout]     |
[INFO] [stdout] 147 |         let top_channel = channels::top_connections(1).get(0).unwrap().to_string();
[INFO] [stdout]     |                                                        ^^^ method not found in `impl futures::Future`
[INFO] [stdout]     |
[INFO] [stdout] help: consider `await`ing on the `Future` and calling the method on its `Output`
[INFO] [stdout]     |
[INFO] [stdout] 147 |         let top_channel = channels::top_connections(1).await.get(0).unwrap().to_string();
[INFO] [stdout]     |                                                        ^^^^^^
[INFO] [stdout] 
[INFO] [stdout] 
[INFO] [stdout] error[E0599]: no method named `unwrap` found for opaque type `impl futures::Future` in the current scope
[INFO] [stdout]    --> src/channels.rs:153:76
[INFO] [stdout]     |
[INFO] [stdout] 153 |     let resp = UserResponse::get_login_names(vec!["23161357".to_string()]).unwrap();
[INFO] [stdout]     |                                                                            ^^^^^^ method not found in `impl futures::Future`
[INFO] [stdout]     |
[INFO] [stdout] help: consider `await`ing on the `Future` and calling the method on its `Output`
[INFO] [stdout]     |
[INFO] [stdout] 153 |     let resp = UserResponse::get_login_names(vec!["23161357".to_string()]).await.unwrap();
[INFO] [stdout]     |                                                                            ^^^^^^
[INFO] [stdout] 
[INFO] [stdout] 
[INFO] [stdout] error[E0599]: no method named `len` found for opaque type `impl futures::Future` in the current scope
[INFO] [stdout]    --> src/channels.rs:161:21
[INFO] [stdout]     |
[INFO] [stdout] 161 |     assert_eq!(resp.len(), 10);
[INFO] [stdout]     |                     ^^^ method not found in `impl futures::Future`
[INFO] [stdout]     |
[INFO] [stdout] help: consider `await`ing on the `Future` and calling the method on its `Output`
[INFO] [stdout]     |
[INFO] [stdout] 161 |     assert_eq!(resp.await.len(), 10);
[INFO] [stdout]     |                     ^^^^^^
[INFO] [stdout] 
[INFO] [stdout] 
[INFO] [stdout] error[E0599]: no method named `unwrap` found for opaque type `impl futures::Future` in the current scope
[INFO] [stdout]    --> src/channels.rs:166:46
[INFO] [stdout]     |
[INFO] [stdout] 166 |     let resp = ChannelResponse::get(4, None).unwrap();
[INFO] [stdout]     |                                              ^^^^^^ method not found in `impl futures::Future`
[INFO] [stdout]     |
[INFO] [stdout] help: consider `await`ing on the `Future` and calling the method on its `Output`
[INFO] [stdout]     |
[INFO] [stdout] 166 |     let resp = ChannelResponse::get(4, None).await.unwrap();
[INFO] [stdout]     |                                              ^^^^^^
[INFO] [stdout] 
[INFO] [stdout] 
[INFO] [stdout] error: aborting due to 18 previous errors
[INFO] [stdout] 
[INFO] [stdout] 
[INFO] [stdout] Some errors have detailed explanations: E0412, E0425, E0433, E0599.
[INFO] [stdout] 
[INFO] [stdout] For more information about an error, try `rustc --explain E0412`.
[INFO] [stdout] 
[INFO] [stderr] error: could not compile `twitch_chat_parser`
[INFO] [stderr] 
[INFO] [stderr] To learn more, run the command again with --verbose.
[INFO] running `Command { std: "docker" "inspect" "a746159dcb40bfab54b940847ec467683c13b134bdb9f219e6db8ced4dcc3ba3", kill_on_drop: false }`
[INFO] running `Command { std: "docker" "rm" "-f" "a746159dcb40bfab54b940847ec467683c13b134bdb9f219e6db8ced4dcc3ba3", kill_on_drop: false }`
[INFO] [stdout] a746159dcb40bfab54b940847ec467683c13b134bdb9f219e6db8ced4dcc3ba3
