[INFO] cloning repository https://github.com/tekjar/pixhawk
[INFO] running `Command { std: "git" "-c" "credential.helper=" "-c" "credential.helper=/workspace/cargo-home/bin/git-credential-null" "clone" "--bare" "https://github.com/tekjar/pixhawk" "/workspace/cache/git-repos/https%3A%2F%2Fgithub.com%2Ftekjar%2Fpixhawk", kill_on_drop: false }`
[INFO] [stderr] Cloning into bare repository '/workspace/cache/git-repos/https%3A%2F%2Fgithub.com%2Ftekjar%2Fpixhawk'...
[INFO] running `Command { std: "git" "rev-parse" "HEAD", kill_on_drop: false }`
[INFO] [stdout] 03e420754a239002af709d1cd4e2bce32b748310
[INFO] testing tekjar/pixhawk against 1.54.0 for beta-1.55-1
[INFO] running `Command { std: "git" "clone" "/workspace/cache/git-repos/https%3A%2F%2Fgithub.com%2Ftekjar%2Fpixhawk" "/workspace/builds/worker-3/source", kill_on_drop: false }`
[INFO] [stderr] Cloning into '/workspace/builds/worker-3/source'...
[INFO] [stderr] done.
[INFO] validating manifest of git repo https://github.com/tekjar/pixhawk on toolchain 1.54.0
[INFO] running `Command { std: "/workspace/cargo-home/bin/cargo" "+1.54.0" "metadata" "--manifest-path" "Cargo.toml" "--no-deps", kill_on_drop: false }`
[INFO] removed /workspace/builds/worker-3/source/.cargo/config
[INFO] started tweaking git repo https://github.com/tekjar/pixhawk
[INFO] finished tweaking git repo https://github.com/tekjar/pixhawk
[INFO] tweaked toml for git repo https://github.com/tekjar/pixhawk written to /workspace/builds/worker-3/source/Cargo.toml
[INFO] crate git repo https://github.com/tekjar/pixhawk already has a lockfile, it will not be regenerated
[INFO] running `Command { std: "/workspace/cargo-home/bin/cargo" "+1.54.0" "fetch" "--manifest-path" "Cargo.toml", kill_on_drop: false }`
[INFO] [stderr]     Blocking waiting for file lock on package cache
[INFO] running `Command { std: "docker" "create" "-v" "/var/lib/crater-agent-workspace/builds/worker-3/target:/opt/rustwide/target:rw,Z" "-v" "/var/lib/crater-agent-workspace/builds/worker-3/source:/opt/rustwide/workdir:ro,Z" "-v" "/var/lib/crater-agent-workspace/cargo-home:/opt/rustwide/cargo-home:ro,Z" "-v" "/var/lib/crater-agent-workspace/rustup-home:/opt/rustwide/rustup-home:ro,Z" "-e" "SOURCE_DIR=/opt/rustwide/workdir" "-e" "CARGO_TARGET_DIR=/opt/rustwide/target" "-e" "CARGO_HOME=/opt/rustwide/cargo-home" "-e" "RUSTUP_HOME=/opt/rustwide/rustup-home" "-w" "/opt/rustwide/workdir" "-m" "1610612736" "--user" "0:0" "--network" "none" "ghcr.io/rust-lang/crates-build-env/linux@sha256:34b6a614d2c27851fe6cbf88fbd1137609cefab8b10d0615aaeb6fd47975d74e" "/opt/rustwide/cargo-home/bin/cargo" "+1.54.0" "metadata" "--no-deps" "--format-version=1", kill_on_drop: false }`
[INFO] [stdout] a9be6b1223855423dcb9486ed7c01d2aa6587dbba379b88ada15a8ab57e8fc21
[INFO] [stderr] WARNING: Your kernel does not support swap limit capabilities or the cgroup is not mounted. Memory limited without swap.
[INFO] running `Command { std: "docker" "start" "-a" "a9be6b1223855423dcb9486ed7c01d2aa6587dbba379b88ada15a8ab57e8fc21", kill_on_drop: false }`
[INFO] running `Command { std: "docker" "inspect" "a9be6b1223855423dcb9486ed7c01d2aa6587dbba379b88ada15a8ab57e8fc21", kill_on_drop: false }`
[INFO] running `Command { std: "docker" "rm" "-f" "a9be6b1223855423dcb9486ed7c01d2aa6587dbba379b88ada15a8ab57e8fc21", kill_on_drop: false }`
[INFO] [stdout] a9be6b1223855423dcb9486ed7c01d2aa6587dbba379b88ada15a8ab57e8fc21
[INFO] running `Command { std: "docker" "create" "-v" "/var/lib/crater-agent-workspace/builds/worker-3/target:/opt/rustwide/target:rw,Z" "-v" "/var/lib/crater-agent-workspace/builds/worker-3/source:/opt/rustwide/workdir:ro,Z" "-v" "/var/lib/crater-agent-workspace/cargo-home:/opt/rustwide/cargo-home:ro,Z" "-v" "/var/lib/crater-agent-workspace/rustup-home:/opt/rustwide/rustup-home:ro,Z" "-e" "SOURCE_DIR=/opt/rustwide/workdir" "-e" "CARGO_TARGET_DIR=/opt/rustwide/target" "-e" "CARGO_INCREMENTAL=0" "-e" "RUST_BACKTRACE=full" "-e" "RUSTFLAGS=--cap-lints=warn" "-e" "CARGO_HOME=/opt/rustwide/cargo-home" "-e" "RUSTUP_HOME=/opt/rustwide/rustup-home" "-w" "/opt/rustwide/workdir" "-m" "1610612736" "--user" "0:0" "--network" "none" "ghcr.io/rust-lang/crates-build-env/linux@sha256:34b6a614d2c27851fe6cbf88fbd1137609cefab8b10d0615aaeb6fd47975d74e" "/opt/rustwide/cargo-home/bin/cargo" "+1.54.0" "build" "--frozen" "--message-format=json", kill_on_drop: false }`
[INFO] [stdout] a08a6d4191c0a06cb98784af92a66411aedb0d1e83285b41360c0428ec31d2bf
[INFO] [stderr] WARNING: Your kernel does not support swap limit capabilities or the cgroup is not mounted. Memory limited without swap.
[INFO] running `Command { std: "docker" "start" "-a" "a08a6d4191c0a06cb98784af92a66411aedb0d1e83285b41360c0428ec31d2bf", kill_on_drop: false }`
[INFO] [stderr]    Compiling vcell v0.1.0
[INFO] [stderr]    Compiling bare-metal v0.2.1
[INFO] [stderr]    Compiling aligned v0.2.0
[INFO] [stderr]    Compiling r0 v0.2.2
[INFO] [stderr]    Compiling stm32f4 v0.2.2
[INFO] [stderr]    Compiling panic-abort v0.2.0
[INFO] [stderr]    Compiling cortex-m v0.5.3
[INFO] [stderr]    Compiling cortex-m-semihosting v0.3.0
[INFO] [stderr]    Compiling cortex-m-rt v0.5.1
[INFO] [stderr]    Compiling volatile-register v0.2.0
[INFO] [stdout] error[E0557]: feature has been removed
[INFO] [stdout]   --> /opt/rustwide/cargo-home/registry/src/github.com-1ecc6299db9ec823/panic-abort-0.2.0/src/lib.rs:22:12
[INFO] [stdout]    |
[INFO] [stdout] 22 | #![feature(panic_implementation)]
[INFO] [stdout]    |            ^^^^^^^^^^^^^^^^^^^^ feature has been removed
[INFO] [stdout]    |
[INFO] [stdout]    = note: subsumed by `#[panic_handler]`
[INFO] [stdout] 
[INFO] [stdout] 
[INFO] [stdout] error: cannot find attribute `panic_implementation` in this scope
[INFO] [stdout]   --> /opt/rustwide/cargo-home/registry/src/github.com-1ecc6299db9ec823/panic-abort-0.2.0/src/lib.rs:28:3
[INFO] [stdout]    |
[INFO] [stdout] 28 | #[panic_implementation]
[INFO] [stdout]    |   ^^^^^^^^^^^^^^^^^^^^
[INFO] [stdout] 
[INFO] [stdout] 
[INFO] [stdout] error[E0554]: `#![feature]` may not be used on the stable release channel
[INFO] [stdout]   --> /opt/rustwide/cargo-home/registry/src/github.com-1ecc6299db9ec823/panic-abort-0.2.0/src/lib.rs:21:1
[INFO] [stdout]    |
[INFO] [stdout] 21 | #![feature(core_intrinsics)]
[INFO] [stdout]    | ^^^^^^^^^^^^^^^^^^^^^^^^^^^^
[INFO] [stdout] 
[INFO] [stdout] 
[INFO] [stdout] error[E0554]: `#![feature]` may not be used on the stable release channel
[INFO] [stdout]   --> /opt/rustwide/cargo-home/registry/src/github.com-1ecc6299db9ec823/panic-abort-0.2.0/src/lib.rs:22:1
[INFO] [stdout]    |
[INFO] [stdout] 22 | #![feature(panic_implementation)]
[INFO] [stdout]    | ^^^^^^^^^^^^^^^^^^^^^^^^^^^^^^^^^
[INFO] [stdout] 
[INFO] [stdout] 
[INFO] [stdout] error: aborting due to 4 previous errors
[INFO] [stdout] 
[INFO] [stdout] 
[INFO] [stdout] Some errors have detailed explanations: E0554, E0557.
[INFO] [stdout] 
[INFO] [stdout] For more information about an error, try `rustc --explain E0554`.
[INFO] [stdout] 
[INFO] [stderr] error: could not compile `panic-abort`
[INFO] [stderr] 
[INFO] [stderr] To learn more, run the command again with --verbose.
[INFO] [stderr] warning: build failed, waiting for other jobs to finish...
[INFO] [stderr] error: build failed
[INFO] running `Command { std: "docker" "inspect" "a08a6d4191c0a06cb98784af92a66411aedb0d1e83285b41360c0428ec31d2bf", kill_on_drop: false }`
[INFO] running `Command { std: "docker" "rm" "-f" "a08a6d4191c0a06cb98784af92a66411aedb0d1e83285b41360c0428ec31d2bf", kill_on_drop: false }`
[INFO] [stdout] a08a6d4191c0a06cb98784af92a66411aedb0d1e83285b41360c0428ec31d2bf
