[INFO] cloning repository https://github.com/tcsc/jagger
[INFO] running `Command { std: "git" "-c" "credential.helper=" "-c" "credential.helper=/workspace/cargo-home/bin/git-credential-null" "clone" "--bare" "https://github.com/tcsc/jagger" "/workspace/cache/git-repos/https%3A%2F%2Fgithub.com%2Ftcsc%2Fjagger", kill_on_drop: false }`
[INFO] [stderr] Cloning into bare repository '/workspace/cache/git-repos/https%3A%2F%2Fgithub.com%2Ftcsc%2Fjagger'...
[INFO] running `Command { std: "git" "rev-parse" "HEAD", kill_on_drop: false }`
[INFO] [stdout] 9948c7f36e2481834db1bf1eccd61722266c1c79
[INFO] testing tcsc/jagger against 1.54.0 for beta-1.55-1
[INFO] running `Command { std: "git" "clone" "/workspace/cache/git-repos/https%3A%2F%2Fgithub.com%2Ftcsc%2Fjagger" "/workspace/builds/worker-38/source", kill_on_drop: false }`
[INFO] [stderr] Cloning into '/workspace/builds/worker-38/source'...
[INFO] [stderr] done.
[INFO] validating manifest of git repo https://github.com/tcsc/jagger on toolchain 1.54.0
[INFO] running `Command { std: "/workspace/cargo-home/bin/cargo" "+1.54.0" "metadata" "--manifest-path" "Cargo.toml" "--no-deps", kill_on_drop: false }`
[INFO] started tweaking git repo https://github.com/tcsc/jagger
[INFO] finished tweaking git repo https://github.com/tcsc/jagger
[INFO] tweaked toml for git repo https://github.com/tcsc/jagger written to /workspace/builds/worker-38/source/Cargo.toml
[INFO] crate git repo https://github.com/tcsc/jagger already has a lockfile, it will not be regenerated
[INFO] running `Command { std: "/workspace/cargo-home/bin/cargo" "+1.54.0" "fetch" "--manifest-path" "Cargo.toml", kill_on_drop: false }`
[INFO] [stderr]     Blocking waiting for file lock on package cache
[INFO] [stderr]     Blocking waiting for file lock on package cache
[INFO] [stderr]  Downloading crates ...
[INFO] [stderr]   Downloaded gcc v0.3.1
[INFO] [stderr]   Downloaded getopts v0.2.4
[INFO] [stderr]   Downloaded time v0.1.20
[INFO] [stderr]   Downloaded libc v0.1.3
[INFO] [stderr]   Downloaded log v0.2.5
[INFO] running `Command { std: "docker" "create" "-v" "/var/lib/crater-agent-workspace/builds/worker-38/target:/opt/rustwide/target:rw,Z" "-v" "/var/lib/crater-agent-workspace/builds/worker-38/source:/opt/rustwide/workdir:ro,Z" "-v" "/var/lib/crater-agent-workspace/cargo-home:/opt/rustwide/cargo-home:ro,Z" "-v" "/var/lib/crater-agent-workspace/rustup-home:/opt/rustwide/rustup-home:ro,Z" "-e" "SOURCE_DIR=/opt/rustwide/workdir" "-e" "CARGO_TARGET_DIR=/opt/rustwide/target" "-e" "CARGO_HOME=/opt/rustwide/cargo-home" "-e" "RUSTUP_HOME=/opt/rustwide/rustup-home" "-w" "/opt/rustwide/workdir" "-m" "1610612736" "--user" "0:0" "--network" "none" "ghcr.io/rust-lang/crates-build-env/linux@sha256:34b6a614d2c27851fe6cbf88fbd1137609cefab8b10d0615aaeb6fd47975d74e" "/opt/rustwide/cargo-home/bin/cargo" "+1.54.0" "metadata" "--no-deps" "--format-version=1", kill_on_drop: false }`
[INFO] [stdout] b2b7eca264383085eb65c2e31027aa4de6bc72e8640accd9172436f8e5741842
[INFO] running `Command { std: "docker" "start" "-a" "b2b7eca264383085eb65c2e31027aa4de6bc72e8640accd9172436f8e5741842", kill_on_drop: false }`
[INFO] running `Command { std: "docker" "inspect" "b2b7eca264383085eb65c2e31027aa4de6bc72e8640accd9172436f8e5741842", kill_on_drop: false }`
[INFO] running `Command { std: "docker" "rm" "-f" "b2b7eca264383085eb65c2e31027aa4de6bc72e8640accd9172436f8e5741842", kill_on_drop: false }`
[INFO] [stdout] b2b7eca264383085eb65c2e31027aa4de6bc72e8640accd9172436f8e5741842
[INFO] running `Command { std: "docker" "create" "-v" "/var/lib/crater-agent-workspace/builds/worker-38/target:/opt/rustwide/target:rw,Z" "-v" "/var/lib/crater-agent-workspace/builds/worker-38/source:/opt/rustwide/workdir:ro,Z" "-v" "/var/lib/crater-agent-workspace/cargo-home:/opt/rustwide/cargo-home:ro,Z" "-v" "/var/lib/crater-agent-workspace/rustup-home:/opt/rustwide/rustup-home:ro,Z" "-e" "SOURCE_DIR=/opt/rustwide/workdir" "-e" "CARGO_TARGET_DIR=/opt/rustwide/target" "-e" "CARGO_INCREMENTAL=0" "-e" "RUST_BACKTRACE=full" "-e" "RUSTFLAGS=--cap-lints=warn" "-e" "CARGO_HOME=/opt/rustwide/cargo-home" "-e" "RUSTUP_HOME=/opt/rustwide/rustup-home" "-w" "/opt/rustwide/workdir" "-m" "1610612736" "--user" "0:0" "--network" "none" "ghcr.io/rust-lang/crates-build-env/linux@sha256:34b6a614d2c27851fe6cbf88fbd1137609cefab8b10d0615aaeb6fd47975d74e" "/opt/rustwide/cargo-home/bin/cargo" "+1.54.0" "build" "--frozen" "--message-format=json", kill_on_drop: false }`
[INFO] [stdout] 81d3c3dc0f36d1680dedd2b2c9b01426036bc758326e97b3f13abe104c77e043
[INFO] running `Command { std: "docker" "start" "-a" "81d3c3dc0f36d1680dedd2b2c9b01426036bc758326e97b3f13abe104c77e043", kill_on_drop: false }`
[INFO] [stderr]     Blocking waiting for file lock on package cache
[INFO] [stderr]    Compiling gcc v0.3.1
[INFO] [stderr]    Compiling log v0.2.5
[INFO] [stderr]    Compiling libc v0.1.3
[INFO] [stdout] error[E0425]: cannot find function `at_exit` in module `rt`
[INFO] [stdout]    --> /opt/rustwide/cargo-home/registry/src/github.com-1ecc6299db9ec823/log-0.2.5/src/lib.rs:535:9
[INFO] [stdout]     |
[INFO] [stdout] 535 |     rt::at_exit(|| {
[INFO] [stdout]     |         ^^^^^^^ not found in `rt`
[INFO] [stdout] 
[INFO] [stdout] 
[INFO] [stdout] error[E0554]: `#![feature]` may not be used on the stable release channel
[INFO] [stdout]    --> /opt/rustwide/cargo-home/registry/src/github.com-1ecc6299db9ec823/log-0.2.5/src/lib.rs:145:1
[INFO] [stdout]     |
[INFO] [stdout] 145 | #![feature(core, std_misc)]
[INFO] [stdout]     | ^^^^^^^^^^^^^^^^^^^^^^^^^^^
[INFO] [stdout] 
[INFO] [stdout] 
[INFO] [stdout] error[E0658]: use of unstable library feature 'rt': this public module should not exist and is highly likely to disappear
[INFO] [stdout]    --> /opt/rustwide/cargo-home/registry/src/github.com-1ecc6299db9ec823/log-0.2.5/src/lib.rs:153:5
[INFO] [stdout]     |
[INFO] [stdout] 153 | use std::rt;
[INFO] [stdout]     |     ^^^^^^^
[INFO] [stdout] 
[INFO] [stdout] 
[INFO] [stdout] error: aborting due to 3 previous errors
[INFO] [stdout] 
[INFO] [stdout] 
[INFO] [stdout] Some errors have detailed explanations: E0425, E0554, E0658.
[INFO] [stdout] 
[INFO] [stdout] For more information about an error, try `rustc --explain E0425`.
[INFO] [stdout] 
[INFO] [stderr] error: could not compile `log`
[INFO] [stderr] 
[INFO] [stderr] To learn more, run the command again with --verbose.
[INFO] [stderr] warning: build failed, waiting for other jobs to finish...
[INFO] [stdout] error: expected identifier, found `"std"`
[INFO] [stdout]   --> /opt/rustwide/cargo-home/registry/src/github.com-1ecc6299db9ec823/libc-0.1.3/rust/src/liblibc/lib.rs:79:46
[INFO] [stdout]    |
[INFO] [stdout] 79 | #[cfg(feature = "cargo-build")] extern crate "std" as core;
[INFO] [stdout]    |                                              ^^^^^ expected identifier
[INFO] [stdout] 
[INFO] [stdout] 
[INFO] [stdout] error: aborting due to previous error
[INFO] [stdout] 
[INFO] [stdout] 
[INFO] [stdout] error[E0432]: unresolved import `std::path::AsPath`
[INFO] [stdout]   --> /opt/rustwide/cargo-home/registry/src/github.com-1ecc6299db9ec823/gcc-0.3.1/src/lib.rs:50:26
[INFO] [stdout]    |
[INFO] [stdout] 50 | use std::path::{PathBuf, AsPath};
[INFO] [stdout]    |                          ^^^^^^
[INFO] [stdout]    |                          |
[INFO] [stdout]    |                          no `AsPath` in `path`
[INFO] [stdout]    |                          help: a similar name exists in the module: `Path`
[INFO] [stdout] 
[INFO] [stdout] 
[INFO] [stdout] error[E0433]: failed to resolve: could not find `old_io` in `std`
[INFO] [stdout]    --> /opt/rustwide/cargo-home/registry/src/github.com-1ecc6299db9ec823/gcc-0.3.1/src/lib.rs:329:10
[INFO] [stdout]     |
[INFO] [stdout] 329 |     std::old_io::stdio::set_stderr(Box::new(std::old_io::util::NullWriter));
[INFO] [stdout]     |          ^^^^^^ could not find `old_io` in `std`
[INFO] [stdout] 
[INFO] [stdout] 
[INFO] [stdout] error[E0433]: failed to resolve: could not find `old_io` in `std`
[INFO] [stdout]    --> /opt/rustwide/cargo-home/registry/src/github.com-1ecc6299db9ec823/gcc-0.3.1/src/lib.rs:329:50
[INFO] [stdout]     |
[INFO] [stdout] 329 |     std::old_io::stdio::set_stderr(Box::new(std::old_io::util::NullWriter));
[INFO] [stdout]     |                                                  ^^^^^^ could not find `old_io` in `std`
[INFO] [stdout] 
[INFO] [stdout] 
[INFO] [stdout] error[E0425]: cannot find function `set_exit_status` in module `env`
[INFO] [stdout]    --> /opt/rustwide/cargo-home/registry/src/github.com-1ecc6299db9ec823/gcc-0.3.1/src/lib.rs:328:10
[INFO] [stdout]     |
[INFO] [stdout] 328 |     env::set_exit_status(1);
[INFO] [stdout]     |          ^^^^^^^^^^^^^^^ not found in `env`
[INFO] [stdout] 
[INFO] [stdout] 
[INFO] [stdout] error[E0554]: `#![feature]` may not be used on the stable release channel
[INFO] [stdout]   --> /opt/rustwide/cargo-home/registry/src/github.com-1ecc6299db9ec823/gcc-0.3.1/src/lib.rs:45:1
[INFO] [stdout]    |
[INFO] [stdout] 45 | #![feature(old_io, io, path, env, collections, process, fs)]
[INFO] [stdout]    | ^^^^^^^^^^^^^^^^^^^^^^^^^^^^^^^^^^^^^^^^^^^^^^^^^^^^^^^^^^^^
[INFO] [stdout] 
[INFO] [stdout] 
[INFO] [stdout] error: aborting due to 5 previous errors
[INFO] [stdout] 
[INFO] [stdout] 
[INFO] [stdout] Some errors have detailed explanations: E0425, E0432, E0433, E0554.
[INFO] [stdout] 
[INFO] [stdout] For more information about an error, try `rustc --explain E0425`.
[INFO] [stdout] 
[INFO] [stderr] error: build failed
[INFO] running `Command { std: "docker" "inspect" "81d3c3dc0f36d1680dedd2b2c9b01426036bc758326e97b3f13abe104c77e043", kill_on_drop: false }`
[INFO] running `Command { std: "docker" "rm" "-f" "81d3c3dc0f36d1680dedd2b2c9b01426036bc758326e97b3f13abe104c77e043", kill_on_drop: false }`
[INFO] [stdout] 81d3c3dc0f36d1680dedd2b2c9b01426036bc758326e97b3f13abe104c77e043
